{"id":2713,"date":"2020-07-17T10:52:27","date_gmt":"2020-07-17T08:52:27","guid":{"rendered":"https:\/\/hijascaridad.sjdigitaldemo.ovh\/rincon-oracion\/the-190th-anniversary-apparition-to-catherine-laboure\/"},"modified":"2020-07-17T10:15:48","modified_gmt":"2020-07-17T08:15:48","slug":"the-190th-anniversary-apparition-to-catherine-laboure","status":"publish","type":"rincon-oracion","link":"https:\/\/filles-de-la-charite.org\/en\/rincon-oracion\/the-190th-anniversary-apparition-to-catherine-laboure\/","title":{"rendered":"The 190th Anniversary Apparition to Catherine Labour\u00e9"},"content":{"rendered":"\n<p>Introduction: The 190th anniversary of the apparitions of the Virgin Mary to Saint Catherine Labour\u00e9 in Paris is a significant occasion to remember. In Catherine's time, a terrible cholera epidemic was spreading in Paris, causing thousands of deaths; today, we are living during the COVID-19 pandemic that is raging all over the world. This, too, is a time to live in faith and listen once again to the Blessed Virgin\u2019s words concerning the medal that she addressed to Saint Catherine during the apparition of 27 November 1830: \"Those who wear it with confidence will receive abundant graces\". Let us wear it with faith and encourage others to wear the medal that Mary wanted to give to each person and to all of humanity!<\/p>\n\n\n\n<figure class=\"wp-block-embed-youtube wp-block-embed is-type-video is-provider-youtube wp-embed-aspect-16-9 wp-has-aspect-ratio\"><div class=\"wp-block-embed__wrapper\">\n<iframe loading=\"lazy\" title=\"[EN 2020.07] 190th Anniversary of Apparitions to Catherine Labour\u00e9\" width=\"1080\" height=\"608\" src=\"https:\/\/www.youtube.com\/embed\/X78TVUe5qKw?feature=oembed\"  allow=\"accelerometer; autoplay; clipboard-write; encrypted-media; gyroscope; picture-in-picture; web-share\" referrerpolicy=\"strict-origin-when-cross-origin\" allowfullscreen><\/iframe>\n<\/div><\/figure>\n","protected":false},"featured_media":2240,"template":"","meta":{"_acf_changed":false,"_links_to":"","_links_to_target":""},"class_list":["post-2713","rincon-oracion","type-rincon-oracion","status-publish","has-post-thumbnail","hentry"],"acf":[],"yoast_head":"<!-- This site is optimized with the Yoast SEO plugin v27.5 - https:\/\/yoast.com\/product\/yoast-seo-wordpress\/ -->\n<title>The 190th Anniversary Apparition to Catherine Labour\u00e9 - Filles de la Charit\u00e9<\/title>\n<meta name=\"robots\" content=\"index, follow, max-snippet:-1, max-image-preview:large, max-video-preview:-1\" \/>\n<link rel=\"canonical\" href=\"https:\/\/filles-de-la-charite.org\/en\/rincon-oracion\/the-190th-anniversary-apparition-to-catherine-laboure\/\" \/>\n<meta property=\"og:locale\" content=\"en_US\" \/>\n<meta property=\"og:type\" content=\"article\" \/>\n<meta property=\"og:title\" content=\"The 190th Anniversary Apparition to Catherine Labour\u00e9 - Filles de la Charit\u00e9\" \/>\n<meta property=\"og:description\" content=\"Introduction: The 190th anniversary of the apparitions of the Virgin Mary to Saint Catherine Labour\u00e9 in Paris is a significant occasion to remember. In Catherine&#8217;s time, a terrible cholera epidemic was spreading in Paris, causing thousands of deaths; today, we are living during the COVID-19 pandemic that is raging all over the world. This, too, [&hellip;]\" \/>\n<meta property=\"og:url\" content=\"https:\/\/filles-de-la-charite.org\/en\/rincon-oracion\/the-190th-anniversary-apparition-to-catherine-laboure\/\" \/>\n<meta property=\"og:site_name\" content=\"Filles de la Charit\u00e9\" \/>\n<meta property=\"og:image\" content=\"https:\/\/filles-de-la-charite.org\/wp-content\/uploads\/2023\/04\/maxresdefault-1-1.jpg\" \/>\n\t<meta property=\"og:image:width\" content=\"1280\" \/>\n\t<meta property=\"og:image:height\" content=\"720\" \/>\n\t<meta property=\"og:image:type\" content=\"image\/jpeg\" \/>\n<meta name=\"twitter:card\" content=\"summary_large_image\" \/>\n<meta name=\"twitter:label1\" content=\"Est. reading time\" \/>\n\t<meta name=\"twitter:data1\" content=\"1 minute\" \/>\n<script type=\"application\/ld+json\" class=\"yoast-schema-graph\">{\"@context\":\"https:\\\/\\\/schema.org\",\"@graph\":[{\"@type\":\"WebPage\",\"@id\":\"https:\\\/\\\/filles-de-la-charite.org\\\/en\\\/rincon-oracion\\\/the-190th-anniversary-apparition-to-catherine-laboure\\\/\",\"url\":\"https:\\\/\\\/filles-de-la-charite.org\\\/en\\\/rincon-oracion\\\/the-190th-anniversary-apparition-to-catherine-laboure\\\/\",\"name\":\"The 190th Anniversary Apparition to Catherine Labour\u00e9 - Filles de la Charit\u00e9\",\"isPartOf\":{\"@id\":\"https:\\\/\\\/filles-de-la-charite.org\\\/en\\\/#website\"},\"primaryImageOfPage\":{\"@id\":\"https:\\\/\\\/filles-de-la-charite.org\\\/en\\\/rincon-oracion\\\/the-190th-anniversary-apparition-to-catherine-laboure\\\/#primaryimage\"},\"image\":{\"@id\":\"https:\\\/\\\/filles-de-la-charite.org\\\/en\\\/rincon-oracion\\\/the-190th-anniversary-apparition-to-catherine-laboure\\\/#primaryimage\"},\"thumbnailUrl\":\"https:\\\/\\\/filles-de-la-charite.org\\\/wp-content\\\/uploads\\\/2023\\\/04\\\/maxresdefault-1-1.jpg\",\"datePublished\":\"2020-07-17T08:52:27+00:00\",\"inLanguage\":\"en-US\",\"potentialAction\":[{\"@type\":\"ReadAction\",\"target\":[\"https:\\\/\\\/filles-de-la-charite.org\\\/en\\\/rincon-oracion\\\/the-190th-anniversary-apparition-to-catherine-laboure\\\/\"]}]},{\"@type\":\"ImageObject\",\"inLanguage\":\"en-US\",\"@id\":\"https:\\\/\\\/filles-de-la-charite.org\\\/en\\\/rincon-oracion\\\/the-190th-anniversary-apparition-to-catherine-laboure\\\/#primaryimage\",\"url\":\"https:\\\/\\\/filles-de-la-charite.org\\\/wp-content\\\/uploads\\\/2023\\\/04\\\/maxresdefault-1-1.jpg\",\"contentUrl\":\"https:\\\/\\\/filles-de-la-charite.org\\\/wp-content\\\/uploads\\\/2023\\\/04\\\/maxresdefault-1-1.jpg\",\"width\":1280,\"height\":720},{\"@type\":\"WebSite\",\"@id\":\"https:\\\/\\\/filles-de-la-charite.org\\\/en\\\/#website\",\"url\":\"https:\\\/\\\/filles-de-la-charite.org\\\/en\\\/\",\"name\":\"Hijas de la Caridad\",\"description\":\"El amor de Jes\u00fas nos urge a cuidar la vida de los m\u00e1s necesitados\",\"publisher\":{\"@id\":\"https:\\\/\\\/filles-de-la-charite.org\\\/en\\\/#organization\"},\"potentialAction\":[{\"@type\":\"SearchAction\",\"target\":{\"@type\":\"EntryPoint\",\"urlTemplate\":\"https:\\\/\\\/filles-de-la-charite.org\\\/en\\\/?s={search_term_string}\"},\"query-input\":{\"@type\":\"PropertyValueSpecification\",\"valueRequired\":true,\"valueName\":\"search_term_string\"}}],\"inLanguage\":\"en-US\"},{\"@type\":\"Organization\",\"@id\":\"https:\\\/\\\/filles-de-la-charite.org\\\/en\\\/#organization\",\"name\":\"Hijas de la Caridad\",\"url\":\"https:\\\/\\\/filles-de-la-charite.org\\\/en\\\/\",\"logo\":{\"@type\":\"ImageObject\",\"inLanguage\":\"en-US\",\"@id\":\"https:\\\/\\\/filles-de-la-charite.org\\\/en\\\/#\\\/schema\\\/logo\\\/image\\\/\",\"url\":\"https:\\\/\\\/filles-de-la-charite.org\\\/wp-content\\\/uploads\\\/2023\\\/03\\\/isotipo-Hijas-de-la-Caridad.png\",\"contentUrl\":\"https:\\\/\\\/filles-de-la-charite.org\\\/wp-content\\\/uploads\\\/2023\\\/03\\\/isotipo-Hijas-de-la-Caridad.png\",\"width\":1417,\"height\":1417,\"caption\":\"Hijas de la Caridad\"},\"image\":{\"@id\":\"https:\\\/\\\/filles-de-la-charite.org\\\/en\\\/#\\\/schema\\\/logo\\\/image\\\/\"}}]}<\/script>\n<!-- \/ Yoast SEO plugin. -->","yoast_head_json":{"title":"The 190th Anniversary Apparition to Catherine Labour\u00e9 - Filles de la Charit\u00e9","robots":{"index":"index","follow":"follow","max-snippet":"max-snippet:-1","max-image-preview":"max-image-preview:large","max-video-preview":"max-video-preview:-1"},"canonical":"https:\/\/filles-de-la-charite.org\/en\/rincon-oracion\/the-190th-anniversary-apparition-to-catherine-laboure\/","og_locale":"en_US","og_type":"article","og_title":"The 190th Anniversary Apparition to Catherine Labour\u00e9 - Filles de la Charit\u00e9","og_description":"Introduction: The 190th anniversary of the apparitions of the Virgin Mary to Saint Catherine Labour\u00e9 in Paris is a significant occasion to remember. In Catherine&#8217;s time, a terrible cholera epidemic was spreading in Paris, causing thousands of deaths; today, we are living during the COVID-19 pandemic that is raging all over the world. This, too, [&hellip;]","og_url":"https:\/\/filles-de-la-charite.org\/en\/rincon-oracion\/the-190th-anniversary-apparition-to-catherine-laboure\/","og_site_name":"Filles de la Charit\u00e9","og_image":[{"width":1280,"height":720,"url":"https:\/\/filles-de-la-charite.org\/wp-content\/uploads\/2023\/04\/maxresdefault-1-1.jpg","type":"image\/jpeg"}],"twitter_card":"summary_large_image","twitter_misc":{"Est. reading time":"1 minute"},"schema":{"@context":"https:\/\/schema.org","@graph":[{"@type":"WebPage","@id":"https:\/\/filles-de-la-charite.org\/en\/rincon-oracion\/the-190th-anniversary-apparition-to-catherine-laboure\/","url":"https:\/\/filles-de-la-charite.org\/en\/rincon-oracion\/the-190th-anniversary-apparition-to-catherine-laboure\/","name":"The 190th Anniversary Apparition to Catherine Labour\u00e9 - Filles de la Charit\u00e9","isPartOf":{"@id":"https:\/\/filles-de-la-charite.org\/en\/#website"},"primaryImageOfPage":{"@id":"https:\/\/filles-de-la-charite.org\/en\/rincon-oracion\/the-190th-anniversary-apparition-to-catherine-laboure\/#primaryimage"},"image":{"@id":"https:\/\/filles-de-la-charite.org\/en\/rincon-oracion\/the-190th-anniversary-apparition-to-catherine-laboure\/#primaryimage"},"thumbnailUrl":"https:\/\/filles-de-la-charite.org\/wp-content\/uploads\/2023\/04\/maxresdefault-1-1.jpg","datePublished":"2020-07-17T08:52:27+00:00","inLanguage":"en-US","potentialAction":[{"@type":"ReadAction","target":["https:\/\/filles-de-la-charite.org\/en\/rincon-oracion\/the-190th-anniversary-apparition-to-catherine-laboure\/"]}]},{"@type":"ImageObject","inLanguage":"en-US","@id":"https:\/\/filles-de-la-charite.org\/en\/rincon-oracion\/the-190th-anniversary-apparition-to-catherine-laboure\/#primaryimage","url":"https:\/\/filles-de-la-charite.org\/wp-content\/uploads\/2023\/04\/maxresdefault-1-1.jpg","contentUrl":"https:\/\/filles-de-la-charite.org\/wp-content\/uploads\/2023\/04\/maxresdefault-1-1.jpg","width":1280,"height":720},{"@type":"WebSite","@id":"https:\/\/filles-de-la-charite.org\/en\/#website","url":"https:\/\/filles-de-la-charite.org\/en\/","name":"Hijas de la Caridad","description":"El amor de Jes\u00fas nos urge a cuidar la vida de los m\u00e1s necesitados","publisher":{"@id":"https:\/\/filles-de-la-charite.org\/en\/#organization"},"potentialAction":[{"@type":"SearchAction","target":{"@type":"EntryPoint","urlTemplate":"https:\/\/filles-de-la-charite.org\/en\/?s={search_term_string}"},"query-input":{"@type":"PropertyValueSpecification","valueRequired":true,"valueName":"search_term_string"}}],"inLanguage":"en-US"},{"@type":"Organization","@id":"https:\/\/filles-de-la-charite.org\/en\/#organization","name":"Hijas de la Caridad","url":"https:\/\/filles-de-la-charite.org\/en\/","logo":{"@type":"ImageObject","inLanguage":"en-US","@id":"https:\/\/filles-de-la-charite.org\/en\/#\/schema\/logo\/image\/","url":"https:\/\/filles-de-la-charite.org\/wp-content\/uploads\/2023\/03\/isotipo-Hijas-de-la-Caridad.png","contentUrl":"https:\/\/filles-de-la-charite.org\/wp-content\/uploads\/2023\/03\/isotipo-Hijas-de-la-Caridad.png","width":1417,"height":1417,"caption":"Hijas de la Caridad"},"image":{"@id":"https:\/\/filles-de-la-charite.org\/en\/#\/schema\/logo\/image\/"}}]}},"_links":{"self":[{"href":"https:\/\/filles-de-la-charite.org\/en\/wp-json\/wp\/v2\/rincon-oracion\/2713","targetHints":{"allow":["GET"]}}],"collection":[{"href":"https:\/\/filles-de-la-charite.org\/en\/wp-json\/wp\/v2\/rincon-oracion"}],"about":[{"href":"https:\/\/filles-de-la-charite.org\/en\/wp-json\/wp\/v2\/types\/rincon-oracion"}],"wp:featuredmedia":[{"embeddable":true,"href":"https:\/\/filles-de-la-charite.org\/en\/wp-json\/wp\/v2\/media\/2240"}],"wp:attachment":[{"href":"https:\/\/filles-de-la-charite.org\/en\/wp-json\/wp\/v2\/media?parent=2713"}],"curies":[{"name":"wp","href":"https:\/\/api.w.org\/{rel}","templated":true}]}}

The 190th Anniversary Apparition to Catherine Labouré

<p>Introduction: The 190th anniversary of the apparitions of the Virgin Mary to Saint Catherine Labouré in Paris is a significant occasion to remember. In Catherine's time, a terrible cholera epidemic was spreading in Paris, causing thousands of deaths; today, we are living during the COVID-19 pandemic that is raging all over the world. This, too, is a time to live in faith and listen once again to the Blessed Virgin’s words concerning the medal that she addressed to Saint Catherine during the apparition of 27 November 1830: "Those who wear it with confidence will receive abundant graces". Let us wear it with faith and encourage others to wear the medal that Mary wanted to give to each person and to all of humanity!</p>



<figure class="wp-block-embed-youtube wp-block-embed is-type-video is-provider-youtube wp-embed-aspect-16-9 wp-has-aspect-ratio"><div class="wp-block-embed__wrapper">
<iframe loading="lazy" title="[EN 2020.07] 190th Anniversary of Apparitions to Catherine Labouré" width="1080" height="608" src="https://www.youtube.com/embed/X78TVUe5qKw?feature=oembed"  allow="accelerometer; autoplay; clipboard-write; encrypted-media; gyroscope; picture-in-picture; web-share" referrerpolicy="strict-origin-when-cross-origin" allowfullscreen></iframe>
</div></figure>

<!-- This site is optimized with the Yoast SEO plugin v27.5 - https://yoast.com/product/yoast-seo-wordpress/ -->
<title>The 190th Anniversary Apparition to Catherine Labouré - Filles de la Charité</title>
<meta name="robots" content="index, follow, max-snippet:-1, max-image-preview:large, max-video-preview:-1" />
<link rel="canonical" href="https://filles-de-la-charite.org/en/rincon-oracion/the-190th-anniversary-apparition-to-catherine-laboure/" />
<meta property="og:locale" content="en_US" />
<meta property="og:type" content="article" />
<meta property="og:title" content="The 190th Anniversary Apparition to Catherine Labouré - Filles de la Charité" />
<meta property="og:description" content="Introduction: The 190th anniversary of the apparitions of the Virgin Mary to Saint Catherine Labouré in Paris is a significant occasion to remember. In Catherine&#8217;s time, a terrible cholera epidemic was spreading in Paris, causing thousands of deaths; today, we are living during the COVID-19 pandemic that is raging all over the world. This, too, [&hellip;]" />
<meta property="og:url" content="https://filles-de-la-charite.org/en/rincon-oracion/the-190th-anniversary-apparition-to-catherine-laboure/" />
<meta property="og:site_name" content="Filles de la Charité" />
<meta property="og:image" content="https://filles-de-la-charite.org/wp-content/uploads/2023/04/maxresdefault-1-1.jpg" />
	<meta property="og:image:width" content="1280" />
	<meta property="og:image:height" content="720" />
	<meta property="og:image:type" content="image/jpeg" />
<meta name="twitter:card" content="summary_large_image" />
<meta name="twitter:label1" content="Est. reading time" />
	<meta name="twitter:data1" content="1 minute" />
<script type="application/ld+json" class="yoast-schema-graph">{"@context":"https:\/\/schema.org","@graph":[{"@type":"WebPage","@id":"https:\/\/filles-de-la-charite.org\/en\/rincon-oracion\/the-190th-anniversary-apparition-to-catherine-laboure\/","url":"https:\/\/filles-de-la-charite.org\/en\/rincon-oracion\/the-190th-anniversary-apparition-to-catherine-laboure\/","name":"The 190th Anniversary Apparition to Catherine Labouré - Filles de la Charité","isPartOf":{"@id":"https:\/\/filles-de-la-charite.org\/en\/#website"},"primaryImageOfPage":{"@id":"https:\/\/filles-de-la-charite.org\/en\/rincon-oracion\/the-190th-anniversary-apparition-to-catherine-laboure\/#primaryimage"},"image":{"@id":"https:\/\/filles-de-la-charite.org\/en\/rincon-oracion\/the-190th-anniversary-apparition-to-catherine-laboure\/#primaryimage"},"thumbnailUrl":"https:\/\/filles-de-la-charite.org\/wp-content\/uploads\/2023\/04\/maxresdefault-1-1.jpg","datePublished":"2020-07-17T08:52:27+00:00","inLanguage":"en-US","potentialAction":[{"@type":"ReadAction","target":["https:\/\/filles-de-la-charite.org\/en\/rincon-oracion\/the-190th-anniversary-apparition-to-catherine-laboure\/"]}]},{"@type":"ImageObject","inLanguage":"en-US","@id":"https:\/\/filles-de-la-charite.org\/en\/rincon-oracion\/the-190th-anniversary-apparition-to-catherine-laboure\/#primaryimage","url":"https:\/\/filles-de-la-charite.org\/wp-content\/uploads\/2023\/04\/maxresdefault-1-1.jpg","contentUrl":"https:\/\/filles-de-la-charite.org\/wp-content\/uploads\/2023\/04\/maxresdefault-1-1.jpg","width":1280,"height":720},{"@type":"WebSite","@id":"https:\/\/filles-de-la-charite.org\/en\/#website","url":"https:\/\/filles-de-la-charite.org\/en\/","name":"Hijas de la Caridad","description":"El amor de Jesús nos urge a cuidar la vida de los más necesitados","publisher":{"@id":"https:\/\/filles-de-la-charite.org\/en\/#organization"},"potentialAction":[{"@type":"SearchAction","target":{"@type":"EntryPoint","urlTemplate":"https:\/\/filles-de-la-charite.org\/en\/?s={search_term_string}"},"query-input":{"@type":"PropertyValueSpecification","valueRequired":true,"valueName":"search_term_string"}}],"inLanguage":"en-US"},{"@type":"Organization","@id":"https:\/\/filles-de-la-charite.org\/en\/#organization","name":"Hijas de la Caridad","url":"https:\/\/filles-de-la-charite.org\/en\/","logo":{"@type":"ImageObject","inLanguage":"en-US","@id":"https:\/\/filles-de-la-charite.org\/en\/#\/schema\/logo\/image\/","url":"https:\/\/filles-de-la-charite.org\/wp-content\/uploads\/2023\/03\/isotipo-Hijas-de-la-Caridad.png","contentUrl":"https:\/\/filles-de-la-charite.org\/wp-content\/uploads\/2023\/03\/isotipo-Hijas-de-la-Caridad.png","width":1417,"height":1417,"caption":"Hijas de la Caridad"},"image":{"@id":"https:\/\/filles-de-la-charite.org\/en\/#\/schema\/logo\/image\/"}}]}</script>
<!-- / Yoast SEO plugin. -->

The 190th Anniversary Apparition to Catherine Labouré - Filles de la Charité

Introduction: The 190th anniversary of the apparitions of the Virgin Mary to Saint Catherine Labouré in Paris is a significant occasion to remember. In Catherine&#8217;s time, a terrible cholera epidemic was spreading in Paris, causing thousands of deaths; today, we are living during the COVID-19 pandemic that is raging all over the world. This, too, [&hellip;]

Filles de la Charité

El amor de Jesús nos urge a cuidar la vida de los más necesitados
