{"id":47964,"date":"2025-11-28T11:00:00","date_gmt":"2025-11-28T10:00:00","guid":{"rendered":"https:\/\/filles-de-la-charite.org\/?post_type=rincon-oracion&#038;p=47964"},"modified":"2025-11-28T09:42:54","modified_gmt":"2025-11-28T08:42:54","slug":"daughters-of-charity-with-sr-francoise-petit","status":"publish","type":"rincon-oracion","link":"https:\/\/filles-de-la-charite.org\/en\/rincon-oracion\/daughters-of-charity-with-sr-francoise-petit\/","title":{"rendered":"Daughters of Charity with Sr. Fran\u00e7oise Petit"},"content":{"rendered":"\n<p>Our Lady of the Miraculous Medal St. Catherine Labour\u00e9 Foundation of the Company, three family celebrations, three days to give thanks to the Lord for his favorite love for the humblest and the smallest.\u00a0 \"Indeed, each of these three days has its own character, but they are united by charity. Charity is what we can celebrate and live together as Church and with everyone else, in particular our brothers and sisters who are poor\u2026\u201d (Letter of Sr Fran\u00e7oise Petit)<\/p>\n\n\n\n<figure class=\"wp-block-embed is-type-video is-provider-youtube wp-block-embed-youtube wp-embed-aspect-4-3 wp-has-aspect-ratio\"><div class=\"wp-block-embed__wrapper\">\n<iframe loading=\"lazy\" title=\"Prayer Corner 27, 28, 29 November - Daughters of Charity with Sr. Fran\u00e7oise Petit\" width=\"1080\" height=\"810\" src=\"https:\/\/www.youtube.com\/embed\/nPNALffvbqE?feature=oembed\"  allow=\"accelerometer; autoplay; clipboard-write; encrypted-media; gyroscope; picture-in-picture; web-share\" referrerpolicy=\"strict-origin-when-cross-origin\" allowfullscreen><\/iframe>\n<\/div><\/figure>\n","protected":false},"featured_media":47965,"template":"","meta":{"_acf_changed":false,"_links_to":"","_links_to_target":""},"class_list":["post-47964","rincon-oracion","type-rincon-oracion","status-publish","has-post-thumbnail","hentry"],"acf":[],"yoast_head":"<!-- This site is optimized with the Yoast SEO plugin v27.5 - https:\/\/yoast.com\/product\/yoast-seo-wordpress\/ -->\n<title>Daughters of Charity with Sr. Fran\u00e7oise Petit - Filles de la Charit\u00e9<\/title>\n<meta name=\"robots\" content=\"index, follow, max-snippet:-1, max-image-preview:large, max-video-preview:-1\" \/>\n<link rel=\"canonical\" href=\"https:\/\/filles-de-la-charite.org\/en\/rincon-oracion\/daughters-of-charity-with-sr-francoise-petit\/\" \/>\n<meta property=\"og:locale\" content=\"en_US\" \/>\n<meta property=\"og:type\" content=\"article\" \/>\n<meta property=\"og:title\" content=\"Daughters of Charity with Sr. Fran\u00e7oise Petit - Filles de la Charit\u00e9\" \/>\n<meta property=\"og:description\" content=\"Our Lady of the Miraculous Medal St. Catherine Labour\u00e9 Foundation of the Company, three family celebrations, three days to give thanks to the Lord for his favorite love for the humblest and the smallest.\u00a0 &#8220;Indeed, each of these three days has its own character, but they are united by charity. Charity is what we can [&hellip;]\" \/>\n<meta property=\"og:url\" content=\"https:\/\/filles-de-la-charite.org\/en\/rincon-oracion\/daughters-of-charity-with-sr-francoise-petit\/\" \/>\n<meta property=\"og:site_name\" content=\"Filles de la Charit\u00e9\" \/>\n<meta property=\"og:image\" content=\"https:\/\/filles-de-la-charite.org\/wp-content\/uploads\/2025\/11\/PC-Yonide-.png\" \/>\n\t<meta property=\"og:image:width\" content=\"2048\" \/>\n\t<meta property=\"og:image:height\" content=\"1211\" \/>\n\t<meta property=\"og:image:type\" content=\"image\/png\" \/>\n<meta name=\"twitter:card\" content=\"summary_large_image\" \/>\n<meta name=\"twitter:label1\" content=\"Est. reading time\" \/>\n\t<meta name=\"twitter:data1\" content=\"1 minute\" \/>\n<script type=\"application\/ld+json\" class=\"yoast-schema-graph\">{\"@context\":\"https:\\\/\\\/schema.org\",\"@graph\":[{\"@type\":\"WebPage\",\"@id\":\"https:\\\/\\\/filles-de-la-charite.org\\\/en\\\/rincon-oracion\\\/daughters-of-charity-with-sr-francoise-petit\\\/\",\"url\":\"https:\\\/\\\/filles-de-la-charite.org\\\/en\\\/rincon-oracion\\\/daughters-of-charity-with-sr-francoise-petit\\\/\",\"name\":\"Daughters of Charity with Sr. Fran\u00e7oise Petit - Filles de la Charit\u00e9\",\"isPartOf\":{\"@id\":\"https:\\\/\\\/filles-de-la-charite.org\\\/en\\\/#website\"},\"primaryImageOfPage\":{\"@id\":\"https:\\\/\\\/filles-de-la-charite.org\\\/en\\\/rincon-oracion\\\/daughters-of-charity-with-sr-francoise-petit\\\/#primaryimage\"},\"image\":{\"@id\":\"https:\\\/\\\/filles-de-la-charite.org\\\/en\\\/rincon-oracion\\\/daughters-of-charity-with-sr-francoise-petit\\\/#primaryimage\"},\"thumbnailUrl\":\"https:\\\/\\\/filles-de-la-charite.org\\\/wp-content\\\/uploads\\\/2025\\\/11\\\/PC-Yonide-.png\",\"datePublished\":\"2025-11-28T10:00:00+00:00\",\"inLanguage\":\"en-US\",\"potentialAction\":[{\"@type\":\"ReadAction\",\"target\":[\"https:\\\/\\\/filles-de-la-charite.org\\\/en\\\/rincon-oracion\\\/daughters-of-charity-with-sr-francoise-petit\\\/\"]}]},{\"@type\":\"ImageObject\",\"inLanguage\":\"en-US\",\"@id\":\"https:\\\/\\\/filles-de-la-charite.org\\\/en\\\/rincon-oracion\\\/daughters-of-charity-with-sr-francoise-petit\\\/#primaryimage\",\"url\":\"https:\\\/\\\/filles-de-la-charite.org\\\/wp-content\\\/uploads\\\/2025\\\/11\\\/PC-Yonide-.png\",\"contentUrl\":\"https:\\\/\\\/filles-de-la-charite.org\\\/wp-content\\\/uploads\\\/2025\\\/11\\\/PC-Yonide-.png\",\"width\":2048,\"height\":1211},{\"@type\":\"WebSite\",\"@id\":\"https:\\\/\\\/filles-de-la-charite.org\\\/en\\\/#website\",\"url\":\"https:\\\/\\\/filles-de-la-charite.org\\\/en\\\/\",\"name\":\"Hijas de la Caridad\",\"description\":\"El amor de Jes\u00fas nos urge a cuidar la vida de los m\u00e1s necesitados\",\"publisher\":{\"@id\":\"https:\\\/\\\/filles-de-la-charite.org\\\/en\\\/#organization\"},\"potentialAction\":[{\"@type\":\"SearchAction\",\"target\":{\"@type\":\"EntryPoint\",\"urlTemplate\":\"https:\\\/\\\/filles-de-la-charite.org\\\/en\\\/?s={search_term_string}\"},\"query-input\":{\"@type\":\"PropertyValueSpecification\",\"valueRequired\":true,\"valueName\":\"search_term_string\"}}],\"inLanguage\":\"en-US\"},{\"@type\":\"Organization\",\"@id\":\"https:\\\/\\\/filles-de-la-charite.org\\\/en\\\/#organization\",\"name\":\"Hijas de la Caridad\",\"url\":\"https:\\\/\\\/filles-de-la-charite.org\\\/en\\\/\",\"logo\":{\"@type\":\"ImageObject\",\"inLanguage\":\"en-US\",\"@id\":\"https:\\\/\\\/filles-de-la-charite.org\\\/en\\\/#\\\/schema\\\/logo\\\/image\\\/\",\"url\":\"https:\\\/\\\/filles-de-la-charite.org\\\/wp-content\\\/uploads\\\/2023\\\/03\\\/isotipo-Hijas-de-la-Caridad.png\",\"contentUrl\":\"https:\\\/\\\/filles-de-la-charite.org\\\/wp-content\\\/uploads\\\/2023\\\/03\\\/isotipo-Hijas-de-la-Caridad.png\",\"width\":1417,\"height\":1417,\"caption\":\"Hijas de la Caridad\"},\"image\":{\"@id\":\"https:\\\/\\\/filles-de-la-charite.org\\\/en\\\/#\\\/schema\\\/logo\\\/image\\\/\"}}]}<\/script>\n<!-- \/ Yoast SEO plugin. -->","yoast_head_json":{"title":"Daughters of Charity with Sr. Fran\u00e7oise Petit - Filles de la Charit\u00e9","robots":{"index":"index","follow":"follow","max-snippet":"max-snippet:-1","max-image-preview":"max-image-preview:large","max-video-preview":"max-video-preview:-1"},"canonical":"https:\/\/filles-de-la-charite.org\/en\/rincon-oracion\/daughters-of-charity-with-sr-francoise-petit\/","og_locale":"en_US","og_type":"article","og_title":"Daughters of Charity with Sr. Fran\u00e7oise Petit - Filles de la Charit\u00e9","og_description":"Our Lady of the Miraculous Medal St. Catherine Labour\u00e9 Foundation of the Company, three family celebrations, three days to give thanks to the Lord for his favorite love for the humblest and the smallest.\u00a0 &#8220;Indeed, each of these three days has its own character, but they are united by charity. Charity is what we can [&hellip;]","og_url":"https:\/\/filles-de-la-charite.org\/en\/rincon-oracion\/daughters-of-charity-with-sr-francoise-petit\/","og_site_name":"Filles de la Charit\u00e9","og_image":[{"width":2048,"height":1211,"url":"https:\/\/filles-de-la-charite.org\/wp-content\/uploads\/2025\/11\/PC-Yonide-.png","type":"image\/png"}],"twitter_card":"summary_large_image","twitter_misc":{"Est. reading time":"1 minute"},"schema":{"@context":"https:\/\/schema.org","@graph":[{"@type":"WebPage","@id":"https:\/\/filles-de-la-charite.org\/en\/rincon-oracion\/daughters-of-charity-with-sr-francoise-petit\/","url":"https:\/\/filles-de-la-charite.org\/en\/rincon-oracion\/daughters-of-charity-with-sr-francoise-petit\/","name":"Daughters of Charity with Sr. Fran\u00e7oise Petit - Filles de la Charit\u00e9","isPartOf":{"@id":"https:\/\/filles-de-la-charite.org\/en\/#website"},"primaryImageOfPage":{"@id":"https:\/\/filles-de-la-charite.org\/en\/rincon-oracion\/daughters-of-charity-with-sr-francoise-petit\/#primaryimage"},"image":{"@id":"https:\/\/filles-de-la-charite.org\/en\/rincon-oracion\/daughters-of-charity-with-sr-francoise-petit\/#primaryimage"},"thumbnailUrl":"https:\/\/filles-de-la-charite.org\/wp-content\/uploads\/2025\/11\/PC-Yonide-.png","datePublished":"2025-11-28T10:00:00+00:00","inLanguage":"en-US","potentialAction":[{"@type":"ReadAction","target":["https:\/\/filles-de-la-charite.org\/en\/rincon-oracion\/daughters-of-charity-with-sr-francoise-petit\/"]}]},{"@type":"ImageObject","inLanguage":"en-US","@id":"https:\/\/filles-de-la-charite.org\/en\/rincon-oracion\/daughters-of-charity-with-sr-francoise-petit\/#primaryimage","url":"https:\/\/filles-de-la-charite.org\/wp-content\/uploads\/2025\/11\/PC-Yonide-.png","contentUrl":"https:\/\/filles-de-la-charite.org\/wp-content\/uploads\/2025\/11\/PC-Yonide-.png","width":2048,"height":1211},{"@type":"WebSite","@id":"https:\/\/filles-de-la-charite.org\/en\/#website","url":"https:\/\/filles-de-la-charite.org\/en\/","name":"Hijas de la Caridad","description":"El amor de Jes\u00fas nos urge a cuidar la vida de los m\u00e1s necesitados","publisher":{"@id":"https:\/\/filles-de-la-charite.org\/en\/#organization"},"potentialAction":[{"@type":"SearchAction","target":{"@type":"EntryPoint","urlTemplate":"https:\/\/filles-de-la-charite.org\/en\/?s={search_term_string}"},"query-input":{"@type":"PropertyValueSpecification","valueRequired":true,"valueName":"search_term_string"}}],"inLanguage":"en-US"},{"@type":"Organization","@id":"https:\/\/filles-de-la-charite.org\/en\/#organization","name":"Hijas de la Caridad","url":"https:\/\/filles-de-la-charite.org\/en\/","logo":{"@type":"ImageObject","inLanguage":"en-US","@id":"https:\/\/filles-de-la-charite.org\/en\/#\/schema\/logo\/image\/","url":"https:\/\/filles-de-la-charite.org\/wp-content\/uploads\/2023\/03\/isotipo-Hijas-de-la-Caridad.png","contentUrl":"https:\/\/filles-de-la-charite.org\/wp-content\/uploads\/2023\/03\/isotipo-Hijas-de-la-Caridad.png","width":1417,"height":1417,"caption":"Hijas de la Caridad"},"image":{"@id":"https:\/\/filles-de-la-charite.org\/en\/#\/schema\/logo\/image\/"}}]}},"_links":{"self":[{"href":"https:\/\/filles-de-la-charite.org\/en\/wp-json\/wp\/v2\/rincon-oracion\/47964","targetHints":{"allow":["GET"]}}],"collection":[{"href":"https:\/\/filles-de-la-charite.org\/en\/wp-json\/wp\/v2\/rincon-oracion"}],"about":[{"href":"https:\/\/filles-de-la-charite.org\/en\/wp-json\/wp\/v2\/types\/rincon-oracion"}],"wp:featuredmedia":[{"embeddable":true,"href":"https:\/\/filles-de-la-charite.org\/en\/wp-json\/wp\/v2\/media\/47965"}],"wp:attachment":[{"href":"https:\/\/filles-de-la-charite.org\/en\/wp-json\/wp\/v2\/media?parent=47964"}],"curies":[{"name":"wp","href":"https:\/\/api.w.org\/{rel}","templated":true}]}}

Daughters of Charity with Sr. Françoise Petit

<p>Our Lady of the Miraculous Medal St. Catherine Labouré Foundation of the Company, three family celebrations, three days to give thanks to the Lord for his favorite love for the humblest and the smallest.  "Indeed, each of these three days has its own character, but they are united by charity. Charity is what we can celebrate and live together as Church and with everyone else, in particular our brothers and sisters who are poor…” (Letter of Sr Françoise Petit)</p>



<figure class="wp-block-embed is-type-video is-provider-youtube wp-block-embed-youtube wp-embed-aspect-4-3 wp-has-aspect-ratio"><div class="wp-block-embed__wrapper">
<iframe loading="lazy" title="Prayer Corner 27, 28, 29 November - Daughters of Charity with Sr. Françoise Petit" width="1080" height="810" src="https://www.youtube.com/embed/nPNALffvbqE?feature=oembed"  allow="accelerometer; autoplay; clipboard-write; encrypted-media; gyroscope; picture-in-picture; web-share" referrerpolicy="strict-origin-when-cross-origin" allowfullscreen></iframe>
</div></figure>

<!-- This site is optimized with the Yoast SEO plugin v27.5 - https://yoast.com/product/yoast-seo-wordpress/ -->
<title>Daughters of Charity with Sr. Françoise Petit - Filles de la Charité</title>
<meta name="robots" content="index, follow, max-snippet:-1, max-image-preview:large, max-video-preview:-1" />
<link rel="canonical" href="https://filles-de-la-charite.org/en/rincon-oracion/daughters-of-charity-with-sr-francoise-petit/" />
<meta property="og:locale" content="en_US" />
<meta property="og:type" content="article" />
<meta property="og:title" content="Daughters of Charity with Sr. Françoise Petit - Filles de la Charité" />
<meta property="og:description" content="Our Lady of the Miraculous Medal St. Catherine Labouré Foundation of the Company, three family celebrations, three days to give thanks to the Lord for his favorite love for the humblest and the smallest.  &#8220;Indeed, each of these three days has its own character, but they are united by charity. Charity is what we can [&hellip;]" />
<meta property="og:url" content="https://filles-de-la-charite.org/en/rincon-oracion/daughters-of-charity-with-sr-francoise-petit/" />
<meta property="og:site_name" content="Filles de la Charité" />
<meta property="og:image" content="https://filles-de-la-charite.org/wp-content/uploads/2025/11/PC-Yonide-.png" />
	<meta property="og:image:width" content="2048" />
	<meta property="og:image:height" content="1211" />
	<meta property="og:image:type" content="image/png" />
<meta name="twitter:card" content="summary_large_image" />
<meta name="twitter:label1" content="Est. reading time" />
	<meta name="twitter:data1" content="1 minute" />
<script type="application/ld+json" class="yoast-schema-graph">{"@context":"https:\/\/schema.org","@graph":[{"@type":"WebPage","@id":"https:\/\/filles-de-la-charite.org\/en\/rincon-oracion\/daughters-of-charity-with-sr-francoise-petit\/","url":"https:\/\/filles-de-la-charite.org\/en\/rincon-oracion\/daughters-of-charity-with-sr-francoise-petit\/","name":"Daughters of Charity with Sr. Françoise Petit - Filles de la Charité","isPartOf":{"@id":"https:\/\/filles-de-la-charite.org\/en\/#website"},"primaryImageOfPage":{"@id":"https:\/\/filles-de-la-charite.org\/en\/rincon-oracion\/daughters-of-charity-with-sr-francoise-petit\/#primaryimage"},"image":{"@id":"https:\/\/filles-de-la-charite.org\/en\/rincon-oracion\/daughters-of-charity-with-sr-francoise-petit\/#primaryimage"},"thumbnailUrl":"https:\/\/filles-de-la-charite.org\/wp-content\/uploads\/2025\/11\/PC-Yonide-.png","datePublished":"2025-11-28T10:00:00+00:00","inLanguage":"en-US","potentialAction":[{"@type":"ReadAction","target":["https:\/\/filles-de-la-charite.org\/en\/rincon-oracion\/daughters-of-charity-with-sr-francoise-petit\/"]}]},{"@type":"ImageObject","inLanguage":"en-US","@id":"https:\/\/filles-de-la-charite.org\/en\/rincon-oracion\/daughters-of-charity-with-sr-francoise-petit\/#primaryimage","url":"https:\/\/filles-de-la-charite.org\/wp-content\/uploads\/2025\/11\/PC-Yonide-.png","contentUrl":"https:\/\/filles-de-la-charite.org\/wp-content\/uploads\/2025\/11\/PC-Yonide-.png","width":2048,"height":1211},{"@type":"WebSite","@id":"https:\/\/filles-de-la-charite.org\/en\/#website","url":"https:\/\/filles-de-la-charite.org\/en\/","name":"Hijas de la Caridad","description":"El amor de Jesús nos urge a cuidar la vida de los más necesitados","publisher":{"@id":"https:\/\/filles-de-la-charite.org\/en\/#organization"},"potentialAction":[{"@type":"SearchAction","target":{"@type":"EntryPoint","urlTemplate":"https:\/\/filles-de-la-charite.org\/en\/?s={search_term_string}"},"query-input":{"@type":"PropertyValueSpecification","valueRequired":true,"valueName":"search_term_string"}}],"inLanguage":"en-US"},{"@type":"Organization","@id":"https:\/\/filles-de-la-charite.org\/en\/#organization","name":"Hijas de la Caridad","url":"https:\/\/filles-de-la-charite.org\/en\/","logo":{"@type":"ImageObject","inLanguage":"en-US","@id":"https:\/\/filles-de-la-charite.org\/en\/#\/schema\/logo\/image\/","url":"https:\/\/filles-de-la-charite.org\/wp-content\/uploads\/2023\/03\/isotipo-Hijas-de-la-Caridad.png","contentUrl":"https:\/\/filles-de-la-charite.org\/wp-content\/uploads\/2023\/03\/isotipo-Hijas-de-la-Caridad.png","width":1417,"height":1417,"caption":"Hijas de la Caridad"},"image":{"@id":"https:\/\/filles-de-la-charite.org\/en\/#\/schema\/logo\/image\/"}}]}</script>
<!-- / Yoast SEO plugin. -->

Daughters of Charity with Sr. Françoise Petit - Filles de la Charité

Our Lady of the Miraculous Medal St. Catherine Labouré Foundation of the Company, three family celebrations, three days to give thanks to the Lord for his favorite love for the humblest and the smallest.  &#8220;Indeed, each of these three days has its own character, but they are united by charity. Charity is what we can [&hellip;]

Filles de la Charité

El amor de Jesús nos urge a cuidar la vida de los más necesitados
