{"id":49110,"date":"2026-03-11T21:00:50","date_gmt":"2026-03-11T20:00:50","guid":{"rendered":"https:\/\/filles-de-la-charite.org\/?post_type=vida-entregada&#038;p=49110"},"modified":"2026-03-27T17:25:50","modified_gmt":"2026-03-27T16:25:50","slug":"artisans-of-peace-and-hope-father-jose-antonio-gonzalez","status":"publish","type":"vida-entregada","link":"https:\/\/filles-de-la-charite.org\/en\/vida-entregada\/artisans-of-peace-and-hope-father-jose-antonio-gonzalez\/","title":{"rendered":"Artisans of peace and hope. Father Jos\u00e9 Antonio Gonz\u00e1lez"},"content":{"rendered":"\n<p>In this video, Fr. Jos\u00e9 Antonio Gonz\u00e1lez, CM, Director General of the Company of the Daughters of Charity, offers us a simple and profound reflection on the theme of the upcoming General Assembly: \u201cArtisans of Peace and Hope.\u201d From this theme, he invites us to welcome three essential calls for our journey: to renew our trust in the Lord, to renew our commitment in the face of the world\u2019s pain and the suffering of the poor, and to strengthen hope, knowing that God has the final word. A message that encourages the whole Company to continue serving with fidelity, boldness, and hope.<\/p>\n\n\n\n<p><\/p>\n\n\n\n<figure class=\"wp-block-embed is-type-video is-provider-youtube wp-block-embed-youtube wp-embed-aspect-16-9 wp-has-aspect-ratio\"><div class=\"wp-block-embed__wrapper\">\n<iframe loading=\"lazy\" title=\"EN Artisans Of Peace And Hope. Father Jos\u00e9 Antonio Gonz\u00e1lez\" width=\"1080\" height=\"608\" src=\"https:\/\/www.youtube.com\/embed\/sJsXA_b3qfI?feature=oembed\"  allow=\"accelerometer; autoplay; clipboard-write; encrypted-media; gyroscope; picture-in-picture; web-share\" referrerpolicy=\"strict-origin-when-cross-origin\" allowfullscreen><\/iframe>\n<\/div><\/figure>\n","protected":false},"featured_media":49111,"template":"","meta":{"_acf_changed":false,"_et_pb_use_builder":"","_et_pb_old_content":"","_et_gb_content_width":"","_links_to":"","_links_to_target":""},"class_list":["post-49110","vida-entregada","type-vida-entregada","status-publish","has-post-thumbnail","hentry"],"acf":[],"yoast_head":"<!-- This site is optimized with the Yoast SEO plugin v27.5 - https:\/\/yoast.com\/product\/yoast-seo-wordpress\/ -->\n<title>Artisans of peace and hope. Father Jos\u00e9 Antonio Gonz\u00e1lez - Filles de la Charit\u00e9<\/title>\n<meta name=\"robots\" content=\"index, follow, max-snippet:-1, max-image-preview:large, max-video-preview:-1\" \/>\n<link rel=\"canonical\" href=\"https:\/\/filles-de-la-charite.org\/en\/vida-entregada\/artisans-of-peace-and-hope-father-jose-antonio-gonzalez\/\" \/>\n<meta property=\"og:locale\" content=\"en_US\" \/>\n<meta property=\"og:type\" content=\"article\" \/>\n<meta property=\"og:title\" content=\"Artisans of peace and hope. Father Jos\u00e9 Antonio Gonz\u00e1lez - Filles de la Charit\u00e9\" \/>\n<meta property=\"og:description\" content=\"In this video, Fr. Jos\u00e9 Antonio Gonz\u00e1lez, CM, Director General of the Company of the Daughters of Charity, offers us a simple and profound reflection on the theme of the upcoming General Assembly: \u201cArtisans of Peace and Hope.\u201d From this theme, he invites us to welcome three essential calls for our journey: to renew our [&hellip;]\" \/>\n<meta property=\"og:url\" content=\"https:\/\/filles-de-la-charite.org\/en\/vida-entregada\/artisans-of-peace-and-hope-father-jose-antonio-gonzalez\/\" \/>\n<meta property=\"og:site_name\" content=\"Filles de la Charit\u00e9\" \/>\n<meta property=\"article:modified_time\" content=\"2026-03-27T16:25:50+00:00\" \/>\n<meta property=\"og:image\" content=\"https:\/\/filles-de-la-charite.org\/wp-content\/uploads\/2026\/03\/WhatsApp-Image-2026-03-04-at-19.16.21.jpeg\" \/>\n\t<meta property=\"og:image:width\" content=\"1600\" \/>\n\t<meta property=\"og:image:height\" content=\"900\" \/>\n\t<meta property=\"og:image:type\" content=\"image\/jpeg\" \/>\n<meta name=\"twitter:card\" content=\"summary_large_image\" \/>\n<meta name=\"twitter:label1\" content=\"Est. reading time\" \/>\n\t<meta name=\"twitter:data1\" content=\"1 minute\" \/>\n<script type=\"application\/ld+json\" class=\"yoast-schema-graph\">{\"@context\":\"https:\\\/\\\/schema.org\",\"@graph\":[{\"@type\":\"WebPage\",\"@id\":\"https:\\\/\\\/filles-de-la-charite.org\\\/en\\\/vida-entregada\\\/artisans-of-peace-and-hope-father-jose-antonio-gonzalez\\\/\",\"url\":\"https:\\\/\\\/filles-de-la-charite.org\\\/en\\\/vida-entregada\\\/artisans-of-peace-and-hope-father-jose-antonio-gonzalez\\\/\",\"name\":\"Artisans of peace and hope. Father Jos\u00e9 Antonio Gonz\u00e1lez - Filles de la Charit\u00e9\",\"isPartOf\":{\"@id\":\"https:\\\/\\\/filles-de-la-charite.org\\\/en\\\/#website\"},\"primaryImageOfPage\":{\"@id\":\"https:\\\/\\\/filles-de-la-charite.org\\\/en\\\/vida-entregada\\\/artisans-of-peace-and-hope-father-jose-antonio-gonzalez\\\/#primaryimage\"},\"image\":{\"@id\":\"https:\\\/\\\/filles-de-la-charite.org\\\/en\\\/vida-entregada\\\/artisans-of-peace-and-hope-father-jose-antonio-gonzalez\\\/#primaryimage\"},\"thumbnailUrl\":\"https:\\\/\\\/filles-de-la-charite.org\\\/wp-content\\\/uploads\\\/2026\\\/03\\\/WhatsApp-Image-2026-03-04-at-19.16.21.jpeg\",\"datePublished\":\"2026-03-11T20:00:50+00:00\",\"dateModified\":\"2026-03-27T16:25:50+00:00\",\"breadcrumb\":{\"@id\":\"https:\\\/\\\/filles-de-la-charite.org\\\/en\\\/vida-entregada\\\/artisans-of-peace-and-hope-father-jose-antonio-gonzalez\\\/#breadcrumb\"},\"inLanguage\":\"en-US\",\"potentialAction\":[{\"@type\":\"ReadAction\",\"target\":[\"https:\\\/\\\/filles-de-la-charite.org\\\/en\\\/vida-entregada\\\/artisans-of-peace-and-hope-father-jose-antonio-gonzalez\\\/\"]}]},{\"@type\":\"ImageObject\",\"inLanguage\":\"en-US\",\"@id\":\"https:\\\/\\\/filles-de-la-charite.org\\\/en\\\/vida-entregada\\\/artisans-of-peace-and-hope-father-jose-antonio-gonzalez\\\/#primaryimage\",\"url\":\"https:\\\/\\\/filles-de-la-charite.org\\\/wp-content\\\/uploads\\\/2026\\\/03\\\/WhatsApp-Image-2026-03-04-at-19.16.21.jpeg\",\"contentUrl\":\"https:\\\/\\\/filles-de-la-charite.org\\\/wp-content\\\/uploads\\\/2026\\\/03\\\/WhatsApp-Image-2026-03-04-at-19.16.21.jpeg\",\"width\":1600,\"height\":900},{\"@type\":\"BreadcrumbList\",\"@id\":\"https:\\\/\\\/filles-de-la-charite.org\\\/en\\\/vida-entregada\\\/artisans-of-peace-and-hope-father-jose-antonio-gonzalez\\\/#breadcrumb\",\"itemListElement\":[{\"@type\":\"ListItem\",\"position\":1,\"name\":\"Given lifes\",\"item\":\"https:\\\/\\\/filles-de-la-charite.org\\\/en\\\/vida-entregada\\\/\"},{\"@type\":\"ListItem\",\"position\":2,\"name\":\"Artisans of peace and hope. Father Jos\u00e9 Antonio Gonz\u00e1lez\"}]},{\"@type\":\"WebSite\",\"@id\":\"https:\\\/\\\/filles-de-la-charite.org\\\/en\\\/#website\",\"url\":\"https:\\\/\\\/filles-de-la-charite.org\\\/en\\\/\",\"name\":\"Hijas de la Caridad\",\"description\":\"El amor de Jes\u00fas nos urge a cuidar la vida de los m\u00e1s necesitados\",\"publisher\":{\"@id\":\"https:\\\/\\\/filles-de-la-charite.org\\\/en\\\/#organization\"},\"potentialAction\":[{\"@type\":\"SearchAction\",\"target\":{\"@type\":\"EntryPoint\",\"urlTemplate\":\"https:\\\/\\\/filles-de-la-charite.org\\\/en\\\/?s={search_term_string}\"},\"query-input\":{\"@type\":\"PropertyValueSpecification\",\"valueRequired\":true,\"valueName\":\"search_term_string\"}}],\"inLanguage\":\"en-US\"},{\"@type\":\"Organization\",\"@id\":\"https:\\\/\\\/filles-de-la-charite.org\\\/en\\\/#organization\",\"name\":\"Hijas de la Caridad\",\"url\":\"https:\\\/\\\/filles-de-la-charite.org\\\/en\\\/\",\"logo\":{\"@type\":\"ImageObject\",\"inLanguage\":\"en-US\",\"@id\":\"https:\\\/\\\/filles-de-la-charite.org\\\/en\\\/#\\\/schema\\\/logo\\\/image\\\/\",\"url\":\"https:\\\/\\\/filles-de-la-charite.org\\\/wp-content\\\/uploads\\\/2023\\\/03\\\/isotipo-Hijas-de-la-Caridad.png\",\"contentUrl\":\"https:\\\/\\\/filles-de-la-charite.org\\\/wp-content\\\/uploads\\\/2023\\\/03\\\/isotipo-Hijas-de-la-Caridad.png\",\"width\":1417,\"height\":1417,\"caption\":\"Hijas de la Caridad\"},\"image\":{\"@id\":\"https:\\\/\\\/filles-de-la-charite.org\\\/en\\\/#\\\/schema\\\/logo\\\/image\\\/\"}}]}<\/script>\n<!-- \/ Yoast SEO plugin. -->","yoast_head_json":{"title":"Artisans of peace and hope. Father Jos\u00e9 Antonio Gonz\u00e1lez - Filles de la Charit\u00e9","robots":{"index":"index","follow":"follow","max-snippet":"max-snippet:-1","max-image-preview":"max-image-preview:large","max-video-preview":"max-video-preview:-1"},"canonical":"https:\/\/filles-de-la-charite.org\/en\/vida-entregada\/artisans-of-peace-and-hope-father-jose-antonio-gonzalez\/","og_locale":"en_US","og_type":"article","og_title":"Artisans of peace and hope. Father Jos\u00e9 Antonio Gonz\u00e1lez - Filles de la Charit\u00e9","og_description":"In this video, Fr. Jos\u00e9 Antonio Gonz\u00e1lez, CM, Director General of the Company of the Daughters of Charity, offers us a simple and profound reflection on the theme of the upcoming General Assembly: \u201cArtisans of Peace and Hope.\u201d From this theme, he invites us to welcome three essential calls for our journey: to renew our [&hellip;]","og_url":"https:\/\/filles-de-la-charite.org\/en\/vida-entregada\/artisans-of-peace-and-hope-father-jose-antonio-gonzalez\/","og_site_name":"Filles de la Charit\u00e9","article_modified_time":"2026-03-27T16:25:50+00:00","og_image":[{"width":1600,"height":900,"url":"https:\/\/filles-de-la-charite.org\/wp-content\/uploads\/2026\/03\/WhatsApp-Image-2026-03-04-at-19.16.21.jpeg","type":"image\/jpeg"}],"twitter_card":"summary_large_image","twitter_misc":{"Est. reading time":"1 minute"},"schema":{"@context":"https:\/\/schema.org","@graph":[{"@type":"WebPage","@id":"https:\/\/filles-de-la-charite.org\/en\/vida-entregada\/artisans-of-peace-and-hope-father-jose-antonio-gonzalez\/","url":"https:\/\/filles-de-la-charite.org\/en\/vida-entregada\/artisans-of-peace-and-hope-father-jose-antonio-gonzalez\/","name":"Artisans of peace and hope. Father Jos\u00e9 Antonio Gonz\u00e1lez - Filles de la Charit\u00e9","isPartOf":{"@id":"https:\/\/filles-de-la-charite.org\/en\/#website"},"primaryImageOfPage":{"@id":"https:\/\/filles-de-la-charite.org\/en\/vida-entregada\/artisans-of-peace-and-hope-father-jose-antonio-gonzalez\/#primaryimage"},"image":{"@id":"https:\/\/filles-de-la-charite.org\/en\/vida-entregada\/artisans-of-peace-and-hope-father-jose-antonio-gonzalez\/#primaryimage"},"thumbnailUrl":"https:\/\/filles-de-la-charite.org\/wp-content\/uploads\/2026\/03\/WhatsApp-Image-2026-03-04-at-19.16.21.jpeg","datePublished":"2026-03-11T20:00:50+00:00","dateModified":"2026-03-27T16:25:50+00:00","breadcrumb":{"@id":"https:\/\/filles-de-la-charite.org\/en\/vida-entregada\/artisans-of-peace-and-hope-father-jose-antonio-gonzalez\/#breadcrumb"},"inLanguage":"en-US","potentialAction":[{"@type":"ReadAction","target":["https:\/\/filles-de-la-charite.org\/en\/vida-entregada\/artisans-of-peace-and-hope-father-jose-antonio-gonzalez\/"]}]},{"@type":"ImageObject","inLanguage":"en-US","@id":"https:\/\/filles-de-la-charite.org\/en\/vida-entregada\/artisans-of-peace-and-hope-father-jose-antonio-gonzalez\/#primaryimage","url":"https:\/\/filles-de-la-charite.org\/wp-content\/uploads\/2026\/03\/WhatsApp-Image-2026-03-04-at-19.16.21.jpeg","contentUrl":"https:\/\/filles-de-la-charite.org\/wp-content\/uploads\/2026\/03\/WhatsApp-Image-2026-03-04-at-19.16.21.jpeg","width":1600,"height":900},{"@type":"BreadcrumbList","@id":"https:\/\/filles-de-la-charite.org\/en\/vida-entregada\/artisans-of-peace-and-hope-father-jose-antonio-gonzalez\/#breadcrumb","itemListElement":[{"@type":"ListItem","position":1,"name":"Given lifes","item":"https:\/\/filles-de-la-charite.org\/en\/vida-entregada\/"},{"@type":"ListItem","position":2,"name":"Artisans of peace and hope. Father Jos\u00e9 Antonio Gonz\u00e1lez"}]},{"@type":"WebSite","@id":"https:\/\/filles-de-la-charite.org\/en\/#website","url":"https:\/\/filles-de-la-charite.org\/en\/","name":"Hijas de la Caridad","description":"El amor de Jes\u00fas nos urge a cuidar la vida de los m\u00e1s necesitados","publisher":{"@id":"https:\/\/filles-de-la-charite.org\/en\/#organization"},"potentialAction":[{"@type":"SearchAction","target":{"@type":"EntryPoint","urlTemplate":"https:\/\/filles-de-la-charite.org\/en\/?s={search_term_string}"},"query-input":{"@type":"PropertyValueSpecification","valueRequired":true,"valueName":"search_term_string"}}],"inLanguage":"en-US"},{"@type":"Organization","@id":"https:\/\/filles-de-la-charite.org\/en\/#organization","name":"Hijas de la Caridad","url":"https:\/\/filles-de-la-charite.org\/en\/","logo":{"@type":"ImageObject","inLanguage":"en-US","@id":"https:\/\/filles-de-la-charite.org\/en\/#\/schema\/logo\/image\/","url":"https:\/\/filles-de-la-charite.org\/wp-content\/uploads\/2023\/03\/isotipo-Hijas-de-la-Caridad.png","contentUrl":"https:\/\/filles-de-la-charite.org\/wp-content\/uploads\/2023\/03\/isotipo-Hijas-de-la-Caridad.png","width":1417,"height":1417,"caption":"Hijas de la Caridad"},"image":{"@id":"https:\/\/filles-de-la-charite.org\/en\/#\/schema\/logo\/image\/"}}]}},"_links":{"self":[{"href":"https:\/\/filles-de-la-charite.org\/en\/wp-json\/wp\/v2\/vida-entregada\/49110","targetHints":{"allow":["GET"]}}],"collection":[{"href":"https:\/\/filles-de-la-charite.org\/en\/wp-json\/wp\/v2\/vida-entregada"}],"about":[{"href":"https:\/\/filles-de-la-charite.org\/en\/wp-json\/wp\/v2\/types\/vida-entregada"}],"wp:featuredmedia":[{"embeddable":true,"href":"https:\/\/filles-de-la-charite.org\/en\/wp-json\/wp\/v2\/media\/49111"}],"wp:attachment":[{"href":"https:\/\/filles-de-la-charite.org\/en\/wp-json\/wp\/v2\/media?parent=49110"}],"curies":[{"name":"wp","href":"https:\/\/api.w.org\/{rel}","templated":true}]}}

Artisans of peace and hope. Father José Antonio González

<p>In this video, Fr. José Antonio González, CM, Director General of the Company of the Daughters of Charity, offers us a simple and profound reflection on the theme of the upcoming General Assembly: “Artisans of Peace and Hope.” From this theme, he invites us to welcome three essential calls for our journey: to renew our trust in the Lord, to renew our commitment in the face of the world’s pain and the suffering of the poor, and to strengthen hope, knowing that God has the final word. A message that encourages the whole Company to continue serving with fidelity, boldness, and hope.</p>



<p></p>



<figure class="wp-block-embed is-type-video is-provider-youtube wp-block-embed-youtube wp-embed-aspect-16-9 wp-has-aspect-ratio"><div class="wp-block-embed__wrapper">
<iframe loading="lazy" title="EN Artisans Of Peace And Hope. Father José Antonio González" width="1080" height="608" src="https://www.youtube.com/embed/sJsXA_b3qfI?feature=oembed"  allow="accelerometer; autoplay; clipboard-write; encrypted-media; gyroscope; picture-in-picture; web-share" referrerpolicy="strict-origin-when-cross-origin" allowfullscreen></iframe>
</div></figure>

<!-- This site is optimized with the Yoast SEO plugin v27.5 - https://yoast.com/product/yoast-seo-wordpress/ -->
<title>Artisans of peace and hope. Father José Antonio González - Filles de la Charité</title>
<meta name="robots" content="index, follow, max-snippet:-1, max-image-preview:large, max-video-preview:-1" />
<link rel="canonical" href="https://filles-de-la-charite.org/en/vida-entregada/artisans-of-peace-and-hope-father-jose-antonio-gonzalez/" />
<meta property="og:locale" content="en_US" />
<meta property="og:type" content="article" />
<meta property="og:title" content="Artisans of peace and hope. Father José Antonio González - Filles de la Charité" />
<meta property="og:description" content="In this video, Fr. José Antonio González, CM, Director General of the Company of the Daughters of Charity, offers us a simple and profound reflection on the theme of the upcoming General Assembly: “Artisans of Peace and Hope.” From this theme, he invites us to welcome three essential calls for our journey: to renew our [&hellip;]" />
<meta property="og:url" content="https://filles-de-la-charite.org/en/vida-entregada/artisans-of-peace-and-hope-father-jose-antonio-gonzalez/" />
<meta property="og:site_name" content="Filles de la Charité" />
<meta property="article:modified_time" content="2026-03-27T16:25:50+00:00" />
<meta property="og:image" content="https://filles-de-la-charite.org/wp-content/uploads/2026/03/WhatsApp-Image-2026-03-04-at-19.16.21.jpeg" />
	<meta property="og:image:width" content="1600" />
	<meta property="og:image:height" content="900" />
	<meta property="og:image:type" content="image/jpeg" />
<meta name="twitter:card" content="summary_large_image" />
<meta name="twitter:label1" content="Est. reading time" />
	<meta name="twitter:data1" content="1 minute" />
<script type="application/ld+json" class="yoast-schema-graph">{"@context":"https:\/\/schema.org","@graph":[{"@type":"WebPage","@id":"https:\/\/filles-de-la-charite.org\/en\/vida-entregada\/artisans-of-peace-and-hope-father-jose-antonio-gonzalez\/","url":"https:\/\/filles-de-la-charite.org\/en\/vida-entregada\/artisans-of-peace-and-hope-father-jose-antonio-gonzalez\/","name":"Artisans of peace and hope. Father José Antonio González - Filles de la Charité","isPartOf":{"@id":"https:\/\/filles-de-la-charite.org\/en\/#website"},"primaryImageOfPage":{"@id":"https:\/\/filles-de-la-charite.org\/en\/vida-entregada\/artisans-of-peace-and-hope-father-jose-antonio-gonzalez\/#primaryimage"},"image":{"@id":"https:\/\/filles-de-la-charite.org\/en\/vida-entregada\/artisans-of-peace-and-hope-father-jose-antonio-gonzalez\/#primaryimage"},"thumbnailUrl":"https:\/\/filles-de-la-charite.org\/wp-content\/uploads\/2026\/03\/WhatsApp-Image-2026-03-04-at-19.16.21.jpeg","datePublished":"2026-03-11T20:00:50+00:00","dateModified":"2026-03-27T16:25:50+00:00","breadcrumb":{"@id":"https:\/\/filles-de-la-charite.org\/en\/vida-entregada\/artisans-of-peace-and-hope-father-jose-antonio-gonzalez\/#breadcrumb"},"inLanguage":"en-US","potentialAction":[{"@type":"ReadAction","target":["https:\/\/filles-de-la-charite.org\/en\/vida-entregada\/artisans-of-peace-and-hope-father-jose-antonio-gonzalez\/"]}]},{"@type":"ImageObject","inLanguage":"en-US","@id":"https:\/\/filles-de-la-charite.org\/en\/vida-entregada\/artisans-of-peace-and-hope-father-jose-antonio-gonzalez\/#primaryimage","url":"https:\/\/filles-de-la-charite.org\/wp-content\/uploads\/2026\/03\/WhatsApp-Image-2026-03-04-at-19.16.21.jpeg","contentUrl":"https:\/\/filles-de-la-charite.org\/wp-content\/uploads\/2026\/03\/WhatsApp-Image-2026-03-04-at-19.16.21.jpeg","width":1600,"height":900},{"@type":"BreadcrumbList","@id":"https:\/\/filles-de-la-charite.org\/en\/vida-entregada\/artisans-of-peace-and-hope-father-jose-antonio-gonzalez\/#breadcrumb","itemListElement":[{"@type":"ListItem","position":1,"name":"Given lifes","item":"https:\/\/filles-de-la-charite.org\/en\/vida-entregada\/"},{"@type":"ListItem","position":2,"name":"Artisans of peace and hope. Father José Antonio González"}]},{"@type":"WebSite","@id":"https:\/\/filles-de-la-charite.org\/en\/#website","url":"https:\/\/filles-de-la-charite.org\/en\/","name":"Hijas de la Caridad","description":"El amor de Jesús nos urge a cuidar la vida de los más necesitados","publisher":{"@id":"https:\/\/filles-de-la-charite.org\/en\/#organization"},"potentialAction":[{"@type":"SearchAction","target":{"@type":"EntryPoint","urlTemplate":"https:\/\/filles-de-la-charite.org\/en\/?s={search_term_string}"},"query-input":{"@type":"PropertyValueSpecification","valueRequired":true,"valueName":"search_term_string"}}],"inLanguage":"en-US"},{"@type":"Organization","@id":"https:\/\/filles-de-la-charite.org\/en\/#organization","name":"Hijas de la Caridad","url":"https:\/\/filles-de-la-charite.org\/en\/","logo":{"@type":"ImageObject","inLanguage":"en-US","@id":"https:\/\/filles-de-la-charite.org\/en\/#\/schema\/logo\/image\/","url":"https:\/\/filles-de-la-charite.org\/wp-content\/uploads\/2023\/03\/isotipo-Hijas-de-la-Caridad.png","contentUrl":"https:\/\/filles-de-la-charite.org\/wp-content\/uploads\/2023\/03\/isotipo-Hijas-de-la-Caridad.png","width":1417,"height":1417,"caption":"Hijas de la Caridad"},"image":{"@id":"https:\/\/filles-de-la-charite.org\/en\/#\/schema\/logo\/image\/"}}]}</script>
<!-- / Yoast SEO plugin. -->

Artisans of peace and hope. Father José Antonio González - Filles de la Charité

In this video, Fr. José Antonio González, CM, Director General of the Company of the Daughters of Charity, offers us a simple and profound reflection on the theme of the upcoming General Assembly: “Artisans of Peace and Hope.” From this theme, he invites us to welcome three essential calls for our journey: to renew our [&hellip;]

Filles de la Charité

El amor de Jesús nos urge a cuidar la vida de los más necesitados
