{"version":"1.0","provider_name":"Filles de la Charit\u00e9","provider_url":"https:\/\/filles-de-la-charite.org\/fr\/","title":"Marchons dans l\u2019Esp\u00e9rance - Filles de la Charit\u00e9","type":"rich","width":600,"height":338,"html":"<blockquote class=\"wp-embedded-content\" data-secret=\"lq45tufcRK\"><a href=\"https:\/\/filles-de-la-charite.org\/fr\/marchons-dans-lesperance\/\">Marchons dans l\u2019Esp\u00e9rance<\/a><\/blockquote><iframe sandbox=\"allow-scripts\" security=\"restricted\" src=\"https:\/\/filles-de-la-charite.org\/fr\/marchons-dans-lesperance\/embed\/#?secret=lq45tufcRK\" width=\"600\" height=\"338\" title=\"\u00ab\u00a0Marchons dans l\u2019Esp\u00e9rance\u00a0\u00bb &#8212; Filles de la Charit\u00e9\" data-secret=\"lq45tufcRK\" frameborder=\"0\" marginwidth=\"0\" marginheight=\"0\" scrolling=\"no\" class=\"wp-embedded-content\"><\/iframe><script type=\"text\/javascript\">\n\/* <![CDATA[ *\/\n\/*! This file is auto-generated *\/\n!function(d,l){\"use strict\";l.querySelector&&d.addEventListener&&\"undefined\"!=typeof URL&&(d.wp=d.wp||{},d.wp.receiveEmbedMessage||(d.wp.receiveEmbedMessage=function(e){var t=e.data;if((t||t.secret||t.message||t.value)&&!\/[^a-zA-Z0-9]\/.test(t.secret)){for(var s,r,n,a=l.querySelectorAll('iframe[data-secret=\"'+t.secret+'\"]'),o=l.querySelectorAll('blockquote[data-secret=\"'+t.secret+'\"]'),c=new RegExp(\"^https?:$\",\"i\"),i=0;i<o.length;i++)o[i].style.display=\"none\";for(i=0;i<a.length;i++)s=a[i],e.source===s.contentWindow&&(s.removeAttribute(\"style\"),\"height\"===t.message?(1e3<(r=parseInt(t.value,10))?r=1e3:~~r<200&&(r=200),s.height=r):\"link\"===t.message&&(r=new URL(s.getAttribute(\"src\")),n=new URL(t.value),c.test(n.protocol))&&n.host===r.host&&l.activeElement===s&&(d.top.location.href=t.value))}},d.addEventListener(\"message\",d.wp.receiveEmbedMessage,!1),l.addEventListener(\"DOMContentLoaded\",function(){for(var e,t,s=l.querySelectorAll(\"iframe.wp-embedded-content\"),r=0;r<s.length;r++)(t=(e=s[r]).getAttribute(\"data-secret\"))||(t=Math.random().toString(36).substring(2,12),e.src+=\"#?secret=\"+t,e.setAttribute(\"data-secret\",t)),e.contentWindow.postMessage({message:\"ready\",secret:t},\"*\")},!1)))}(window,document);\n\/\/# sourceURL=https:\/\/filles-de-la-charite.org\/wp-includes\/js\/wp-embed.min.js\n\/* ]]> *\/\n<\/script>\n","thumbnail_url":"https:\/\/filles-de-la-charite.org\/wp-content\/uploads\/2023\/06\/thumbnail-scaled-1.jpg","thumbnail_width":2560,"thumbnail_height":1440,"description":"Nous partageons un r\u00eave, un d\u00e9sir enracin\u00e9 au plus profond de notre \u00eatre. Nous sommes tous fils et filles du m\u00eame P\u00e8re, enfants dans le Fils et fr\u00e8res et s\u0153urs entre nous. Quand la situation mondiale semble nier ce fait, il nous faut d\u2019abord croire et ensuite construire une vraie famille, ancr\u00e9e dans la r\u00e9alit\u00e9 [&hellip;]"}

Filles de la Charité

Marchons dans l’Espérance - Filles de la Charité

<blockquote class="wp-embedded-content" data-secret="lq45tufcRK"><a href="https://filles-de-la-charite.org/fr/marchons-dans-lesperance/">Marchons dans l’Espérance</a></blockquote><iframe sandbox="allow-scripts" security="restricted" src="https://filles-de-la-charite.org/fr/marchons-dans-lesperance/embed/#?secret=lq45tufcRK" width="600" height="338" title="« Marchons dans l’Espérance » &#8212; Filles de la Charité" data-secret="lq45tufcRK" frameborder="0" marginwidth="0" marginheight="0" scrolling="no" class="wp-embedded-content"></iframe><script type="text/javascript">
/* <![CDATA[ */
/*! This file is auto-generated */
!function(d,l){"use strict";l.querySelector&&d.addEventListener&&"undefined"!=typeof URL&&(d.wp=d.wp||{},d.wp.receiveEmbedMessage||(d.wp.receiveEmbedMessage=function(e){var t=e.data;if((t||t.secret||t.message||t.value)&&!/[^a-zA-Z0-9]/.test(t.secret)){for(var s,r,n,a=l.querySelectorAll('iframe[data-secret="'+t.secret+'"]'),o=l.querySelectorAll('blockquote[data-secret="'+t.secret+'"]'),c=new RegExp("^https?:$","i"),i=0;i<o.length;i++)o[i].style.display="none";for(i=0;i<a.length;i++)s=a[i],e.source===s.contentWindow&&(s.removeAttribute("style"),"height"===t.message?(1e3<(r=parseInt(t.value,10))?r=1e3:~~r<200&&(r=200),s.height=r):"link"===t.message&&(r=new URL(s.getAttribute("src")),n=new URL(t.value),c.test(n.protocol))&&n.host===r.host&&l.activeElement===s&&(d.top.location.href=t.value))}},d.addEventListener("message",d.wp.receiveEmbedMessage,!1),l.addEventListener("DOMContentLoaded",function(){for(var e,t,s=l.querySelectorAll("iframe.wp-embedded-content"),r=0;r<s.length;r++)(t=(e=s[r]).getAttribute("data-secret"))||(t=Math.random().toString(36).substring(2,12),e.src+="#?secret="+t,e.setAttribute("data-secret",t)),e.contentWindow.postMessage({message:"ready",secret:t},"*")},!1)))}(window,document);
//# sourceURL=https://filles-de-la-charite.org/wp-includes/js/wp-embed.min.js
/* ]]> */
</script>

Nous partageons un rêve, un désir enraciné au plus profond de notre être. Nous sommes tous fils et filles du même Père, enfants dans le Fils et frères et sœurs entre nous. Quand la situation mondiale semble nier ce fait, il nous faut d’abord croire et ensuite construire une vraie famille, ancrée dans la réalité [&hellip;]
