{"id":25646,"date":"2020-07-17T10:52:27","date_gmt":"2020-07-17T08:52:27","guid":{"rendered":"https:\/\/hijascaridad.sjdigitaldemo.ovh\/rincon-oracion\/le-190eme-anniversaire-des-apparitions-a-catherine-laboure\/"},"modified":"2020-07-17T15:20:09","modified_gmt":"2020-07-17T13:20:09","slug":"le-190eme-anniversaire-des-apparitions-a-catherine-laboure","status":"publish","type":"rincon-oracion","link":"https:\/\/filles-de-la-charite.org\/fr\/rincon-oracion\/le-190eme-anniversaire-des-apparitions-a-catherine-laboure\/","title":{"rendered":"Le 190\u00e8me anniversaire des apparitions \u00e0 Catherine Labour\u00e9"},"content":{"rendered":"\n<p>Le 190\u00e8me Anniversaire des Apparitions de la Vierge Marie \u00e0 Sainte Catherine Labour\u00e9 \u00e0 Paris est une occasion tr\u00e8s importante pour se souvenir que, alors qu\u2019au temps de Catherine une terrible \u00e9pid\u00e9mie de chol\u00e9ra se propageait \u00e0 Paris causant des milliers de morts, nous vivons aujourd\u2019hui le temps du Covid-19 qui fait rage partout dans le monde. C\u2019est aussi le moment de vivre dans la foi, une fois de plus, en \u00e9coutant les paroles que la Sainte Vierge a adress\u00e9es \u00e0 Sainte Catherine lors de l\u2019apparition du 27 novembre 1830 concernant la m\u00e9daille qu\u2019elle a voulu : \u201cCeux qui la porteront avec confiance recevront de grandes gr\u00e2ces\u201d.<\/p>\n\n\n\n<p>Portons et faisons porter avec foi la m\u00e9daille que Marie a voulu offrir \u00e0 chaque homme et \u00e0 chaque homme de tous les temps !<\/p>\n\n\n\n<figure class=\"wp-block-embed-youtube wp-block-embed is-type-video is-provider-youtube wp-embed-aspect-16-9 wp-has-aspect-ratio\"><div class=\"wp-block-embed__wrapper\">\n<iframe loading=\"lazy\" title=\"[FR 2020.07] 190\u00e8me Anniversaire des Apparitions \u00e0 Catherine Labour\u00e9\" width=\"1080\" height=\"608\" src=\"https:\/\/www.youtube.com\/embed\/9WfxC5WuLLc?feature=oembed\"  allow=\"accelerometer; autoplay; clipboard-write; encrypted-media; gyroscope; picture-in-picture; web-share\" referrerpolicy=\"strict-origin-when-cross-origin\" allowfullscreen><\/iframe>\n<\/div><\/figure>\n","protected":false},"featured_media":2241,"template":"","meta":{"_acf_changed":false,"_links_to":"","_links_to_target":""},"class_list":["post-25646","rincon-oracion","type-rincon-oracion","status-publish","has-post-thumbnail","hentry"],"acf":[],"yoast_head":"<!-- This site is optimized with the Yoast SEO plugin v27.5 - https:\/\/yoast.com\/product\/yoast-seo-wordpress\/ -->\n<title>Le 190\u00e8me anniversaire des apparitions \u00e0 Catherine Labour\u00e9 - Filles de la Charit\u00e9<\/title>\n<meta name=\"robots\" content=\"index, follow, max-snippet:-1, max-image-preview:large, max-video-preview:-1\" \/>\n<link rel=\"canonical\" href=\"https:\/\/filles-de-la-charite.org\/fr\/rincon-oracion\/le-190eme-anniversaire-des-apparitions-a-catherine-laboure\/\" \/>\n<meta property=\"og:locale\" content=\"fr_FR\" \/>\n<meta property=\"og:type\" content=\"article\" \/>\n<meta property=\"og:title\" content=\"Le 190\u00e8me anniversaire des apparitions \u00e0 Catherine Labour\u00e9 - Filles de la Charit\u00e9\" \/>\n<meta property=\"og:description\" content=\"Le 190\u00e8me Anniversaire des Apparitions de la Vierge Marie \u00e0 Sainte Catherine Labour\u00e9 \u00e0 Paris est une occasion tr\u00e8s importante pour se souvenir que, alors qu\u2019au temps de Catherine une terrible \u00e9pid\u00e9mie de chol\u00e9ra se propageait \u00e0 Paris causant des milliers de morts, nous vivons aujourd\u2019hui le temps du Covid-19 qui fait rage partout dans [&hellip;]\" \/>\n<meta property=\"og:url\" content=\"https:\/\/filles-de-la-charite.org\/fr\/rincon-oracion\/le-190eme-anniversaire-des-apparitions-a-catherine-laboure\/\" \/>\n<meta property=\"og:site_name\" content=\"Filles de la Charit\u00e9\" \/>\n<meta property=\"article:modified_time\" content=\"2020-07-17T13:20:09+00:00\" \/>\n<meta property=\"og:image\" content=\"https:\/\/filles-de-la-charite.org\/wp-content\/uploads\/2023\/04\/maxresdefault-1-1.jpg\" \/>\n\t<meta property=\"og:image:width\" content=\"1280\" \/>\n\t<meta property=\"og:image:height\" content=\"720\" \/>\n\t<meta property=\"og:image:type\" content=\"image\/jpeg\" \/>\n<meta name=\"twitter:card\" content=\"summary_large_image\" \/>\n<meta name=\"twitter:label1\" content=\"Dur\u00e9e de lecture estim\u00e9e\" \/>\n\t<meta name=\"twitter:data1\" content=\"1 minute\" \/>\n<script type=\"application\/ld+json\" class=\"yoast-schema-graph\">{\"@context\":\"https:\\\/\\\/schema.org\",\"@graph\":[{\"@type\":\"WebPage\",\"@id\":\"https:\\\/\\\/filles-de-la-charite.org\\\/fr\\\/rincon-oracion\\\/le-190eme-anniversaire-des-apparitions-a-catherine-laboure\\\/\",\"url\":\"https:\\\/\\\/filles-de-la-charite.org\\\/fr\\\/rincon-oracion\\\/le-190eme-anniversaire-des-apparitions-a-catherine-laboure\\\/\",\"name\":\"Le 190\u00e8me anniversaire des apparitions \u00e0 Catherine Labour\u00e9 - Filles de la Charit\u00e9\",\"isPartOf\":{\"@id\":\"https:\\\/\\\/filles-de-la-charite.org\\\/fr\\\/#website\"},\"primaryImageOfPage\":{\"@id\":\"https:\\\/\\\/filles-de-la-charite.org\\\/fr\\\/rincon-oracion\\\/le-190eme-anniversaire-des-apparitions-a-catherine-laboure\\\/#primaryimage\"},\"image\":{\"@id\":\"https:\\\/\\\/filles-de-la-charite.org\\\/fr\\\/rincon-oracion\\\/le-190eme-anniversaire-des-apparitions-a-catherine-laboure\\\/#primaryimage\"},\"thumbnailUrl\":\"https:\\\/\\\/filles-de-la-charite.org\\\/wp-content\\\/uploads\\\/2023\\\/04\\\/maxresdefault-1-1.jpg\",\"datePublished\":\"2020-07-17T08:52:27+00:00\",\"dateModified\":\"2020-07-17T13:20:09+00:00\",\"inLanguage\":\"fr-FR\",\"potentialAction\":[{\"@type\":\"ReadAction\",\"target\":[\"https:\\\/\\\/filles-de-la-charite.org\\\/fr\\\/rincon-oracion\\\/le-190eme-anniversaire-des-apparitions-a-catherine-laboure\\\/\"]}]},{\"@type\":\"ImageObject\",\"inLanguage\":\"fr-FR\",\"@id\":\"https:\\\/\\\/filles-de-la-charite.org\\\/fr\\\/rincon-oracion\\\/le-190eme-anniversaire-des-apparitions-a-catherine-laboure\\\/#primaryimage\",\"url\":\"https:\\\/\\\/filles-de-la-charite.org\\\/wp-content\\\/uploads\\\/2023\\\/04\\\/maxresdefault-1-1.jpg\",\"contentUrl\":\"https:\\\/\\\/filles-de-la-charite.org\\\/wp-content\\\/uploads\\\/2023\\\/04\\\/maxresdefault-1-1.jpg\",\"width\":1280,\"height\":720},{\"@type\":\"WebSite\",\"@id\":\"https:\\\/\\\/filles-de-la-charite.org\\\/fr\\\/#website\",\"url\":\"https:\\\/\\\/filles-de-la-charite.org\\\/fr\\\/\",\"name\":\"Hijas de la Caridad\",\"description\":\"L\u2019amour de J\u00e9sus nous presse \u00e0 prendre soin des personnes les plus d\u00e9munies\",\"publisher\":{\"@id\":\"https:\\\/\\\/filles-de-la-charite.org\\\/fr\\\/#organization\"},\"potentialAction\":[{\"@type\":\"SearchAction\",\"target\":{\"@type\":\"EntryPoint\",\"urlTemplate\":\"https:\\\/\\\/filles-de-la-charite.org\\\/fr\\\/?s={search_term_string}\"},\"query-input\":{\"@type\":\"PropertyValueSpecification\",\"valueRequired\":true,\"valueName\":\"search_term_string\"}}],\"inLanguage\":\"fr-FR\"},{\"@type\":\"Organization\",\"@id\":\"https:\\\/\\\/filles-de-la-charite.org\\\/fr\\\/#organization\",\"name\":\"Hijas de la Caridad\",\"url\":\"https:\\\/\\\/filles-de-la-charite.org\\\/fr\\\/\",\"logo\":{\"@type\":\"ImageObject\",\"inLanguage\":\"fr-FR\",\"@id\":\"https:\\\/\\\/filles-de-la-charite.org\\\/fr\\\/#\\\/schema\\\/logo\\\/image\\\/\",\"url\":\"https:\\\/\\\/filles-de-la-charite.org\\\/wp-content\\\/uploads\\\/2023\\\/03\\\/isotipo-Hijas-de-la-Caridad.png\",\"contentUrl\":\"https:\\\/\\\/filles-de-la-charite.org\\\/wp-content\\\/uploads\\\/2023\\\/03\\\/isotipo-Hijas-de-la-Caridad.png\",\"width\":1417,\"height\":1417,\"caption\":\"Hijas de la Caridad\"},\"image\":{\"@id\":\"https:\\\/\\\/filles-de-la-charite.org\\\/fr\\\/#\\\/schema\\\/logo\\\/image\\\/\"}}]}<\/script>\n<!-- \/ Yoast SEO plugin. -->","yoast_head_json":{"title":"Le 190\u00e8me anniversaire des apparitions \u00e0 Catherine Labour\u00e9 - Filles de la Charit\u00e9","robots":{"index":"index","follow":"follow","max-snippet":"max-snippet:-1","max-image-preview":"max-image-preview:large","max-video-preview":"max-video-preview:-1"},"canonical":"https:\/\/filles-de-la-charite.org\/fr\/rincon-oracion\/le-190eme-anniversaire-des-apparitions-a-catherine-laboure\/","og_locale":"fr_FR","og_type":"article","og_title":"Le 190\u00e8me anniversaire des apparitions \u00e0 Catherine Labour\u00e9 - Filles de la Charit\u00e9","og_description":"Le 190\u00e8me Anniversaire des Apparitions de la Vierge Marie \u00e0 Sainte Catherine Labour\u00e9 \u00e0 Paris est une occasion tr\u00e8s importante pour se souvenir que, alors qu\u2019au temps de Catherine une terrible \u00e9pid\u00e9mie de chol\u00e9ra se propageait \u00e0 Paris causant des milliers de morts, nous vivons aujourd\u2019hui le temps du Covid-19 qui fait rage partout dans [&hellip;]","og_url":"https:\/\/filles-de-la-charite.org\/fr\/rincon-oracion\/le-190eme-anniversaire-des-apparitions-a-catherine-laboure\/","og_site_name":"Filles de la Charit\u00e9","article_modified_time":"2020-07-17T13:20:09+00:00","og_image":[{"width":1280,"height":720,"url":"https:\/\/filles-de-la-charite.org\/wp-content\/uploads\/2023\/04\/maxresdefault-1-1.jpg","type":"image\/jpeg"}],"twitter_card":"summary_large_image","twitter_misc":{"Dur\u00e9e de lecture estim\u00e9e":"1 minute"},"schema":{"@context":"https:\/\/schema.org","@graph":[{"@type":"WebPage","@id":"https:\/\/filles-de-la-charite.org\/fr\/rincon-oracion\/le-190eme-anniversaire-des-apparitions-a-catherine-laboure\/","url":"https:\/\/filles-de-la-charite.org\/fr\/rincon-oracion\/le-190eme-anniversaire-des-apparitions-a-catherine-laboure\/","name":"Le 190\u00e8me anniversaire des apparitions \u00e0 Catherine Labour\u00e9 - Filles de la Charit\u00e9","isPartOf":{"@id":"https:\/\/filles-de-la-charite.org\/fr\/#website"},"primaryImageOfPage":{"@id":"https:\/\/filles-de-la-charite.org\/fr\/rincon-oracion\/le-190eme-anniversaire-des-apparitions-a-catherine-laboure\/#primaryimage"},"image":{"@id":"https:\/\/filles-de-la-charite.org\/fr\/rincon-oracion\/le-190eme-anniversaire-des-apparitions-a-catherine-laboure\/#primaryimage"},"thumbnailUrl":"https:\/\/filles-de-la-charite.org\/wp-content\/uploads\/2023\/04\/maxresdefault-1-1.jpg","datePublished":"2020-07-17T08:52:27+00:00","dateModified":"2020-07-17T13:20:09+00:00","inLanguage":"fr-FR","potentialAction":[{"@type":"ReadAction","target":["https:\/\/filles-de-la-charite.org\/fr\/rincon-oracion\/le-190eme-anniversaire-des-apparitions-a-catherine-laboure\/"]}]},{"@type":"ImageObject","inLanguage":"fr-FR","@id":"https:\/\/filles-de-la-charite.org\/fr\/rincon-oracion\/le-190eme-anniversaire-des-apparitions-a-catherine-laboure\/#primaryimage","url":"https:\/\/filles-de-la-charite.org\/wp-content\/uploads\/2023\/04\/maxresdefault-1-1.jpg","contentUrl":"https:\/\/filles-de-la-charite.org\/wp-content\/uploads\/2023\/04\/maxresdefault-1-1.jpg","width":1280,"height":720},{"@type":"WebSite","@id":"https:\/\/filles-de-la-charite.org\/fr\/#website","url":"https:\/\/filles-de-la-charite.org\/fr\/","name":"Hijas de la Caridad","description":"L\u2019amour de J\u00e9sus nous presse \u00e0 prendre soin des personnes les plus d\u00e9munies","publisher":{"@id":"https:\/\/filles-de-la-charite.org\/fr\/#organization"},"potentialAction":[{"@type":"SearchAction","target":{"@type":"EntryPoint","urlTemplate":"https:\/\/filles-de-la-charite.org\/fr\/?s={search_term_string}"},"query-input":{"@type":"PropertyValueSpecification","valueRequired":true,"valueName":"search_term_string"}}],"inLanguage":"fr-FR"},{"@type":"Organization","@id":"https:\/\/filles-de-la-charite.org\/fr\/#organization","name":"Hijas de la Caridad","url":"https:\/\/filles-de-la-charite.org\/fr\/","logo":{"@type":"ImageObject","inLanguage":"fr-FR","@id":"https:\/\/filles-de-la-charite.org\/fr\/#\/schema\/logo\/image\/","url":"https:\/\/filles-de-la-charite.org\/wp-content\/uploads\/2023\/03\/isotipo-Hijas-de-la-Caridad.png","contentUrl":"https:\/\/filles-de-la-charite.org\/wp-content\/uploads\/2023\/03\/isotipo-Hijas-de-la-Caridad.png","width":1417,"height":1417,"caption":"Hijas de la Caridad"},"image":{"@id":"https:\/\/filles-de-la-charite.org\/fr\/#\/schema\/logo\/image\/"}}]}},"_links":{"self":[{"href":"https:\/\/filles-de-la-charite.org\/fr\/wp-json\/wp\/v2\/rincon-oracion\/25646","targetHints":{"allow":["GET"]}}],"collection":[{"href":"https:\/\/filles-de-la-charite.org\/fr\/wp-json\/wp\/v2\/rincon-oracion"}],"about":[{"href":"https:\/\/filles-de-la-charite.org\/fr\/wp-json\/wp\/v2\/types\/rincon-oracion"}],"wp:featuredmedia":[{"embeddable":true,"href":"https:\/\/filles-de-la-charite.org\/fr\/wp-json\/wp\/v2\/media\/2241"}],"wp:attachment":[{"href":"https:\/\/filles-de-la-charite.org\/fr\/wp-json\/wp\/v2\/media?parent=25646"}],"curies":[{"name":"wp","href":"https:\/\/api.w.org\/{rel}","templated":true}]}}

Le 190ème anniversaire des apparitions à Catherine Labouré

<p>Le 190ème Anniversaire des Apparitions de la Vierge Marie à Sainte Catherine Labouré à Paris est une occasion très importante pour se souvenir que, alors qu’au temps de Catherine une terrible épidémie de choléra se propageait à Paris causant des milliers de morts, nous vivons aujourd’hui le temps du Covid-19 qui fait rage partout dans le monde. C’est aussi le moment de vivre dans la foi, une fois de plus, en écoutant les paroles que la Sainte Vierge a adressées à Sainte Catherine lors de l’apparition du 27 novembre 1830 concernant la médaille qu’elle a voulu : “Ceux qui la porteront avec confiance recevront de grandes grâces”.</p>



<p>Portons et faisons porter avec foi la médaille que Marie a voulu offrir à chaque homme et à chaque homme de tous les temps !</p>



<figure class="wp-block-embed-youtube wp-block-embed is-type-video is-provider-youtube wp-embed-aspect-16-9 wp-has-aspect-ratio"><div class="wp-block-embed__wrapper">
<iframe loading="lazy" title="[FR 2020.07] 190ème Anniversaire des Apparitions à Catherine Labouré" width="1080" height="608" src="https://www.youtube.com/embed/9WfxC5WuLLc?feature=oembed"  allow="accelerometer; autoplay; clipboard-write; encrypted-media; gyroscope; picture-in-picture; web-share" referrerpolicy="strict-origin-when-cross-origin" allowfullscreen></iframe>
</div></figure>

<!-- This site is optimized with the Yoast SEO plugin v27.5 - https://yoast.com/product/yoast-seo-wordpress/ -->
<title>Le 190ème anniversaire des apparitions à Catherine Labouré - Filles de la Charité</title>
<meta name="robots" content="index, follow, max-snippet:-1, max-image-preview:large, max-video-preview:-1" />
<link rel="canonical" href="https://filles-de-la-charite.org/fr/rincon-oracion/le-190eme-anniversaire-des-apparitions-a-catherine-laboure/" />
<meta property="og:locale" content="fr_FR" />
<meta property="og:type" content="article" />
<meta property="og:title" content="Le 190ème anniversaire des apparitions à Catherine Labouré - Filles de la Charité" />
<meta property="og:description" content="Le 190ème Anniversaire des Apparitions de la Vierge Marie à Sainte Catherine Labouré à Paris est une occasion très importante pour se souvenir que, alors qu’au temps de Catherine une terrible épidémie de choléra se propageait à Paris causant des milliers de morts, nous vivons aujourd’hui le temps du Covid-19 qui fait rage partout dans [&hellip;]" />
<meta property="og:url" content="https://filles-de-la-charite.org/fr/rincon-oracion/le-190eme-anniversaire-des-apparitions-a-catherine-laboure/" />
<meta property="og:site_name" content="Filles de la Charité" />
<meta property="article:modified_time" content="2020-07-17T13:20:09+00:00" />
<meta property="og:image" content="https://filles-de-la-charite.org/wp-content/uploads/2023/04/maxresdefault-1-1.jpg" />
	<meta property="og:image:width" content="1280" />
	<meta property="og:image:height" content="720" />
	<meta property="og:image:type" content="image/jpeg" />
<meta name="twitter:card" content="summary_large_image" />
<meta name="twitter:label1" content="Durée de lecture estimée" />
	<meta name="twitter:data1" content="1 minute" />
<script type="application/ld+json" class="yoast-schema-graph">{"@context":"https:\/\/schema.org","@graph":[{"@type":"WebPage","@id":"https:\/\/filles-de-la-charite.org\/fr\/rincon-oracion\/le-190eme-anniversaire-des-apparitions-a-catherine-laboure\/","url":"https:\/\/filles-de-la-charite.org\/fr\/rincon-oracion\/le-190eme-anniversaire-des-apparitions-a-catherine-laboure\/","name":"Le 190ème anniversaire des apparitions à Catherine Labouré - Filles de la Charité","isPartOf":{"@id":"https:\/\/filles-de-la-charite.org\/fr\/#website"},"primaryImageOfPage":{"@id":"https:\/\/filles-de-la-charite.org\/fr\/rincon-oracion\/le-190eme-anniversaire-des-apparitions-a-catherine-laboure\/#primaryimage"},"image":{"@id":"https:\/\/filles-de-la-charite.org\/fr\/rincon-oracion\/le-190eme-anniversaire-des-apparitions-a-catherine-laboure\/#primaryimage"},"thumbnailUrl":"https:\/\/filles-de-la-charite.org\/wp-content\/uploads\/2023\/04\/maxresdefault-1-1.jpg","datePublished":"2020-07-17T08:52:27+00:00","dateModified":"2020-07-17T13:20:09+00:00","inLanguage":"fr-FR","potentialAction":[{"@type":"ReadAction","target":["https:\/\/filles-de-la-charite.org\/fr\/rincon-oracion\/le-190eme-anniversaire-des-apparitions-a-catherine-laboure\/"]}]},{"@type":"ImageObject","inLanguage":"fr-FR","@id":"https:\/\/filles-de-la-charite.org\/fr\/rincon-oracion\/le-190eme-anniversaire-des-apparitions-a-catherine-laboure\/#primaryimage","url":"https:\/\/filles-de-la-charite.org\/wp-content\/uploads\/2023\/04\/maxresdefault-1-1.jpg","contentUrl":"https:\/\/filles-de-la-charite.org\/wp-content\/uploads\/2023\/04\/maxresdefault-1-1.jpg","width":1280,"height":720},{"@type":"WebSite","@id":"https:\/\/filles-de-la-charite.org\/fr\/#website","url":"https:\/\/filles-de-la-charite.org\/fr\/","name":"Hijas de la Caridad","description":"L’amour de Jésus nous presse à prendre soin des personnes les plus démunies","publisher":{"@id":"https:\/\/filles-de-la-charite.org\/fr\/#organization"},"potentialAction":[{"@type":"SearchAction","target":{"@type":"EntryPoint","urlTemplate":"https:\/\/filles-de-la-charite.org\/fr\/?s={search_term_string}"},"query-input":{"@type":"PropertyValueSpecification","valueRequired":true,"valueName":"search_term_string"}}],"inLanguage":"fr-FR"},{"@type":"Organization","@id":"https:\/\/filles-de-la-charite.org\/fr\/#organization","name":"Hijas de la Caridad","url":"https:\/\/filles-de-la-charite.org\/fr\/","logo":{"@type":"ImageObject","inLanguage":"fr-FR","@id":"https:\/\/filles-de-la-charite.org\/fr\/#\/schema\/logo\/image\/","url":"https:\/\/filles-de-la-charite.org\/wp-content\/uploads\/2023\/03\/isotipo-Hijas-de-la-Caridad.png","contentUrl":"https:\/\/filles-de-la-charite.org\/wp-content\/uploads\/2023\/03\/isotipo-Hijas-de-la-Caridad.png","width":1417,"height":1417,"caption":"Hijas de la Caridad"},"image":{"@id":"https:\/\/filles-de-la-charite.org\/fr\/#\/schema\/logo\/image\/"}}]}</script>
<!-- / Yoast SEO plugin. -->

Le 190ème anniversaire des apparitions à Catherine Labouré - Filles de la Charité

Le 190ème Anniversaire des Apparitions de la Vierge Marie à Sainte Catherine Labouré à Paris est une occasion très importante pour se souvenir que, alors qu’au temps de Catherine une terrible épidémie de choléra se propageait à Paris causant des milliers de morts, nous vivons aujourd’hui le temps du Covid-19 qui fait rage partout dans [&hellip;]

Filles de la Charité

L’amour de Jésus nous presse à prendre soin des personnes les plus démunies
