{"id":25718,"date":"2021-06-30T22:00:00","date_gmt":"2021-06-30T20:00:00","guid":{"rendered":"https:\/\/hijascaridad.sjdigitaldemo.ovh\/rincon-oracion\/les-cadeaux-du-ciel\/"},"modified":"2023-06-26T09:29:47","modified_gmt":"2023-06-26T07:29:47","slug":"les-cadeaux-du-ciel","status":"publish","type":"rincon-oracion","link":"https:\/\/filles-de-la-charite.org\/fr\/rincon-oracion\/les-cadeaux-du-ciel\/","title":{"rendered":"Les cadeaux du ciel"},"content":{"rendered":"\n<h2 class=\"has-text-align-center wp-block-heading\">Le Scapulaire Vert.<\/h2>\n\n\n\n<p>\u00c0 mon avis, malgr\u00e9 les guerres et les horreurs diverses qui nous menacent, nous vivons la p\u00e9riode la plus heureuse, car c'est le moment de la Bienheureuse Vierge Marie. Jamais auparavant elle n'avait \u00e9t\u00e9 plus proche de nous. Pour cela, nous avons d'innombrables signes qui prouvent qu'elle a quitt\u00e9 les hauteurs de la Galil\u00e9e c\u00e9leste pour nous donner un nouveau Bethl\u00e9em, r\u00e9g\u00e9n\u00e9rant le Christ dans les c\u0153urs humains qui sont pauvres. N'a-t-elle pas particuli\u00e8rement honor\u00e9 le Portugal, l'Italie, l'Allemagne, la Pologne et la France de sa douce pr\u00e9sence ? Partout des t\u00e9moins surgissent pour assurer sa pr\u00e9sence avec des preuves vraiment miraculeuses. En v\u00e9rit\u00e9, la Sainte M\u00e8re vit parmi nous.<\/p>\n\n\n\n<p>Cependant, il y a une ombre dans cette photo... l'ombre de la b\u00eate. Le serpent tourne en rond pour semer la destruction partout. Peut-\u00eatre que sa pr\u00e9sence n'a jamais \u00e9t\u00e9 ressentie comme aujourd'hui. Apr\u00e8s tout, il sait mieux que quiconque que peut-\u00eatre bient\u00f4t le temps sera accompli, et alors son pouvoir sera limit\u00e9. Il n'avait jamais oubli\u00e9 les paroles prononc\u00e9es contre lui dans le paradis terrestre : \u00ab Je fais inimiti\u00e9 entre toi et la femme, sa prog\u00e9niture t'\u00e9crasera la t\u00eate.<\/p>\n\n\n\n<p>(Gen\u00e8se 3:15)<\/p>\n\n\n\n<figure class=\"wp-block-embed-youtube wp-block-embed is-type-video is-provider-youtube wp-embed-aspect-16-9 wp-has-aspect-ratio\"><div class=\"wp-block-embed__wrapper\">\n<iframe loading=\"lazy\" title=\"PC Juillet 2021 Le Scapulaire Vert FR\" width=\"1080\" height=\"608\" src=\"https:\/\/www.youtube.com\/embed\/PqfIprDZ8r0?feature=oembed\"  allow=\"accelerometer; autoplay; clipboard-write; encrypted-media; gyroscope; picture-in-picture; web-share\" referrerpolicy=\"strict-origin-when-cross-origin\" allowfullscreen><\/iframe>\n<\/div><\/figure>\n","protected":false},"featured_media":25719,"template":"","meta":{"_acf_changed":false,"_links_to":"","_links_to_target":""},"class_list":["post-25718","rincon-oracion","type-rincon-oracion","status-publish","has-post-thumbnail","hentry"],"acf":[],"yoast_head":"<!-- This site is optimized with the Yoast SEO plugin v27.5 - https:\/\/yoast.com\/product\/yoast-seo-wordpress\/ -->\n<title>Les cadeaux du ciel - Filles de la Charit\u00e9<\/title>\n<meta name=\"robots\" content=\"index, follow, max-snippet:-1, max-image-preview:large, max-video-preview:-1\" \/>\n<link rel=\"canonical\" href=\"https:\/\/filles-de-la-charite.org\/fr\/rincon-oracion\/les-cadeaux-du-ciel\/\" \/>\n<meta property=\"og:locale\" content=\"fr_FR\" \/>\n<meta property=\"og:type\" content=\"article\" \/>\n<meta property=\"og:title\" content=\"Les cadeaux du ciel - Filles de la Charit\u00e9\" \/>\n<meta property=\"og:description\" content=\"Le Scapulaire Vert. \u00c0 mon avis, malgr\u00e9 les guerres et les horreurs diverses qui nous menacent, nous vivons la p\u00e9riode la plus heureuse, car c&rsquo;est le moment de la Bienheureuse Vierge Marie. Jamais auparavant elle n&rsquo;avait \u00e9t\u00e9 plus proche de nous. Pour cela, nous avons d&rsquo;innombrables signes qui prouvent qu&rsquo;elle a quitt\u00e9 les hauteurs de [&hellip;]\" \/>\n<meta property=\"og:url\" content=\"https:\/\/filles-de-la-charite.org\/fr\/rincon-oracion\/les-cadeaux-du-ciel\/\" \/>\n<meta property=\"og:site_name\" content=\"Filles de la Charit\u00e9\" \/>\n<meta property=\"article:modified_time\" content=\"2023-06-26T07:29:47+00:00\" \/>\n<meta property=\"og:image\" content=\"https:\/\/filles-de-la-charite.org\/wp-content\/uploads\/2023\/06\/PC-Juillet-2021_Le-Scapulaire-Vert_FR-scaled-1.jpg\" \/>\n\t<meta property=\"og:image:width\" content=\"2560\" \/>\n\t<meta property=\"og:image:height\" content=\"1440\" \/>\n\t<meta property=\"og:image:type\" content=\"image\/jpeg\" \/>\n<meta name=\"twitter:card\" content=\"summary_large_image\" \/>\n<meta name=\"twitter:label1\" content=\"Dur\u00e9e de lecture estim\u00e9e\" \/>\n\t<meta name=\"twitter:data1\" content=\"1 minute\" \/>\n<script type=\"application\/ld+json\" class=\"yoast-schema-graph\">{\"@context\":\"https:\\\/\\\/schema.org\",\"@graph\":[{\"@type\":\"WebPage\",\"@id\":\"https:\\\/\\\/filles-de-la-charite.org\\\/fr\\\/rincon-oracion\\\/les-cadeaux-du-ciel\\\/\",\"url\":\"https:\\\/\\\/filles-de-la-charite.org\\\/fr\\\/rincon-oracion\\\/les-cadeaux-du-ciel\\\/\",\"name\":\"Les cadeaux du ciel - Filles de la Charit\u00e9\",\"isPartOf\":{\"@id\":\"https:\\\/\\\/filles-de-la-charite.org\\\/fr\\\/#website\"},\"primaryImageOfPage\":{\"@id\":\"https:\\\/\\\/filles-de-la-charite.org\\\/fr\\\/rincon-oracion\\\/les-cadeaux-du-ciel\\\/#primaryimage\"},\"image\":{\"@id\":\"https:\\\/\\\/filles-de-la-charite.org\\\/fr\\\/rincon-oracion\\\/les-cadeaux-du-ciel\\\/#primaryimage\"},\"thumbnailUrl\":\"https:\\\/\\\/filles-de-la-charite.org\\\/wp-content\\\/uploads\\\/2023\\\/06\\\/PC-Juillet-2021_Le-Scapulaire-Vert_FR-scaled-1.jpg\",\"datePublished\":\"2021-06-30T20:00:00+00:00\",\"dateModified\":\"2023-06-26T07:29:47+00:00\",\"inLanguage\":\"fr-FR\",\"potentialAction\":[{\"@type\":\"ReadAction\",\"target\":[\"https:\\\/\\\/filles-de-la-charite.org\\\/fr\\\/rincon-oracion\\\/les-cadeaux-du-ciel\\\/\"]}]},{\"@type\":\"ImageObject\",\"inLanguage\":\"fr-FR\",\"@id\":\"https:\\\/\\\/filles-de-la-charite.org\\\/fr\\\/rincon-oracion\\\/les-cadeaux-du-ciel\\\/#primaryimage\",\"url\":\"https:\\\/\\\/filles-de-la-charite.org\\\/wp-content\\\/uploads\\\/2023\\\/06\\\/PC-Juillet-2021_Le-Scapulaire-Vert_FR-scaled-1.jpg\",\"contentUrl\":\"https:\\\/\\\/filles-de-la-charite.org\\\/wp-content\\\/uploads\\\/2023\\\/06\\\/PC-Juillet-2021_Le-Scapulaire-Vert_FR-scaled-1.jpg\",\"width\":2560,\"height\":1440},{\"@type\":\"WebSite\",\"@id\":\"https:\\\/\\\/filles-de-la-charite.org\\\/fr\\\/#website\",\"url\":\"https:\\\/\\\/filles-de-la-charite.org\\\/fr\\\/\",\"name\":\"Hijas de la Caridad\",\"description\":\"L\u2019amour de J\u00e9sus nous presse \u00e0 prendre soin des personnes les plus d\u00e9munies\",\"publisher\":{\"@id\":\"https:\\\/\\\/filles-de-la-charite.org\\\/fr\\\/#organization\"},\"potentialAction\":[{\"@type\":\"SearchAction\",\"target\":{\"@type\":\"EntryPoint\",\"urlTemplate\":\"https:\\\/\\\/filles-de-la-charite.org\\\/fr\\\/?s={search_term_string}\"},\"query-input\":{\"@type\":\"PropertyValueSpecification\",\"valueRequired\":true,\"valueName\":\"search_term_string\"}}],\"inLanguage\":\"fr-FR\"},{\"@type\":\"Organization\",\"@id\":\"https:\\\/\\\/filles-de-la-charite.org\\\/fr\\\/#organization\",\"name\":\"Hijas de la Caridad\",\"url\":\"https:\\\/\\\/filles-de-la-charite.org\\\/fr\\\/\",\"logo\":{\"@type\":\"ImageObject\",\"inLanguage\":\"fr-FR\",\"@id\":\"https:\\\/\\\/filles-de-la-charite.org\\\/fr\\\/#\\\/schema\\\/logo\\\/image\\\/\",\"url\":\"https:\\\/\\\/filles-de-la-charite.org\\\/wp-content\\\/uploads\\\/2023\\\/03\\\/isotipo-Hijas-de-la-Caridad.png\",\"contentUrl\":\"https:\\\/\\\/filles-de-la-charite.org\\\/wp-content\\\/uploads\\\/2023\\\/03\\\/isotipo-Hijas-de-la-Caridad.png\",\"width\":1417,\"height\":1417,\"caption\":\"Hijas de la Caridad\"},\"image\":{\"@id\":\"https:\\\/\\\/filles-de-la-charite.org\\\/fr\\\/#\\\/schema\\\/logo\\\/image\\\/\"}}]}<\/script>\n<!-- \/ Yoast SEO plugin. -->","yoast_head_json":{"title":"Les cadeaux du ciel - Filles de la Charit\u00e9","robots":{"index":"index","follow":"follow","max-snippet":"max-snippet:-1","max-image-preview":"max-image-preview:large","max-video-preview":"max-video-preview:-1"},"canonical":"https:\/\/filles-de-la-charite.org\/fr\/rincon-oracion\/les-cadeaux-du-ciel\/","og_locale":"fr_FR","og_type":"article","og_title":"Les cadeaux du ciel - Filles de la Charit\u00e9","og_description":"Le Scapulaire Vert. \u00c0 mon avis, malgr\u00e9 les guerres et les horreurs diverses qui nous menacent, nous vivons la p\u00e9riode la plus heureuse, car c&rsquo;est le moment de la Bienheureuse Vierge Marie. Jamais auparavant elle n&rsquo;avait \u00e9t\u00e9 plus proche de nous. Pour cela, nous avons d&rsquo;innombrables signes qui prouvent qu&rsquo;elle a quitt\u00e9 les hauteurs de [&hellip;]","og_url":"https:\/\/filles-de-la-charite.org\/fr\/rincon-oracion\/les-cadeaux-du-ciel\/","og_site_name":"Filles de la Charit\u00e9","article_modified_time":"2023-06-26T07:29:47+00:00","og_image":[{"width":2560,"height":1440,"url":"https:\/\/filles-de-la-charite.org\/wp-content\/uploads\/2023\/06\/PC-Juillet-2021_Le-Scapulaire-Vert_FR-scaled-1.jpg","type":"image\/jpeg"}],"twitter_card":"summary_large_image","twitter_misc":{"Dur\u00e9e de lecture estim\u00e9e":"1 minute"},"schema":{"@context":"https:\/\/schema.org","@graph":[{"@type":"WebPage","@id":"https:\/\/filles-de-la-charite.org\/fr\/rincon-oracion\/les-cadeaux-du-ciel\/","url":"https:\/\/filles-de-la-charite.org\/fr\/rincon-oracion\/les-cadeaux-du-ciel\/","name":"Les cadeaux du ciel - Filles de la Charit\u00e9","isPartOf":{"@id":"https:\/\/filles-de-la-charite.org\/fr\/#website"},"primaryImageOfPage":{"@id":"https:\/\/filles-de-la-charite.org\/fr\/rincon-oracion\/les-cadeaux-du-ciel\/#primaryimage"},"image":{"@id":"https:\/\/filles-de-la-charite.org\/fr\/rincon-oracion\/les-cadeaux-du-ciel\/#primaryimage"},"thumbnailUrl":"https:\/\/filles-de-la-charite.org\/wp-content\/uploads\/2023\/06\/PC-Juillet-2021_Le-Scapulaire-Vert_FR-scaled-1.jpg","datePublished":"2021-06-30T20:00:00+00:00","dateModified":"2023-06-26T07:29:47+00:00","inLanguage":"fr-FR","potentialAction":[{"@type":"ReadAction","target":["https:\/\/filles-de-la-charite.org\/fr\/rincon-oracion\/les-cadeaux-du-ciel\/"]}]},{"@type":"ImageObject","inLanguage":"fr-FR","@id":"https:\/\/filles-de-la-charite.org\/fr\/rincon-oracion\/les-cadeaux-du-ciel\/#primaryimage","url":"https:\/\/filles-de-la-charite.org\/wp-content\/uploads\/2023\/06\/PC-Juillet-2021_Le-Scapulaire-Vert_FR-scaled-1.jpg","contentUrl":"https:\/\/filles-de-la-charite.org\/wp-content\/uploads\/2023\/06\/PC-Juillet-2021_Le-Scapulaire-Vert_FR-scaled-1.jpg","width":2560,"height":1440},{"@type":"WebSite","@id":"https:\/\/filles-de-la-charite.org\/fr\/#website","url":"https:\/\/filles-de-la-charite.org\/fr\/","name":"Hijas de la Caridad","description":"L\u2019amour de J\u00e9sus nous presse \u00e0 prendre soin des personnes les plus d\u00e9munies","publisher":{"@id":"https:\/\/filles-de-la-charite.org\/fr\/#organization"},"potentialAction":[{"@type":"SearchAction","target":{"@type":"EntryPoint","urlTemplate":"https:\/\/filles-de-la-charite.org\/fr\/?s={search_term_string}"},"query-input":{"@type":"PropertyValueSpecification","valueRequired":true,"valueName":"search_term_string"}}],"inLanguage":"fr-FR"},{"@type":"Organization","@id":"https:\/\/filles-de-la-charite.org\/fr\/#organization","name":"Hijas de la Caridad","url":"https:\/\/filles-de-la-charite.org\/fr\/","logo":{"@type":"ImageObject","inLanguage":"fr-FR","@id":"https:\/\/filles-de-la-charite.org\/fr\/#\/schema\/logo\/image\/","url":"https:\/\/filles-de-la-charite.org\/wp-content\/uploads\/2023\/03\/isotipo-Hijas-de-la-Caridad.png","contentUrl":"https:\/\/filles-de-la-charite.org\/wp-content\/uploads\/2023\/03\/isotipo-Hijas-de-la-Caridad.png","width":1417,"height":1417,"caption":"Hijas de la Caridad"},"image":{"@id":"https:\/\/filles-de-la-charite.org\/fr\/#\/schema\/logo\/image\/"}}]}},"_links":{"self":[{"href":"https:\/\/filles-de-la-charite.org\/fr\/wp-json\/wp\/v2\/rincon-oracion\/25718","targetHints":{"allow":["GET"]}}],"collection":[{"href":"https:\/\/filles-de-la-charite.org\/fr\/wp-json\/wp\/v2\/rincon-oracion"}],"about":[{"href":"https:\/\/filles-de-la-charite.org\/fr\/wp-json\/wp\/v2\/types\/rincon-oracion"}],"wp:featuredmedia":[{"embeddable":true,"href":"https:\/\/filles-de-la-charite.org\/fr\/wp-json\/wp\/v2\/media\/25719"}],"wp:attachment":[{"href":"https:\/\/filles-de-la-charite.org\/fr\/wp-json\/wp\/v2\/media?parent=25718"}],"curies":[{"name":"wp","href":"https:\/\/api.w.org\/{rel}","templated":true}]}}

<h2 class="has-text-align-center wp-block-heading">Le Scapulaire Vert.</h2>



<p>À mon avis, malgré les guerres et les horreurs diverses qui nous menacent, nous vivons la période la plus heureuse, car c'est le moment de la Bienheureuse Vierge Marie. Jamais auparavant elle n'avait été plus proche de nous. Pour cela, nous avons d'innombrables signes qui prouvent qu'elle a quitté les hauteurs de la Galilée céleste pour nous donner un nouveau Bethléem, régénérant le Christ dans les cœurs humains qui sont pauvres. N'a-t-elle pas particulièrement honoré le Portugal, l'Italie, l'Allemagne, la Pologne et la France de sa douce présence ? Partout des témoins surgissent pour assurer sa présence avec des preuves vraiment miraculeuses. En vérité, la Sainte Mère vit parmi nous.</p>



<p>Cependant, il y a une ombre dans cette photo... l'ombre de la bête. Le serpent tourne en rond pour semer la destruction partout. Peut-être que sa présence n'a jamais été ressentie comme aujourd'hui. Après tout, il sait mieux que quiconque que peut-être bientôt le temps sera accompli, et alors son pouvoir sera limité. Il n'avait jamais oublié les paroles prononcées contre lui dans le paradis terrestre : « Je fais inimitié entre toi et la femme, sa progéniture t'écrasera la tête.</p>



<p>(Genèse 3:15)</p>



<figure class="wp-block-embed-youtube wp-block-embed is-type-video is-provider-youtube wp-embed-aspect-16-9 wp-has-aspect-ratio"><div class="wp-block-embed__wrapper">
<iframe loading="lazy" title="PC Juillet 2021 Le Scapulaire Vert FR" width="1080" height="608" src="https://www.youtube.com/embed/PqfIprDZ8r0?feature=oembed"  allow="accelerometer; autoplay; clipboard-write; encrypted-media; gyroscope; picture-in-picture; web-share" referrerpolicy="strict-origin-when-cross-origin" allowfullscreen></iframe>
</div></figure>

<!-- This site is optimized with the Yoast SEO plugin v27.5 - https://yoast.com/product/yoast-seo-wordpress/ -->
<title>Les cadeaux du ciel - Filles de la Charité</title>
<meta name="robots" content="index, follow, max-snippet:-1, max-image-preview:large, max-video-preview:-1" />
<link rel="canonical" href="https://filles-de-la-charite.org/fr/rincon-oracion/les-cadeaux-du-ciel/" />
<meta property="og:locale" content="fr_FR" />
<meta property="og:type" content="article" />
<meta property="og:title" content="Les cadeaux du ciel - Filles de la Charité" />
<meta property="og:description" content="Le Scapulaire Vert. À mon avis, malgré les guerres et les horreurs diverses qui nous menacent, nous vivons la période la plus heureuse, car c&rsquo;est le moment de la Bienheureuse Vierge Marie. Jamais auparavant elle n&rsquo;avait été plus proche de nous. Pour cela, nous avons d&rsquo;innombrables signes qui prouvent qu&rsquo;elle a quitté les hauteurs de [&hellip;]" />
<meta property="og:url" content="https://filles-de-la-charite.org/fr/rincon-oracion/les-cadeaux-du-ciel/" />
<meta property="og:site_name" content="Filles de la Charité" />
<meta property="article:modified_time" content="2023-06-26T07:29:47+00:00" />
<meta property="og:image" content="https://filles-de-la-charite.org/wp-content/uploads/2023/06/PC-Juillet-2021_Le-Scapulaire-Vert_FR-scaled-1.jpg" />
	<meta property="og:image:width" content="2560" />
	<meta property="og:image:height" content="1440" />
	<meta property="og:image:type" content="image/jpeg" />
<meta name="twitter:card" content="summary_large_image" />
<meta name="twitter:label1" content="Durée de lecture estimée" />
	<meta name="twitter:data1" content="1 minute" />
<script type="application/ld+json" class="yoast-schema-graph">{"@context":"https:\/\/schema.org","@graph":[{"@type":"WebPage","@id":"https:\/\/filles-de-la-charite.org\/fr\/rincon-oracion\/les-cadeaux-du-ciel\/","url":"https:\/\/filles-de-la-charite.org\/fr\/rincon-oracion\/les-cadeaux-du-ciel\/","name":"Les cadeaux du ciel - Filles de la Charité","isPartOf":{"@id":"https:\/\/filles-de-la-charite.org\/fr\/#website"},"primaryImageOfPage":{"@id":"https:\/\/filles-de-la-charite.org\/fr\/rincon-oracion\/les-cadeaux-du-ciel\/#primaryimage"},"image":{"@id":"https:\/\/filles-de-la-charite.org\/fr\/rincon-oracion\/les-cadeaux-du-ciel\/#primaryimage"},"thumbnailUrl":"https:\/\/filles-de-la-charite.org\/wp-content\/uploads\/2023\/06\/PC-Juillet-2021_Le-Scapulaire-Vert_FR-scaled-1.jpg","datePublished":"2021-06-30T20:00:00+00:00","dateModified":"2023-06-26T07:29:47+00:00","inLanguage":"fr-FR","potentialAction":[{"@type":"ReadAction","target":["https:\/\/filles-de-la-charite.org\/fr\/rincon-oracion\/les-cadeaux-du-ciel\/"]}]},{"@type":"ImageObject","inLanguage":"fr-FR","@id":"https:\/\/filles-de-la-charite.org\/fr\/rincon-oracion\/les-cadeaux-du-ciel\/#primaryimage","url":"https:\/\/filles-de-la-charite.org\/wp-content\/uploads\/2023\/06\/PC-Juillet-2021_Le-Scapulaire-Vert_FR-scaled-1.jpg","contentUrl":"https:\/\/filles-de-la-charite.org\/wp-content\/uploads\/2023\/06\/PC-Juillet-2021_Le-Scapulaire-Vert_FR-scaled-1.jpg","width":2560,"height":1440},{"@type":"WebSite","@id":"https:\/\/filles-de-la-charite.org\/fr\/#website","url":"https:\/\/filles-de-la-charite.org\/fr\/","name":"Hijas de la Caridad","description":"L’amour de Jésus nous presse à prendre soin des personnes les plus démunies","publisher":{"@id":"https:\/\/filles-de-la-charite.org\/fr\/#organization"},"potentialAction":[{"@type":"SearchAction","target":{"@type":"EntryPoint","urlTemplate":"https:\/\/filles-de-la-charite.org\/fr\/?s={search_term_string}"},"query-input":{"@type":"PropertyValueSpecification","valueRequired":true,"valueName":"search_term_string"}}],"inLanguage":"fr-FR"},{"@type":"Organization","@id":"https:\/\/filles-de-la-charite.org\/fr\/#organization","name":"Hijas de la Caridad","url":"https:\/\/filles-de-la-charite.org\/fr\/","logo":{"@type":"ImageObject","inLanguage":"fr-FR","@id":"https:\/\/filles-de-la-charite.org\/fr\/#\/schema\/logo\/image\/","url":"https:\/\/filles-de-la-charite.org\/wp-content\/uploads\/2023\/03\/isotipo-Hijas-de-la-Caridad.png","contentUrl":"https:\/\/filles-de-la-charite.org\/wp-content\/uploads\/2023\/03\/isotipo-Hijas-de-la-Caridad.png","width":1417,"height":1417,"caption":"Hijas de la Caridad"},"image":{"@id":"https:\/\/filles-de-la-charite.org\/fr\/#\/schema\/logo\/image\/"}}]}</script>
<!-- / Yoast SEO plugin. -->

Les cadeaux du ciel - Filles de la Charité

Le Scapulaire Vert. À mon avis, malgré les guerres et les horreurs diverses qui nous menacent, nous vivons la période la plus heureuse, car c&rsquo;est le moment de la Bienheureuse Vierge Marie. Jamais auparavant elle n&rsquo;avait été plus proche de nous. Pour cela, nous avons d&rsquo;innombrables signes qui prouvent qu&rsquo;elle a quitté les hauteurs de [&hellip;]

Filles de la Charité

L’amour de Jésus nous presse à prendre soin des personnes les plus démunies
