{"id":25725,"date":"2021-07-31T22:00:00","date_gmt":"2021-07-31T20:00:00","guid":{"rendered":"https:\/\/hijascaridad.sjdigitaldemo.ovh\/rincon-oracion\/un-cheminement-vocationnel-sur-le-chemin-de-la-priere-du-chapelet\/"},"modified":"2023-06-26T09:29:52","modified_gmt":"2023-06-26T07:29:52","slug":"un-cheminement-vocationnel-sur-le-chemin-de-la-priere-du-chapelet","status":"publish","type":"rincon-oracion","link":"https:\/\/filles-de-la-charite.org\/fr\/rincon-oracion\/un-cheminement-vocationnel-sur-le-chemin-de-la-priere-du-chapelet\/","title":{"rendered":"Un cheminement vocationnel sur le chemin de la pri\u00e8re du Chapelet"},"content":{"rendered":"\n<p><\/p>\n\n\n\n<p>En priant le Saint Rosaire, Sr Kristine Joie, Fille de la Charit\u00e9, 3 ans de vocation r\u00e9fl\u00e9chit sur son cheminement vocationnel alors qu'elle commence l'\u00e9tape de la Formation Initiale en Mission (FIM). Les photos qu'elle a choisies tentent de mettre en relief les quatre d\u00e9fis missionnaires de la Compagnie qui pr\u00e9pare son Assembl\u00e9e g\u00e9n\u00e9rale.<\/p>\n\n\n\n<p><\/p>\n\n\n\n<figure class=\"wp-block-embed-youtube wp-block-embed is-type-video is-provider-youtube wp-embed-aspect-16-9 wp-has-aspect-ratio\"><div class=\"wp-block-embed__wrapper\">\n<iframe loading=\"lazy\" title=\"[Ao\u00fbt 2021] Un cheminement vocationnel   FR\" width=\"1080\" height=\"608\" src=\"https:\/\/www.youtube.com\/embed\/ulFibSxlx5Y?feature=oembed\"  allow=\"accelerometer; autoplay; clipboard-write; encrypted-media; gyroscope; picture-in-picture; web-share\" referrerpolicy=\"strict-origin-when-cross-origin\" allowfullscreen><\/iframe>\n<\/div><\/figure>\n","protected":false},"featured_media":25726,"template":"","meta":{"_acf_changed":false,"_links_to":"","_links_to_target":""},"class_list":["post-25725","rincon-oracion","type-rincon-oracion","status-publish","has-post-thumbnail","hentry"],"acf":[],"yoast_head":"<!-- This site is optimized with the Yoast SEO plugin v27.5 - https:\/\/yoast.com\/product\/yoast-seo-wordpress\/ -->\n<title>Un cheminement vocationnel sur le chemin de la pri\u00e8re du Chapelet - Filles de la Charit\u00e9<\/title>\n<meta name=\"robots\" content=\"index, follow, max-snippet:-1, max-image-preview:large, max-video-preview:-1\" \/>\n<link rel=\"canonical\" href=\"https:\/\/filles-de-la-charite.org\/fr\/rincon-oracion\/un-cheminement-vocationnel-sur-le-chemin-de-la-priere-du-chapelet\/\" \/>\n<meta property=\"og:locale\" content=\"fr_FR\" \/>\n<meta property=\"og:type\" content=\"article\" \/>\n<meta property=\"og:title\" content=\"Un cheminement vocationnel sur le chemin de la pri\u00e8re du Chapelet - Filles de la Charit\u00e9\" \/>\n<meta property=\"og:description\" content=\"En priant le Saint Rosaire, Sr Kristine Joie, Fille de la Charit\u00e9, 3 ans de vocation r\u00e9fl\u00e9chit sur son cheminement vocationnel alors qu&rsquo;elle commence l&rsquo;\u00e9tape de la Formation Initiale en Mission (FIM). Les photos qu&rsquo;elle a choisies tentent de mettre en relief les quatre d\u00e9fis missionnaires de la Compagnie qui pr\u00e9pare son Assembl\u00e9e g\u00e9n\u00e9rale.\" \/>\n<meta property=\"og:url\" content=\"https:\/\/filles-de-la-charite.org\/fr\/rincon-oracion\/un-cheminement-vocationnel-sur-le-chemin-de-la-priere-du-chapelet\/\" \/>\n<meta property=\"og:site_name\" content=\"Filles de la Charit\u00e9\" \/>\n<meta property=\"article:modified_time\" content=\"2023-06-26T07:29:52+00:00\" \/>\n<meta property=\"og:image\" content=\"https:\/\/filles-de-la-charite.org\/wp-content\/uploads\/2023\/06\/PC-Aout-2021-Un-cheminement-vocationnel.FR_-scaled-1.jpg\" \/>\n\t<meta property=\"og:image:width\" content=\"2560\" \/>\n\t<meta property=\"og:image:height\" content=\"1440\" \/>\n\t<meta property=\"og:image:type\" content=\"image\/jpeg\" \/>\n<meta name=\"twitter:card\" content=\"summary_large_image\" \/>\n<meta name=\"twitter:label1\" content=\"Dur\u00e9e de lecture estim\u00e9e\" \/>\n\t<meta name=\"twitter:data1\" content=\"1 minute\" \/>\n<script type=\"application\/ld+json\" class=\"yoast-schema-graph\">{\"@context\":\"https:\\\/\\\/schema.org\",\"@graph\":[{\"@type\":\"WebPage\",\"@id\":\"https:\\\/\\\/filles-de-la-charite.org\\\/fr\\\/rincon-oracion\\\/un-cheminement-vocationnel-sur-le-chemin-de-la-priere-du-chapelet\\\/\",\"url\":\"https:\\\/\\\/filles-de-la-charite.org\\\/fr\\\/rincon-oracion\\\/un-cheminement-vocationnel-sur-le-chemin-de-la-priere-du-chapelet\\\/\",\"name\":\"Un cheminement vocationnel sur le chemin de la pri\u00e8re du Chapelet - Filles de la Charit\u00e9\",\"isPartOf\":{\"@id\":\"https:\\\/\\\/filles-de-la-charite.org\\\/fr\\\/#website\"},\"primaryImageOfPage\":{\"@id\":\"https:\\\/\\\/filles-de-la-charite.org\\\/fr\\\/rincon-oracion\\\/un-cheminement-vocationnel-sur-le-chemin-de-la-priere-du-chapelet\\\/#primaryimage\"},\"image\":{\"@id\":\"https:\\\/\\\/filles-de-la-charite.org\\\/fr\\\/rincon-oracion\\\/un-cheminement-vocationnel-sur-le-chemin-de-la-priere-du-chapelet\\\/#primaryimage\"},\"thumbnailUrl\":\"https:\\\/\\\/filles-de-la-charite.org\\\/wp-content\\\/uploads\\\/2023\\\/06\\\/PC-Aout-2021-Un-cheminement-vocationnel.FR_-scaled-1.jpg\",\"datePublished\":\"2021-07-31T20:00:00+00:00\",\"dateModified\":\"2023-06-26T07:29:52+00:00\",\"inLanguage\":\"fr-FR\",\"potentialAction\":[{\"@type\":\"ReadAction\",\"target\":[\"https:\\\/\\\/filles-de-la-charite.org\\\/fr\\\/rincon-oracion\\\/un-cheminement-vocationnel-sur-le-chemin-de-la-priere-du-chapelet\\\/\"]}]},{\"@type\":\"ImageObject\",\"inLanguage\":\"fr-FR\",\"@id\":\"https:\\\/\\\/filles-de-la-charite.org\\\/fr\\\/rincon-oracion\\\/un-cheminement-vocationnel-sur-le-chemin-de-la-priere-du-chapelet\\\/#primaryimage\",\"url\":\"https:\\\/\\\/filles-de-la-charite.org\\\/wp-content\\\/uploads\\\/2023\\\/06\\\/PC-Aout-2021-Un-cheminement-vocationnel.FR_-scaled-1.jpg\",\"contentUrl\":\"https:\\\/\\\/filles-de-la-charite.org\\\/wp-content\\\/uploads\\\/2023\\\/06\\\/PC-Aout-2021-Un-cheminement-vocationnel.FR_-scaled-1.jpg\",\"width\":2560,\"height\":1440},{\"@type\":\"WebSite\",\"@id\":\"https:\\\/\\\/filles-de-la-charite.org\\\/fr\\\/#website\",\"url\":\"https:\\\/\\\/filles-de-la-charite.org\\\/fr\\\/\",\"name\":\"Hijas de la Caridad\",\"description\":\"L\u2019amour de J\u00e9sus nous presse \u00e0 prendre soin des personnes les plus d\u00e9munies\",\"publisher\":{\"@id\":\"https:\\\/\\\/filles-de-la-charite.org\\\/fr\\\/#organization\"},\"potentialAction\":[{\"@type\":\"SearchAction\",\"target\":{\"@type\":\"EntryPoint\",\"urlTemplate\":\"https:\\\/\\\/filles-de-la-charite.org\\\/fr\\\/?s={search_term_string}\"},\"query-input\":{\"@type\":\"PropertyValueSpecification\",\"valueRequired\":true,\"valueName\":\"search_term_string\"}}],\"inLanguage\":\"fr-FR\"},{\"@type\":\"Organization\",\"@id\":\"https:\\\/\\\/filles-de-la-charite.org\\\/fr\\\/#organization\",\"name\":\"Hijas de la Caridad\",\"url\":\"https:\\\/\\\/filles-de-la-charite.org\\\/fr\\\/\",\"logo\":{\"@type\":\"ImageObject\",\"inLanguage\":\"fr-FR\",\"@id\":\"https:\\\/\\\/filles-de-la-charite.org\\\/fr\\\/#\\\/schema\\\/logo\\\/image\\\/\",\"url\":\"https:\\\/\\\/filles-de-la-charite.org\\\/wp-content\\\/uploads\\\/2023\\\/03\\\/isotipo-Hijas-de-la-Caridad.png\",\"contentUrl\":\"https:\\\/\\\/filles-de-la-charite.org\\\/wp-content\\\/uploads\\\/2023\\\/03\\\/isotipo-Hijas-de-la-Caridad.png\",\"width\":1417,\"height\":1417,\"caption\":\"Hijas de la Caridad\"},\"image\":{\"@id\":\"https:\\\/\\\/filles-de-la-charite.org\\\/fr\\\/#\\\/schema\\\/logo\\\/image\\\/\"}}]}<\/script>\n<!-- \/ Yoast SEO plugin. -->","yoast_head_json":{"title":"Un cheminement vocationnel sur le chemin de la pri\u00e8re du Chapelet - Filles de la Charit\u00e9","robots":{"index":"index","follow":"follow","max-snippet":"max-snippet:-1","max-image-preview":"max-image-preview:large","max-video-preview":"max-video-preview:-1"},"canonical":"https:\/\/filles-de-la-charite.org\/fr\/rincon-oracion\/un-cheminement-vocationnel-sur-le-chemin-de-la-priere-du-chapelet\/","og_locale":"fr_FR","og_type":"article","og_title":"Un cheminement vocationnel sur le chemin de la pri\u00e8re du Chapelet - Filles de la Charit\u00e9","og_description":"En priant le Saint Rosaire, Sr Kristine Joie, Fille de la Charit\u00e9, 3 ans de vocation r\u00e9fl\u00e9chit sur son cheminement vocationnel alors qu&rsquo;elle commence l&rsquo;\u00e9tape de la Formation Initiale en Mission (FIM). Les photos qu&rsquo;elle a choisies tentent de mettre en relief les quatre d\u00e9fis missionnaires de la Compagnie qui pr\u00e9pare son Assembl\u00e9e g\u00e9n\u00e9rale.","og_url":"https:\/\/filles-de-la-charite.org\/fr\/rincon-oracion\/un-cheminement-vocationnel-sur-le-chemin-de-la-priere-du-chapelet\/","og_site_name":"Filles de la Charit\u00e9","article_modified_time":"2023-06-26T07:29:52+00:00","og_image":[{"width":2560,"height":1440,"url":"https:\/\/filles-de-la-charite.org\/wp-content\/uploads\/2023\/06\/PC-Aout-2021-Un-cheminement-vocationnel.FR_-scaled-1.jpg","type":"image\/jpeg"}],"twitter_card":"summary_large_image","twitter_misc":{"Dur\u00e9e de lecture estim\u00e9e":"1 minute"},"schema":{"@context":"https:\/\/schema.org","@graph":[{"@type":"WebPage","@id":"https:\/\/filles-de-la-charite.org\/fr\/rincon-oracion\/un-cheminement-vocationnel-sur-le-chemin-de-la-priere-du-chapelet\/","url":"https:\/\/filles-de-la-charite.org\/fr\/rincon-oracion\/un-cheminement-vocationnel-sur-le-chemin-de-la-priere-du-chapelet\/","name":"Un cheminement vocationnel sur le chemin de la pri\u00e8re du Chapelet - Filles de la Charit\u00e9","isPartOf":{"@id":"https:\/\/filles-de-la-charite.org\/fr\/#website"},"primaryImageOfPage":{"@id":"https:\/\/filles-de-la-charite.org\/fr\/rincon-oracion\/un-cheminement-vocationnel-sur-le-chemin-de-la-priere-du-chapelet\/#primaryimage"},"image":{"@id":"https:\/\/filles-de-la-charite.org\/fr\/rincon-oracion\/un-cheminement-vocationnel-sur-le-chemin-de-la-priere-du-chapelet\/#primaryimage"},"thumbnailUrl":"https:\/\/filles-de-la-charite.org\/wp-content\/uploads\/2023\/06\/PC-Aout-2021-Un-cheminement-vocationnel.FR_-scaled-1.jpg","datePublished":"2021-07-31T20:00:00+00:00","dateModified":"2023-06-26T07:29:52+00:00","inLanguage":"fr-FR","potentialAction":[{"@type":"ReadAction","target":["https:\/\/filles-de-la-charite.org\/fr\/rincon-oracion\/un-cheminement-vocationnel-sur-le-chemin-de-la-priere-du-chapelet\/"]}]},{"@type":"ImageObject","inLanguage":"fr-FR","@id":"https:\/\/filles-de-la-charite.org\/fr\/rincon-oracion\/un-cheminement-vocationnel-sur-le-chemin-de-la-priere-du-chapelet\/#primaryimage","url":"https:\/\/filles-de-la-charite.org\/wp-content\/uploads\/2023\/06\/PC-Aout-2021-Un-cheminement-vocationnel.FR_-scaled-1.jpg","contentUrl":"https:\/\/filles-de-la-charite.org\/wp-content\/uploads\/2023\/06\/PC-Aout-2021-Un-cheminement-vocationnel.FR_-scaled-1.jpg","width":2560,"height":1440},{"@type":"WebSite","@id":"https:\/\/filles-de-la-charite.org\/fr\/#website","url":"https:\/\/filles-de-la-charite.org\/fr\/","name":"Hijas de la Caridad","description":"L\u2019amour de J\u00e9sus nous presse \u00e0 prendre soin des personnes les plus d\u00e9munies","publisher":{"@id":"https:\/\/filles-de-la-charite.org\/fr\/#organization"},"potentialAction":[{"@type":"SearchAction","target":{"@type":"EntryPoint","urlTemplate":"https:\/\/filles-de-la-charite.org\/fr\/?s={search_term_string}"},"query-input":{"@type":"PropertyValueSpecification","valueRequired":true,"valueName":"search_term_string"}}],"inLanguage":"fr-FR"},{"@type":"Organization","@id":"https:\/\/filles-de-la-charite.org\/fr\/#organization","name":"Hijas de la Caridad","url":"https:\/\/filles-de-la-charite.org\/fr\/","logo":{"@type":"ImageObject","inLanguage":"fr-FR","@id":"https:\/\/filles-de-la-charite.org\/fr\/#\/schema\/logo\/image\/","url":"https:\/\/filles-de-la-charite.org\/wp-content\/uploads\/2023\/03\/isotipo-Hijas-de-la-Caridad.png","contentUrl":"https:\/\/filles-de-la-charite.org\/wp-content\/uploads\/2023\/03\/isotipo-Hijas-de-la-Caridad.png","width":1417,"height":1417,"caption":"Hijas de la Caridad"},"image":{"@id":"https:\/\/filles-de-la-charite.org\/fr\/#\/schema\/logo\/image\/"}}]}},"_links":{"self":[{"href":"https:\/\/filles-de-la-charite.org\/fr\/wp-json\/wp\/v2\/rincon-oracion\/25725","targetHints":{"allow":["GET"]}}],"collection":[{"href":"https:\/\/filles-de-la-charite.org\/fr\/wp-json\/wp\/v2\/rincon-oracion"}],"about":[{"href":"https:\/\/filles-de-la-charite.org\/fr\/wp-json\/wp\/v2\/types\/rincon-oracion"}],"wp:featuredmedia":[{"embeddable":true,"href":"https:\/\/filles-de-la-charite.org\/fr\/wp-json\/wp\/v2\/media\/25726"}],"wp:attachment":[{"href":"https:\/\/filles-de-la-charite.org\/fr\/wp-json\/wp\/v2\/media?parent=25725"}],"curies":[{"name":"wp","href":"https:\/\/api.w.org\/{rel}","templated":true}]}}

Un cheminement vocationnel sur le chemin de la prière du Chapelet

<p></p>



<p>En priant le Saint Rosaire, Sr Kristine Joie, Fille de la Charité, 3 ans de vocation réfléchit sur son cheminement vocationnel alors qu'elle commence l'étape de la Formation Initiale en Mission (FIM). Les photos qu'elle a choisies tentent de mettre en relief les quatre défis missionnaires de la Compagnie qui prépare son Assemblée générale.</p>



<p></p>



<figure class="wp-block-embed-youtube wp-block-embed is-type-video is-provider-youtube wp-embed-aspect-16-9 wp-has-aspect-ratio"><div class="wp-block-embed__wrapper">
<iframe loading="lazy" title="[Août 2021] Un cheminement vocationnel   FR" width="1080" height="608" src="https://www.youtube.com/embed/ulFibSxlx5Y?feature=oembed"  allow="accelerometer; autoplay; clipboard-write; encrypted-media; gyroscope; picture-in-picture; web-share" referrerpolicy="strict-origin-when-cross-origin" allowfullscreen></iframe>
</div></figure>

<!-- This site is optimized with the Yoast SEO plugin v27.5 - https://yoast.com/product/yoast-seo-wordpress/ -->
<title>Un cheminement vocationnel sur le chemin de la prière du Chapelet - Filles de la Charité</title>
<meta name="robots" content="index, follow, max-snippet:-1, max-image-preview:large, max-video-preview:-1" />
<link rel="canonical" href="https://filles-de-la-charite.org/fr/rincon-oracion/un-cheminement-vocationnel-sur-le-chemin-de-la-priere-du-chapelet/" />
<meta property="og:locale" content="fr_FR" />
<meta property="og:type" content="article" />
<meta property="og:title" content="Un cheminement vocationnel sur le chemin de la prière du Chapelet - Filles de la Charité" />
<meta property="og:description" content="En priant le Saint Rosaire, Sr Kristine Joie, Fille de la Charité, 3 ans de vocation réfléchit sur son cheminement vocationnel alors qu&rsquo;elle commence l&rsquo;étape de la Formation Initiale en Mission (FIM). Les photos qu&rsquo;elle a choisies tentent de mettre en relief les quatre défis missionnaires de la Compagnie qui prépare son Assemblée générale." />
<meta property="og:url" content="https://filles-de-la-charite.org/fr/rincon-oracion/un-cheminement-vocationnel-sur-le-chemin-de-la-priere-du-chapelet/" />
<meta property="og:site_name" content="Filles de la Charité" />
<meta property="article:modified_time" content="2023-06-26T07:29:52+00:00" />
<meta property="og:image" content="https://filles-de-la-charite.org/wp-content/uploads/2023/06/PC-Aout-2021-Un-cheminement-vocationnel.FR_-scaled-1.jpg" />
	<meta property="og:image:width" content="2560" />
	<meta property="og:image:height" content="1440" />
	<meta property="og:image:type" content="image/jpeg" />
<meta name="twitter:card" content="summary_large_image" />
<meta name="twitter:label1" content="Durée de lecture estimée" />
	<meta name="twitter:data1" content="1 minute" />
<script type="application/ld+json" class="yoast-schema-graph">{"@context":"https:\/\/schema.org","@graph":[{"@type":"WebPage","@id":"https:\/\/filles-de-la-charite.org\/fr\/rincon-oracion\/un-cheminement-vocationnel-sur-le-chemin-de-la-priere-du-chapelet\/","url":"https:\/\/filles-de-la-charite.org\/fr\/rincon-oracion\/un-cheminement-vocationnel-sur-le-chemin-de-la-priere-du-chapelet\/","name":"Un cheminement vocationnel sur le chemin de la prière du Chapelet - Filles de la Charité","isPartOf":{"@id":"https:\/\/filles-de-la-charite.org\/fr\/#website"},"primaryImageOfPage":{"@id":"https:\/\/filles-de-la-charite.org\/fr\/rincon-oracion\/un-cheminement-vocationnel-sur-le-chemin-de-la-priere-du-chapelet\/#primaryimage"},"image":{"@id":"https:\/\/filles-de-la-charite.org\/fr\/rincon-oracion\/un-cheminement-vocationnel-sur-le-chemin-de-la-priere-du-chapelet\/#primaryimage"},"thumbnailUrl":"https:\/\/filles-de-la-charite.org\/wp-content\/uploads\/2023\/06\/PC-Aout-2021-Un-cheminement-vocationnel.FR_-scaled-1.jpg","datePublished":"2021-07-31T20:00:00+00:00","dateModified":"2023-06-26T07:29:52+00:00","inLanguage":"fr-FR","potentialAction":[{"@type":"ReadAction","target":["https:\/\/filles-de-la-charite.org\/fr\/rincon-oracion\/un-cheminement-vocationnel-sur-le-chemin-de-la-priere-du-chapelet\/"]}]},{"@type":"ImageObject","inLanguage":"fr-FR","@id":"https:\/\/filles-de-la-charite.org\/fr\/rincon-oracion\/un-cheminement-vocationnel-sur-le-chemin-de-la-priere-du-chapelet\/#primaryimage","url":"https:\/\/filles-de-la-charite.org\/wp-content\/uploads\/2023\/06\/PC-Aout-2021-Un-cheminement-vocationnel.FR_-scaled-1.jpg","contentUrl":"https:\/\/filles-de-la-charite.org\/wp-content\/uploads\/2023\/06\/PC-Aout-2021-Un-cheminement-vocationnel.FR_-scaled-1.jpg","width":2560,"height":1440},{"@type":"WebSite","@id":"https:\/\/filles-de-la-charite.org\/fr\/#website","url":"https:\/\/filles-de-la-charite.org\/fr\/","name":"Hijas de la Caridad","description":"L’amour de Jésus nous presse à prendre soin des personnes les plus démunies","publisher":{"@id":"https:\/\/filles-de-la-charite.org\/fr\/#organization"},"potentialAction":[{"@type":"SearchAction","target":{"@type":"EntryPoint","urlTemplate":"https:\/\/filles-de-la-charite.org\/fr\/?s={search_term_string}"},"query-input":{"@type":"PropertyValueSpecification","valueRequired":true,"valueName":"search_term_string"}}],"inLanguage":"fr-FR"},{"@type":"Organization","@id":"https:\/\/filles-de-la-charite.org\/fr\/#organization","name":"Hijas de la Caridad","url":"https:\/\/filles-de-la-charite.org\/fr\/","logo":{"@type":"ImageObject","inLanguage":"fr-FR","@id":"https:\/\/filles-de-la-charite.org\/fr\/#\/schema\/logo\/image\/","url":"https:\/\/filles-de-la-charite.org\/wp-content\/uploads\/2023\/03\/isotipo-Hijas-de-la-Caridad.png","contentUrl":"https:\/\/filles-de-la-charite.org\/wp-content\/uploads\/2023\/03\/isotipo-Hijas-de-la-Caridad.png","width":1417,"height":1417,"caption":"Hijas de la Caridad"},"image":{"@id":"https:\/\/filles-de-la-charite.org\/fr\/#\/schema\/logo\/image\/"}}]}</script>
<!-- / Yoast SEO plugin. -->

Un cheminement vocationnel sur le chemin de la prière du Chapelet - Filles de la Charité

En priant le Saint Rosaire, Sr Kristine Joie, Fille de la Charité, 3 ans de vocation réfléchit sur son cheminement vocationnel alors qu&rsquo;elle commence l&rsquo;étape de la Formation Initiale en Mission (FIM). Les photos qu&rsquo;elle a choisies tentent de mettre en relief les quatre défis missionnaires de la Compagnie qui prépare son Assemblée générale.

Filles de la Charité

L’amour de Jésus nous presse à prendre soin des personnes les plus démunies
