{"id":25802,"date":"2022-08-31T22:00:00","date_gmt":"2022-08-31T20:00:00","guid":{"rendered":"https:\/\/hijascaridad.sjdigitaldemo.ovh\/rincon-oracion\/saint-vincent-de-paul-est-bien-vivant-aujourdhui-partout\/"},"modified":"2022-08-31T22:00:00","modified_gmt":"2022-08-31T20:00:00","slug":"saint-vincent-de-paul-est-bien-vivant-aujourdhui-partout","status":"publish","type":"rincon-oracion","link":"https:\/\/filles-de-la-charite.org\/fr\/rincon-oracion\/saint-vincent-de-paul-est-bien-vivant-aujourdhui-partout\/","title":{"rendered":"Saint Vincent de Paul est bien vivant aujourd&rsquo;hui, partout !"},"content":{"rendered":"\n<p>Saint Vincent est cet\u00a0 au caract\u00e8re entier , convaincu, qui osait bousculer aussi bien les premi\u00e8res Dames de la Charit\u00e9 que les Filles de la Charit\u00e9 et les Missionnaires. (...)Alors que saint Vincent vit ses derni\u00e8res ann\u00e9es, nous avons en lui \u00a0le mod\u00e8le d\u2019une personne qui jusqu\u2019\u00e0 la fin a gard\u00e9 l\u2019enthousiasme, la jeunesse de coeur, des convictions fortes,l\u2019esprit de r\u00e9volte face aux injustices. (...)Vraiment, saint Vincent, avec toute sa bont\u00e9 et son ardeur, nous indique le chemin.\u00a0 Il ne se met pas en avant, mais il nous conduit plut\u00f4t vers le Christ et nous pousse \u00e0 rester coh\u00e9rents et engag\u00e9es au nom de l'Evangile. (...)La folie \u00e0 laquelle nous invite saint Vincent est bien celle de l\u2019exc\u00e8s d'amour extr\u00eame dans notre don \u00e0 Dieu. Un exc\u00e8s qui nous presse \u00a0\u00e0 aller toujours davantage vers les plus souffrants. (...) Saint Vincent est bien vivant aujourd'hui et partout dans et \u00e0 travers les membres de la Famille Vincentienne. Merci, Saint Vincent !<\/p>\n\n\n\n<p><strong>Lettre de la Sup\u00e9rieure G\u00e9n\u00e9rale aux Filles de la Charit\u00e9, 27 septembre 2021<\/strong><\/p>\n\n\n\n<figure class=\"wp-block-embed is-type-video is-provider-youtube wp-block-embed-youtube wp-embed-aspect-16-9 wp-has-aspect-ratio\"><div class=\"wp-block-embed__wrapper\">\n<iframe loading=\"lazy\" title=\"09 2022 Saint Vincent de Paul FR\" width=\"1080\" height=\"608\" src=\"https:\/\/www.youtube.com\/embed\/twvsEucMihg?feature=oembed\"  allow=\"accelerometer; autoplay; clipboard-write; encrypted-media; gyroscope; picture-in-picture; web-share\" referrerpolicy=\"strict-origin-when-cross-origin\" allowfullscreen><\/iframe>\n<\/div><\/figure>\n","protected":false},"featured_media":2446,"template":"","meta":{"_acf_changed":false,"_links_to":"","_links_to_target":""},"class_list":["post-25802","rincon-oracion","type-rincon-oracion","status-publish","has-post-thumbnail","hentry"],"acf":[],"yoast_head":"<!-- This site is optimized with the Yoast SEO plugin v27.5 - https:\/\/yoast.com\/product\/yoast-seo-wordpress\/ -->\n<title>Saint Vincent de Paul est bien vivant aujourd&#039;hui, partout ! - Filles de la Charit\u00e9<\/title>\n<meta name=\"robots\" content=\"index, follow, max-snippet:-1, max-image-preview:large, max-video-preview:-1\" \/>\n<link rel=\"canonical\" href=\"https:\/\/filles-de-la-charite.org\/fr\/rincon-oracion\/saint-vincent-de-paul-est-bien-vivant-aujourdhui-partout\/\" \/>\n<meta property=\"og:locale\" content=\"fr_FR\" \/>\n<meta property=\"og:type\" content=\"article\" \/>\n<meta property=\"og:title\" content=\"Saint Vincent de Paul est bien vivant aujourd&#039;hui, partout ! - Filles de la Charit\u00e9\" \/>\n<meta property=\"og:description\" content=\"Saint Vincent est cet\u00a0 au caract\u00e8re entier , convaincu, qui osait bousculer aussi bien les premi\u00e8res Dames de la Charit\u00e9 que les Filles de la Charit\u00e9 et les Missionnaires. (&#8230;)Alors que saint Vincent vit ses derni\u00e8res ann\u00e9es, nous avons en lui \u00a0le mod\u00e8le d\u2019une personne qui jusqu\u2019\u00e0 la fin a gard\u00e9 l\u2019enthousiasme, la jeunesse de [&hellip;]\" \/>\n<meta property=\"og:url\" content=\"https:\/\/filles-de-la-charite.org\/fr\/rincon-oracion\/saint-vincent-de-paul-est-bien-vivant-aujourdhui-partout\/\" \/>\n<meta property=\"og:site_name\" content=\"Filles de la Charit\u00e9\" \/>\n<meta property=\"og:image\" content=\"https:\/\/filles-de-la-charite.org\/wp-content\/uploads\/2023\/04\/09.2022-San-Vicente-de-Paul-ES-scaled-1.jpg\" \/>\n\t<meta property=\"og:image:width\" content=\"2560\" \/>\n\t<meta property=\"og:image:height\" content=\"1440\" \/>\n\t<meta property=\"og:image:type\" content=\"image\/jpeg\" \/>\n<meta name=\"twitter:card\" content=\"summary_large_image\" \/>\n<meta name=\"twitter:label1\" content=\"Dur\u00e9e de lecture estim\u00e9e\" \/>\n\t<meta name=\"twitter:data1\" content=\"1 minute\" \/>\n<script type=\"application\/ld+json\" class=\"yoast-schema-graph\">{\"@context\":\"https:\\\/\\\/schema.org\",\"@graph\":[{\"@type\":\"WebPage\",\"@id\":\"https:\\\/\\\/filles-de-la-charite.org\\\/fr\\\/rincon-oracion\\\/saint-vincent-de-paul-est-bien-vivant-aujourdhui-partout\\\/\",\"url\":\"https:\\\/\\\/filles-de-la-charite.org\\\/fr\\\/rincon-oracion\\\/saint-vincent-de-paul-est-bien-vivant-aujourdhui-partout\\\/\",\"name\":\"Saint Vincent de Paul est bien vivant aujourd'hui, partout ! - Filles de la Charit\u00e9\",\"isPartOf\":{\"@id\":\"https:\\\/\\\/filles-de-la-charite.org\\\/fr\\\/#website\"},\"primaryImageOfPage\":{\"@id\":\"https:\\\/\\\/filles-de-la-charite.org\\\/fr\\\/rincon-oracion\\\/saint-vincent-de-paul-est-bien-vivant-aujourdhui-partout\\\/#primaryimage\"},\"image\":{\"@id\":\"https:\\\/\\\/filles-de-la-charite.org\\\/fr\\\/rincon-oracion\\\/saint-vincent-de-paul-est-bien-vivant-aujourdhui-partout\\\/#primaryimage\"},\"thumbnailUrl\":\"https:\\\/\\\/filles-de-la-charite.org\\\/wp-content\\\/uploads\\\/2023\\\/04\\\/09.2022-San-Vicente-de-Paul-ES-scaled-1.jpg\",\"datePublished\":\"2022-08-31T20:00:00+00:00\",\"inLanguage\":\"fr-FR\",\"potentialAction\":[{\"@type\":\"ReadAction\",\"target\":[\"https:\\\/\\\/filles-de-la-charite.org\\\/fr\\\/rincon-oracion\\\/saint-vincent-de-paul-est-bien-vivant-aujourdhui-partout\\\/\"]}]},{\"@type\":\"ImageObject\",\"inLanguage\":\"fr-FR\",\"@id\":\"https:\\\/\\\/filles-de-la-charite.org\\\/fr\\\/rincon-oracion\\\/saint-vincent-de-paul-est-bien-vivant-aujourdhui-partout\\\/#primaryimage\",\"url\":\"https:\\\/\\\/filles-de-la-charite.org\\\/wp-content\\\/uploads\\\/2023\\\/04\\\/09.2022-San-Vicente-de-Paul-ES-scaled-1.jpg\",\"contentUrl\":\"https:\\\/\\\/filles-de-la-charite.org\\\/wp-content\\\/uploads\\\/2023\\\/04\\\/09.2022-San-Vicente-de-Paul-ES-scaled-1.jpg\",\"width\":2560,\"height\":1440},{\"@type\":\"WebSite\",\"@id\":\"https:\\\/\\\/filles-de-la-charite.org\\\/fr\\\/#website\",\"url\":\"https:\\\/\\\/filles-de-la-charite.org\\\/fr\\\/\",\"name\":\"Hijas de la Caridad\",\"description\":\"L\u2019amour de J\u00e9sus nous presse \u00e0 prendre soin des personnes les plus d\u00e9munies\",\"publisher\":{\"@id\":\"https:\\\/\\\/filles-de-la-charite.org\\\/fr\\\/#organization\"},\"potentialAction\":[{\"@type\":\"SearchAction\",\"target\":{\"@type\":\"EntryPoint\",\"urlTemplate\":\"https:\\\/\\\/filles-de-la-charite.org\\\/fr\\\/?s={search_term_string}\"},\"query-input\":{\"@type\":\"PropertyValueSpecification\",\"valueRequired\":true,\"valueName\":\"search_term_string\"}}],\"inLanguage\":\"fr-FR\"},{\"@type\":\"Organization\",\"@id\":\"https:\\\/\\\/filles-de-la-charite.org\\\/fr\\\/#organization\",\"name\":\"Hijas de la Caridad\",\"url\":\"https:\\\/\\\/filles-de-la-charite.org\\\/fr\\\/\",\"logo\":{\"@type\":\"ImageObject\",\"inLanguage\":\"fr-FR\",\"@id\":\"https:\\\/\\\/filles-de-la-charite.org\\\/fr\\\/#\\\/schema\\\/logo\\\/image\\\/\",\"url\":\"https:\\\/\\\/filles-de-la-charite.org\\\/wp-content\\\/uploads\\\/2023\\\/03\\\/isotipo-Hijas-de-la-Caridad.png\",\"contentUrl\":\"https:\\\/\\\/filles-de-la-charite.org\\\/wp-content\\\/uploads\\\/2023\\\/03\\\/isotipo-Hijas-de-la-Caridad.png\",\"width\":1417,\"height\":1417,\"caption\":\"Hijas de la Caridad\"},\"image\":{\"@id\":\"https:\\\/\\\/filles-de-la-charite.org\\\/fr\\\/#\\\/schema\\\/logo\\\/image\\\/\"}}]}<\/script>\n<!-- \/ Yoast SEO plugin. -->","yoast_head_json":{"title":"Saint Vincent de Paul est bien vivant aujourd'hui, partout ! - Filles de la Charit\u00e9","robots":{"index":"index","follow":"follow","max-snippet":"max-snippet:-1","max-image-preview":"max-image-preview:large","max-video-preview":"max-video-preview:-1"},"canonical":"https:\/\/filles-de-la-charite.org\/fr\/rincon-oracion\/saint-vincent-de-paul-est-bien-vivant-aujourdhui-partout\/","og_locale":"fr_FR","og_type":"article","og_title":"Saint Vincent de Paul est bien vivant aujourd'hui, partout ! - Filles de la Charit\u00e9","og_description":"Saint Vincent est cet\u00a0 au caract\u00e8re entier , convaincu, qui osait bousculer aussi bien les premi\u00e8res Dames de la Charit\u00e9 que les Filles de la Charit\u00e9 et les Missionnaires. (&#8230;)Alors que saint Vincent vit ses derni\u00e8res ann\u00e9es, nous avons en lui \u00a0le mod\u00e8le d\u2019une personne qui jusqu\u2019\u00e0 la fin a gard\u00e9 l\u2019enthousiasme, la jeunesse de [&hellip;]","og_url":"https:\/\/filles-de-la-charite.org\/fr\/rincon-oracion\/saint-vincent-de-paul-est-bien-vivant-aujourdhui-partout\/","og_site_name":"Filles de la Charit\u00e9","og_image":[{"width":2560,"height":1440,"url":"https:\/\/filles-de-la-charite.org\/wp-content\/uploads\/2023\/04\/09.2022-San-Vicente-de-Paul-ES-scaled-1.jpg","type":"image\/jpeg"}],"twitter_card":"summary_large_image","twitter_misc":{"Dur\u00e9e de lecture estim\u00e9e":"1 minute"},"schema":{"@context":"https:\/\/schema.org","@graph":[{"@type":"WebPage","@id":"https:\/\/filles-de-la-charite.org\/fr\/rincon-oracion\/saint-vincent-de-paul-est-bien-vivant-aujourdhui-partout\/","url":"https:\/\/filles-de-la-charite.org\/fr\/rincon-oracion\/saint-vincent-de-paul-est-bien-vivant-aujourdhui-partout\/","name":"Saint Vincent de Paul est bien vivant aujourd'hui, partout ! - Filles de la Charit\u00e9","isPartOf":{"@id":"https:\/\/filles-de-la-charite.org\/fr\/#website"},"primaryImageOfPage":{"@id":"https:\/\/filles-de-la-charite.org\/fr\/rincon-oracion\/saint-vincent-de-paul-est-bien-vivant-aujourdhui-partout\/#primaryimage"},"image":{"@id":"https:\/\/filles-de-la-charite.org\/fr\/rincon-oracion\/saint-vincent-de-paul-est-bien-vivant-aujourdhui-partout\/#primaryimage"},"thumbnailUrl":"https:\/\/filles-de-la-charite.org\/wp-content\/uploads\/2023\/04\/09.2022-San-Vicente-de-Paul-ES-scaled-1.jpg","datePublished":"2022-08-31T20:00:00+00:00","inLanguage":"fr-FR","potentialAction":[{"@type":"ReadAction","target":["https:\/\/filles-de-la-charite.org\/fr\/rincon-oracion\/saint-vincent-de-paul-est-bien-vivant-aujourdhui-partout\/"]}]},{"@type":"ImageObject","inLanguage":"fr-FR","@id":"https:\/\/filles-de-la-charite.org\/fr\/rincon-oracion\/saint-vincent-de-paul-est-bien-vivant-aujourdhui-partout\/#primaryimage","url":"https:\/\/filles-de-la-charite.org\/wp-content\/uploads\/2023\/04\/09.2022-San-Vicente-de-Paul-ES-scaled-1.jpg","contentUrl":"https:\/\/filles-de-la-charite.org\/wp-content\/uploads\/2023\/04\/09.2022-San-Vicente-de-Paul-ES-scaled-1.jpg","width":2560,"height":1440},{"@type":"WebSite","@id":"https:\/\/filles-de-la-charite.org\/fr\/#website","url":"https:\/\/filles-de-la-charite.org\/fr\/","name":"Hijas de la Caridad","description":"L\u2019amour de J\u00e9sus nous presse \u00e0 prendre soin des personnes les plus d\u00e9munies","publisher":{"@id":"https:\/\/filles-de-la-charite.org\/fr\/#organization"},"potentialAction":[{"@type":"SearchAction","target":{"@type":"EntryPoint","urlTemplate":"https:\/\/filles-de-la-charite.org\/fr\/?s={search_term_string}"},"query-input":{"@type":"PropertyValueSpecification","valueRequired":true,"valueName":"search_term_string"}}],"inLanguage":"fr-FR"},{"@type":"Organization","@id":"https:\/\/filles-de-la-charite.org\/fr\/#organization","name":"Hijas de la Caridad","url":"https:\/\/filles-de-la-charite.org\/fr\/","logo":{"@type":"ImageObject","inLanguage":"fr-FR","@id":"https:\/\/filles-de-la-charite.org\/fr\/#\/schema\/logo\/image\/","url":"https:\/\/filles-de-la-charite.org\/wp-content\/uploads\/2023\/03\/isotipo-Hijas-de-la-Caridad.png","contentUrl":"https:\/\/filles-de-la-charite.org\/wp-content\/uploads\/2023\/03\/isotipo-Hijas-de-la-Caridad.png","width":1417,"height":1417,"caption":"Hijas de la Caridad"},"image":{"@id":"https:\/\/filles-de-la-charite.org\/fr\/#\/schema\/logo\/image\/"}}]}},"_links":{"self":[{"href":"https:\/\/filles-de-la-charite.org\/fr\/wp-json\/wp\/v2\/rincon-oracion\/25802","targetHints":{"allow":["GET"]}}],"collection":[{"href":"https:\/\/filles-de-la-charite.org\/fr\/wp-json\/wp\/v2\/rincon-oracion"}],"about":[{"href":"https:\/\/filles-de-la-charite.org\/fr\/wp-json\/wp\/v2\/types\/rincon-oracion"}],"wp:featuredmedia":[{"embeddable":true,"href":"https:\/\/filles-de-la-charite.org\/fr\/wp-json\/wp\/v2\/media\/2446"}],"wp:attachment":[{"href":"https:\/\/filles-de-la-charite.org\/fr\/wp-json\/wp\/v2\/media?parent=25802"}],"curies":[{"name":"wp","href":"https:\/\/api.w.org\/{rel}","templated":true}]}}

<p>Saint Vincent est cet  au caractère entier , convaincu, qui osait bousculer aussi bien les premières Dames de la Charité que les Filles de la Charité et les Missionnaires. (...)Alors que saint Vincent vit ses dernières années, nous avons en lui  le modèle d’une personne qui jusqu’à la fin a gardé l’enthousiasme, la jeunesse de coeur, des convictions fortes,l’esprit de révolte face aux injustices. (...)Vraiment, saint Vincent, avec toute sa bonté et son ardeur, nous indique le chemin.  Il ne se met pas en avant, mais il nous conduit plutôt vers le Christ et nous pousse à rester cohérents et engagées au nom de l'Evangile. (...)La folie à laquelle nous invite saint Vincent est bien celle de l’excès d'amour extrême dans notre don à Dieu. Un excès qui nous presse  à aller toujours davantage vers les plus souffrants. (...) Saint Vincent est bien vivant aujourd'hui et partout dans et à travers les membres de la Famille Vincentienne. Merci, Saint Vincent !</p>



<p><strong>Lettre de la Supérieure Générale aux Filles de la Charité, 27 septembre 2021</strong></p>



<figure class="wp-block-embed is-type-video is-provider-youtube wp-block-embed-youtube wp-embed-aspect-16-9 wp-has-aspect-ratio"><div class="wp-block-embed__wrapper">
<iframe loading="lazy" title="09 2022 Saint Vincent de Paul FR" width="1080" height="608" src="https://www.youtube.com/embed/twvsEucMihg?feature=oembed"  allow="accelerometer; autoplay; clipboard-write; encrypted-media; gyroscope; picture-in-picture; web-share" referrerpolicy="strict-origin-when-cross-origin" allowfullscreen></iframe>
</div></figure>

<!-- This site is optimized with the Yoast SEO plugin v27.5 - https://yoast.com/product/yoast-seo-wordpress/ -->
<title>Saint Vincent de Paul est bien vivant aujourd&#039;hui, partout ! - Filles de la Charité</title>
<meta name="robots" content="index, follow, max-snippet:-1, max-image-preview:large, max-video-preview:-1" />
<link rel="canonical" href="https://filles-de-la-charite.org/fr/rincon-oracion/saint-vincent-de-paul-est-bien-vivant-aujourdhui-partout/" />
<meta property="og:locale" content="fr_FR" />
<meta property="og:type" content="article" />
<meta property="og:title" content="Saint Vincent de Paul est bien vivant aujourd&#039;hui, partout ! - Filles de la Charité" />
<meta property="og:description" content="Saint Vincent est cet  au caractère entier , convaincu, qui osait bousculer aussi bien les premières Dames de la Charité que les Filles de la Charité et les Missionnaires. (&#8230;)Alors que saint Vincent vit ses dernières années, nous avons en lui  le modèle d’une personne qui jusqu’à la fin a gardé l’enthousiasme, la jeunesse de [&hellip;]" />
<meta property="og:url" content="https://filles-de-la-charite.org/fr/rincon-oracion/saint-vincent-de-paul-est-bien-vivant-aujourdhui-partout/" />
<meta property="og:site_name" content="Filles de la Charité" />
<meta property="og:image" content="https://filles-de-la-charite.org/wp-content/uploads/2023/04/09.2022-San-Vicente-de-Paul-ES-scaled-1.jpg" />
	<meta property="og:image:width" content="2560" />
	<meta property="og:image:height" content="1440" />
	<meta property="og:image:type" content="image/jpeg" />
<meta name="twitter:card" content="summary_large_image" />
<meta name="twitter:label1" content="Durée de lecture estimée" />
	<meta name="twitter:data1" content="1 minute" />
<script type="application/ld+json" class="yoast-schema-graph">{"@context":"https:\/\/schema.org","@graph":[{"@type":"WebPage","@id":"https:\/\/filles-de-la-charite.org\/fr\/rincon-oracion\/saint-vincent-de-paul-est-bien-vivant-aujourdhui-partout\/","url":"https:\/\/filles-de-la-charite.org\/fr\/rincon-oracion\/saint-vincent-de-paul-est-bien-vivant-aujourdhui-partout\/","name":"Saint Vincent de Paul est bien vivant aujourd'hui, partout ! - Filles de la Charité","isPartOf":{"@id":"https:\/\/filles-de-la-charite.org\/fr\/#website"},"primaryImageOfPage":{"@id":"https:\/\/filles-de-la-charite.org\/fr\/rincon-oracion\/saint-vincent-de-paul-est-bien-vivant-aujourdhui-partout\/#primaryimage"},"image":{"@id":"https:\/\/filles-de-la-charite.org\/fr\/rincon-oracion\/saint-vincent-de-paul-est-bien-vivant-aujourdhui-partout\/#primaryimage"},"thumbnailUrl":"https:\/\/filles-de-la-charite.org\/wp-content\/uploads\/2023\/04\/09.2022-San-Vicente-de-Paul-ES-scaled-1.jpg","datePublished":"2022-08-31T20:00:00+00:00","inLanguage":"fr-FR","potentialAction":[{"@type":"ReadAction","target":["https:\/\/filles-de-la-charite.org\/fr\/rincon-oracion\/saint-vincent-de-paul-est-bien-vivant-aujourdhui-partout\/"]}]},{"@type":"ImageObject","inLanguage":"fr-FR","@id":"https:\/\/filles-de-la-charite.org\/fr\/rincon-oracion\/saint-vincent-de-paul-est-bien-vivant-aujourdhui-partout\/#primaryimage","url":"https:\/\/filles-de-la-charite.org\/wp-content\/uploads\/2023\/04\/09.2022-San-Vicente-de-Paul-ES-scaled-1.jpg","contentUrl":"https:\/\/filles-de-la-charite.org\/wp-content\/uploads\/2023\/04\/09.2022-San-Vicente-de-Paul-ES-scaled-1.jpg","width":2560,"height":1440},{"@type":"WebSite","@id":"https:\/\/filles-de-la-charite.org\/fr\/#website","url":"https:\/\/filles-de-la-charite.org\/fr\/","name":"Hijas de la Caridad","description":"L’amour de Jésus nous presse à prendre soin des personnes les plus démunies","publisher":{"@id":"https:\/\/filles-de-la-charite.org\/fr\/#organization"},"potentialAction":[{"@type":"SearchAction","target":{"@type":"EntryPoint","urlTemplate":"https:\/\/filles-de-la-charite.org\/fr\/?s={search_term_string}"},"query-input":{"@type":"PropertyValueSpecification","valueRequired":true,"valueName":"search_term_string"}}],"inLanguage":"fr-FR"},{"@type":"Organization","@id":"https:\/\/filles-de-la-charite.org\/fr\/#organization","name":"Hijas de la Caridad","url":"https:\/\/filles-de-la-charite.org\/fr\/","logo":{"@type":"ImageObject","inLanguage":"fr-FR","@id":"https:\/\/filles-de-la-charite.org\/fr\/#\/schema\/logo\/image\/","url":"https:\/\/filles-de-la-charite.org\/wp-content\/uploads\/2023\/03\/isotipo-Hijas-de-la-Caridad.png","contentUrl":"https:\/\/filles-de-la-charite.org\/wp-content\/uploads\/2023\/03\/isotipo-Hijas-de-la-Caridad.png","width":1417,"height":1417,"caption":"Hijas de la Caridad"},"image":{"@id":"https:\/\/filles-de-la-charite.org\/fr\/#\/schema\/logo\/image\/"}}]}</script>
<!-- / Yoast SEO plugin. -->

Saint Vincent de Paul est bien vivant aujourd'hui, partout ! - Filles de la Charité

Saint Vincent est cet  au caractère entier , convaincu, qui osait bousculer aussi bien les premières Dames de la Charité que les Filles de la Charité et les Missionnaires. (&#8230;)Alors que saint Vincent vit ses dernières années, nous avons en lui  le modèle d’une personne qui jusqu’à la fin a gardé l’enthousiasme, la jeunesse de [&hellip;]

Filles de la Charité

L’amour de Jésus nous presse à prendre soin des personnes les plus démunies
