{"id":25810,"date":"2022-10-31T23:00:00","date_gmt":"2022-10-31T22:00:00","guid":{"rendered":"https:\/\/hijascaridad.sjdigitaldemo.ovh\/rincon-oracion\/contempler-les-mysteres-glorieux-du-rosaire\/"},"modified":"2022-10-31T23:00:00","modified_gmt":"2022-10-31T22:00:00","slug":"contempler-les-mysteres-glorieux-du-rosaire","status":"publish","type":"rincon-oracion","link":"https:\/\/filles-de-la-charite.org\/fr\/rincon-oracion\/contempler-les-mysteres-glorieux-du-rosaire\/","title":{"rendered":"Contempler les Myst\u00e8res Glorieux du Rosaire"},"content":{"rendered":"\n<p><strong><em>\u2026 sous la protection de Marie &#8230; <\/em><\/strong><\/p>\n\n\n\n<p>Les Fondateurs ont inculqu\u00e9 aux Filles de la Charit\u00e9 l&rsquo;amour et l&rsquo;imitation de la Vierge, en qui ils les invitent \u00e0 contempler: <\/p>\n\n\n\n<p>&#8211; L&rsquo;Immacul\u00e9e, totalement ouverte \u00e0 l&rsquo;Esprit, d\u00e9sign\u00e9e par Saint Vincent, \u00e0 la suite de J\u00e9sus, comme l&rsquo;exemple parfait de ceux qui \u00ab \u00e9coutent la Parole et qui la gardent \u00bb <\/p>\n\n\n\n<p>&#8211; La Servante, humble et fid\u00e8le, des desseins du P\u00e8re, mod\u00e8le des c\u0153urs pauvres ; <\/p>\n\n\n\n<p>&#8211; La M\u00e8re de Dieu, M\u00e8re de mis\u00e9ricorde et esp\u00e9rance des petits, intimement unie a son Fils, Lui conduisant ceux qui se confient en elle M\u00e8re de l&rsquo;Eglise et unique M\u00e8re de la Compagnie, \u00e0 qui Sainte Louise d\u00e9dia la Communaut\u00e9 naissante, qu&rsquo;elle voulait mettre pour toujours sous sa protection ( C. 15b ) .<\/p>\n\n\n\n<figure class=\"wp-block-embed is-type-video is-provider-youtube wp-block-embed-youtube wp-embed-aspect-16-9 wp-has-aspect-ratio\"><div class=\"wp-block-embed__wrapper\">\n<iframe loading=\"lazy\" title=\"Contempler les Myst\u00e8res Glorieux du Rosaire (International) FR\" width=\"1080\" height=\"608\" src=\"https:\/\/www.youtube.com\/embed\/pvp8A64tG6k?feature=oembed\"  allow=\"accelerometer; autoplay; clipboard-write; encrypted-media; gyroscope; picture-in-picture; web-share\" referrerpolicy=\"strict-origin-when-cross-origin\" allowfullscreen><\/iframe>\n<\/div><\/figure>\n","protected":false},"featured_media":25811,"template":"","meta":{"_acf_changed":false,"_et_pb_use_builder":"","_et_pb_old_content":"","_et_gb_content_width":"","_links_to":"","_links_to_target":""},"class_list":["post-25810","rincon-oracion","type-rincon-oracion","status-publish","has-post-thumbnail","hentry"],"acf":[],"yoast_head":"<!-- This site is optimized with the Yoast SEO plugin v27.5 - https:\/\/yoast.com\/product\/yoast-seo-wordpress\/ -->\n<title>Contempler les Myst\u00e8res Glorieux du Rosaire - Filles de la Charit\u00e9<\/title>\n<meta name=\"robots\" content=\"index, follow, max-snippet:-1, max-image-preview:large, max-video-preview:-1\" \/>\n<link rel=\"canonical\" href=\"https:\/\/filles-de-la-charite.org\/fr\/rincon-oracion\/contempler-les-mysteres-glorieux-du-rosaire\/\" \/>\n<meta property=\"og:locale\" content=\"fr_FR\" \/>\n<meta property=\"og:type\" content=\"article\" \/>\n<meta property=\"og:title\" content=\"Contempler les Myst\u00e8res Glorieux du Rosaire - Filles de la Charit\u00e9\" \/>\n<meta property=\"og:description\" content=\"\u2026 sous la protection de Marie &#8230; Les Fondateurs ont inculqu\u00e9 aux Filles de la Charit\u00e9 l&rsquo;amour et l&rsquo;imitation de la Vierge, en qui ils les invitent \u00e0 contempler: &#8211; L&rsquo;Immacul\u00e9e, totalement ouverte \u00e0 l&rsquo;Esprit, d\u00e9sign\u00e9e par Saint Vincent, \u00e0 la suite de J\u00e9sus, comme l&rsquo;exemple parfait de ceux qui \u00ab \u00e9coutent la Parole et [&hellip;]\" \/>\n<meta property=\"og:url\" content=\"https:\/\/filles-de-la-charite.org\/fr\/rincon-oracion\/contempler-les-mysteres-glorieux-du-rosaire\/\" \/>\n<meta property=\"og:site_name\" content=\"Filles de la Charit\u00e9\" \/>\n<meta property=\"og:image\" content=\"https:\/\/filles-de-la-charite.org\/wp-content\/uploads\/2023\/06\/FR-scaled-2.jpg\" \/>\n\t<meta property=\"og:image:width\" content=\"2560\" \/>\n\t<meta property=\"og:image:height\" content=\"1440\" \/>\n\t<meta property=\"og:image:type\" content=\"image\/jpeg\" \/>\n<meta name=\"twitter:card\" content=\"summary_large_image\" \/>\n<meta name=\"twitter:label1\" content=\"Dur\u00e9e de lecture estim\u00e9e\" \/>\n\t<meta name=\"twitter:data1\" content=\"1 minute\" \/>\n<script type=\"application\/ld+json\" class=\"yoast-schema-graph\">{\"@context\":\"https:\\\/\\\/schema.org\",\"@graph\":[{\"@type\":\"WebPage\",\"@id\":\"https:\\\/\\\/filles-de-la-charite.org\\\/fr\\\/rincon-oracion\\\/contempler-les-mysteres-glorieux-du-rosaire\\\/\",\"url\":\"https:\\\/\\\/filles-de-la-charite.org\\\/fr\\\/rincon-oracion\\\/contempler-les-mysteres-glorieux-du-rosaire\\\/\",\"name\":\"Contempler les Myst\u00e8res Glorieux du Rosaire - Filles de la Charit\u00e9\",\"isPartOf\":{\"@id\":\"https:\\\/\\\/filles-de-la-charite.org\\\/fr\\\/#website\"},\"primaryImageOfPage\":{\"@id\":\"https:\\\/\\\/filles-de-la-charite.org\\\/fr\\\/rincon-oracion\\\/contempler-les-mysteres-glorieux-du-rosaire\\\/#primaryimage\"},\"image\":{\"@id\":\"https:\\\/\\\/filles-de-la-charite.org\\\/fr\\\/rincon-oracion\\\/contempler-les-mysteres-glorieux-du-rosaire\\\/#primaryimage\"},\"thumbnailUrl\":\"https:\\\/\\\/filles-de-la-charite.org\\\/wp-content\\\/uploads\\\/2023\\\/06\\\/FR-scaled-2.jpg\",\"datePublished\":\"2022-10-31T22:00:00+00:00\",\"inLanguage\":\"fr-FR\",\"potentialAction\":[{\"@type\":\"ReadAction\",\"target\":[\"https:\\\/\\\/filles-de-la-charite.org\\\/fr\\\/rincon-oracion\\\/contempler-les-mysteres-glorieux-du-rosaire\\\/\"]}]},{\"@type\":\"ImageObject\",\"inLanguage\":\"fr-FR\",\"@id\":\"https:\\\/\\\/filles-de-la-charite.org\\\/fr\\\/rincon-oracion\\\/contempler-les-mysteres-glorieux-du-rosaire\\\/#primaryimage\",\"url\":\"https:\\\/\\\/filles-de-la-charite.org\\\/wp-content\\\/uploads\\\/2023\\\/06\\\/FR-scaled-2.jpg\",\"contentUrl\":\"https:\\\/\\\/filles-de-la-charite.org\\\/wp-content\\\/uploads\\\/2023\\\/06\\\/FR-scaled-2.jpg\",\"width\":2560,\"height\":1440},{\"@type\":\"WebSite\",\"@id\":\"https:\\\/\\\/filles-de-la-charite.org\\\/fr\\\/#website\",\"url\":\"https:\\\/\\\/filles-de-la-charite.org\\\/fr\\\/\",\"name\":\"Hijas de la Caridad\",\"description\":\"L\u2019amour de J\u00e9sus nous presse \u00e0 prendre soin des personnes les plus d\u00e9munies\",\"publisher\":{\"@id\":\"https:\\\/\\\/filles-de-la-charite.org\\\/fr\\\/#organization\"},\"potentialAction\":[{\"@type\":\"SearchAction\",\"target\":{\"@type\":\"EntryPoint\",\"urlTemplate\":\"https:\\\/\\\/filles-de-la-charite.org\\\/fr\\\/?s={search_term_string}\"},\"query-input\":{\"@type\":\"PropertyValueSpecification\",\"valueRequired\":true,\"valueName\":\"search_term_string\"}}],\"inLanguage\":\"fr-FR\"},{\"@type\":\"Organization\",\"@id\":\"https:\\\/\\\/filles-de-la-charite.org\\\/fr\\\/#organization\",\"name\":\"Hijas de la Caridad\",\"url\":\"https:\\\/\\\/filles-de-la-charite.org\\\/fr\\\/\",\"logo\":{\"@type\":\"ImageObject\",\"inLanguage\":\"fr-FR\",\"@id\":\"https:\\\/\\\/filles-de-la-charite.org\\\/fr\\\/#\\\/schema\\\/logo\\\/image\\\/\",\"url\":\"https:\\\/\\\/filles-de-la-charite.org\\\/wp-content\\\/uploads\\\/2023\\\/03\\\/isotipo-Hijas-de-la-Caridad.png\",\"contentUrl\":\"https:\\\/\\\/filles-de-la-charite.org\\\/wp-content\\\/uploads\\\/2023\\\/03\\\/isotipo-Hijas-de-la-Caridad.png\",\"width\":1417,\"height\":1417,\"caption\":\"Hijas de la Caridad\"},\"image\":{\"@id\":\"https:\\\/\\\/filles-de-la-charite.org\\\/fr\\\/#\\\/schema\\\/logo\\\/image\\\/\"}}]}<\/script>\n<!-- \/ Yoast SEO plugin. -->","yoast_head_json":{"title":"Contempler les Myst\u00e8res Glorieux du Rosaire - Filles de la Charit\u00e9","robots":{"index":"index","follow":"follow","max-snippet":"max-snippet:-1","max-image-preview":"max-image-preview:large","max-video-preview":"max-video-preview:-1"},"canonical":"https:\/\/filles-de-la-charite.org\/fr\/rincon-oracion\/contempler-les-mysteres-glorieux-du-rosaire\/","og_locale":"fr_FR","og_type":"article","og_title":"Contempler les Myst\u00e8res Glorieux du Rosaire - Filles de la Charit\u00e9","og_description":"\u2026 sous la protection de Marie &#8230; Les Fondateurs ont inculqu\u00e9 aux Filles de la Charit\u00e9 l&rsquo;amour et l&rsquo;imitation de la Vierge, en qui ils les invitent \u00e0 contempler: &#8211; L&rsquo;Immacul\u00e9e, totalement ouverte \u00e0 l&rsquo;Esprit, d\u00e9sign\u00e9e par Saint Vincent, \u00e0 la suite de J\u00e9sus, comme l&rsquo;exemple parfait de ceux qui \u00ab \u00e9coutent la Parole et [&hellip;]","og_url":"https:\/\/filles-de-la-charite.org\/fr\/rincon-oracion\/contempler-les-mysteres-glorieux-du-rosaire\/","og_site_name":"Filles de la Charit\u00e9","og_image":[{"width":2560,"height":1440,"url":"https:\/\/filles-de-la-charite.org\/wp-content\/uploads\/2023\/06\/FR-scaled-2.jpg","type":"image\/jpeg"}],"twitter_card":"summary_large_image","twitter_misc":{"Dur\u00e9e de lecture estim\u00e9e":"1 minute"},"schema":{"@context":"https:\/\/schema.org","@graph":[{"@type":"WebPage","@id":"https:\/\/filles-de-la-charite.org\/fr\/rincon-oracion\/contempler-les-mysteres-glorieux-du-rosaire\/","url":"https:\/\/filles-de-la-charite.org\/fr\/rincon-oracion\/contempler-les-mysteres-glorieux-du-rosaire\/","name":"Contempler les Myst\u00e8res Glorieux du Rosaire - Filles de la Charit\u00e9","isPartOf":{"@id":"https:\/\/filles-de-la-charite.org\/fr\/#website"},"primaryImageOfPage":{"@id":"https:\/\/filles-de-la-charite.org\/fr\/rincon-oracion\/contempler-les-mysteres-glorieux-du-rosaire\/#primaryimage"},"image":{"@id":"https:\/\/filles-de-la-charite.org\/fr\/rincon-oracion\/contempler-les-mysteres-glorieux-du-rosaire\/#primaryimage"},"thumbnailUrl":"https:\/\/filles-de-la-charite.org\/wp-content\/uploads\/2023\/06\/FR-scaled-2.jpg","datePublished":"2022-10-31T22:00:00+00:00","inLanguage":"fr-FR","potentialAction":[{"@type":"ReadAction","target":["https:\/\/filles-de-la-charite.org\/fr\/rincon-oracion\/contempler-les-mysteres-glorieux-du-rosaire\/"]}]},{"@type":"ImageObject","inLanguage":"fr-FR","@id":"https:\/\/filles-de-la-charite.org\/fr\/rincon-oracion\/contempler-les-mysteres-glorieux-du-rosaire\/#primaryimage","url":"https:\/\/filles-de-la-charite.org\/wp-content\/uploads\/2023\/06\/FR-scaled-2.jpg","contentUrl":"https:\/\/filles-de-la-charite.org\/wp-content\/uploads\/2023\/06\/FR-scaled-2.jpg","width":2560,"height":1440},{"@type":"WebSite","@id":"https:\/\/filles-de-la-charite.org\/fr\/#website","url":"https:\/\/filles-de-la-charite.org\/fr\/","name":"Hijas de la Caridad","description":"L\u2019amour de J\u00e9sus nous presse \u00e0 prendre soin des personnes les plus d\u00e9munies","publisher":{"@id":"https:\/\/filles-de-la-charite.org\/fr\/#organization"},"potentialAction":[{"@type":"SearchAction","target":{"@type":"EntryPoint","urlTemplate":"https:\/\/filles-de-la-charite.org\/fr\/?s={search_term_string}"},"query-input":{"@type":"PropertyValueSpecification","valueRequired":true,"valueName":"search_term_string"}}],"inLanguage":"fr-FR"},{"@type":"Organization","@id":"https:\/\/filles-de-la-charite.org\/fr\/#organization","name":"Hijas de la Caridad","url":"https:\/\/filles-de-la-charite.org\/fr\/","logo":{"@type":"ImageObject","inLanguage":"fr-FR","@id":"https:\/\/filles-de-la-charite.org\/fr\/#\/schema\/logo\/image\/","url":"https:\/\/filles-de-la-charite.org\/wp-content\/uploads\/2023\/03\/isotipo-Hijas-de-la-Caridad.png","contentUrl":"https:\/\/filles-de-la-charite.org\/wp-content\/uploads\/2023\/03\/isotipo-Hijas-de-la-Caridad.png","width":1417,"height":1417,"caption":"Hijas de la Caridad"},"image":{"@id":"https:\/\/filles-de-la-charite.org\/fr\/#\/schema\/logo\/image\/"}}]}},"_links":{"self":[{"href":"https:\/\/filles-de-la-charite.org\/fr\/wp-json\/wp\/v2\/rincon-oracion\/25810","targetHints":{"allow":["GET"]}}],"collection":[{"href":"https:\/\/filles-de-la-charite.org\/fr\/wp-json\/wp\/v2\/rincon-oracion"}],"about":[{"href":"https:\/\/filles-de-la-charite.org\/fr\/wp-json\/wp\/v2\/types\/rincon-oracion"}],"wp:featuredmedia":[{"embeddable":true,"href":"https:\/\/filles-de-la-charite.org\/fr\/wp-json\/wp\/v2\/media\/25811"}],"wp:attachment":[{"href":"https:\/\/filles-de-la-charite.org\/fr\/wp-json\/wp\/v2\/media?parent=25810"}],"curies":[{"name":"wp","href":"https:\/\/api.w.org\/{rel}","templated":true}]}}

Contempler les Mystères Glorieux du Rosaire

<p><strong><em>… sous la protection de Marie &#8230; </em></strong></p>



<p>Les Fondateurs ont inculqué aux Filles de la Charité l&rsquo;amour et l&rsquo;imitation de la Vierge, en qui ils les invitent à contempler: </p>



<p>&#8211; L&rsquo;Immaculée, totalement ouverte à l&rsquo;Esprit, désignée par Saint Vincent, à la suite de Jésus, comme l&rsquo;exemple parfait de ceux qui « écoutent la Parole et qui la gardent » </p>



<p>&#8211; La Servante, humble et fidèle, des desseins du Père, modèle des cœurs pauvres ; </p>



<p>&#8211; La Mère de Dieu, Mère de miséricorde et espérance des petits, intimement unie a son Fils, Lui conduisant ceux qui se confient en elle Mère de l&rsquo;Eglise et unique Mère de la Compagnie, à qui Sainte Louise dédia la Communauté naissante, qu&rsquo;elle voulait mettre pour toujours sous sa protection ( C. 15b ) .</p>



<figure class="wp-block-embed is-type-video is-provider-youtube wp-block-embed-youtube wp-embed-aspect-16-9 wp-has-aspect-ratio"><div class="wp-block-embed__wrapper">
<iframe loading="lazy" title="Contempler les Mystères Glorieux du Rosaire (International) FR" width="1080" height="608" src="https://www.youtube.com/embed/pvp8A64tG6k?feature=oembed"  allow="accelerometer; autoplay; clipboard-write; encrypted-media; gyroscope; picture-in-picture; web-share" referrerpolicy="strict-origin-when-cross-origin" allowfullscreen></iframe>
</div></figure>

<!-- This site is optimized with the Yoast SEO plugin v27.5 - https://yoast.com/product/yoast-seo-wordpress/ -->
<title>Contempler les Mystères Glorieux du Rosaire - Filles de la Charité</title>
<meta name="robots" content="index, follow, max-snippet:-1, max-image-preview:large, max-video-preview:-1" />
<link rel="canonical" href="https://filles-de-la-charite.org/fr/rincon-oracion/contempler-les-mysteres-glorieux-du-rosaire/" />
<meta property="og:locale" content="fr_FR" />
<meta property="og:type" content="article" />
<meta property="og:title" content="Contempler les Mystères Glorieux du Rosaire - Filles de la Charité" />
<meta property="og:description" content="… sous la protection de Marie &#8230; Les Fondateurs ont inculqué aux Filles de la Charité l&rsquo;amour et l&rsquo;imitation de la Vierge, en qui ils les invitent à contempler: &#8211; L&rsquo;Immaculée, totalement ouverte à l&rsquo;Esprit, désignée par Saint Vincent, à la suite de Jésus, comme l&rsquo;exemple parfait de ceux qui « écoutent la Parole et [&hellip;]" />
<meta property="og:url" content="https://filles-de-la-charite.org/fr/rincon-oracion/contempler-les-mysteres-glorieux-du-rosaire/" />
<meta property="og:site_name" content="Filles de la Charité" />
<meta property="og:image" content="https://filles-de-la-charite.org/wp-content/uploads/2023/06/FR-scaled-2.jpg" />
	<meta property="og:image:width" content="2560" />
	<meta property="og:image:height" content="1440" />
	<meta property="og:image:type" content="image/jpeg" />
<meta name="twitter:card" content="summary_large_image" />
<meta name="twitter:label1" content="Durée de lecture estimée" />
	<meta name="twitter:data1" content="1 minute" />
<script type="application/ld+json" class="yoast-schema-graph">{"@context":"https:\/\/schema.org","@graph":[{"@type":"WebPage","@id":"https:\/\/filles-de-la-charite.org\/fr\/rincon-oracion\/contempler-les-mysteres-glorieux-du-rosaire\/","url":"https:\/\/filles-de-la-charite.org\/fr\/rincon-oracion\/contempler-les-mysteres-glorieux-du-rosaire\/","name":"Contempler les Mystères Glorieux du Rosaire - Filles de la Charité","isPartOf":{"@id":"https:\/\/filles-de-la-charite.org\/fr\/#website"},"primaryImageOfPage":{"@id":"https:\/\/filles-de-la-charite.org\/fr\/rincon-oracion\/contempler-les-mysteres-glorieux-du-rosaire\/#primaryimage"},"image":{"@id":"https:\/\/filles-de-la-charite.org\/fr\/rincon-oracion\/contempler-les-mysteres-glorieux-du-rosaire\/#primaryimage"},"thumbnailUrl":"https:\/\/filles-de-la-charite.org\/wp-content\/uploads\/2023\/06\/FR-scaled-2.jpg","datePublished":"2022-10-31T22:00:00+00:00","inLanguage":"fr-FR","potentialAction":[{"@type":"ReadAction","target":["https:\/\/filles-de-la-charite.org\/fr\/rincon-oracion\/contempler-les-mysteres-glorieux-du-rosaire\/"]}]},{"@type":"ImageObject","inLanguage":"fr-FR","@id":"https:\/\/filles-de-la-charite.org\/fr\/rincon-oracion\/contempler-les-mysteres-glorieux-du-rosaire\/#primaryimage","url":"https:\/\/filles-de-la-charite.org\/wp-content\/uploads\/2023\/06\/FR-scaled-2.jpg","contentUrl":"https:\/\/filles-de-la-charite.org\/wp-content\/uploads\/2023\/06\/FR-scaled-2.jpg","width":2560,"height":1440},{"@type":"WebSite","@id":"https:\/\/filles-de-la-charite.org\/fr\/#website","url":"https:\/\/filles-de-la-charite.org\/fr\/","name":"Hijas de la Caridad","description":"L’amour de Jésus nous presse à prendre soin des personnes les plus démunies","publisher":{"@id":"https:\/\/filles-de-la-charite.org\/fr\/#organization"},"potentialAction":[{"@type":"SearchAction","target":{"@type":"EntryPoint","urlTemplate":"https:\/\/filles-de-la-charite.org\/fr\/?s={search_term_string}"},"query-input":{"@type":"PropertyValueSpecification","valueRequired":true,"valueName":"search_term_string"}}],"inLanguage":"fr-FR"},{"@type":"Organization","@id":"https:\/\/filles-de-la-charite.org\/fr\/#organization","name":"Hijas de la Caridad","url":"https:\/\/filles-de-la-charite.org\/fr\/","logo":{"@type":"ImageObject","inLanguage":"fr-FR","@id":"https:\/\/filles-de-la-charite.org\/fr\/#\/schema\/logo\/image\/","url":"https:\/\/filles-de-la-charite.org\/wp-content\/uploads\/2023\/03\/isotipo-Hijas-de-la-Caridad.png","contentUrl":"https:\/\/filles-de-la-charite.org\/wp-content\/uploads\/2023\/03\/isotipo-Hijas-de-la-Caridad.png","width":1417,"height":1417,"caption":"Hijas de la Caridad"},"image":{"@id":"https:\/\/filles-de-la-charite.org\/fr\/#\/schema\/logo\/image\/"}}]}</script>
<!-- / Yoast SEO plugin. -->

Contempler les Mystères Glorieux du Rosaire - Filles de la Charité

… sous la protection de Marie &#8230; Les Fondateurs ont inculqué aux Filles de la Charité l&rsquo;amour et l&rsquo;imitation de la Vierge, en qui ils les invitent à contempler: &#8211; L&rsquo;Immaculée, totalement ouverte à l&rsquo;Esprit, désignée par Saint Vincent, à la suite de Jésus, comme l&rsquo;exemple parfait de ceux qui « écoutent la Parole et [&hellip;]

Filles de la Charité

L’amour de Jésus nous presse à prendre soin des personnes les plus démunies
