{"id":25824,"date":"2022-12-31T23:00:00","date_gmt":"2022-12-31T22:00:00","guid":{"rendered":"https:\/\/hijascaridad.sjdigitaldemo.ovh\/rincon-oracion\/il-sera-notre-paix\/"},"modified":"2022-12-31T23:00:00","modified_gmt":"2022-12-31T22:00:00","slug":"il-sera-notre-paix","status":"publish","type":"rincon-oracion","link":"https:\/\/filles-de-la-charite.org\/fr\/rincon-oracion\/il-sera-notre-paix\/","title":{"rendered":"Il sera notre PAIX !"},"content":{"rendered":"\n<p>Dans une lettre au pape Innocent X, saint Vincent de Paul d\u00e9crit les effets de la guerre :<\/p>\n\n\n\n<p>&#8230;le peuple est divis\u00e9 en diverses factions ; les villes et les provinces sont ruin\u00e9es par les guerres civiles ; les fermes, les cantons et les villes sont d\u00e9truits, ruin\u00e9s et br\u00fbl\u00e9s. Les paysans ne peuvent pas r\u00e9colter ce qu&rsquo;ils ont sem\u00e9 et ne plantent plus rien pour les ann\u00e9es \u00e0 venir. Les soldats font ce qu&rsquo;ils veulent ; le peuple est expos\u00e9 non seulement \u00e0 leurs vols et pillages, mais aussi aux meurtres et \u00e0 toutes sortes de tortures. La plupart des habitants des campagnes p\u00e9rissent de faim, sinon par l&rsquo;\u00e9p\u00e9e. Pas m\u00eame les pr\u00eatres n&rsquo;\u00e9chappent aux mains des soldats ; ils sont trait\u00e9s avec une cruaut\u00e9 inhumaine, tortur\u00e9s et tu\u00e9s. Les jeunes femmes sont viol\u00e9es, et m\u00eame les religieuses sont victimes de leur convoitise et de leur fureur. Les \u00e9glises sont profan\u00e9es, pill\u00e9es et d\u00e9truites ; celles qui restent debout sont, pour la plupart, abandonn\u00e9es par leurs pasteurs, de sorte que le peuple est priv\u00e9 des sacrements, de la messe et de presque toute autre assistance spirituelle. &#8230; C&rsquo;est peu de choses que d&rsquo;entendre ou de lire ces choses ; il faut les voir et les constater de ses propres yeux. (Lettre 1539. Coste IV.)<\/p>\n\n\n\n<p>Aujourd&rsquo;hui, la guerre et la violence sont encore des r\u00e9alit\u00e9s douloureuses dans notre monde. Ce coin de pri\u00e8re tente, en utilisant les mots de St Vincent et la pri\u00e8re pour la paix du Pape Fran\u00e7ois, de nous conduire plus profond\u00e9ment dans nos c\u0153urs alors que nous prions pour la PAIX \u00e0 laquelle nous aspirons&#8230; la PAIX que J\u00e9sus a apport\u00e9e le \u00ab\u00a0premier jour de No\u00ebl\u00a0\u00bb, la PAIX qui commence avec et en nous&#8230; la PAIX qui est J\u00e9sus lui-m\u00eame&#8230;<\/p>\n\n\n\n<figure class=\"wp-block-embed is-type-video is-provider-youtube wp-block-embed-youtube wp-embed-aspect-16-9 wp-has-aspect-ratio\"><div class=\"wp-block-embed__wrapper\">\n<iframe loading=\"lazy\" title=\"[Janvier 2023] Il sera notre PAIX ! FR\" width=\"1080\" height=\"608\" src=\"https:\/\/www.youtube.com\/embed\/fpWx_rQt1HU?feature=oembed\"  allow=\"accelerometer; autoplay; clipboard-write; encrypted-media; gyroscope; picture-in-picture; web-share\" referrerpolicy=\"strict-origin-when-cross-origin\" allowfullscreen><\/iframe>\n<\/div><\/figure>\n","protected":false},"featured_media":25825,"template":"","meta":{"_acf_changed":false,"_et_pb_use_builder":"","_et_pb_old_content":"","_et_gb_content_width":"","_links_to":"","_links_to_target":""},"class_list":["post-25824","rincon-oracion","type-rincon-oracion","status-publish","has-post-thumbnail","hentry"],"acf":[],"yoast_head":"<!-- This site is optimized with the Yoast SEO plugin v27.5 - https:\/\/yoast.com\/product\/yoast-seo-wordpress\/ -->\n<title>Il sera notre PAIX ! - Filles de la Charit\u00e9<\/title>\n<meta name=\"robots\" content=\"index, follow, max-snippet:-1, max-image-preview:large, max-video-preview:-1\" \/>\n<link rel=\"canonical\" href=\"https:\/\/filles-de-la-charite.org\/fr\/rincon-oracion\/il-sera-notre-paix\/\" \/>\n<meta property=\"og:locale\" content=\"fr_FR\" \/>\n<meta property=\"og:type\" content=\"article\" \/>\n<meta property=\"og:title\" content=\"Il sera notre PAIX ! - Filles de la Charit\u00e9\" \/>\n<meta property=\"og:description\" content=\"Dans une lettre au pape Innocent X, saint Vincent de Paul d\u00e9crit les effets de la guerre : &#8230;le peuple est divis\u00e9 en diverses factions ; les villes et les provinces sont ruin\u00e9es par les guerres civiles ; les fermes, les cantons et les villes sont d\u00e9truits, ruin\u00e9s et br\u00fbl\u00e9s. Les paysans ne peuvent pas [&hellip;]\" \/>\n<meta property=\"og:url\" content=\"https:\/\/filles-de-la-charite.org\/fr\/rincon-oracion\/il-sera-notre-paix\/\" \/>\n<meta property=\"og:site_name\" content=\"Filles de la Charit\u00e9\" \/>\n<meta property=\"og:image\" content=\"https:\/\/filles-de-la-charite.org\/wp-content\/uploads\/2023\/06\/Janvier-2023-IL-SERA-NOTRE-PAIX-FR-scaled-1.jpg\" \/>\n\t<meta property=\"og:image:width\" content=\"2560\" \/>\n\t<meta property=\"og:image:height\" content=\"1440\" \/>\n\t<meta property=\"og:image:type\" content=\"image\/jpeg\" \/>\n<meta name=\"twitter:card\" content=\"summary_large_image\" \/>\n<meta name=\"twitter:label1\" content=\"Dur\u00e9e de lecture estim\u00e9e\" \/>\n\t<meta name=\"twitter:data1\" content=\"2 minutes\" \/>\n<script type=\"application\/ld+json\" class=\"yoast-schema-graph\">{\"@context\":\"https:\\\/\\\/schema.org\",\"@graph\":[{\"@type\":\"WebPage\",\"@id\":\"https:\\\/\\\/filles-de-la-charite.org\\\/fr\\\/rincon-oracion\\\/il-sera-notre-paix\\\/\",\"url\":\"https:\\\/\\\/filles-de-la-charite.org\\\/fr\\\/rincon-oracion\\\/il-sera-notre-paix\\\/\",\"name\":\"Il sera notre PAIX ! - Filles de la Charit\u00e9\",\"isPartOf\":{\"@id\":\"https:\\\/\\\/filles-de-la-charite.org\\\/fr\\\/#website\"},\"primaryImageOfPage\":{\"@id\":\"https:\\\/\\\/filles-de-la-charite.org\\\/fr\\\/rincon-oracion\\\/il-sera-notre-paix\\\/#primaryimage\"},\"image\":{\"@id\":\"https:\\\/\\\/filles-de-la-charite.org\\\/fr\\\/rincon-oracion\\\/il-sera-notre-paix\\\/#primaryimage\"},\"thumbnailUrl\":\"https:\\\/\\\/filles-de-la-charite.org\\\/wp-content\\\/uploads\\\/2023\\\/06\\\/Janvier-2023-IL-SERA-NOTRE-PAIX-FR-scaled-1.jpg\",\"datePublished\":\"2022-12-31T22:00:00+00:00\",\"inLanguage\":\"fr-FR\",\"potentialAction\":[{\"@type\":\"ReadAction\",\"target\":[\"https:\\\/\\\/filles-de-la-charite.org\\\/fr\\\/rincon-oracion\\\/il-sera-notre-paix\\\/\"]}]},{\"@type\":\"ImageObject\",\"inLanguage\":\"fr-FR\",\"@id\":\"https:\\\/\\\/filles-de-la-charite.org\\\/fr\\\/rincon-oracion\\\/il-sera-notre-paix\\\/#primaryimage\",\"url\":\"https:\\\/\\\/filles-de-la-charite.org\\\/wp-content\\\/uploads\\\/2023\\\/06\\\/Janvier-2023-IL-SERA-NOTRE-PAIX-FR-scaled-1.jpg\",\"contentUrl\":\"https:\\\/\\\/filles-de-la-charite.org\\\/wp-content\\\/uploads\\\/2023\\\/06\\\/Janvier-2023-IL-SERA-NOTRE-PAIX-FR-scaled-1.jpg\",\"width\":2560,\"height\":1440},{\"@type\":\"WebSite\",\"@id\":\"https:\\\/\\\/filles-de-la-charite.org\\\/fr\\\/#website\",\"url\":\"https:\\\/\\\/filles-de-la-charite.org\\\/fr\\\/\",\"name\":\"Hijas de la Caridad\",\"description\":\"L\u2019amour de J\u00e9sus nous presse \u00e0 prendre soin des personnes les plus d\u00e9munies\",\"publisher\":{\"@id\":\"https:\\\/\\\/filles-de-la-charite.org\\\/fr\\\/#organization\"},\"potentialAction\":[{\"@type\":\"SearchAction\",\"target\":{\"@type\":\"EntryPoint\",\"urlTemplate\":\"https:\\\/\\\/filles-de-la-charite.org\\\/fr\\\/?s={search_term_string}\"},\"query-input\":{\"@type\":\"PropertyValueSpecification\",\"valueRequired\":true,\"valueName\":\"search_term_string\"}}],\"inLanguage\":\"fr-FR\"},{\"@type\":\"Organization\",\"@id\":\"https:\\\/\\\/filles-de-la-charite.org\\\/fr\\\/#organization\",\"name\":\"Hijas de la Caridad\",\"url\":\"https:\\\/\\\/filles-de-la-charite.org\\\/fr\\\/\",\"logo\":{\"@type\":\"ImageObject\",\"inLanguage\":\"fr-FR\",\"@id\":\"https:\\\/\\\/filles-de-la-charite.org\\\/fr\\\/#\\\/schema\\\/logo\\\/image\\\/\",\"url\":\"https:\\\/\\\/filles-de-la-charite.org\\\/wp-content\\\/uploads\\\/2023\\\/03\\\/isotipo-Hijas-de-la-Caridad.png\",\"contentUrl\":\"https:\\\/\\\/filles-de-la-charite.org\\\/wp-content\\\/uploads\\\/2023\\\/03\\\/isotipo-Hijas-de-la-Caridad.png\",\"width\":1417,\"height\":1417,\"caption\":\"Hijas de la Caridad\"},\"image\":{\"@id\":\"https:\\\/\\\/filles-de-la-charite.org\\\/fr\\\/#\\\/schema\\\/logo\\\/image\\\/\"}}]}<\/script>\n<!-- \/ Yoast SEO plugin. -->","yoast_head_json":{"title":"Il sera notre PAIX ! - Filles de la Charit\u00e9","robots":{"index":"index","follow":"follow","max-snippet":"max-snippet:-1","max-image-preview":"max-image-preview:large","max-video-preview":"max-video-preview:-1"},"canonical":"https:\/\/filles-de-la-charite.org\/fr\/rincon-oracion\/il-sera-notre-paix\/","og_locale":"fr_FR","og_type":"article","og_title":"Il sera notre PAIX ! - Filles de la Charit\u00e9","og_description":"Dans une lettre au pape Innocent X, saint Vincent de Paul d\u00e9crit les effets de la guerre : &#8230;le peuple est divis\u00e9 en diverses factions ; les villes et les provinces sont ruin\u00e9es par les guerres civiles ; les fermes, les cantons et les villes sont d\u00e9truits, ruin\u00e9s et br\u00fbl\u00e9s. Les paysans ne peuvent pas [&hellip;]","og_url":"https:\/\/filles-de-la-charite.org\/fr\/rincon-oracion\/il-sera-notre-paix\/","og_site_name":"Filles de la Charit\u00e9","og_image":[{"width":2560,"height":1440,"url":"https:\/\/filles-de-la-charite.org\/wp-content\/uploads\/2023\/06\/Janvier-2023-IL-SERA-NOTRE-PAIX-FR-scaled-1.jpg","type":"image\/jpeg"}],"twitter_card":"summary_large_image","twitter_misc":{"Dur\u00e9e de lecture estim\u00e9e":"2 minutes"},"schema":{"@context":"https:\/\/schema.org","@graph":[{"@type":"WebPage","@id":"https:\/\/filles-de-la-charite.org\/fr\/rincon-oracion\/il-sera-notre-paix\/","url":"https:\/\/filles-de-la-charite.org\/fr\/rincon-oracion\/il-sera-notre-paix\/","name":"Il sera notre PAIX ! - Filles de la Charit\u00e9","isPartOf":{"@id":"https:\/\/filles-de-la-charite.org\/fr\/#website"},"primaryImageOfPage":{"@id":"https:\/\/filles-de-la-charite.org\/fr\/rincon-oracion\/il-sera-notre-paix\/#primaryimage"},"image":{"@id":"https:\/\/filles-de-la-charite.org\/fr\/rincon-oracion\/il-sera-notre-paix\/#primaryimage"},"thumbnailUrl":"https:\/\/filles-de-la-charite.org\/wp-content\/uploads\/2023\/06\/Janvier-2023-IL-SERA-NOTRE-PAIX-FR-scaled-1.jpg","datePublished":"2022-12-31T22:00:00+00:00","inLanguage":"fr-FR","potentialAction":[{"@type":"ReadAction","target":["https:\/\/filles-de-la-charite.org\/fr\/rincon-oracion\/il-sera-notre-paix\/"]}]},{"@type":"ImageObject","inLanguage":"fr-FR","@id":"https:\/\/filles-de-la-charite.org\/fr\/rincon-oracion\/il-sera-notre-paix\/#primaryimage","url":"https:\/\/filles-de-la-charite.org\/wp-content\/uploads\/2023\/06\/Janvier-2023-IL-SERA-NOTRE-PAIX-FR-scaled-1.jpg","contentUrl":"https:\/\/filles-de-la-charite.org\/wp-content\/uploads\/2023\/06\/Janvier-2023-IL-SERA-NOTRE-PAIX-FR-scaled-1.jpg","width":2560,"height":1440},{"@type":"WebSite","@id":"https:\/\/filles-de-la-charite.org\/fr\/#website","url":"https:\/\/filles-de-la-charite.org\/fr\/","name":"Hijas de la Caridad","description":"L\u2019amour de J\u00e9sus nous presse \u00e0 prendre soin des personnes les plus d\u00e9munies","publisher":{"@id":"https:\/\/filles-de-la-charite.org\/fr\/#organization"},"potentialAction":[{"@type":"SearchAction","target":{"@type":"EntryPoint","urlTemplate":"https:\/\/filles-de-la-charite.org\/fr\/?s={search_term_string}"},"query-input":{"@type":"PropertyValueSpecification","valueRequired":true,"valueName":"search_term_string"}}],"inLanguage":"fr-FR"},{"@type":"Organization","@id":"https:\/\/filles-de-la-charite.org\/fr\/#organization","name":"Hijas de la Caridad","url":"https:\/\/filles-de-la-charite.org\/fr\/","logo":{"@type":"ImageObject","inLanguage":"fr-FR","@id":"https:\/\/filles-de-la-charite.org\/fr\/#\/schema\/logo\/image\/","url":"https:\/\/filles-de-la-charite.org\/wp-content\/uploads\/2023\/03\/isotipo-Hijas-de-la-Caridad.png","contentUrl":"https:\/\/filles-de-la-charite.org\/wp-content\/uploads\/2023\/03\/isotipo-Hijas-de-la-Caridad.png","width":1417,"height":1417,"caption":"Hijas de la Caridad"},"image":{"@id":"https:\/\/filles-de-la-charite.org\/fr\/#\/schema\/logo\/image\/"}}]}},"_links":{"self":[{"href":"https:\/\/filles-de-la-charite.org\/fr\/wp-json\/wp\/v2\/rincon-oracion\/25824","targetHints":{"allow":["GET"]}}],"collection":[{"href":"https:\/\/filles-de-la-charite.org\/fr\/wp-json\/wp\/v2\/rincon-oracion"}],"about":[{"href":"https:\/\/filles-de-la-charite.org\/fr\/wp-json\/wp\/v2\/types\/rincon-oracion"}],"wp:featuredmedia":[{"embeddable":true,"href":"https:\/\/filles-de-la-charite.org\/fr\/wp-json\/wp\/v2\/media\/25825"}],"wp:attachment":[{"href":"https:\/\/filles-de-la-charite.org\/fr\/wp-json\/wp\/v2\/media?parent=25824"}],"curies":[{"name":"wp","href":"https:\/\/api.w.org\/{rel}","templated":true}]}}

<p>Dans une lettre au pape Innocent X, saint Vincent de Paul décrit les effets de la guerre :</p>



<p>&#8230;le peuple est divisé en diverses factions ; les villes et les provinces sont ruinées par les guerres civiles ; les fermes, les cantons et les villes sont détruits, ruinés et brûlés. Les paysans ne peuvent pas récolter ce qu&rsquo;ils ont semé et ne plantent plus rien pour les années à venir. Les soldats font ce qu&rsquo;ils veulent ; le peuple est exposé non seulement à leurs vols et pillages, mais aussi aux meurtres et à toutes sortes de tortures. La plupart des habitants des campagnes périssent de faim, sinon par l&rsquo;épée. Pas même les prêtres n&rsquo;échappent aux mains des soldats ; ils sont traités avec une cruauté inhumaine, torturés et tués. Les jeunes femmes sont violées, et même les religieuses sont victimes de leur convoitise et de leur fureur. Les églises sont profanées, pillées et détruites ; celles qui restent debout sont, pour la plupart, abandonnées par leurs pasteurs, de sorte que le peuple est privé des sacrements, de la messe et de presque toute autre assistance spirituelle. &#8230; C&rsquo;est peu de choses que d&rsquo;entendre ou de lire ces choses ; il faut les voir et les constater de ses propres yeux. (Lettre 1539. Coste IV.)</p>



<p>Aujourd&rsquo;hui, la guerre et la violence sont encore des réalités douloureuses dans notre monde. Ce coin de prière tente, en utilisant les mots de St Vincent et la prière pour la paix du Pape François, de nous conduire plus profondément dans nos cœurs alors que nous prions pour la PAIX à laquelle nous aspirons&#8230; la PAIX que Jésus a apportée le « premier jour de Noël », la PAIX qui commence avec et en nous&#8230; la PAIX qui est Jésus lui-même&#8230;</p>



<figure class="wp-block-embed is-type-video is-provider-youtube wp-block-embed-youtube wp-embed-aspect-16-9 wp-has-aspect-ratio"><div class="wp-block-embed__wrapper">
<iframe loading="lazy" title="[Janvier 2023] Il sera notre PAIX ! FR" width="1080" height="608" src="https://www.youtube.com/embed/fpWx_rQt1HU?feature=oembed"  allow="accelerometer; autoplay; clipboard-write; encrypted-media; gyroscope; picture-in-picture; web-share" referrerpolicy="strict-origin-when-cross-origin" allowfullscreen></iframe>
</div></figure>

<!-- This site is optimized with the Yoast SEO plugin v27.5 - https://yoast.com/product/yoast-seo-wordpress/ -->
<title>Il sera notre PAIX ! - Filles de la Charité</title>
<meta name="robots" content="index, follow, max-snippet:-1, max-image-preview:large, max-video-preview:-1" />
<link rel="canonical" href="https://filles-de-la-charite.org/fr/rincon-oracion/il-sera-notre-paix/" />
<meta property="og:locale" content="fr_FR" />
<meta property="og:type" content="article" />
<meta property="og:title" content="Il sera notre PAIX ! - Filles de la Charité" />
<meta property="og:description" content="Dans une lettre au pape Innocent X, saint Vincent de Paul décrit les effets de la guerre : &#8230;le peuple est divisé en diverses factions ; les villes et les provinces sont ruinées par les guerres civiles ; les fermes, les cantons et les villes sont détruits, ruinés et brûlés. Les paysans ne peuvent pas [&hellip;]" />
<meta property="og:url" content="https://filles-de-la-charite.org/fr/rincon-oracion/il-sera-notre-paix/" />
<meta property="og:site_name" content="Filles de la Charité" />
<meta property="og:image" content="https://filles-de-la-charite.org/wp-content/uploads/2023/06/Janvier-2023-IL-SERA-NOTRE-PAIX-FR-scaled-1.jpg" />
	<meta property="og:image:width" content="2560" />
	<meta property="og:image:height" content="1440" />
	<meta property="og:image:type" content="image/jpeg" />
<meta name="twitter:card" content="summary_large_image" />
<meta name="twitter:label1" content="Durée de lecture estimée" />
	<meta name="twitter:data1" content="2 minutes" />
<script type="application/ld+json" class="yoast-schema-graph">{"@context":"https:\/\/schema.org","@graph":[{"@type":"WebPage","@id":"https:\/\/filles-de-la-charite.org\/fr\/rincon-oracion\/il-sera-notre-paix\/","url":"https:\/\/filles-de-la-charite.org\/fr\/rincon-oracion\/il-sera-notre-paix\/","name":"Il sera notre PAIX ! - Filles de la Charité","isPartOf":{"@id":"https:\/\/filles-de-la-charite.org\/fr\/#website"},"primaryImageOfPage":{"@id":"https:\/\/filles-de-la-charite.org\/fr\/rincon-oracion\/il-sera-notre-paix\/#primaryimage"},"image":{"@id":"https:\/\/filles-de-la-charite.org\/fr\/rincon-oracion\/il-sera-notre-paix\/#primaryimage"},"thumbnailUrl":"https:\/\/filles-de-la-charite.org\/wp-content\/uploads\/2023\/06\/Janvier-2023-IL-SERA-NOTRE-PAIX-FR-scaled-1.jpg","datePublished":"2022-12-31T22:00:00+00:00","inLanguage":"fr-FR","potentialAction":[{"@type":"ReadAction","target":["https:\/\/filles-de-la-charite.org\/fr\/rincon-oracion\/il-sera-notre-paix\/"]}]},{"@type":"ImageObject","inLanguage":"fr-FR","@id":"https:\/\/filles-de-la-charite.org\/fr\/rincon-oracion\/il-sera-notre-paix\/#primaryimage","url":"https:\/\/filles-de-la-charite.org\/wp-content\/uploads\/2023\/06\/Janvier-2023-IL-SERA-NOTRE-PAIX-FR-scaled-1.jpg","contentUrl":"https:\/\/filles-de-la-charite.org\/wp-content\/uploads\/2023\/06\/Janvier-2023-IL-SERA-NOTRE-PAIX-FR-scaled-1.jpg","width":2560,"height":1440},{"@type":"WebSite","@id":"https:\/\/filles-de-la-charite.org\/fr\/#website","url":"https:\/\/filles-de-la-charite.org\/fr\/","name":"Hijas de la Caridad","description":"L’amour de Jésus nous presse à prendre soin des personnes les plus démunies","publisher":{"@id":"https:\/\/filles-de-la-charite.org\/fr\/#organization"},"potentialAction":[{"@type":"SearchAction","target":{"@type":"EntryPoint","urlTemplate":"https:\/\/filles-de-la-charite.org\/fr\/?s={search_term_string}"},"query-input":{"@type":"PropertyValueSpecification","valueRequired":true,"valueName":"search_term_string"}}],"inLanguage":"fr-FR"},{"@type":"Organization","@id":"https:\/\/filles-de-la-charite.org\/fr\/#organization","name":"Hijas de la Caridad","url":"https:\/\/filles-de-la-charite.org\/fr\/","logo":{"@type":"ImageObject","inLanguage":"fr-FR","@id":"https:\/\/filles-de-la-charite.org\/fr\/#\/schema\/logo\/image\/","url":"https:\/\/filles-de-la-charite.org\/wp-content\/uploads\/2023\/03\/isotipo-Hijas-de-la-Caridad.png","contentUrl":"https:\/\/filles-de-la-charite.org\/wp-content\/uploads\/2023\/03\/isotipo-Hijas-de-la-Caridad.png","width":1417,"height":1417,"caption":"Hijas de la Caridad"},"image":{"@id":"https:\/\/filles-de-la-charite.org\/fr\/#\/schema\/logo\/image\/"}}]}</script>
<!-- / Yoast SEO plugin. -->

Il sera notre PAIX ! - Filles de la Charité

Dans une lettre au pape Innocent X, saint Vincent de Paul décrit les effets de la guerre : &#8230;le peuple est divisé en diverses factions ; les villes et les provinces sont ruinées par les guerres civiles ; les fermes, les cantons et les villes sont détruits, ruinés et brûlés. Les paysans ne peuvent pas [&hellip;]

Filles de la Charité

L’amour de Jésus nous presse à prendre soin des personnes les plus démunies
