{"id":34991,"date":"2024-04-01T15:59:09","date_gmt":"2024-04-01T13:59:09","guid":{"rendered":"https:\/\/hijascaridad.sjdigitaldemo.ovh\/?post_type=rincon-oracion&#038;p=34991"},"modified":"2024-05-10T16:00:08","modified_gmt":"2024-05-10T14:00:08","slug":"reste-avec-nous-jesus-ressuscite","status":"publish","type":"rincon-oracion","link":"https:\/\/filles-de-la-charite.org\/fr\/rincon-oracion\/reste-avec-nous-jesus-ressuscite\/","title":{"rendered":"Reste avec nous, J\u00e9sus Ressuscit\u00e9!"},"content":{"rendered":"\n<p>La r\u00e9surrection est le fait central de la foi chr\u00e9tienne. Elle commence par la d\u00e9faite, la crucifixion et la douleur, mais se termine par le triomphe. Les religions joyeuses peuvent se tester les jours o\u00f9 il n\u2019y a pas de mort, de chagrin ou de douleur, mais il a fallu l\u2019amour de Dieu, qui touche nos trag\u00e9dies dans la vie, pour nous convaincre qu\u2019en Lui nous pouvons aussi avoir notre P\u00e2ques apr\u00e8s notre propre Vendredi saint. Sheen, Archev\u00eaque F. J. (31 mars 1956). A propos de P\u00e2ques.<\/p>\n\n\n\n<figure class=\"wp-block-embed is-type-video is-provider-youtube wp-block-embed-youtube wp-embed-aspect-16-9 wp-has-aspect-ratio\"><div class=\"wp-block-embed__wrapper\">\n<iframe loading=\"lazy\" title=\"Reste avec nous, J\u00e9sus Ressuscit\u00e9 !\" width=\"1080\" height=\"608\" src=\"https:\/\/www.youtube.com\/embed\/3ZEjR7OrPyw?feature=oembed\"  allow=\"accelerometer; autoplay; clipboard-write; encrypted-media; gyroscope; picture-in-picture; web-share\" referrerpolicy=\"strict-origin-when-cross-origin\" allowfullscreen><\/iframe>\n<\/div><\/figure>\n","protected":false},"featured_media":34981,"template":"","meta":{"_acf_changed":false,"_links_to":"","_links_to_target":""},"class_list":["post-34991","rincon-oracion","type-rincon-oracion","status-publish","has-post-thumbnail","hentry"],"acf":[],"yoast_head":"<!-- This site is optimized with the Yoast SEO plugin v27.5 - https:\/\/yoast.com\/product\/yoast-seo-wordpress\/ -->\n<title>Reste avec nous, J\u00e9sus Ressuscit\u00e9! - Filles de la Charit\u00e9<\/title>\n<meta name=\"robots\" content=\"index, follow, max-snippet:-1, max-image-preview:large, max-video-preview:-1\" \/>\n<link rel=\"canonical\" href=\"https:\/\/filles-de-la-charite.org\/fr\/rincon-oracion\/reste-avec-nous-jesus-ressuscite\/\" \/>\n<meta property=\"og:locale\" content=\"fr_FR\" \/>\n<meta property=\"og:type\" content=\"article\" \/>\n<meta property=\"og:title\" content=\"Reste avec nous, J\u00e9sus Ressuscit\u00e9! - Filles de la Charit\u00e9\" \/>\n<meta property=\"og:description\" content=\"La r\u00e9surrection est le fait central de la foi chr\u00e9tienne. Elle commence par la d\u00e9faite, la crucifixion et la douleur, mais se termine par le triomphe. Les religions joyeuses peuvent se tester les jours o\u00f9 il n\u2019y a pas de mort, de chagrin ou de douleur, mais il a fallu l\u2019amour de Dieu, qui touche [&hellip;]\" \/>\n<meta property=\"og:url\" content=\"https:\/\/filles-de-la-charite.org\/fr\/rincon-oracion\/reste-avec-nous-jesus-ressuscite\/\" \/>\n<meta property=\"og:site_name\" content=\"Filles de la Charit\u00e9\" \/>\n<meta property=\"article:modified_time\" content=\"2024-05-10T14:00:08+00:00\" \/>\n<meta property=\"og:image\" content=\"https:\/\/filles-de-la-charite.org\/wp-content\/uploads\/2024\/05\/Reste-avec-nous-Jesus-Ressuscite-FR-scaled.jpg\" \/>\n\t<meta property=\"og:image:width\" content=\"2560\" \/>\n\t<meta property=\"og:image:height\" content=\"1440\" \/>\n\t<meta property=\"og:image:type\" content=\"image\/jpeg\" \/>\n<meta name=\"twitter:card\" content=\"summary_large_image\" \/>\n<meta name=\"twitter:label1\" content=\"Dur\u00e9e de lecture estim\u00e9e\" \/>\n\t<meta name=\"twitter:data1\" content=\"1 minute\" \/>\n<script type=\"application\/ld+json\" class=\"yoast-schema-graph\">{\"@context\":\"https:\\\/\\\/schema.org\",\"@graph\":[{\"@type\":\"WebPage\",\"@id\":\"https:\\\/\\\/filles-de-la-charite.org\\\/fr\\\/rincon-oracion\\\/reste-avec-nous-jesus-ressuscite\\\/\",\"url\":\"https:\\\/\\\/filles-de-la-charite.org\\\/fr\\\/rincon-oracion\\\/reste-avec-nous-jesus-ressuscite\\\/\",\"name\":\"Reste avec nous, J\u00e9sus Ressuscit\u00e9! - Filles de la Charit\u00e9\",\"isPartOf\":{\"@id\":\"https:\\\/\\\/filles-de-la-charite.org\\\/fr\\\/#website\"},\"primaryImageOfPage\":{\"@id\":\"https:\\\/\\\/filles-de-la-charite.org\\\/fr\\\/rincon-oracion\\\/reste-avec-nous-jesus-ressuscite\\\/#primaryimage\"},\"image\":{\"@id\":\"https:\\\/\\\/filles-de-la-charite.org\\\/fr\\\/rincon-oracion\\\/reste-avec-nous-jesus-ressuscite\\\/#primaryimage\"},\"thumbnailUrl\":\"https:\\\/\\\/filles-de-la-charite.org\\\/wp-content\\\/uploads\\\/2024\\\/05\\\/Reste-avec-nous-Jesus-Ressuscite-FR-scaled.jpg\",\"datePublished\":\"2024-04-01T13:59:09+00:00\",\"dateModified\":\"2024-05-10T14:00:08+00:00\",\"inLanguage\":\"fr-FR\",\"potentialAction\":[{\"@type\":\"ReadAction\",\"target\":[\"https:\\\/\\\/filles-de-la-charite.org\\\/fr\\\/rincon-oracion\\\/reste-avec-nous-jesus-ressuscite\\\/\"]}]},{\"@type\":\"ImageObject\",\"inLanguage\":\"fr-FR\",\"@id\":\"https:\\\/\\\/filles-de-la-charite.org\\\/fr\\\/rincon-oracion\\\/reste-avec-nous-jesus-ressuscite\\\/#primaryimage\",\"url\":\"https:\\\/\\\/filles-de-la-charite.org\\\/wp-content\\\/uploads\\\/2024\\\/05\\\/Reste-avec-nous-Jesus-Ressuscite-FR-scaled.jpg\",\"contentUrl\":\"https:\\\/\\\/filles-de-la-charite.org\\\/wp-content\\\/uploads\\\/2024\\\/05\\\/Reste-avec-nous-Jesus-Ressuscite-FR-scaled.jpg\",\"width\":2560,\"height\":1440},{\"@type\":\"WebSite\",\"@id\":\"https:\\\/\\\/filles-de-la-charite.org\\\/fr\\\/#website\",\"url\":\"https:\\\/\\\/filles-de-la-charite.org\\\/fr\\\/\",\"name\":\"Hijas de la Caridad\",\"description\":\"L\u2019amour de J\u00e9sus nous presse \u00e0 prendre soin des personnes les plus d\u00e9munies\",\"publisher\":{\"@id\":\"https:\\\/\\\/filles-de-la-charite.org\\\/fr\\\/#organization\"},\"potentialAction\":[{\"@type\":\"SearchAction\",\"target\":{\"@type\":\"EntryPoint\",\"urlTemplate\":\"https:\\\/\\\/filles-de-la-charite.org\\\/fr\\\/?s={search_term_string}\"},\"query-input\":{\"@type\":\"PropertyValueSpecification\",\"valueRequired\":true,\"valueName\":\"search_term_string\"}}],\"inLanguage\":\"fr-FR\"},{\"@type\":\"Organization\",\"@id\":\"https:\\\/\\\/filles-de-la-charite.org\\\/fr\\\/#organization\",\"name\":\"Hijas de la Caridad\",\"url\":\"https:\\\/\\\/filles-de-la-charite.org\\\/fr\\\/\",\"logo\":{\"@type\":\"ImageObject\",\"inLanguage\":\"fr-FR\",\"@id\":\"https:\\\/\\\/filles-de-la-charite.org\\\/fr\\\/#\\\/schema\\\/logo\\\/image\\\/\",\"url\":\"https:\\\/\\\/filles-de-la-charite.org\\\/wp-content\\\/uploads\\\/2023\\\/03\\\/isotipo-Hijas-de-la-Caridad.png\",\"contentUrl\":\"https:\\\/\\\/filles-de-la-charite.org\\\/wp-content\\\/uploads\\\/2023\\\/03\\\/isotipo-Hijas-de-la-Caridad.png\",\"width\":1417,\"height\":1417,\"caption\":\"Hijas de la Caridad\"},\"image\":{\"@id\":\"https:\\\/\\\/filles-de-la-charite.org\\\/fr\\\/#\\\/schema\\\/logo\\\/image\\\/\"}}]}<\/script>\n<!-- \/ Yoast SEO plugin. -->","yoast_head_json":{"title":"Reste avec nous, J\u00e9sus Ressuscit\u00e9! - Filles de la Charit\u00e9","robots":{"index":"index","follow":"follow","max-snippet":"max-snippet:-1","max-image-preview":"max-image-preview:large","max-video-preview":"max-video-preview:-1"},"canonical":"https:\/\/filles-de-la-charite.org\/fr\/rincon-oracion\/reste-avec-nous-jesus-ressuscite\/","og_locale":"fr_FR","og_type":"article","og_title":"Reste avec nous, J\u00e9sus Ressuscit\u00e9! - Filles de la Charit\u00e9","og_description":"La r\u00e9surrection est le fait central de la foi chr\u00e9tienne. Elle commence par la d\u00e9faite, la crucifixion et la douleur, mais se termine par le triomphe. Les religions joyeuses peuvent se tester les jours o\u00f9 il n\u2019y a pas de mort, de chagrin ou de douleur, mais il a fallu l\u2019amour de Dieu, qui touche [&hellip;]","og_url":"https:\/\/filles-de-la-charite.org\/fr\/rincon-oracion\/reste-avec-nous-jesus-ressuscite\/","og_site_name":"Filles de la Charit\u00e9","article_modified_time":"2024-05-10T14:00:08+00:00","og_image":[{"width":2560,"height":1440,"url":"https:\/\/filles-de-la-charite.org\/wp-content\/uploads\/2024\/05\/Reste-avec-nous-Jesus-Ressuscite-FR-scaled.jpg","type":"image\/jpeg"}],"twitter_card":"summary_large_image","twitter_misc":{"Dur\u00e9e de lecture estim\u00e9e":"1 minute"},"schema":{"@context":"https:\/\/schema.org","@graph":[{"@type":"WebPage","@id":"https:\/\/filles-de-la-charite.org\/fr\/rincon-oracion\/reste-avec-nous-jesus-ressuscite\/","url":"https:\/\/filles-de-la-charite.org\/fr\/rincon-oracion\/reste-avec-nous-jesus-ressuscite\/","name":"Reste avec nous, J\u00e9sus Ressuscit\u00e9! - Filles de la Charit\u00e9","isPartOf":{"@id":"https:\/\/filles-de-la-charite.org\/fr\/#website"},"primaryImageOfPage":{"@id":"https:\/\/filles-de-la-charite.org\/fr\/rincon-oracion\/reste-avec-nous-jesus-ressuscite\/#primaryimage"},"image":{"@id":"https:\/\/filles-de-la-charite.org\/fr\/rincon-oracion\/reste-avec-nous-jesus-ressuscite\/#primaryimage"},"thumbnailUrl":"https:\/\/filles-de-la-charite.org\/wp-content\/uploads\/2024\/05\/Reste-avec-nous-Jesus-Ressuscite-FR-scaled.jpg","datePublished":"2024-04-01T13:59:09+00:00","dateModified":"2024-05-10T14:00:08+00:00","inLanguage":"fr-FR","potentialAction":[{"@type":"ReadAction","target":["https:\/\/filles-de-la-charite.org\/fr\/rincon-oracion\/reste-avec-nous-jesus-ressuscite\/"]}]},{"@type":"ImageObject","inLanguage":"fr-FR","@id":"https:\/\/filles-de-la-charite.org\/fr\/rincon-oracion\/reste-avec-nous-jesus-ressuscite\/#primaryimage","url":"https:\/\/filles-de-la-charite.org\/wp-content\/uploads\/2024\/05\/Reste-avec-nous-Jesus-Ressuscite-FR-scaled.jpg","contentUrl":"https:\/\/filles-de-la-charite.org\/wp-content\/uploads\/2024\/05\/Reste-avec-nous-Jesus-Ressuscite-FR-scaled.jpg","width":2560,"height":1440},{"@type":"WebSite","@id":"https:\/\/filles-de-la-charite.org\/fr\/#website","url":"https:\/\/filles-de-la-charite.org\/fr\/","name":"Hijas de la Caridad","description":"L\u2019amour de J\u00e9sus nous presse \u00e0 prendre soin des personnes les plus d\u00e9munies","publisher":{"@id":"https:\/\/filles-de-la-charite.org\/fr\/#organization"},"potentialAction":[{"@type":"SearchAction","target":{"@type":"EntryPoint","urlTemplate":"https:\/\/filles-de-la-charite.org\/fr\/?s={search_term_string}"},"query-input":{"@type":"PropertyValueSpecification","valueRequired":true,"valueName":"search_term_string"}}],"inLanguage":"fr-FR"},{"@type":"Organization","@id":"https:\/\/filles-de-la-charite.org\/fr\/#organization","name":"Hijas de la Caridad","url":"https:\/\/filles-de-la-charite.org\/fr\/","logo":{"@type":"ImageObject","inLanguage":"fr-FR","@id":"https:\/\/filles-de-la-charite.org\/fr\/#\/schema\/logo\/image\/","url":"https:\/\/filles-de-la-charite.org\/wp-content\/uploads\/2023\/03\/isotipo-Hijas-de-la-Caridad.png","contentUrl":"https:\/\/filles-de-la-charite.org\/wp-content\/uploads\/2023\/03\/isotipo-Hijas-de-la-Caridad.png","width":1417,"height":1417,"caption":"Hijas de la Caridad"},"image":{"@id":"https:\/\/filles-de-la-charite.org\/fr\/#\/schema\/logo\/image\/"}}]}},"_links":{"self":[{"href":"https:\/\/filles-de-la-charite.org\/fr\/wp-json\/wp\/v2\/rincon-oracion\/34991","targetHints":{"allow":["GET"]}}],"collection":[{"href":"https:\/\/filles-de-la-charite.org\/fr\/wp-json\/wp\/v2\/rincon-oracion"}],"about":[{"href":"https:\/\/filles-de-la-charite.org\/fr\/wp-json\/wp\/v2\/types\/rincon-oracion"}],"wp:featuredmedia":[{"embeddable":true,"href":"https:\/\/filles-de-la-charite.org\/fr\/wp-json\/wp\/v2\/media\/34981"}],"wp:attachment":[{"href":"https:\/\/filles-de-la-charite.org\/fr\/wp-json\/wp\/v2\/media?parent=34991"}],"curies":[{"name":"wp","href":"https:\/\/api.w.org\/{rel}","templated":true}]}}

Reste avec nous, Jésus Ressuscité!

<p>La résurrection est le fait central de la foi chrétienne. Elle commence par la défaite, la crucifixion et la douleur, mais se termine par le triomphe. Les religions joyeuses peuvent se tester les jours où il n’y a pas de mort, de chagrin ou de douleur, mais il a fallu l’amour de Dieu, qui touche nos tragédies dans la vie, pour nous convaincre qu’en Lui nous pouvons aussi avoir notre Pâques après notre propre Vendredi saint. Sheen, Archevêque F. J. (31 mars 1956). A propos de Pâques.</p>



<figure class="wp-block-embed is-type-video is-provider-youtube wp-block-embed-youtube wp-embed-aspect-16-9 wp-has-aspect-ratio"><div class="wp-block-embed__wrapper">
<iframe loading="lazy" title="Reste avec nous, Jésus Ressuscité !" width="1080" height="608" src="https://www.youtube.com/embed/3ZEjR7OrPyw?feature=oembed"  allow="accelerometer; autoplay; clipboard-write; encrypted-media; gyroscope; picture-in-picture; web-share" referrerpolicy="strict-origin-when-cross-origin" allowfullscreen></iframe>
</div></figure>

<!-- This site is optimized with the Yoast SEO plugin v27.5 - https://yoast.com/product/yoast-seo-wordpress/ -->
<title>Reste avec nous, Jésus Ressuscité! - Filles de la Charité</title>
<meta name="robots" content="index, follow, max-snippet:-1, max-image-preview:large, max-video-preview:-1" />
<link rel="canonical" href="https://filles-de-la-charite.org/fr/rincon-oracion/reste-avec-nous-jesus-ressuscite/" />
<meta property="og:locale" content="fr_FR" />
<meta property="og:type" content="article" />
<meta property="og:title" content="Reste avec nous, Jésus Ressuscité! - Filles de la Charité" />
<meta property="og:description" content="La résurrection est le fait central de la foi chrétienne. Elle commence par la défaite, la crucifixion et la douleur, mais se termine par le triomphe. Les religions joyeuses peuvent se tester les jours où il n’y a pas de mort, de chagrin ou de douleur, mais il a fallu l’amour de Dieu, qui touche [&hellip;]" />
<meta property="og:url" content="https://filles-de-la-charite.org/fr/rincon-oracion/reste-avec-nous-jesus-ressuscite/" />
<meta property="og:site_name" content="Filles de la Charité" />
<meta property="article:modified_time" content="2024-05-10T14:00:08+00:00" />
<meta property="og:image" content="https://filles-de-la-charite.org/wp-content/uploads/2024/05/Reste-avec-nous-Jesus-Ressuscite-FR-scaled.jpg" />
	<meta property="og:image:width" content="2560" />
	<meta property="og:image:height" content="1440" />
	<meta property="og:image:type" content="image/jpeg" />
<meta name="twitter:card" content="summary_large_image" />
<meta name="twitter:label1" content="Durée de lecture estimée" />
	<meta name="twitter:data1" content="1 minute" />
<script type="application/ld+json" class="yoast-schema-graph">{"@context":"https:\/\/schema.org","@graph":[{"@type":"WebPage","@id":"https:\/\/filles-de-la-charite.org\/fr\/rincon-oracion\/reste-avec-nous-jesus-ressuscite\/","url":"https:\/\/filles-de-la-charite.org\/fr\/rincon-oracion\/reste-avec-nous-jesus-ressuscite\/","name":"Reste avec nous, Jésus Ressuscité! - Filles de la Charité","isPartOf":{"@id":"https:\/\/filles-de-la-charite.org\/fr\/#website"},"primaryImageOfPage":{"@id":"https:\/\/filles-de-la-charite.org\/fr\/rincon-oracion\/reste-avec-nous-jesus-ressuscite\/#primaryimage"},"image":{"@id":"https:\/\/filles-de-la-charite.org\/fr\/rincon-oracion\/reste-avec-nous-jesus-ressuscite\/#primaryimage"},"thumbnailUrl":"https:\/\/filles-de-la-charite.org\/wp-content\/uploads\/2024\/05\/Reste-avec-nous-Jesus-Ressuscite-FR-scaled.jpg","datePublished":"2024-04-01T13:59:09+00:00","dateModified":"2024-05-10T14:00:08+00:00","inLanguage":"fr-FR","potentialAction":[{"@type":"ReadAction","target":["https:\/\/filles-de-la-charite.org\/fr\/rincon-oracion\/reste-avec-nous-jesus-ressuscite\/"]}]},{"@type":"ImageObject","inLanguage":"fr-FR","@id":"https:\/\/filles-de-la-charite.org\/fr\/rincon-oracion\/reste-avec-nous-jesus-ressuscite\/#primaryimage","url":"https:\/\/filles-de-la-charite.org\/wp-content\/uploads\/2024\/05\/Reste-avec-nous-Jesus-Ressuscite-FR-scaled.jpg","contentUrl":"https:\/\/filles-de-la-charite.org\/wp-content\/uploads\/2024\/05\/Reste-avec-nous-Jesus-Ressuscite-FR-scaled.jpg","width":2560,"height":1440},{"@type":"WebSite","@id":"https:\/\/filles-de-la-charite.org\/fr\/#website","url":"https:\/\/filles-de-la-charite.org\/fr\/","name":"Hijas de la Caridad","description":"L’amour de Jésus nous presse à prendre soin des personnes les plus démunies","publisher":{"@id":"https:\/\/filles-de-la-charite.org\/fr\/#organization"},"potentialAction":[{"@type":"SearchAction","target":{"@type":"EntryPoint","urlTemplate":"https:\/\/filles-de-la-charite.org\/fr\/?s={search_term_string}"},"query-input":{"@type":"PropertyValueSpecification","valueRequired":true,"valueName":"search_term_string"}}],"inLanguage":"fr-FR"},{"@type":"Organization","@id":"https:\/\/filles-de-la-charite.org\/fr\/#organization","name":"Hijas de la Caridad","url":"https:\/\/filles-de-la-charite.org\/fr\/","logo":{"@type":"ImageObject","inLanguage":"fr-FR","@id":"https:\/\/filles-de-la-charite.org\/fr\/#\/schema\/logo\/image\/","url":"https:\/\/filles-de-la-charite.org\/wp-content\/uploads\/2023\/03\/isotipo-Hijas-de-la-Caridad.png","contentUrl":"https:\/\/filles-de-la-charite.org\/wp-content\/uploads\/2023\/03\/isotipo-Hijas-de-la-Caridad.png","width":1417,"height":1417,"caption":"Hijas de la Caridad"},"image":{"@id":"https:\/\/filles-de-la-charite.org\/fr\/#\/schema\/logo\/image\/"}}]}</script>
<!-- / Yoast SEO plugin. -->

Reste avec nous, Jésus Ressuscité! - Filles de la Charité

La résurrection est le fait central de la foi chrétienne. Elle commence par la défaite, la crucifixion et la douleur, mais se termine par le triomphe. Les religions joyeuses peuvent se tester les jours où il n’y a pas de mort, de chagrin ou de douleur, mais il a fallu l’amour de Dieu, qui touche [&hellip;]

Filles de la Charité

L’amour de Jésus nous presse à prendre soin des personnes les plus démunies
