{"id":38914,"date":"2024-08-15T01:00:00","date_gmt":"2024-08-14T23:00:00","guid":{"rendered":"https:\/\/filles-de-la-charite.org\/?post_type=rincon-oracion&#038;p=38914"},"modified":"2024-08-14T16:28:44","modified_gmt":"2024-08-14T14:28:44","slug":"avec-la-bienheureuse-vierge-marie-une-perspective-deternite","status":"publish","type":"rincon-oracion","link":"https:\/\/filles-de-la-charite.org\/fr\/rincon-oracion\/avec-la-bienheureuse-vierge-marie-une-perspective-deternite\/","title":{"rendered":"Avec la Bienheureuse Vierge Marie &#8211; Une perspective d&rsquo;\u00e9ternit\u00e9"},"content":{"rendered":"\n<p>\"Tout chr\u00e9tien doit aimer la Sainte Vierge de tout son c\u0153ur et la v\u00e9n\u00e9rer \u00e0 cause de son extraordinaire dignit\u00e9 et des vertus dont Dieu l'a dot\u00e9e pour \u00eatre la M\u00e8re de l'Homme-Dieu\" . (Avec saint Louis de Marillac, contemplons le myst\u00e8re de l'Assomption de la Bienheureuse Vierge Marie et, comme elle, mettons toute notre esp\u00e9rance en Dieu pour recevoir, nous aussi, une part de la vie \u00e9ternelle dans le Royaume de Dieu.<\/p>\n\n\n\n<figure class=\"wp-block-embed is-type-video is-provider-youtube wp-block-embed-youtube wp-embed-aspect-16-9 wp-has-aspect-ratio\"><div class=\"wp-block-embed__wrapper\">\n<iframe loading=\"lazy\" title=\"Avec la Bienheureuse Vierge Marie - Une perspective d&#039;\u00e9ternit\u00e9 - Aout 2024 FR\" width=\"1080\" height=\"608\" src=\"https:\/\/www.youtube.com\/embed\/1bx77TDEoYk?feature=oembed\"  allow=\"accelerometer; autoplay; clipboard-write; encrypted-media; gyroscope; picture-in-picture; web-share\" referrerpolicy=\"strict-origin-when-cross-origin\" allowfullscreen><\/iframe>\n<\/div><\/figure>\n","protected":false},"featured_media":38881,"template":"","meta":{"_acf_changed":false,"_links_to":"","_links_to_target":""},"class_list":["post-38914","rincon-oracion","type-rincon-oracion","status-publish","has-post-thumbnail","hentry"],"acf":[],"yoast_head":"<!-- This site is optimized with the Yoast SEO plugin v27.5 - https:\/\/yoast.com\/product\/yoast-seo-wordpress\/ -->\n<title>Avec la Bienheureuse Vierge Marie - Une perspective d&#039;\u00e9ternit\u00e9 - Filles de la Charit\u00e9<\/title>\n<meta name=\"robots\" content=\"index, follow, max-snippet:-1, max-image-preview:large, max-video-preview:-1\" \/>\n<link rel=\"canonical\" href=\"https:\/\/filles-de-la-charite.org\/fr\/rincon-oracion\/avec-la-bienheureuse-vierge-marie-une-perspective-deternite\/\" \/>\n<meta property=\"og:locale\" content=\"fr_FR\" \/>\n<meta property=\"og:type\" content=\"article\" \/>\n<meta property=\"og:title\" content=\"Avec la Bienheureuse Vierge Marie - Une perspective d&#039;\u00e9ternit\u00e9 - Filles de la Charit\u00e9\" \/>\n<meta property=\"og:description\" content=\"\u00ab\u00a0Tout chr\u00e9tien doit aimer la Sainte Vierge de tout son c\u0153ur et la v\u00e9n\u00e9rer \u00e0 cause de son extraordinaire dignit\u00e9 et des vertus dont Dieu l&rsquo;a dot\u00e9e pour \u00eatre la M\u00e8re de l&rsquo;Homme-Dieu\u00a0\u00bb . (Avec saint Louis de Marillac, contemplons le myst\u00e8re de l&rsquo;Assomption de la Bienheureuse Vierge Marie et, comme elle, mettons toute notre [&hellip;]\" \/>\n<meta property=\"og:url\" content=\"https:\/\/filles-de-la-charite.org\/fr\/rincon-oracion\/avec-la-bienheureuse-vierge-marie-une-perspective-deternite\/\" \/>\n<meta property=\"og:site_name\" content=\"Filles de la Charit\u00e9\" \/>\n<meta property=\"og:image\" content=\"https:\/\/filles-de-la-charite.org\/wp-content\/uploads\/2024\/08\/FR-PC-Aout-2024.jpg\" \/>\n\t<meta property=\"og:image:width\" content=\"1280\" \/>\n\t<meta property=\"og:image:height\" content=\"720\" \/>\n\t<meta property=\"og:image:type\" content=\"image\/jpeg\" \/>\n<meta name=\"twitter:card\" content=\"summary_large_image\" \/>\n<meta name=\"twitter:label1\" content=\"Dur\u00e9e de lecture estim\u00e9e\" \/>\n\t<meta name=\"twitter:data1\" content=\"1 minute\" \/>\n<script type=\"application\/ld+json\" class=\"yoast-schema-graph\">{\"@context\":\"https:\\\/\\\/schema.org\",\"@graph\":[{\"@type\":\"WebPage\",\"@id\":\"https:\\\/\\\/filles-de-la-charite.org\\\/fr\\\/rincon-oracion\\\/avec-la-bienheureuse-vierge-marie-une-perspective-deternite\\\/\",\"url\":\"https:\\\/\\\/filles-de-la-charite.org\\\/fr\\\/rincon-oracion\\\/avec-la-bienheureuse-vierge-marie-une-perspective-deternite\\\/\",\"name\":\"Avec la Bienheureuse Vierge Marie - Une perspective d'\u00e9ternit\u00e9 - Filles de la Charit\u00e9\",\"isPartOf\":{\"@id\":\"https:\\\/\\\/filles-de-la-charite.org\\\/fr\\\/#website\"},\"primaryImageOfPage\":{\"@id\":\"https:\\\/\\\/filles-de-la-charite.org\\\/fr\\\/rincon-oracion\\\/avec-la-bienheureuse-vierge-marie-une-perspective-deternite\\\/#primaryimage\"},\"image\":{\"@id\":\"https:\\\/\\\/filles-de-la-charite.org\\\/fr\\\/rincon-oracion\\\/avec-la-bienheureuse-vierge-marie-une-perspective-deternite\\\/#primaryimage\"},\"thumbnailUrl\":\"https:\\\/\\\/filles-de-la-charite.org\\\/wp-content\\\/uploads\\\/2024\\\/08\\\/FR-PC-Aout-2024.jpg\",\"datePublished\":\"2024-08-14T23:00:00+00:00\",\"inLanguage\":\"fr-FR\",\"potentialAction\":[{\"@type\":\"ReadAction\",\"target\":[\"https:\\\/\\\/filles-de-la-charite.org\\\/fr\\\/rincon-oracion\\\/avec-la-bienheureuse-vierge-marie-une-perspective-deternite\\\/\"]}]},{\"@type\":\"ImageObject\",\"inLanguage\":\"fr-FR\",\"@id\":\"https:\\\/\\\/filles-de-la-charite.org\\\/fr\\\/rincon-oracion\\\/avec-la-bienheureuse-vierge-marie-une-perspective-deternite\\\/#primaryimage\",\"url\":\"https:\\\/\\\/filles-de-la-charite.org\\\/wp-content\\\/uploads\\\/2024\\\/08\\\/FR-PC-Aout-2024.jpg\",\"contentUrl\":\"https:\\\/\\\/filles-de-la-charite.org\\\/wp-content\\\/uploads\\\/2024\\\/08\\\/FR-PC-Aout-2024.jpg\",\"width\":1280,\"height\":720},{\"@type\":\"WebSite\",\"@id\":\"https:\\\/\\\/filles-de-la-charite.org\\\/fr\\\/#website\",\"url\":\"https:\\\/\\\/filles-de-la-charite.org\\\/fr\\\/\",\"name\":\"Hijas de la Caridad\",\"description\":\"L\u2019amour de J\u00e9sus nous presse \u00e0 prendre soin des personnes les plus d\u00e9munies\",\"publisher\":{\"@id\":\"https:\\\/\\\/filles-de-la-charite.org\\\/fr\\\/#organization\"},\"potentialAction\":[{\"@type\":\"SearchAction\",\"target\":{\"@type\":\"EntryPoint\",\"urlTemplate\":\"https:\\\/\\\/filles-de-la-charite.org\\\/fr\\\/?s={search_term_string}\"},\"query-input\":{\"@type\":\"PropertyValueSpecification\",\"valueRequired\":true,\"valueName\":\"search_term_string\"}}],\"inLanguage\":\"fr-FR\"},{\"@type\":\"Organization\",\"@id\":\"https:\\\/\\\/filles-de-la-charite.org\\\/fr\\\/#organization\",\"name\":\"Hijas de la Caridad\",\"url\":\"https:\\\/\\\/filles-de-la-charite.org\\\/fr\\\/\",\"logo\":{\"@type\":\"ImageObject\",\"inLanguage\":\"fr-FR\",\"@id\":\"https:\\\/\\\/filles-de-la-charite.org\\\/fr\\\/#\\\/schema\\\/logo\\\/image\\\/\",\"url\":\"https:\\\/\\\/filles-de-la-charite.org\\\/wp-content\\\/uploads\\\/2023\\\/03\\\/isotipo-Hijas-de-la-Caridad.png\",\"contentUrl\":\"https:\\\/\\\/filles-de-la-charite.org\\\/wp-content\\\/uploads\\\/2023\\\/03\\\/isotipo-Hijas-de-la-Caridad.png\",\"width\":1417,\"height\":1417,\"caption\":\"Hijas de la Caridad\"},\"image\":{\"@id\":\"https:\\\/\\\/filles-de-la-charite.org\\\/fr\\\/#\\\/schema\\\/logo\\\/image\\\/\"}}]}<\/script>\n<!-- \/ Yoast SEO plugin. -->","yoast_head_json":{"title":"Avec la Bienheureuse Vierge Marie - Une perspective d'\u00e9ternit\u00e9 - Filles de la Charit\u00e9","robots":{"index":"index","follow":"follow","max-snippet":"max-snippet:-1","max-image-preview":"max-image-preview:large","max-video-preview":"max-video-preview:-1"},"canonical":"https:\/\/filles-de-la-charite.org\/fr\/rincon-oracion\/avec-la-bienheureuse-vierge-marie-une-perspective-deternite\/","og_locale":"fr_FR","og_type":"article","og_title":"Avec la Bienheureuse Vierge Marie - Une perspective d'\u00e9ternit\u00e9 - Filles de la Charit\u00e9","og_description":"\u00ab\u00a0Tout chr\u00e9tien doit aimer la Sainte Vierge de tout son c\u0153ur et la v\u00e9n\u00e9rer \u00e0 cause de son extraordinaire dignit\u00e9 et des vertus dont Dieu l&rsquo;a dot\u00e9e pour \u00eatre la M\u00e8re de l&rsquo;Homme-Dieu\u00a0\u00bb . (Avec saint Louis de Marillac, contemplons le myst\u00e8re de l&rsquo;Assomption de la Bienheureuse Vierge Marie et, comme elle, mettons toute notre [&hellip;]","og_url":"https:\/\/filles-de-la-charite.org\/fr\/rincon-oracion\/avec-la-bienheureuse-vierge-marie-une-perspective-deternite\/","og_site_name":"Filles de la Charit\u00e9","og_image":[{"width":1280,"height":720,"url":"https:\/\/filles-de-la-charite.org\/wp-content\/uploads\/2024\/08\/FR-PC-Aout-2024.jpg","type":"image\/jpeg"}],"twitter_card":"summary_large_image","twitter_misc":{"Dur\u00e9e de lecture estim\u00e9e":"1 minute"},"schema":{"@context":"https:\/\/schema.org","@graph":[{"@type":"WebPage","@id":"https:\/\/filles-de-la-charite.org\/fr\/rincon-oracion\/avec-la-bienheureuse-vierge-marie-une-perspective-deternite\/","url":"https:\/\/filles-de-la-charite.org\/fr\/rincon-oracion\/avec-la-bienheureuse-vierge-marie-une-perspective-deternite\/","name":"Avec la Bienheureuse Vierge Marie - Une perspective d'\u00e9ternit\u00e9 - Filles de la Charit\u00e9","isPartOf":{"@id":"https:\/\/filles-de-la-charite.org\/fr\/#website"},"primaryImageOfPage":{"@id":"https:\/\/filles-de-la-charite.org\/fr\/rincon-oracion\/avec-la-bienheureuse-vierge-marie-une-perspective-deternite\/#primaryimage"},"image":{"@id":"https:\/\/filles-de-la-charite.org\/fr\/rincon-oracion\/avec-la-bienheureuse-vierge-marie-une-perspective-deternite\/#primaryimage"},"thumbnailUrl":"https:\/\/filles-de-la-charite.org\/wp-content\/uploads\/2024\/08\/FR-PC-Aout-2024.jpg","datePublished":"2024-08-14T23:00:00+00:00","inLanguage":"fr-FR","potentialAction":[{"@type":"ReadAction","target":["https:\/\/filles-de-la-charite.org\/fr\/rincon-oracion\/avec-la-bienheureuse-vierge-marie-une-perspective-deternite\/"]}]},{"@type":"ImageObject","inLanguage":"fr-FR","@id":"https:\/\/filles-de-la-charite.org\/fr\/rincon-oracion\/avec-la-bienheureuse-vierge-marie-une-perspective-deternite\/#primaryimage","url":"https:\/\/filles-de-la-charite.org\/wp-content\/uploads\/2024\/08\/FR-PC-Aout-2024.jpg","contentUrl":"https:\/\/filles-de-la-charite.org\/wp-content\/uploads\/2024\/08\/FR-PC-Aout-2024.jpg","width":1280,"height":720},{"@type":"WebSite","@id":"https:\/\/filles-de-la-charite.org\/fr\/#website","url":"https:\/\/filles-de-la-charite.org\/fr\/","name":"Hijas de la Caridad","description":"L\u2019amour de J\u00e9sus nous presse \u00e0 prendre soin des personnes les plus d\u00e9munies","publisher":{"@id":"https:\/\/filles-de-la-charite.org\/fr\/#organization"},"potentialAction":[{"@type":"SearchAction","target":{"@type":"EntryPoint","urlTemplate":"https:\/\/filles-de-la-charite.org\/fr\/?s={search_term_string}"},"query-input":{"@type":"PropertyValueSpecification","valueRequired":true,"valueName":"search_term_string"}}],"inLanguage":"fr-FR"},{"@type":"Organization","@id":"https:\/\/filles-de-la-charite.org\/fr\/#organization","name":"Hijas de la Caridad","url":"https:\/\/filles-de-la-charite.org\/fr\/","logo":{"@type":"ImageObject","inLanguage":"fr-FR","@id":"https:\/\/filles-de-la-charite.org\/fr\/#\/schema\/logo\/image\/","url":"https:\/\/filles-de-la-charite.org\/wp-content\/uploads\/2023\/03\/isotipo-Hijas-de-la-Caridad.png","contentUrl":"https:\/\/filles-de-la-charite.org\/wp-content\/uploads\/2023\/03\/isotipo-Hijas-de-la-Caridad.png","width":1417,"height":1417,"caption":"Hijas de la Caridad"},"image":{"@id":"https:\/\/filles-de-la-charite.org\/fr\/#\/schema\/logo\/image\/"}}]}},"_links":{"self":[{"href":"https:\/\/filles-de-la-charite.org\/fr\/wp-json\/wp\/v2\/rincon-oracion\/38914","targetHints":{"allow":["GET"]}}],"collection":[{"href":"https:\/\/filles-de-la-charite.org\/fr\/wp-json\/wp\/v2\/rincon-oracion"}],"about":[{"href":"https:\/\/filles-de-la-charite.org\/fr\/wp-json\/wp\/v2\/types\/rincon-oracion"}],"wp:featuredmedia":[{"embeddable":true,"href":"https:\/\/filles-de-la-charite.org\/fr\/wp-json\/wp\/v2\/media\/38881"}],"wp:attachment":[{"href":"https:\/\/filles-de-la-charite.org\/fr\/wp-json\/wp\/v2\/media?parent=38914"}],"curies":[{"name":"wp","href":"https:\/\/api.w.org\/{rel}","templated":true}]}}

Avec la Bienheureuse Vierge Marie &#8211; Une perspective d&rsquo;éternité

<p>"Tout chrétien doit aimer la Sainte Vierge de tout son cœur et la vénérer à cause de son extraordinaire dignité et des vertus dont Dieu l'a dotée pour être la Mère de l'Homme-Dieu" . (Avec saint Louis de Marillac, contemplons le mystère de l'Assomption de la Bienheureuse Vierge Marie et, comme elle, mettons toute notre espérance en Dieu pour recevoir, nous aussi, une part de la vie éternelle dans le Royaume de Dieu.</p>



<figure class="wp-block-embed is-type-video is-provider-youtube wp-block-embed-youtube wp-embed-aspect-16-9 wp-has-aspect-ratio"><div class="wp-block-embed__wrapper">
<iframe loading="lazy" title="Avec la Bienheureuse Vierge Marie - Une perspective d&#039;éternité - Aout 2024 FR" width="1080" height="608" src="https://www.youtube.com/embed/1bx77TDEoYk?feature=oembed"  allow="accelerometer; autoplay; clipboard-write; encrypted-media; gyroscope; picture-in-picture; web-share" referrerpolicy="strict-origin-when-cross-origin" allowfullscreen></iframe>
</div></figure>

<!-- This site is optimized with the Yoast SEO plugin v27.5 - https://yoast.com/product/yoast-seo-wordpress/ -->
<title>Avec la Bienheureuse Vierge Marie - Une perspective d&#039;éternité - Filles de la Charité</title>
<meta name="robots" content="index, follow, max-snippet:-1, max-image-preview:large, max-video-preview:-1" />
<link rel="canonical" href="https://filles-de-la-charite.org/fr/rincon-oracion/avec-la-bienheureuse-vierge-marie-une-perspective-deternite/" />
<meta property="og:locale" content="fr_FR" />
<meta property="og:type" content="article" />
<meta property="og:title" content="Avec la Bienheureuse Vierge Marie - Une perspective d&#039;éternité - Filles de la Charité" />
<meta property="og:description" content="« Tout chrétien doit aimer la Sainte Vierge de tout son cœur et la vénérer à cause de son extraordinaire dignité et des vertus dont Dieu l&rsquo;a dotée pour être la Mère de l&rsquo;Homme-Dieu » . (Avec saint Louis de Marillac, contemplons le mystère de l&rsquo;Assomption de la Bienheureuse Vierge Marie et, comme elle, mettons toute notre [&hellip;]" />
<meta property="og:url" content="https://filles-de-la-charite.org/fr/rincon-oracion/avec-la-bienheureuse-vierge-marie-une-perspective-deternite/" />
<meta property="og:site_name" content="Filles de la Charité" />
<meta property="og:image" content="https://filles-de-la-charite.org/wp-content/uploads/2024/08/FR-PC-Aout-2024.jpg" />
	<meta property="og:image:width" content="1280" />
	<meta property="og:image:height" content="720" />
	<meta property="og:image:type" content="image/jpeg" />
<meta name="twitter:card" content="summary_large_image" />
<meta name="twitter:label1" content="Durée de lecture estimée" />
	<meta name="twitter:data1" content="1 minute" />
<script type="application/ld+json" class="yoast-schema-graph">{"@context":"https:\/\/schema.org","@graph":[{"@type":"WebPage","@id":"https:\/\/filles-de-la-charite.org\/fr\/rincon-oracion\/avec-la-bienheureuse-vierge-marie-une-perspective-deternite\/","url":"https:\/\/filles-de-la-charite.org\/fr\/rincon-oracion\/avec-la-bienheureuse-vierge-marie-une-perspective-deternite\/","name":"Avec la Bienheureuse Vierge Marie - Une perspective d'éternité - Filles de la Charité","isPartOf":{"@id":"https:\/\/filles-de-la-charite.org\/fr\/#website"},"primaryImageOfPage":{"@id":"https:\/\/filles-de-la-charite.org\/fr\/rincon-oracion\/avec-la-bienheureuse-vierge-marie-une-perspective-deternite\/#primaryimage"},"image":{"@id":"https:\/\/filles-de-la-charite.org\/fr\/rincon-oracion\/avec-la-bienheureuse-vierge-marie-une-perspective-deternite\/#primaryimage"},"thumbnailUrl":"https:\/\/filles-de-la-charite.org\/wp-content\/uploads\/2024\/08\/FR-PC-Aout-2024.jpg","datePublished":"2024-08-14T23:00:00+00:00","inLanguage":"fr-FR","potentialAction":[{"@type":"ReadAction","target":["https:\/\/filles-de-la-charite.org\/fr\/rincon-oracion\/avec-la-bienheureuse-vierge-marie-une-perspective-deternite\/"]}]},{"@type":"ImageObject","inLanguage":"fr-FR","@id":"https:\/\/filles-de-la-charite.org\/fr\/rincon-oracion\/avec-la-bienheureuse-vierge-marie-une-perspective-deternite\/#primaryimage","url":"https:\/\/filles-de-la-charite.org\/wp-content\/uploads\/2024\/08\/FR-PC-Aout-2024.jpg","contentUrl":"https:\/\/filles-de-la-charite.org\/wp-content\/uploads\/2024\/08\/FR-PC-Aout-2024.jpg","width":1280,"height":720},{"@type":"WebSite","@id":"https:\/\/filles-de-la-charite.org\/fr\/#website","url":"https:\/\/filles-de-la-charite.org\/fr\/","name":"Hijas de la Caridad","description":"L’amour de Jésus nous presse à prendre soin des personnes les plus démunies","publisher":{"@id":"https:\/\/filles-de-la-charite.org\/fr\/#organization"},"potentialAction":[{"@type":"SearchAction","target":{"@type":"EntryPoint","urlTemplate":"https:\/\/filles-de-la-charite.org\/fr\/?s={search_term_string}"},"query-input":{"@type":"PropertyValueSpecification","valueRequired":true,"valueName":"search_term_string"}}],"inLanguage":"fr-FR"},{"@type":"Organization","@id":"https:\/\/filles-de-la-charite.org\/fr\/#organization","name":"Hijas de la Caridad","url":"https:\/\/filles-de-la-charite.org\/fr\/","logo":{"@type":"ImageObject","inLanguage":"fr-FR","@id":"https:\/\/filles-de-la-charite.org\/fr\/#\/schema\/logo\/image\/","url":"https:\/\/filles-de-la-charite.org\/wp-content\/uploads\/2023\/03\/isotipo-Hijas-de-la-Caridad.png","contentUrl":"https:\/\/filles-de-la-charite.org\/wp-content\/uploads\/2023\/03\/isotipo-Hijas-de-la-Caridad.png","width":1417,"height":1417,"caption":"Hijas de la Caridad"},"image":{"@id":"https:\/\/filles-de-la-charite.org\/fr\/#\/schema\/logo\/image\/"}}]}</script>
<!-- / Yoast SEO plugin. -->

Avec la Bienheureuse Vierge Marie - Une perspective d'éternité - Filles de la Charité

« Tout chrétien doit aimer la Sainte Vierge de tout son cœur et la vénérer à cause de son extraordinaire dignité et des vertus dont Dieu l&rsquo;a dotée pour être la Mère de l&rsquo;Homme-Dieu » . (Avec saint Louis de Marillac, contemplons le mystère de l&rsquo;Assomption de la Bienheureuse Vierge Marie et, comme elle, mettons toute notre [&hellip;]

Filles de la Charité

L’amour de Jésus nous presse à prendre soin des personnes les plus démunies
