{"id":46203,"date":"2025-09-03T00:00:00","date_gmt":"2025-09-02T22:00:00","guid":{"rendered":"https:\/\/filles-de-la-charite.org\/?post_type=rincon-oracion&#038;p=46203"},"modified":"2025-09-02T09:18:01","modified_gmt":"2025-09-02T07:18:01","slug":"saint-vincent-de-paul-pelerin-de-lesperance-fr","status":"publish","type":"rincon-oracion","link":"https:\/\/filles-de-la-charite.org\/fr\/rincon-oracion\/saint-vincent-de-paul-pelerin-de-lesperance-fr\/","title":{"rendered":"Saint Vincent de Paul, p\u00e8lerin de l&rsquo;esp\u00e9rance FR"},"content":{"rendered":"\n<p>Le mois de septembre nous invite \u00e0 marcher avec saint Vincent de Paul, un p\u00e8lerin de l'esp\u00e9rance dont la vie a \u00e9t\u00e9 marqu\u00e9e par une foi incarn\u00e9e et active. Il ne s'est pas content\u00e9 de croire en la transformation du monde, il l'a fait par des gestes concrets de mis\u00e9ricorde. En ces temps incertains, son t\u00e9moignage nous inspire \u00e0 \u00eatre des p\u00e8lerins qui marchent avec sens, les yeux tourn\u00e9s vers le Christ et les pieds fermement ancr\u00e9s dans la r\u00e9alit\u00e9 des pauvres. Que sa spiritualit\u00e9 continue d'\u00e9clairer nos pas et de raviver en nous la flamme de l'esp\u00e9rance qui ne d\u00e9\u00e7oit pas.<\/p>\n\n\n\n<figure class=\"wp-block-embed is-type-video is-provider-youtube wp-block-embed-youtube wp-embed-aspect-16-9 wp-has-aspect-ratio\"><div class=\"wp-block-embed__wrapper\">\n<iframe loading=\"lazy\" title=\"Saint Vincent de Paul, p\u00e8lerin de l&#039;esp\u00e9rance FR\" width=\"1080\" height=\"608\" src=\"https:\/\/www.youtube.com\/embed\/nT1f3eUMl5U?feature=oembed\"  allow=\"accelerometer; autoplay; clipboard-write; encrypted-media; gyroscope; picture-in-picture; web-share\" referrerpolicy=\"strict-origin-when-cross-origin\" allowfullscreen><\/iframe>\n<\/div><\/figure>\n","protected":false},"featured_media":46180,"template":"","meta":{"_acf_changed":false,"_links_to":"","_links_to_target":""},"class_list":["post-46203","rincon-oracion","type-rincon-oracion","status-publish","has-post-thumbnail","hentry"],"acf":[],"yoast_head":"<!-- This site is optimized with the Yoast SEO plugin v27.5 - https:\/\/yoast.com\/product\/yoast-seo-wordpress\/ -->\n<title>Saint Vincent de Paul, p\u00e8lerin de l&#039;esp\u00e9rance FR - Filles de la Charit\u00e9<\/title>\n<meta name=\"robots\" content=\"index, follow, max-snippet:-1, max-image-preview:large, max-video-preview:-1\" \/>\n<link rel=\"canonical\" href=\"https:\/\/filles-de-la-charite.org\/fr\/rincon-oracion\/saint-vincent-de-paul-pelerin-de-lesperance-fr\/\" \/>\n<meta property=\"og:locale\" content=\"fr_FR\" \/>\n<meta property=\"og:type\" content=\"article\" \/>\n<meta property=\"og:title\" content=\"Saint Vincent de Paul, p\u00e8lerin de l&#039;esp\u00e9rance FR - Filles de la Charit\u00e9\" \/>\n<meta property=\"og:description\" content=\"Le mois de septembre nous invite \u00e0 marcher avec saint Vincent de Paul, un p\u00e8lerin de l&rsquo;esp\u00e9rance dont la vie a \u00e9t\u00e9 marqu\u00e9e par une foi incarn\u00e9e et active. Il ne s&rsquo;est pas content\u00e9 de croire en la transformation du monde, il l&rsquo;a fait par des gestes concrets de mis\u00e9ricorde. En ces temps incertains, son [&hellip;]\" \/>\n<meta property=\"og:url\" content=\"https:\/\/filles-de-la-charite.org\/fr\/rincon-oracion\/saint-vincent-de-paul-pelerin-de-lesperance-fr\/\" \/>\n<meta property=\"og:site_name\" content=\"Filles de la Charit\u00e9\" \/>\n<meta property=\"og:image\" content=\"https:\/\/filles-de-la-charite.org\/wp-content\/uploads\/2025\/09\/FR-vincent.jpg\" \/>\n\t<meta property=\"og:image:width\" content=\"1920\" \/>\n\t<meta property=\"og:image:height\" content=\"1080\" \/>\n\t<meta property=\"og:image:type\" content=\"image\/jpeg\" \/>\n<meta name=\"twitter:card\" content=\"summary_large_image\" \/>\n<meta name=\"twitter:label1\" content=\"Dur\u00e9e de lecture estim\u00e9e\" \/>\n\t<meta name=\"twitter:data1\" content=\"1 minute\" \/>\n<script type=\"application\/ld+json\" class=\"yoast-schema-graph\">{\"@context\":\"https:\\\/\\\/schema.org\",\"@graph\":[{\"@type\":\"WebPage\",\"@id\":\"https:\\\/\\\/filles-de-la-charite.org\\\/fr\\\/rincon-oracion\\\/saint-vincent-de-paul-pelerin-de-lesperance-fr\\\/\",\"url\":\"https:\\\/\\\/filles-de-la-charite.org\\\/fr\\\/rincon-oracion\\\/saint-vincent-de-paul-pelerin-de-lesperance-fr\\\/\",\"name\":\"Saint Vincent de Paul, p\u00e8lerin de l'esp\u00e9rance FR - Filles de la Charit\u00e9\",\"isPartOf\":{\"@id\":\"https:\\\/\\\/filles-de-la-charite.org\\\/fr\\\/#website\"},\"primaryImageOfPage\":{\"@id\":\"https:\\\/\\\/filles-de-la-charite.org\\\/fr\\\/rincon-oracion\\\/saint-vincent-de-paul-pelerin-de-lesperance-fr\\\/#primaryimage\"},\"image\":{\"@id\":\"https:\\\/\\\/filles-de-la-charite.org\\\/fr\\\/rincon-oracion\\\/saint-vincent-de-paul-pelerin-de-lesperance-fr\\\/#primaryimage\"},\"thumbnailUrl\":\"https:\\\/\\\/filles-de-la-charite.org\\\/wp-content\\\/uploads\\\/2025\\\/09\\\/FR-vincent.jpg\",\"datePublished\":\"2025-09-02T22:00:00+00:00\",\"inLanguage\":\"fr-FR\",\"potentialAction\":[{\"@type\":\"ReadAction\",\"target\":[\"https:\\\/\\\/filles-de-la-charite.org\\\/fr\\\/rincon-oracion\\\/saint-vincent-de-paul-pelerin-de-lesperance-fr\\\/\"]}]},{\"@type\":\"ImageObject\",\"inLanguage\":\"fr-FR\",\"@id\":\"https:\\\/\\\/filles-de-la-charite.org\\\/fr\\\/rincon-oracion\\\/saint-vincent-de-paul-pelerin-de-lesperance-fr\\\/#primaryimage\",\"url\":\"https:\\\/\\\/filles-de-la-charite.org\\\/wp-content\\\/uploads\\\/2025\\\/09\\\/FR-vincent.jpg\",\"contentUrl\":\"https:\\\/\\\/filles-de-la-charite.org\\\/wp-content\\\/uploads\\\/2025\\\/09\\\/FR-vincent.jpg\",\"width\":1920,\"height\":1080},{\"@type\":\"WebSite\",\"@id\":\"https:\\\/\\\/filles-de-la-charite.org\\\/fr\\\/#website\",\"url\":\"https:\\\/\\\/filles-de-la-charite.org\\\/fr\\\/\",\"name\":\"Hijas de la Caridad\",\"description\":\"L\u2019amour de J\u00e9sus nous presse \u00e0 prendre soin des personnes les plus d\u00e9munies\",\"publisher\":{\"@id\":\"https:\\\/\\\/filles-de-la-charite.org\\\/fr\\\/#organization\"},\"potentialAction\":[{\"@type\":\"SearchAction\",\"target\":{\"@type\":\"EntryPoint\",\"urlTemplate\":\"https:\\\/\\\/filles-de-la-charite.org\\\/fr\\\/?s={search_term_string}\"},\"query-input\":{\"@type\":\"PropertyValueSpecification\",\"valueRequired\":true,\"valueName\":\"search_term_string\"}}],\"inLanguage\":\"fr-FR\"},{\"@type\":\"Organization\",\"@id\":\"https:\\\/\\\/filles-de-la-charite.org\\\/fr\\\/#organization\",\"name\":\"Hijas de la Caridad\",\"url\":\"https:\\\/\\\/filles-de-la-charite.org\\\/fr\\\/\",\"logo\":{\"@type\":\"ImageObject\",\"inLanguage\":\"fr-FR\",\"@id\":\"https:\\\/\\\/filles-de-la-charite.org\\\/fr\\\/#\\\/schema\\\/logo\\\/image\\\/\",\"url\":\"https:\\\/\\\/filles-de-la-charite.org\\\/wp-content\\\/uploads\\\/2023\\\/03\\\/isotipo-Hijas-de-la-Caridad.png\",\"contentUrl\":\"https:\\\/\\\/filles-de-la-charite.org\\\/wp-content\\\/uploads\\\/2023\\\/03\\\/isotipo-Hijas-de-la-Caridad.png\",\"width\":1417,\"height\":1417,\"caption\":\"Hijas de la Caridad\"},\"image\":{\"@id\":\"https:\\\/\\\/filles-de-la-charite.org\\\/fr\\\/#\\\/schema\\\/logo\\\/image\\\/\"}}]}<\/script>\n<!-- \/ Yoast SEO plugin. -->","yoast_head_json":{"title":"Saint Vincent de Paul, p\u00e8lerin de l'esp\u00e9rance FR - Filles de la Charit\u00e9","robots":{"index":"index","follow":"follow","max-snippet":"max-snippet:-1","max-image-preview":"max-image-preview:large","max-video-preview":"max-video-preview:-1"},"canonical":"https:\/\/filles-de-la-charite.org\/fr\/rincon-oracion\/saint-vincent-de-paul-pelerin-de-lesperance-fr\/","og_locale":"fr_FR","og_type":"article","og_title":"Saint Vincent de Paul, p\u00e8lerin de l'esp\u00e9rance FR - Filles de la Charit\u00e9","og_description":"Le mois de septembre nous invite \u00e0 marcher avec saint Vincent de Paul, un p\u00e8lerin de l&rsquo;esp\u00e9rance dont la vie a \u00e9t\u00e9 marqu\u00e9e par une foi incarn\u00e9e et active. Il ne s&rsquo;est pas content\u00e9 de croire en la transformation du monde, il l&rsquo;a fait par des gestes concrets de mis\u00e9ricorde. En ces temps incertains, son [&hellip;]","og_url":"https:\/\/filles-de-la-charite.org\/fr\/rincon-oracion\/saint-vincent-de-paul-pelerin-de-lesperance-fr\/","og_site_name":"Filles de la Charit\u00e9","og_image":[{"width":1920,"height":1080,"url":"https:\/\/filles-de-la-charite.org\/wp-content\/uploads\/2025\/09\/FR-vincent.jpg","type":"image\/jpeg"}],"twitter_card":"summary_large_image","twitter_misc":{"Dur\u00e9e de lecture estim\u00e9e":"1 minute"},"schema":{"@context":"https:\/\/schema.org","@graph":[{"@type":"WebPage","@id":"https:\/\/filles-de-la-charite.org\/fr\/rincon-oracion\/saint-vincent-de-paul-pelerin-de-lesperance-fr\/","url":"https:\/\/filles-de-la-charite.org\/fr\/rincon-oracion\/saint-vincent-de-paul-pelerin-de-lesperance-fr\/","name":"Saint Vincent de Paul, p\u00e8lerin de l'esp\u00e9rance FR - Filles de la Charit\u00e9","isPartOf":{"@id":"https:\/\/filles-de-la-charite.org\/fr\/#website"},"primaryImageOfPage":{"@id":"https:\/\/filles-de-la-charite.org\/fr\/rincon-oracion\/saint-vincent-de-paul-pelerin-de-lesperance-fr\/#primaryimage"},"image":{"@id":"https:\/\/filles-de-la-charite.org\/fr\/rincon-oracion\/saint-vincent-de-paul-pelerin-de-lesperance-fr\/#primaryimage"},"thumbnailUrl":"https:\/\/filles-de-la-charite.org\/wp-content\/uploads\/2025\/09\/FR-vincent.jpg","datePublished":"2025-09-02T22:00:00+00:00","inLanguage":"fr-FR","potentialAction":[{"@type":"ReadAction","target":["https:\/\/filles-de-la-charite.org\/fr\/rincon-oracion\/saint-vincent-de-paul-pelerin-de-lesperance-fr\/"]}]},{"@type":"ImageObject","inLanguage":"fr-FR","@id":"https:\/\/filles-de-la-charite.org\/fr\/rincon-oracion\/saint-vincent-de-paul-pelerin-de-lesperance-fr\/#primaryimage","url":"https:\/\/filles-de-la-charite.org\/wp-content\/uploads\/2025\/09\/FR-vincent.jpg","contentUrl":"https:\/\/filles-de-la-charite.org\/wp-content\/uploads\/2025\/09\/FR-vincent.jpg","width":1920,"height":1080},{"@type":"WebSite","@id":"https:\/\/filles-de-la-charite.org\/fr\/#website","url":"https:\/\/filles-de-la-charite.org\/fr\/","name":"Hijas de la Caridad","description":"L\u2019amour de J\u00e9sus nous presse \u00e0 prendre soin des personnes les plus d\u00e9munies","publisher":{"@id":"https:\/\/filles-de-la-charite.org\/fr\/#organization"},"potentialAction":[{"@type":"SearchAction","target":{"@type":"EntryPoint","urlTemplate":"https:\/\/filles-de-la-charite.org\/fr\/?s={search_term_string}"},"query-input":{"@type":"PropertyValueSpecification","valueRequired":true,"valueName":"search_term_string"}}],"inLanguage":"fr-FR"},{"@type":"Organization","@id":"https:\/\/filles-de-la-charite.org\/fr\/#organization","name":"Hijas de la Caridad","url":"https:\/\/filles-de-la-charite.org\/fr\/","logo":{"@type":"ImageObject","inLanguage":"fr-FR","@id":"https:\/\/filles-de-la-charite.org\/fr\/#\/schema\/logo\/image\/","url":"https:\/\/filles-de-la-charite.org\/wp-content\/uploads\/2023\/03\/isotipo-Hijas-de-la-Caridad.png","contentUrl":"https:\/\/filles-de-la-charite.org\/wp-content\/uploads\/2023\/03\/isotipo-Hijas-de-la-Caridad.png","width":1417,"height":1417,"caption":"Hijas de la Caridad"},"image":{"@id":"https:\/\/filles-de-la-charite.org\/fr\/#\/schema\/logo\/image\/"}}]}},"_links":{"self":[{"href":"https:\/\/filles-de-la-charite.org\/fr\/wp-json\/wp\/v2\/rincon-oracion\/46203","targetHints":{"allow":["GET"]}}],"collection":[{"href":"https:\/\/filles-de-la-charite.org\/fr\/wp-json\/wp\/v2\/rincon-oracion"}],"about":[{"href":"https:\/\/filles-de-la-charite.org\/fr\/wp-json\/wp\/v2\/types\/rincon-oracion"}],"wp:featuredmedia":[{"embeddable":true,"href":"https:\/\/filles-de-la-charite.org\/fr\/wp-json\/wp\/v2\/media\/46180"}],"wp:attachment":[{"href":"https:\/\/filles-de-la-charite.org\/fr\/wp-json\/wp\/v2\/media?parent=46203"}],"curies":[{"name":"wp","href":"https:\/\/api.w.org\/{rel}","templated":true}]}}

Saint Vincent de Paul, pèlerin de l&rsquo;espérance FR

<p>Le mois de septembre nous invite à marcher avec saint Vincent de Paul, un pèlerin de l'espérance dont la vie a été marquée par une foi incarnée et active. Il ne s'est pas contenté de croire en la transformation du monde, il l'a fait par des gestes concrets de miséricorde. En ces temps incertains, son témoignage nous inspire à être des pèlerins qui marchent avec sens, les yeux tournés vers le Christ et les pieds fermement ancrés dans la réalité des pauvres. Que sa spiritualité continue d'éclairer nos pas et de raviver en nous la flamme de l'espérance qui ne déçoit pas.</p>



<figure class="wp-block-embed is-type-video is-provider-youtube wp-block-embed-youtube wp-embed-aspect-16-9 wp-has-aspect-ratio"><div class="wp-block-embed__wrapper">
<iframe loading="lazy" title="Saint Vincent de Paul, pèlerin de l&#039;espérance FR" width="1080" height="608" src="https://www.youtube.com/embed/nT1f3eUMl5U?feature=oembed"  allow="accelerometer; autoplay; clipboard-write; encrypted-media; gyroscope; picture-in-picture; web-share" referrerpolicy="strict-origin-when-cross-origin" allowfullscreen></iframe>
</div></figure>

<!-- This site is optimized with the Yoast SEO plugin v27.5 - https://yoast.com/product/yoast-seo-wordpress/ -->
<title>Saint Vincent de Paul, pèlerin de l&#039;espérance FR - Filles de la Charité</title>
<meta name="robots" content="index, follow, max-snippet:-1, max-image-preview:large, max-video-preview:-1" />
<link rel="canonical" href="https://filles-de-la-charite.org/fr/rincon-oracion/saint-vincent-de-paul-pelerin-de-lesperance-fr/" />
<meta property="og:locale" content="fr_FR" />
<meta property="og:type" content="article" />
<meta property="og:title" content="Saint Vincent de Paul, pèlerin de l&#039;espérance FR - Filles de la Charité" />
<meta property="og:description" content="Le mois de septembre nous invite à marcher avec saint Vincent de Paul, un pèlerin de l&rsquo;espérance dont la vie a été marquée par une foi incarnée et active. Il ne s&rsquo;est pas contenté de croire en la transformation du monde, il l&rsquo;a fait par des gestes concrets de miséricorde. En ces temps incertains, son [&hellip;]" />
<meta property="og:url" content="https://filles-de-la-charite.org/fr/rincon-oracion/saint-vincent-de-paul-pelerin-de-lesperance-fr/" />
<meta property="og:site_name" content="Filles de la Charité" />
<meta property="og:image" content="https://filles-de-la-charite.org/wp-content/uploads/2025/09/FR-vincent.jpg" />
	<meta property="og:image:width" content="1920" />
	<meta property="og:image:height" content="1080" />
	<meta property="og:image:type" content="image/jpeg" />
<meta name="twitter:card" content="summary_large_image" />
<meta name="twitter:label1" content="Durée de lecture estimée" />
	<meta name="twitter:data1" content="1 minute" />
<script type="application/ld+json" class="yoast-schema-graph">{"@context":"https:\/\/schema.org","@graph":[{"@type":"WebPage","@id":"https:\/\/filles-de-la-charite.org\/fr\/rincon-oracion\/saint-vincent-de-paul-pelerin-de-lesperance-fr\/","url":"https:\/\/filles-de-la-charite.org\/fr\/rincon-oracion\/saint-vincent-de-paul-pelerin-de-lesperance-fr\/","name":"Saint Vincent de Paul, pèlerin de l'espérance FR - Filles de la Charité","isPartOf":{"@id":"https:\/\/filles-de-la-charite.org\/fr\/#website"},"primaryImageOfPage":{"@id":"https:\/\/filles-de-la-charite.org\/fr\/rincon-oracion\/saint-vincent-de-paul-pelerin-de-lesperance-fr\/#primaryimage"},"image":{"@id":"https:\/\/filles-de-la-charite.org\/fr\/rincon-oracion\/saint-vincent-de-paul-pelerin-de-lesperance-fr\/#primaryimage"},"thumbnailUrl":"https:\/\/filles-de-la-charite.org\/wp-content\/uploads\/2025\/09\/FR-vincent.jpg","datePublished":"2025-09-02T22:00:00+00:00","inLanguage":"fr-FR","potentialAction":[{"@type":"ReadAction","target":["https:\/\/filles-de-la-charite.org\/fr\/rincon-oracion\/saint-vincent-de-paul-pelerin-de-lesperance-fr\/"]}]},{"@type":"ImageObject","inLanguage":"fr-FR","@id":"https:\/\/filles-de-la-charite.org\/fr\/rincon-oracion\/saint-vincent-de-paul-pelerin-de-lesperance-fr\/#primaryimage","url":"https:\/\/filles-de-la-charite.org\/wp-content\/uploads\/2025\/09\/FR-vincent.jpg","contentUrl":"https:\/\/filles-de-la-charite.org\/wp-content\/uploads\/2025\/09\/FR-vincent.jpg","width":1920,"height":1080},{"@type":"WebSite","@id":"https:\/\/filles-de-la-charite.org\/fr\/#website","url":"https:\/\/filles-de-la-charite.org\/fr\/","name":"Hijas de la Caridad","description":"L’amour de Jésus nous presse à prendre soin des personnes les plus démunies","publisher":{"@id":"https:\/\/filles-de-la-charite.org\/fr\/#organization"},"potentialAction":[{"@type":"SearchAction","target":{"@type":"EntryPoint","urlTemplate":"https:\/\/filles-de-la-charite.org\/fr\/?s={search_term_string}"},"query-input":{"@type":"PropertyValueSpecification","valueRequired":true,"valueName":"search_term_string"}}],"inLanguage":"fr-FR"},{"@type":"Organization","@id":"https:\/\/filles-de-la-charite.org\/fr\/#organization","name":"Hijas de la Caridad","url":"https:\/\/filles-de-la-charite.org\/fr\/","logo":{"@type":"ImageObject","inLanguage":"fr-FR","@id":"https:\/\/filles-de-la-charite.org\/fr\/#\/schema\/logo\/image\/","url":"https:\/\/filles-de-la-charite.org\/wp-content\/uploads\/2023\/03\/isotipo-Hijas-de-la-Caridad.png","contentUrl":"https:\/\/filles-de-la-charite.org\/wp-content\/uploads\/2023\/03\/isotipo-Hijas-de-la-Caridad.png","width":1417,"height":1417,"caption":"Hijas de la Caridad"},"image":{"@id":"https:\/\/filles-de-la-charite.org\/fr\/#\/schema\/logo\/image\/"}}]}</script>
<!-- / Yoast SEO plugin. -->

Saint Vincent de Paul, pèlerin de l'espérance FR - Filles de la Charité

Le mois de septembre nous invite à marcher avec saint Vincent de Paul, un pèlerin de l&rsquo;espérance dont la vie a été marquée par une foi incarnée et active. Il ne s&rsquo;est pas contenté de croire en la transformation du monde, il l&rsquo;a fait par des gestes concrets de miséricorde. En ces temps incertains, son [&hellip;]

Filles de la Charité

L’amour de Jésus nous presse à prendre soin des personnes les plus démunies
