{"id":30481,"date":"2023-10-30T09:37:46","date_gmt":"2023-10-30T08:37:46","guid":{"rendered":"https:\/\/hijascaridad.sjdigitaldemo.ovh\/service\/les-enfants\/"},"modified":"2023-11-21T17:25:50","modified_gmt":"2023-11-21T16:25:50","slug":"les-enfants","status":"publish","type":"service","link":"https:\/\/filles-de-la-charite.org\/fr\/service\/les-enfants\/","title":{"rendered":"Les enfants"},"content":{"rendered":"\n<h4 class=\"wp-block-heading\">Pour sainte Louise de Marillac, notre Fondatrice, le soin des enfants \u00e9tait l\u2019un des services les plus importants des Filles de la Charit\u00e9.<\/h4>\n\n\n\n<p>Son exp\u00e9rience personnelle lui avait appris \u00e0 quel point la pr\u00e9sence de personnes aimantes et bienveillantes est importante dans la vie des enfants, en particulier de ceux qui sont orphelins, abandonn\u00e9s ou victimes de la s\u00e9paration de leurs parents. Les enfants ont besoin d\u2019attention, de soins et de conseils pour grandir en bonne sant\u00e9\u00a0et s\u2019\u00e9panouir. En effet, les carences affectives de l\u2019enfance ont des cons\u00e9quences pendant toute la vie.<\/p>\n\n\n\n<p>Dans de nombreuses r\u00e9gions, les enfants n\u2019ont plus droit \u00e0 leur enfance. Sans famille et tr\u00e8s pauvres, ils doivent travailler et sont souvent exploit\u00e9s par ceux qui devraient les respecter et les aider. Des enfants, parfois tr\u00e8s jeunes, deviennent violents et consomment de la drogue parce que la plupart du temps, ils n\u2019ont pas acc\u00e8s \u00e0 d\u2019autres possibilit\u00e9s. Pour cette raison et parce qu\u2019ils sont les plus faibles de la soci\u00e9t\u00e9, nous devons les servir en priorit\u00e9. <\/p>\n\n\n\n<p>Nous concourons au bien-\u00eatre des enfants de diff\u00e9rentes mani\u00e8res&nbsp;:<\/p>\n\n\n\n<ul class=\"wp-block-list\">\n<li>dans les \u00e9coles maternelles et primaires<\/li>\n\n\n\n<li>par les gardes d\u2019enfants, l\u2019aide \u00e0 l\u2019adoption et la recherche de familles d\u2019accueil<\/li>\n\n\n\n<li>par la lutte contre la malnutrition<\/li>\n\n\n\n<li>par les programmes de soutien aux parents et aux familles<\/li>\n<\/ul>\n","protected":false},"featured_media":1926,"template":"","meta":{"_acf_changed":false,"_et_pb_use_builder":"","_et_pb_old_content":"","_et_gb_content_width":"","_links_to":"","_links_to_target":""},"class_list":["post-30481","service","type-service","status-publish","has-post-thumbnail","hentry"],"acf":[],"yoast_head":"<!-- This site is optimized with the Yoast SEO plugin v27.5 - https:\/\/yoast.com\/product\/yoast-seo-wordpress\/ -->\n<title>Les enfants - Filles de la Charit\u00e9<\/title>\n<meta name=\"robots\" content=\"index, follow, max-snippet:-1, max-image-preview:large, max-video-preview:-1\" \/>\n<link rel=\"canonical\" href=\"https:\/\/filles-de-la-charite.org\/fr\/service\/les-enfants\/\" \/>\n<meta property=\"og:locale\" content=\"fr_FR\" \/>\n<meta property=\"og:type\" content=\"article\" \/>\n<meta property=\"og:title\" content=\"Les enfants - Filles de la Charit\u00e9\" \/>\n<meta property=\"og:description\" content=\"Pour sainte Louise de Marillac, notre Fondatrice, le soin des enfants \u00e9tait l\u2019un des services les plus importants des Filles de la Charit\u00e9. Son exp\u00e9rience personnelle lui avait appris \u00e0 quel point la pr\u00e9sence de personnes aimantes et bienveillantes est importante dans la vie des enfants, en particulier de ceux qui sont orphelins, abandonn\u00e9s ou [&hellip;]\" \/>\n<meta property=\"og:url\" content=\"https:\/\/filles-de-la-charite.org\/fr\/service\/les-enfants\/\" \/>\n<meta property=\"og:site_name\" content=\"Filles de la Charit\u00e9\" \/>\n<meta property=\"article:modified_time\" content=\"2023-11-21T16:25:50+00:00\" \/>\n<meta property=\"og:image\" content=\"https:\/\/filles-de-la-charite.org\/wp-content\/uploads\/2023\/04\/Ninos.jpg\" \/>\n\t<meta property=\"og:image:width\" content=\"1920\" \/>\n\t<meta property=\"og:image:height\" content=\"1280\" \/>\n\t<meta property=\"og:image:type\" content=\"image\/jpeg\" \/>\n<meta name=\"twitter:card\" content=\"summary_large_image\" \/>\n<meta name=\"twitter:label1\" content=\"Dur\u00e9e de lecture estim\u00e9e\" \/>\n\t<meta name=\"twitter:data1\" content=\"1 minute\" \/>\n<script type=\"application\/ld+json\" class=\"yoast-schema-graph\">{\"@context\":\"https:\\\/\\\/schema.org\",\"@graph\":[{\"@type\":\"WebPage\",\"@id\":\"https:\\\/\\\/filles-de-la-charite.org\\\/fr\\\/service\\\/les-enfants\\\/\",\"url\":\"https:\\\/\\\/filles-de-la-charite.org\\\/fr\\\/service\\\/les-enfants\\\/\",\"name\":\"Les enfants - Filles de la Charit\u00e9\",\"isPartOf\":{\"@id\":\"https:\\\/\\\/filles-de-la-charite.org\\\/fr\\\/#website\"},\"primaryImageOfPage\":{\"@id\":\"https:\\\/\\\/filles-de-la-charite.org\\\/fr\\\/service\\\/les-enfants\\\/#primaryimage\"},\"image\":{\"@id\":\"https:\\\/\\\/filles-de-la-charite.org\\\/fr\\\/service\\\/les-enfants\\\/#primaryimage\"},\"thumbnailUrl\":\"https:\\\/\\\/filles-de-la-charite.org\\\/wp-content\\\/uploads\\\/2023\\\/04\\\/Ninos.jpg\",\"datePublished\":\"2023-10-30T08:37:46+00:00\",\"dateModified\":\"2023-11-21T16:25:50+00:00\",\"breadcrumb\":{\"@id\":\"https:\\\/\\\/filles-de-la-charite.org\\\/fr\\\/service\\\/les-enfants\\\/#breadcrumb\"},\"inLanguage\":\"fr-FR\",\"potentialAction\":[{\"@type\":\"ReadAction\",\"target\":[\"https:\\\/\\\/filles-de-la-charite.org\\\/fr\\\/service\\\/les-enfants\\\/\"]}]},{\"@type\":\"ImageObject\",\"inLanguage\":\"fr-FR\",\"@id\":\"https:\\\/\\\/filles-de-la-charite.org\\\/fr\\\/service\\\/les-enfants\\\/#primaryimage\",\"url\":\"https:\\\/\\\/filles-de-la-charite.org\\\/wp-content\\\/uploads\\\/2023\\\/04\\\/Ninos.jpg\",\"contentUrl\":\"https:\\\/\\\/filles-de-la-charite.org\\\/wp-content\\\/uploads\\\/2023\\\/04\\\/Ninos.jpg\",\"width\":1920,\"height\":1280},{\"@type\":\"BreadcrumbList\",\"@id\":\"https:\\\/\\\/filles-de-la-charite.org\\\/fr\\\/service\\\/les-enfants\\\/#breadcrumb\",\"itemListElement\":[{\"@type\":\"ListItem\",\"position\":1,\"name\":\"Services\",\"item\":\"https:\\\/\\\/filles-de-la-charite.org\\\/fr\\\/service\\\/\"},{\"@type\":\"ListItem\",\"position\":2,\"name\":\"Les enfants\"}]},{\"@type\":\"WebSite\",\"@id\":\"https:\\\/\\\/filles-de-la-charite.org\\\/fr\\\/#website\",\"url\":\"https:\\\/\\\/filles-de-la-charite.org\\\/fr\\\/\",\"name\":\"Hijas de la Caridad\",\"description\":\"L\u2019amour de J\u00e9sus nous presse \u00e0 prendre soin des personnes les plus d\u00e9munies\",\"publisher\":{\"@id\":\"https:\\\/\\\/filles-de-la-charite.org\\\/fr\\\/#organization\"},\"potentialAction\":[{\"@type\":\"SearchAction\",\"target\":{\"@type\":\"EntryPoint\",\"urlTemplate\":\"https:\\\/\\\/filles-de-la-charite.org\\\/fr\\\/?s={search_term_string}\"},\"query-input\":{\"@type\":\"PropertyValueSpecification\",\"valueRequired\":true,\"valueName\":\"search_term_string\"}}],\"inLanguage\":\"fr-FR\"},{\"@type\":\"Organization\",\"@id\":\"https:\\\/\\\/filles-de-la-charite.org\\\/fr\\\/#organization\",\"name\":\"Hijas de la Caridad\",\"url\":\"https:\\\/\\\/filles-de-la-charite.org\\\/fr\\\/\",\"logo\":{\"@type\":\"ImageObject\",\"inLanguage\":\"fr-FR\",\"@id\":\"https:\\\/\\\/filles-de-la-charite.org\\\/fr\\\/#\\\/schema\\\/logo\\\/image\\\/\",\"url\":\"https:\\\/\\\/filles-de-la-charite.org\\\/wp-content\\\/uploads\\\/2023\\\/03\\\/isotipo-Hijas-de-la-Caridad.png\",\"contentUrl\":\"https:\\\/\\\/filles-de-la-charite.org\\\/wp-content\\\/uploads\\\/2023\\\/03\\\/isotipo-Hijas-de-la-Caridad.png\",\"width\":1417,\"height\":1417,\"caption\":\"Hijas de la Caridad\"},\"image\":{\"@id\":\"https:\\\/\\\/filles-de-la-charite.org\\\/fr\\\/#\\\/schema\\\/logo\\\/image\\\/\"}}]}<\/script>\n<!-- \/ Yoast SEO plugin. -->","yoast_head_json":{"title":"Les enfants - Filles de la Charit\u00e9","robots":{"index":"index","follow":"follow","max-snippet":"max-snippet:-1","max-image-preview":"max-image-preview:large","max-video-preview":"max-video-preview:-1"},"canonical":"https:\/\/filles-de-la-charite.org\/fr\/service\/les-enfants\/","og_locale":"fr_FR","og_type":"article","og_title":"Les enfants - Filles de la Charit\u00e9","og_description":"Pour sainte Louise de Marillac, notre Fondatrice, le soin des enfants \u00e9tait l\u2019un des services les plus importants des Filles de la Charit\u00e9. Son exp\u00e9rience personnelle lui avait appris \u00e0 quel point la pr\u00e9sence de personnes aimantes et bienveillantes est importante dans la vie des enfants, en particulier de ceux qui sont orphelins, abandonn\u00e9s ou [&hellip;]","og_url":"https:\/\/filles-de-la-charite.org\/fr\/service\/les-enfants\/","og_site_name":"Filles de la Charit\u00e9","article_modified_time":"2023-11-21T16:25:50+00:00","og_image":[{"width":1920,"height":1280,"url":"https:\/\/filles-de-la-charite.org\/wp-content\/uploads\/2023\/04\/Ninos.jpg","type":"image\/jpeg"}],"twitter_card":"summary_large_image","twitter_misc":{"Dur\u00e9e de lecture estim\u00e9e":"1 minute"},"schema":{"@context":"https:\/\/schema.org","@graph":[{"@type":"WebPage","@id":"https:\/\/filles-de-la-charite.org\/fr\/service\/les-enfants\/","url":"https:\/\/filles-de-la-charite.org\/fr\/service\/les-enfants\/","name":"Les enfants - Filles de la Charit\u00e9","isPartOf":{"@id":"https:\/\/filles-de-la-charite.org\/fr\/#website"},"primaryImageOfPage":{"@id":"https:\/\/filles-de-la-charite.org\/fr\/service\/les-enfants\/#primaryimage"},"image":{"@id":"https:\/\/filles-de-la-charite.org\/fr\/service\/les-enfants\/#primaryimage"},"thumbnailUrl":"https:\/\/filles-de-la-charite.org\/wp-content\/uploads\/2023\/04\/Ninos.jpg","datePublished":"2023-10-30T08:37:46+00:00","dateModified":"2023-11-21T16:25:50+00:00","breadcrumb":{"@id":"https:\/\/filles-de-la-charite.org\/fr\/service\/les-enfants\/#breadcrumb"},"inLanguage":"fr-FR","potentialAction":[{"@type":"ReadAction","target":["https:\/\/filles-de-la-charite.org\/fr\/service\/les-enfants\/"]}]},{"@type":"ImageObject","inLanguage":"fr-FR","@id":"https:\/\/filles-de-la-charite.org\/fr\/service\/les-enfants\/#primaryimage","url":"https:\/\/filles-de-la-charite.org\/wp-content\/uploads\/2023\/04\/Ninos.jpg","contentUrl":"https:\/\/filles-de-la-charite.org\/wp-content\/uploads\/2023\/04\/Ninos.jpg","width":1920,"height":1280},{"@type":"BreadcrumbList","@id":"https:\/\/filles-de-la-charite.org\/fr\/service\/les-enfants\/#breadcrumb","itemListElement":[{"@type":"ListItem","position":1,"name":"Services","item":"https:\/\/filles-de-la-charite.org\/fr\/service\/"},{"@type":"ListItem","position":2,"name":"Les enfants"}]},{"@type":"WebSite","@id":"https:\/\/filles-de-la-charite.org\/fr\/#website","url":"https:\/\/filles-de-la-charite.org\/fr\/","name":"Hijas de la Caridad","description":"L\u2019amour de J\u00e9sus nous presse \u00e0 prendre soin des personnes les plus d\u00e9munies","publisher":{"@id":"https:\/\/filles-de-la-charite.org\/fr\/#organization"},"potentialAction":[{"@type":"SearchAction","target":{"@type":"EntryPoint","urlTemplate":"https:\/\/filles-de-la-charite.org\/fr\/?s={search_term_string}"},"query-input":{"@type":"PropertyValueSpecification","valueRequired":true,"valueName":"search_term_string"}}],"inLanguage":"fr-FR"},{"@type":"Organization","@id":"https:\/\/filles-de-la-charite.org\/fr\/#organization","name":"Hijas de la Caridad","url":"https:\/\/filles-de-la-charite.org\/fr\/","logo":{"@type":"ImageObject","inLanguage":"fr-FR","@id":"https:\/\/filles-de-la-charite.org\/fr\/#\/schema\/logo\/image\/","url":"https:\/\/filles-de-la-charite.org\/wp-content\/uploads\/2023\/03\/isotipo-Hijas-de-la-Caridad.png","contentUrl":"https:\/\/filles-de-la-charite.org\/wp-content\/uploads\/2023\/03\/isotipo-Hijas-de-la-Caridad.png","width":1417,"height":1417,"caption":"Hijas de la Caridad"},"image":{"@id":"https:\/\/filles-de-la-charite.org\/fr\/#\/schema\/logo\/image\/"}}]}},"_links":{"self":[{"href":"https:\/\/filles-de-la-charite.org\/fr\/wp-json\/wp\/v2\/service\/30481","targetHints":{"allow":["GET"]}}],"collection":[{"href":"https:\/\/filles-de-la-charite.org\/fr\/wp-json\/wp\/v2\/service"}],"about":[{"href":"https:\/\/filles-de-la-charite.org\/fr\/wp-json\/wp\/v2\/types\/service"}],"wp:featuredmedia":[{"embeddable":true,"href":"https:\/\/filles-de-la-charite.org\/fr\/wp-json\/wp\/v2\/media\/1926"}],"wp:attachment":[{"href":"https:\/\/filles-de-la-charite.org\/fr\/wp-json\/wp\/v2\/media?parent=30481"}],"curies":[{"name":"wp","href":"https:\/\/api.w.org\/{rel}","templated":true}]}}

<h4 class="wp-block-heading">Pour sainte Louise de Marillac, notre Fondatrice, le soin des enfants était l’un des services les plus importants des Filles de la Charité.</h4>



<p>Son expérience personnelle lui avait appris à quel point la présence de personnes aimantes et bienveillantes est importante dans la vie des enfants, en particulier de ceux qui sont orphelins, abandonnés ou victimes de la séparation de leurs parents. Les enfants ont besoin d’attention, de soins et de conseils pour grandir en bonne santé et s’épanouir. En effet, les carences affectives de l’enfance ont des conséquences pendant toute la vie.</p>



<p>Dans de nombreuses régions, les enfants n’ont plus droit à leur enfance. Sans famille et très pauvres, ils doivent travailler et sont souvent exploités par ceux qui devraient les respecter et les aider. Des enfants, parfois très jeunes, deviennent violents et consomment de la drogue parce que la plupart du temps, ils n’ont pas accès à d’autres possibilités. Pour cette raison et parce qu’ils sont les plus faibles de la société, nous devons les servir en priorité. </p>



<p>Nous concourons au bien-être des enfants de différentes manières&nbsp;:</p>



<ul class="wp-block-list">
<li>dans les écoles maternelles et primaires</li>



<li>par les gardes d’enfants, l’aide à l’adoption et la recherche de familles d’accueil</li>



<li>par la lutte contre la malnutrition</li>



<li>par les programmes de soutien aux parents et aux familles</li>
</ul>

<!-- This site is optimized with the Yoast SEO plugin v27.5 - https://yoast.com/product/yoast-seo-wordpress/ -->
<title>Les enfants - Filles de la Charité</title>
<meta name="robots" content="index, follow, max-snippet:-1, max-image-preview:large, max-video-preview:-1" />
<link rel="canonical" href="https://filles-de-la-charite.org/fr/service/les-enfants/" />
<meta property="og:locale" content="fr_FR" />
<meta property="og:type" content="article" />
<meta property="og:title" content="Les enfants - Filles de la Charité" />
<meta property="og:description" content="Pour sainte Louise de Marillac, notre Fondatrice, le soin des enfants était l’un des services les plus importants des Filles de la Charité. Son expérience personnelle lui avait appris à quel point la présence de personnes aimantes et bienveillantes est importante dans la vie des enfants, en particulier de ceux qui sont orphelins, abandonnés ou [&hellip;]" />
<meta property="og:url" content="https://filles-de-la-charite.org/fr/service/les-enfants/" />
<meta property="og:site_name" content="Filles de la Charité" />
<meta property="article:modified_time" content="2023-11-21T16:25:50+00:00" />
<meta property="og:image" content="https://filles-de-la-charite.org/wp-content/uploads/2023/04/Ninos.jpg" />
	<meta property="og:image:width" content="1920" />
	<meta property="og:image:height" content="1280" />
	<meta property="og:image:type" content="image/jpeg" />
<meta name="twitter:card" content="summary_large_image" />
<meta name="twitter:label1" content="Durée de lecture estimée" />
	<meta name="twitter:data1" content="1 minute" />
<script type="application/ld+json" class="yoast-schema-graph">{"@context":"https:\/\/schema.org","@graph":[{"@type":"WebPage","@id":"https:\/\/filles-de-la-charite.org\/fr\/service\/les-enfants\/","url":"https:\/\/filles-de-la-charite.org\/fr\/service\/les-enfants\/","name":"Les enfants - Filles de la Charité","isPartOf":{"@id":"https:\/\/filles-de-la-charite.org\/fr\/#website"},"primaryImageOfPage":{"@id":"https:\/\/filles-de-la-charite.org\/fr\/service\/les-enfants\/#primaryimage"},"image":{"@id":"https:\/\/filles-de-la-charite.org\/fr\/service\/les-enfants\/#primaryimage"},"thumbnailUrl":"https:\/\/filles-de-la-charite.org\/wp-content\/uploads\/2023\/04\/Ninos.jpg","datePublished":"2023-10-30T08:37:46+00:00","dateModified":"2023-11-21T16:25:50+00:00","breadcrumb":{"@id":"https:\/\/filles-de-la-charite.org\/fr\/service\/les-enfants\/#breadcrumb"},"inLanguage":"fr-FR","potentialAction":[{"@type":"ReadAction","target":["https:\/\/filles-de-la-charite.org\/fr\/service\/les-enfants\/"]}]},{"@type":"ImageObject","inLanguage":"fr-FR","@id":"https:\/\/filles-de-la-charite.org\/fr\/service\/les-enfants\/#primaryimage","url":"https:\/\/filles-de-la-charite.org\/wp-content\/uploads\/2023\/04\/Ninos.jpg","contentUrl":"https:\/\/filles-de-la-charite.org\/wp-content\/uploads\/2023\/04\/Ninos.jpg","width":1920,"height":1280},{"@type":"BreadcrumbList","@id":"https:\/\/filles-de-la-charite.org\/fr\/service\/les-enfants\/#breadcrumb","itemListElement":[{"@type":"ListItem","position":1,"name":"Services","item":"https:\/\/filles-de-la-charite.org\/fr\/service\/"},{"@type":"ListItem","position":2,"name":"Les enfants"}]},{"@type":"WebSite","@id":"https:\/\/filles-de-la-charite.org\/fr\/#website","url":"https:\/\/filles-de-la-charite.org\/fr\/","name":"Hijas de la Caridad","description":"L’amour de Jésus nous presse à prendre soin des personnes les plus démunies","publisher":{"@id":"https:\/\/filles-de-la-charite.org\/fr\/#organization"},"potentialAction":[{"@type":"SearchAction","target":{"@type":"EntryPoint","urlTemplate":"https:\/\/filles-de-la-charite.org\/fr\/?s={search_term_string}"},"query-input":{"@type":"PropertyValueSpecification","valueRequired":true,"valueName":"search_term_string"}}],"inLanguage":"fr-FR"},{"@type":"Organization","@id":"https:\/\/filles-de-la-charite.org\/fr\/#organization","name":"Hijas de la Caridad","url":"https:\/\/filles-de-la-charite.org\/fr\/","logo":{"@type":"ImageObject","inLanguage":"fr-FR","@id":"https:\/\/filles-de-la-charite.org\/fr\/#\/schema\/logo\/image\/","url":"https:\/\/filles-de-la-charite.org\/wp-content\/uploads\/2023\/03\/isotipo-Hijas-de-la-Caridad.png","contentUrl":"https:\/\/filles-de-la-charite.org\/wp-content\/uploads\/2023\/03\/isotipo-Hijas-de-la-Caridad.png","width":1417,"height":1417,"caption":"Hijas de la Caridad"},"image":{"@id":"https:\/\/filles-de-la-charite.org\/fr\/#\/schema\/logo\/image\/"}}]}</script>
<!-- / Yoast SEO plugin. -->

Les enfants - Filles de la Charité

Pour sainte Louise de Marillac, notre Fondatrice, le soin des enfants était l’un des services les plus importants des Filles de la Charité. Son expérience personnelle lui avait appris à quel point la présence de personnes aimantes et bienveillantes est importante dans la vie des enfants, en particulier de ceux qui sont orphelins, abandonnés ou [&hellip;]

Filles de la Charité

L’amour de Jésus nous presse à prendre soin des personnes les plus démunies
