{"id":30591,"date":"2023-10-31T10:46:32","date_gmt":"2023-10-31T09:46:32","guid":{"rendered":"https:\/\/hijascaridad.sjdigitaldemo.ovh\/service\/prisonniers-de-liberte\/"},"modified":"2024-02-01T21:55:23","modified_gmt":"2024-02-01T20:55:23","slug":"prisonniers-de-liberte","status":"publish","type":"service","link":"https:\/\/filles-de-la-charite.org\/fr\/service\/prisonniers-de-liberte\/","title":{"rendered":"Les d\u00e9tenus"},"content":{"rendered":"\n<h4 class=\"wp-block-heading\">Saint Vincent de Paul a \u00e9t\u00e9 aum\u00f4nier g\u00e9n\u00e9ral des gal\u00e8res \u00e0 Paris. \u00ab Ces hommes \u00e9taient trait\u00e9s comme des b\u00eates \u00bb &#8211; disait-il. Ils n\u2019avaient aucun soutien et \u00e9taient priv\u00e9s de tous contacts.<\/h4>\n\n\n\n<h4 class=\"wp-block-heading\">Saint Vincent a lutt\u00e9 contre les abus dont ils \u00e9taient victimes et obtenu pour eux un traitement plus humain.<\/h4>\n\n\n\n<p>Fid\u00e8les \u00e0 nos origines, nous continuons cette mission et rendons visite aux prisonniers.&nbsp;A la suite de J\u00e9sus, nous croyons en effet, que Dieu les aime, qu\u2019ils ont de la valeur au-del\u00e0 des actes commis et nous sommes t\u00e9moins d\u2019actes d\u2019humanit\u00e9 et de cheminement dans la foi.&nbsp;Nous les accompagnons et les encourageons de mani\u00e8re concr\u00e8te \u00e0 se r\u00e9ins\u00e9rer dans la soci\u00e9t\u00e9.<\/p>\n\n\n\n<p>Nous vivons ce service&nbsp;:&nbsp;<\/p>\n\n\n\n<p>\u00e0 l&rsquo;int\u00e9rieur des prisons aupr\u00e8s des personnes d\u00e9tenues par&nbsp;:<\/p>\n\n\n\n<ul class=\"wp-block-list\">\n<li>des rencontres, une \u00e9coute attentive et une pr\u00e9sence<\/li>\n\n\n\n<li>dans les infirmeries et les services g\u00e9n\u00e9raux<\/li>\n\n\n\n<li>pour la distribution de nourriture<\/li>\n\n\n\n<li>pour dispenser des cours<\/li>\n\n\n\n<li>pour les activit\u00e9s de l\u2019aum\u00f4nerie<\/li>\n<\/ul>\n\n\n\n<p>\u00e0 l\u2019ext\u00e9rieur&nbsp;:<\/p>\n\n\n\n<ul class=\"wp-block-list\">\n<li>dans les centres d&rsquo;accueil pour les familles<\/li>\n\n\n\n<li>par le maintien des contacts avec les familles<\/li>\n\n\n\n<li>par la correspondance avec des d\u00e9tenus<\/li>\n<\/ul>\n","protected":false},"featured_media":2053,"template":"","meta":{"_acf_changed":false,"_et_pb_use_builder":"","_et_pb_old_content":"","_et_gb_content_width":"","_links_to":"","_links_to_target":""},"class_list":["post-30591","service","type-service","status-publish","has-post-thumbnail","hentry"],"acf":[],"yoast_head":"<!-- This site is optimized with the Yoast SEO plugin v27.5 - https:\/\/yoast.com\/product\/yoast-seo-wordpress\/ -->\n<title>Les d\u00e9tenus - Filles de la Charit\u00e9<\/title>\n<meta name=\"robots\" content=\"index, follow, max-snippet:-1, max-image-preview:large, max-video-preview:-1\" \/>\n<link rel=\"canonical\" href=\"https:\/\/filles-de-la-charite.org\/fr\/service\/prisonniers-de-liberte\/\" \/>\n<meta property=\"og:locale\" content=\"fr_FR\" \/>\n<meta property=\"og:type\" content=\"article\" \/>\n<meta property=\"og:title\" content=\"Les d\u00e9tenus - Filles de la Charit\u00e9\" \/>\n<meta property=\"og:description\" content=\"Saint Vincent de Paul a \u00e9t\u00e9 aum\u00f4nier g\u00e9n\u00e9ral des gal\u00e8res \u00e0 Paris. \u00ab Ces hommes \u00e9taient trait\u00e9s comme des b\u00eates \u00bb &#8211; disait-il. Ils n\u2019avaient aucun soutien et \u00e9taient priv\u00e9s de tous contacts. Saint Vincent a lutt\u00e9 contre les abus dont ils \u00e9taient victimes et obtenu pour eux un traitement plus humain. Fid\u00e8les \u00e0 nos [&hellip;]\" \/>\n<meta property=\"og:url\" content=\"https:\/\/filles-de-la-charite.org\/fr\/service\/prisonniers-de-liberte\/\" \/>\n<meta property=\"og:site_name\" content=\"Filles de la Charit\u00e9\" \/>\n<meta property=\"article:modified_time\" content=\"2024-02-01T20:55:23+00:00\" \/>\n<meta property=\"og:image\" content=\"https:\/\/filles-de-la-charite.org\/wp-content\/uploads\/2023\/04\/carcel.jpeg\" \/>\n\t<meta property=\"og:image:width\" content=\"1920\" \/>\n\t<meta property=\"og:image:height\" content=\"1440\" \/>\n\t<meta property=\"og:image:type\" content=\"image\/jpeg\" \/>\n<meta name=\"twitter:card\" content=\"summary_large_image\" \/>\n<meta name=\"twitter:label1\" content=\"Dur\u00e9e de lecture estim\u00e9e\" \/>\n\t<meta name=\"twitter:data1\" content=\"1 minute\" \/>\n<script type=\"application\/ld+json\" class=\"yoast-schema-graph\">{\"@context\":\"https:\\\/\\\/schema.org\",\"@graph\":[{\"@type\":\"WebPage\",\"@id\":\"https:\\\/\\\/filles-de-la-charite.org\\\/fr\\\/service\\\/prisonniers-de-liberte\\\/\",\"url\":\"https:\\\/\\\/filles-de-la-charite.org\\\/fr\\\/service\\\/prisonniers-de-liberte\\\/\",\"name\":\"Les d\u00e9tenus - Filles de la Charit\u00e9\",\"isPartOf\":{\"@id\":\"https:\\\/\\\/filles-de-la-charite.org\\\/fr\\\/#website\"},\"primaryImageOfPage\":{\"@id\":\"https:\\\/\\\/filles-de-la-charite.org\\\/fr\\\/service\\\/prisonniers-de-liberte\\\/#primaryimage\"},\"image\":{\"@id\":\"https:\\\/\\\/filles-de-la-charite.org\\\/fr\\\/service\\\/prisonniers-de-liberte\\\/#primaryimage\"},\"thumbnailUrl\":\"https:\\\/\\\/filles-de-la-charite.org\\\/wp-content\\\/uploads\\\/2023\\\/04\\\/carcel.jpeg\",\"datePublished\":\"2023-10-31T09:46:32+00:00\",\"dateModified\":\"2024-02-01T20:55:23+00:00\",\"breadcrumb\":{\"@id\":\"https:\\\/\\\/filles-de-la-charite.org\\\/fr\\\/service\\\/prisonniers-de-liberte\\\/#breadcrumb\"},\"inLanguage\":\"fr-FR\",\"potentialAction\":[{\"@type\":\"ReadAction\",\"target\":[\"https:\\\/\\\/filles-de-la-charite.org\\\/fr\\\/service\\\/prisonniers-de-liberte\\\/\"]}]},{\"@type\":\"ImageObject\",\"inLanguage\":\"fr-FR\",\"@id\":\"https:\\\/\\\/filles-de-la-charite.org\\\/fr\\\/service\\\/prisonniers-de-liberte\\\/#primaryimage\",\"url\":\"https:\\\/\\\/filles-de-la-charite.org\\\/wp-content\\\/uploads\\\/2023\\\/04\\\/carcel.jpeg\",\"contentUrl\":\"https:\\\/\\\/filles-de-la-charite.org\\\/wp-content\\\/uploads\\\/2023\\\/04\\\/carcel.jpeg\",\"width\":1920,\"height\":1440},{\"@type\":\"BreadcrumbList\",\"@id\":\"https:\\\/\\\/filles-de-la-charite.org\\\/fr\\\/service\\\/prisonniers-de-liberte\\\/#breadcrumb\",\"itemListElement\":[{\"@type\":\"ListItem\",\"position\":1,\"name\":\"Services\",\"item\":\"https:\\\/\\\/filles-de-la-charite.org\\\/fr\\\/service\\\/\"},{\"@type\":\"ListItem\",\"position\":2,\"name\":\"Les d\u00e9tenus\"}]},{\"@type\":\"WebSite\",\"@id\":\"https:\\\/\\\/filles-de-la-charite.org\\\/fr\\\/#website\",\"url\":\"https:\\\/\\\/filles-de-la-charite.org\\\/fr\\\/\",\"name\":\"Hijas de la Caridad\",\"description\":\"L\u2019amour de J\u00e9sus nous presse \u00e0 prendre soin des personnes les plus d\u00e9munies\",\"publisher\":{\"@id\":\"https:\\\/\\\/filles-de-la-charite.org\\\/fr\\\/#organization\"},\"potentialAction\":[{\"@type\":\"SearchAction\",\"target\":{\"@type\":\"EntryPoint\",\"urlTemplate\":\"https:\\\/\\\/filles-de-la-charite.org\\\/fr\\\/?s={search_term_string}\"},\"query-input\":{\"@type\":\"PropertyValueSpecification\",\"valueRequired\":true,\"valueName\":\"search_term_string\"}}],\"inLanguage\":\"fr-FR\"},{\"@type\":\"Organization\",\"@id\":\"https:\\\/\\\/filles-de-la-charite.org\\\/fr\\\/#organization\",\"name\":\"Hijas de la Caridad\",\"url\":\"https:\\\/\\\/filles-de-la-charite.org\\\/fr\\\/\",\"logo\":{\"@type\":\"ImageObject\",\"inLanguage\":\"fr-FR\",\"@id\":\"https:\\\/\\\/filles-de-la-charite.org\\\/fr\\\/#\\\/schema\\\/logo\\\/image\\\/\",\"url\":\"https:\\\/\\\/filles-de-la-charite.org\\\/wp-content\\\/uploads\\\/2023\\\/03\\\/isotipo-Hijas-de-la-Caridad.png\",\"contentUrl\":\"https:\\\/\\\/filles-de-la-charite.org\\\/wp-content\\\/uploads\\\/2023\\\/03\\\/isotipo-Hijas-de-la-Caridad.png\",\"width\":1417,\"height\":1417,\"caption\":\"Hijas de la Caridad\"},\"image\":{\"@id\":\"https:\\\/\\\/filles-de-la-charite.org\\\/fr\\\/#\\\/schema\\\/logo\\\/image\\\/\"}}]}<\/script>\n<!-- \/ Yoast SEO plugin. -->","yoast_head_json":{"title":"Les d\u00e9tenus - Filles de la Charit\u00e9","robots":{"index":"index","follow":"follow","max-snippet":"max-snippet:-1","max-image-preview":"max-image-preview:large","max-video-preview":"max-video-preview:-1"},"canonical":"https:\/\/filles-de-la-charite.org\/fr\/service\/prisonniers-de-liberte\/","og_locale":"fr_FR","og_type":"article","og_title":"Les d\u00e9tenus - Filles de la Charit\u00e9","og_description":"Saint Vincent de Paul a \u00e9t\u00e9 aum\u00f4nier g\u00e9n\u00e9ral des gal\u00e8res \u00e0 Paris. \u00ab Ces hommes \u00e9taient trait\u00e9s comme des b\u00eates \u00bb &#8211; disait-il. Ils n\u2019avaient aucun soutien et \u00e9taient priv\u00e9s de tous contacts. Saint Vincent a lutt\u00e9 contre les abus dont ils \u00e9taient victimes et obtenu pour eux un traitement plus humain. Fid\u00e8les \u00e0 nos [&hellip;]","og_url":"https:\/\/filles-de-la-charite.org\/fr\/service\/prisonniers-de-liberte\/","og_site_name":"Filles de la Charit\u00e9","article_modified_time":"2024-02-01T20:55:23+00:00","og_image":[{"width":1920,"height":1440,"url":"https:\/\/filles-de-la-charite.org\/wp-content\/uploads\/2023\/04\/carcel.jpeg","type":"image\/jpeg"}],"twitter_card":"summary_large_image","twitter_misc":{"Dur\u00e9e de lecture estim\u00e9e":"1 minute"},"schema":{"@context":"https:\/\/schema.org","@graph":[{"@type":"WebPage","@id":"https:\/\/filles-de-la-charite.org\/fr\/service\/prisonniers-de-liberte\/","url":"https:\/\/filles-de-la-charite.org\/fr\/service\/prisonniers-de-liberte\/","name":"Les d\u00e9tenus - Filles de la Charit\u00e9","isPartOf":{"@id":"https:\/\/filles-de-la-charite.org\/fr\/#website"},"primaryImageOfPage":{"@id":"https:\/\/filles-de-la-charite.org\/fr\/service\/prisonniers-de-liberte\/#primaryimage"},"image":{"@id":"https:\/\/filles-de-la-charite.org\/fr\/service\/prisonniers-de-liberte\/#primaryimage"},"thumbnailUrl":"https:\/\/filles-de-la-charite.org\/wp-content\/uploads\/2023\/04\/carcel.jpeg","datePublished":"2023-10-31T09:46:32+00:00","dateModified":"2024-02-01T20:55:23+00:00","breadcrumb":{"@id":"https:\/\/filles-de-la-charite.org\/fr\/service\/prisonniers-de-liberte\/#breadcrumb"},"inLanguage":"fr-FR","potentialAction":[{"@type":"ReadAction","target":["https:\/\/filles-de-la-charite.org\/fr\/service\/prisonniers-de-liberte\/"]}]},{"@type":"ImageObject","inLanguage":"fr-FR","@id":"https:\/\/filles-de-la-charite.org\/fr\/service\/prisonniers-de-liberte\/#primaryimage","url":"https:\/\/filles-de-la-charite.org\/wp-content\/uploads\/2023\/04\/carcel.jpeg","contentUrl":"https:\/\/filles-de-la-charite.org\/wp-content\/uploads\/2023\/04\/carcel.jpeg","width":1920,"height":1440},{"@type":"BreadcrumbList","@id":"https:\/\/filles-de-la-charite.org\/fr\/service\/prisonniers-de-liberte\/#breadcrumb","itemListElement":[{"@type":"ListItem","position":1,"name":"Services","item":"https:\/\/filles-de-la-charite.org\/fr\/service\/"},{"@type":"ListItem","position":2,"name":"Les d\u00e9tenus"}]},{"@type":"WebSite","@id":"https:\/\/filles-de-la-charite.org\/fr\/#website","url":"https:\/\/filles-de-la-charite.org\/fr\/","name":"Hijas de la Caridad","description":"L\u2019amour de J\u00e9sus nous presse \u00e0 prendre soin des personnes les plus d\u00e9munies","publisher":{"@id":"https:\/\/filles-de-la-charite.org\/fr\/#organization"},"potentialAction":[{"@type":"SearchAction","target":{"@type":"EntryPoint","urlTemplate":"https:\/\/filles-de-la-charite.org\/fr\/?s={search_term_string}"},"query-input":{"@type":"PropertyValueSpecification","valueRequired":true,"valueName":"search_term_string"}}],"inLanguage":"fr-FR"},{"@type":"Organization","@id":"https:\/\/filles-de-la-charite.org\/fr\/#organization","name":"Hijas de la Caridad","url":"https:\/\/filles-de-la-charite.org\/fr\/","logo":{"@type":"ImageObject","inLanguage":"fr-FR","@id":"https:\/\/filles-de-la-charite.org\/fr\/#\/schema\/logo\/image\/","url":"https:\/\/filles-de-la-charite.org\/wp-content\/uploads\/2023\/03\/isotipo-Hijas-de-la-Caridad.png","contentUrl":"https:\/\/filles-de-la-charite.org\/wp-content\/uploads\/2023\/03\/isotipo-Hijas-de-la-Caridad.png","width":1417,"height":1417,"caption":"Hijas de la Caridad"},"image":{"@id":"https:\/\/filles-de-la-charite.org\/fr\/#\/schema\/logo\/image\/"}}]}},"_links":{"self":[{"href":"https:\/\/filles-de-la-charite.org\/fr\/wp-json\/wp\/v2\/service\/30591","targetHints":{"allow":["GET"]}}],"collection":[{"href":"https:\/\/filles-de-la-charite.org\/fr\/wp-json\/wp\/v2\/service"}],"about":[{"href":"https:\/\/filles-de-la-charite.org\/fr\/wp-json\/wp\/v2\/types\/service"}],"wp:featuredmedia":[{"embeddable":true,"href":"https:\/\/filles-de-la-charite.org\/fr\/wp-json\/wp\/v2\/media\/2053"}],"wp:attachment":[{"href":"https:\/\/filles-de-la-charite.org\/fr\/wp-json\/wp\/v2\/media?parent=30591"}],"curies":[{"name":"wp","href":"https:\/\/api.w.org\/{rel}","templated":true}]}}

Les détenus

<h4 class="wp-block-heading">Saint Vincent de Paul a été aumônier général des galères à Paris. « Ces hommes étaient traités comme des bêtes » &#8211; disait-il. Ils n’avaient aucun soutien et étaient privés de tous contacts.</h4>



<h4 class="wp-block-heading">Saint Vincent a lutté contre les abus dont ils étaient victimes et obtenu pour eux un traitement plus humain.</h4>



<p>Fidèles à nos origines, nous continuons cette mission et rendons visite aux prisonniers.&nbsp;A la suite de Jésus, nous croyons en effet, que Dieu les aime, qu’ils ont de la valeur au-delà des actes commis et nous sommes témoins d’actes d’humanité et de cheminement dans la foi.&nbsp;Nous les accompagnons et les encourageons de manière concrète à se réinsérer dans la société.</p>



<p>Nous vivons ce service&nbsp;:&nbsp;</p>



<p>à l&rsquo;intérieur des prisons auprès des personnes détenues par&nbsp;:</p>



<ul class="wp-block-list">
<li>des rencontres, une écoute attentive et une présence</li>



<li>dans les infirmeries et les services généraux</li>



<li>pour la distribution de nourriture</li>



<li>pour dispenser des cours</li>



<li>pour les activités de l’aumônerie</li>
</ul>



<p>à l’extérieur&nbsp;:</p>



<ul class="wp-block-list">
<li>dans les centres d&rsquo;accueil pour les familles</li>



<li>par le maintien des contacts avec les familles</li>



<li>par la correspondance avec des détenus</li>
</ul>

<!-- This site is optimized with the Yoast SEO plugin v27.5 - https://yoast.com/product/yoast-seo-wordpress/ -->
<title>Les détenus - Filles de la Charité</title>
<meta name="robots" content="index, follow, max-snippet:-1, max-image-preview:large, max-video-preview:-1" />
<link rel="canonical" href="https://filles-de-la-charite.org/fr/service/prisonniers-de-liberte/" />
<meta property="og:locale" content="fr_FR" />
<meta property="og:type" content="article" />
<meta property="og:title" content="Les détenus - Filles de la Charité" />
<meta property="og:description" content="Saint Vincent de Paul a été aumônier général des galères à Paris. « Ces hommes étaient traités comme des bêtes » &#8211; disait-il. Ils n’avaient aucun soutien et étaient privés de tous contacts. Saint Vincent a lutté contre les abus dont ils étaient victimes et obtenu pour eux un traitement plus humain. Fidèles à nos [&hellip;]" />
<meta property="og:url" content="https://filles-de-la-charite.org/fr/service/prisonniers-de-liberte/" />
<meta property="og:site_name" content="Filles de la Charité" />
<meta property="article:modified_time" content="2024-02-01T20:55:23+00:00" />
<meta property="og:image" content="https://filles-de-la-charite.org/wp-content/uploads/2023/04/carcel.jpeg" />
	<meta property="og:image:width" content="1920" />
	<meta property="og:image:height" content="1440" />
	<meta property="og:image:type" content="image/jpeg" />
<meta name="twitter:card" content="summary_large_image" />
<meta name="twitter:label1" content="Durée de lecture estimée" />
	<meta name="twitter:data1" content="1 minute" />
<script type="application/ld+json" class="yoast-schema-graph">{"@context":"https:\/\/schema.org","@graph":[{"@type":"WebPage","@id":"https:\/\/filles-de-la-charite.org\/fr\/service\/prisonniers-de-liberte\/","url":"https:\/\/filles-de-la-charite.org\/fr\/service\/prisonniers-de-liberte\/","name":"Les détenus - Filles de la Charité","isPartOf":{"@id":"https:\/\/filles-de-la-charite.org\/fr\/#website"},"primaryImageOfPage":{"@id":"https:\/\/filles-de-la-charite.org\/fr\/service\/prisonniers-de-liberte\/#primaryimage"},"image":{"@id":"https:\/\/filles-de-la-charite.org\/fr\/service\/prisonniers-de-liberte\/#primaryimage"},"thumbnailUrl":"https:\/\/filles-de-la-charite.org\/wp-content\/uploads\/2023\/04\/carcel.jpeg","datePublished":"2023-10-31T09:46:32+00:00","dateModified":"2024-02-01T20:55:23+00:00","breadcrumb":{"@id":"https:\/\/filles-de-la-charite.org\/fr\/service\/prisonniers-de-liberte\/#breadcrumb"},"inLanguage":"fr-FR","potentialAction":[{"@type":"ReadAction","target":["https:\/\/filles-de-la-charite.org\/fr\/service\/prisonniers-de-liberte\/"]}]},{"@type":"ImageObject","inLanguage":"fr-FR","@id":"https:\/\/filles-de-la-charite.org\/fr\/service\/prisonniers-de-liberte\/#primaryimage","url":"https:\/\/filles-de-la-charite.org\/wp-content\/uploads\/2023\/04\/carcel.jpeg","contentUrl":"https:\/\/filles-de-la-charite.org\/wp-content\/uploads\/2023\/04\/carcel.jpeg","width":1920,"height":1440},{"@type":"BreadcrumbList","@id":"https:\/\/filles-de-la-charite.org\/fr\/service\/prisonniers-de-liberte\/#breadcrumb","itemListElement":[{"@type":"ListItem","position":1,"name":"Services","item":"https:\/\/filles-de-la-charite.org\/fr\/service\/"},{"@type":"ListItem","position":2,"name":"Les détenus"}]},{"@type":"WebSite","@id":"https:\/\/filles-de-la-charite.org\/fr\/#website","url":"https:\/\/filles-de-la-charite.org\/fr\/","name":"Hijas de la Caridad","description":"L’amour de Jésus nous presse à prendre soin des personnes les plus démunies","publisher":{"@id":"https:\/\/filles-de-la-charite.org\/fr\/#organization"},"potentialAction":[{"@type":"SearchAction","target":{"@type":"EntryPoint","urlTemplate":"https:\/\/filles-de-la-charite.org\/fr\/?s={search_term_string}"},"query-input":{"@type":"PropertyValueSpecification","valueRequired":true,"valueName":"search_term_string"}}],"inLanguage":"fr-FR"},{"@type":"Organization","@id":"https:\/\/filles-de-la-charite.org\/fr\/#organization","name":"Hijas de la Caridad","url":"https:\/\/filles-de-la-charite.org\/fr\/","logo":{"@type":"ImageObject","inLanguage":"fr-FR","@id":"https:\/\/filles-de-la-charite.org\/fr\/#\/schema\/logo\/image\/","url":"https:\/\/filles-de-la-charite.org\/wp-content\/uploads\/2023\/03\/isotipo-Hijas-de-la-Caridad.png","contentUrl":"https:\/\/filles-de-la-charite.org\/wp-content\/uploads\/2023\/03\/isotipo-Hijas-de-la-Caridad.png","width":1417,"height":1417,"caption":"Hijas de la Caridad"},"image":{"@id":"https:\/\/filles-de-la-charite.org\/fr\/#\/schema\/logo\/image\/"}}]}</script>
<!-- / Yoast SEO plugin. -->

Les détenus - Filles de la Charité

Saint Vincent de Paul a été aumônier général des galères à Paris. « Ces hommes étaient traités comme des bêtes » &#8211; disait-il. Ils n’avaient aucun soutien et étaient privés de tous contacts. Saint Vincent a lutté contre les abus dont ils étaient victimes et obtenu pour eux un traitement plus humain. Fidèles à nos [&hellip;]

Filles de la Charité

L’amour de Jésus nous presse à prendre soin des personnes les plus démunies
