{"id":30597,"date":"2023-10-31T10:48:34","date_gmt":"2023-10-31T09:48:34","guid":{"rendered":"https:\/\/hijascaridad.sjdigitaldemo.ovh\/service\/personnes-handicapees\/"},"modified":"2023-11-28T17:58:20","modified_gmt":"2023-11-28T16:58:20","slug":"personnes-handicapees","status":"publish","type":"service","link":"https:\/\/filles-de-la-charite.org\/fr\/service\/personnes-handicapees\/","title":{"rendered":"Les personnes handicap\u00e9es"},"content":{"rendered":"\n<h4 class=\"wp-block-heading\">J\u00e9sus a accueilli avec amour les personnes souffrant de handicaps. Il a \u00e9t\u00e9 proche d\u2019elles, leur a permis de retrouver leur dignit\u00e9. Il a incit\u00e9 les autres \u00e0 les respecter et les aimer parce qu\u2019elles sont les enfants de Dieu.<\/h4>\n\n\n\n<p>Nous savons que les personnes &nbsp;handicap\u00e9es ont besoin de soins sp\u00e9ciaux et surtout d\u2019attention respectueuse. Nous&nbsp; croyons que l\u2019amour et le soutien sont des agents essentiels pour qu\u2019elles acc\u00e8dent \u00e0 une vie \u00e9panouie ainsi que leur famille.<\/p>\n\n\n\n<p>Dans chaque continent, la priorit\u00e9 est donn\u00e9e :<\/p>\n\n\n\n<ul class=\"wp-block-list\">\n<li>aux personnes handicap\u00e9es mentales et physiques<\/li>\n\n\n\n<li>\u00e0 celles qui ont une d\u00e9ficience auditive<\/li>\n\n\n\n<li>aux enfants et adultes ayant une d\u00e9ficience visuelle<\/li>\n\n\n\n<li>\u00e0 la r\u00e9habilitation des personnes handicap\u00e9es physiques et mentales selon la l\u00e9gislation des pays<\/li>\n<\/ul>\n","protected":false},"featured_media":2072,"template":"","meta":{"_acf_changed":false,"_et_pb_use_builder":"","_et_pb_old_content":"","_et_gb_content_width":"","_links_to":"","_links_to_target":""},"class_list":["post-30597","service","type-service","status-publish","has-post-thumbnail","hentry"],"acf":[],"yoast_head":"<!-- This site is optimized with the Yoast SEO plugin v27.5 - https:\/\/yoast.com\/product\/yoast-seo-wordpress\/ -->\n<title>Les personnes handicap\u00e9es - Filles de la Charit\u00e9<\/title>\n<meta name=\"robots\" content=\"index, follow, max-snippet:-1, max-image-preview:large, max-video-preview:-1\" \/>\n<link rel=\"canonical\" href=\"https:\/\/filles-de-la-charite.org\/fr\/service\/personnes-handicapees\/\" \/>\n<meta property=\"og:locale\" content=\"fr_FR\" \/>\n<meta property=\"og:type\" content=\"article\" \/>\n<meta property=\"og:title\" content=\"Les personnes handicap\u00e9es - Filles de la Charit\u00e9\" \/>\n<meta property=\"og:description\" content=\"J\u00e9sus a accueilli avec amour les personnes souffrant de handicaps. Il a \u00e9t\u00e9 proche d\u2019elles, leur a permis de retrouver leur dignit\u00e9. Il a incit\u00e9 les autres \u00e0 les respecter et les aimer parce qu\u2019elles sont les enfants de Dieu. Nous savons que les personnes &nbsp;handicap\u00e9es ont besoin de soins sp\u00e9ciaux et surtout d\u2019attention respectueuse. [&hellip;]\" \/>\n<meta property=\"og:url\" content=\"https:\/\/filles-de-la-charite.org\/fr\/service\/personnes-handicapees\/\" \/>\n<meta property=\"og:site_name\" content=\"Filles de la Charit\u00e9\" \/>\n<meta property=\"article:modified_time\" content=\"2023-11-28T16:58:20+00:00\" \/>\n<meta property=\"og:image\" content=\"https:\/\/filles-de-la-charite.org\/wp-content\/uploads\/2023\/04\/sr.-Adriana.jpg\" \/>\n\t<meta property=\"og:image:width\" content=\"1920\" \/>\n\t<meta property=\"og:image:height\" content=\"1672\" \/>\n\t<meta property=\"og:image:type\" content=\"image\/jpeg\" \/>\n<meta name=\"twitter:card\" content=\"summary_large_image\" \/>\n<meta name=\"twitter:label1\" content=\"Dur\u00e9e de lecture estim\u00e9e\" \/>\n\t<meta name=\"twitter:data1\" content=\"1 minute\" \/>\n<script type=\"application\/ld+json\" class=\"yoast-schema-graph\">{\"@context\":\"https:\\\/\\\/schema.org\",\"@graph\":[{\"@type\":\"WebPage\",\"@id\":\"https:\\\/\\\/filles-de-la-charite.org\\\/fr\\\/service\\\/personnes-handicapees\\\/\",\"url\":\"https:\\\/\\\/filles-de-la-charite.org\\\/fr\\\/service\\\/personnes-handicapees\\\/\",\"name\":\"Les personnes handicap\u00e9es - Filles de la Charit\u00e9\",\"isPartOf\":{\"@id\":\"https:\\\/\\\/filles-de-la-charite.org\\\/fr\\\/#website\"},\"primaryImageOfPage\":{\"@id\":\"https:\\\/\\\/filles-de-la-charite.org\\\/fr\\\/service\\\/personnes-handicapees\\\/#primaryimage\"},\"image\":{\"@id\":\"https:\\\/\\\/filles-de-la-charite.org\\\/fr\\\/service\\\/personnes-handicapees\\\/#primaryimage\"},\"thumbnailUrl\":\"https:\\\/\\\/filles-de-la-charite.org\\\/wp-content\\\/uploads\\\/2023\\\/04\\\/sr.-Adriana.jpg\",\"datePublished\":\"2023-10-31T09:48:34+00:00\",\"dateModified\":\"2023-11-28T16:58:20+00:00\",\"breadcrumb\":{\"@id\":\"https:\\\/\\\/filles-de-la-charite.org\\\/fr\\\/service\\\/personnes-handicapees\\\/#breadcrumb\"},\"inLanguage\":\"fr-FR\",\"potentialAction\":[{\"@type\":\"ReadAction\",\"target\":[\"https:\\\/\\\/filles-de-la-charite.org\\\/fr\\\/service\\\/personnes-handicapees\\\/\"]}]},{\"@type\":\"ImageObject\",\"inLanguage\":\"fr-FR\",\"@id\":\"https:\\\/\\\/filles-de-la-charite.org\\\/fr\\\/service\\\/personnes-handicapees\\\/#primaryimage\",\"url\":\"https:\\\/\\\/filles-de-la-charite.org\\\/wp-content\\\/uploads\\\/2023\\\/04\\\/sr.-Adriana.jpg\",\"contentUrl\":\"https:\\\/\\\/filles-de-la-charite.org\\\/wp-content\\\/uploads\\\/2023\\\/04\\\/sr.-Adriana.jpg\",\"width\":1920,\"height\":1672},{\"@type\":\"BreadcrumbList\",\"@id\":\"https:\\\/\\\/filles-de-la-charite.org\\\/fr\\\/service\\\/personnes-handicapees\\\/#breadcrumb\",\"itemListElement\":[{\"@type\":\"ListItem\",\"position\":1,\"name\":\"Services\",\"item\":\"https:\\\/\\\/filles-de-la-charite.org\\\/fr\\\/service\\\/\"},{\"@type\":\"ListItem\",\"position\":2,\"name\":\"Les personnes handicap\u00e9es\"}]},{\"@type\":\"WebSite\",\"@id\":\"https:\\\/\\\/filles-de-la-charite.org\\\/fr\\\/#website\",\"url\":\"https:\\\/\\\/filles-de-la-charite.org\\\/fr\\\/\",\"name\":\"Hijas de la Caridad\",\"description\":\"L\u2019amour de J\u00e9sus nous presse \u00e0 prendre soin des personnes les plus d\u00e9munies\",\"publisher\":{\"@id\":\"https:\\\/\\\/filles-de-la-charite.org\\\/fr\\\/#organization\"},\"potentialAction\":[{\"@type\":\"SearchAction\",\"target\":{\"@type\":\"EntryPoint\",\"urlTemplate\":\"https:\\\/\\\/filles-de-la-charite.org\\\/fr\\\/?s={search_term_string}\"},\"query-input\":{\"@type\":\"PropertyValueSpecification\",\"valueRequired\":true,\"valueName\":\"search_term_string\"}}],\"inLanguage\":\"fr-FR\"},{\"@type\":\"Organization\",\"@id\":\"https:\\\/\\\/filles-de-la-charite.org\\\/fr\\\/#organization\",\"name\":\"Hijas de la Caridad\",\"url\":\"https:\\\/\\\/filles-de-la-charite.org\\\/fr\\\/\",\"logo\":{\"@type\":\"ImageObject\",\"inLanguage\":\"fr-FR\",\"@id\":\"https:\\\/\\\/filles-de-la-charite.org\\\/fr\\\/#\\\/schema\\\/logo\\\/image\\\/\",\"url\":\"https:\\\/\\\/filles-de-la-charite.org\\\/wp-content\\\/uploads\\\/2023\\\/03\\\/isotipo-Hijas-de-la-Caridad.png\",\"contentUrl\":\"https:\\\/\\\/filles-de-la-charite.org\\\/wp-content\\\/uploads\\\/2023\\\/03\\\/isotipo-Hijas-de-la-Caridad.png\",\"width\":1417,\"height\":1417,\"caption\":\"Hijas de la Caridad\"},\"image\":{\"@id\":\"https:\\\/\\\/filles-de-la-charite.org\\\/fr\\\/#\\\/schema\\\/logo\\\/image\\\/\"}}]}<\/script>\n<!-- \/ Yoast SEO plugin. -->","yoast_head_json":{"title":"Les personnes handicap\u00e9es - Filles de la Charit\u00e9","robots":{"index":"index","follow":"follow","max-snippet":"max-snippet:-1","max-image-preview":"max-image-preview:large","max-video-preview":"max-video-preview:-1"},"canonical":"https:\/\/filles-de-la-charite.org\/fr\/service\/personnes-handicapees\/","og_locale":"fr_FR","og_type":"article","og_title":"Les personnes handicap\u00e9es - Filles de la Charit\u00e9","og_description":"J\u00e9sus a accueilli avec amour les personnes souffrant de handicaps. Il a \u00e9t\u00e9 proche d\u2019elles, leur a permis de retrouver leur dignit\u00e9. Il a incit\u00e9 les autres \u00e0 les respecter et les aimer parce qu\u2019elles sont les enfants de Dieu. Nous savons que les personnes &nbsp;handicap\u00e9es ont besoin de soins sp\u00e9ciaux et surtout d\u2019attention respectueuse. [&hellip;]","og_url":"https:\/\/filles-de-la-charite.org\/fr\/service\/personnes-handicapees\/","og_site_name":"Filles de la Charit\u00e9","article_modified_time":"2023-11-28T16:58:20+00:00","og_image":[{"width":1920,"height":1672,"url":"https:\/\/filles-de-la-charite.org\/wp-content\/uploads\/2023\/04\/sr.-Adriana.jpg","type":"image\/jpeg"}],"twitter_card":"summary_large_image","twitter_misc":{"Dur\u00e9e de lecture estim\u00e9e":"1 minute"},"schema":{"@context":"https:\/\/schema.org","@graph":[{"@type":"WebPage","@id":"https:\/\/filles-de-la-charite.org\/fr\/service\/personnes-handicapees\/","url":"https:\/\/filles-de-la-charite.org\/fr\/service\/personnes-handicapees\/","name":"Les personnes handicap\u00e9es - Filles de la Charit\u00e9","isPartOf":{"@id":"https:\/\/filles-de-la-charite.org\/fr\/#website"},"primaryImageOfPage":{"@id":"https:\/\/filles-de-la-charite.org\/fr\/service\/personnes-handicapees\/#primaryimage"},"image":{"@id":"https:\/\/filles-de-la-charite.org\/fr\/service\/personnes-handicapees\/#primaryimage"},"thumbnailUrl":"https:\/\/filles-de-la-charite.org\/wp-content\/uploads\/2023\/04\/sr.-Adriana.jpg","datePublished":"2023-10-31T09:48:34+00:00","dateModified":"2023-11-28T16:58:20+00:00","breadcrumb":{"@id":"https:\/\/filles-de-la-charite.org\/fr\/service\/personnes-handicapees\/#breadcrumb"},"inLanguage":"fr-FR","potentialAction":[{"@type":"ReadAction","target":["https:\/\/filles-de-la-charite.org\/fr\/service\/personnes-handicapees\/"]}]},{"@type":"ImageObject","inLanguage":"fr-FR","@id":"https:\/\/filles-de-la-charite.org\/fr\/service\/personnes-handicapees\/#primaryimage","url":"https:\/\/filles-de-la-charite.org\/wp-content\/uploads\/2023\/04\/sr.-Adriana.jpg","contentUrl":"https:\/\/filles-de-la-charite.org\/wp-content\/uploads\/2023\/04\/sr.-Adriana.jpg","width":1920,"height":1672},{"@type":"BreadcrumbList","@id":"https:\/\/filles-de-la-charite.org\/fr\/service\/personnes-handicapees\/#breadcrumb","itemListElement":[{"@type":"ListItem","position":1,"name":"Services","item":"https:\/\/filles-de-la-charite.org\/fr\/service\/"},{"@type":"ListItem","position":2,"name":"Les personnes handicap\u00e9es"}]},{"@type":"WebSite","@id":"https:\/\/filles-de-la-charite.org\/fr\/#website","url":"https:\/\/filles-de-la-charite.org\/fr\/","name":"Hijas de la Caridad","description":"L\u2019amour de J\u00e9sus nous presse \u00e0 prendre soin des personnes les plus d\u00e9munies","publisher":{"@id":"https:\/\/filles-de-la-charite.org\/fr\/#organization"},"potentialAction":[{"@type":"SearchAction","target":{"@type":"EntryPoint","urlTemplate":"https:\/\/filles-de-la-charite.org\/fr\/?s={search_term_string}"},"query-input":{"@type":"PropertyValueSpecification","valueRequired":true,"valueName":"search_term_string"}}],"inLanguage":"fr-FR"},{"@type":"Organization","@id":"https:\/\/filles-de-la-charite.org\/fr\/#organization","name":"Hijas de la Caridad","url":"https:\/\/filles-de-la-charite.org\/fr\/","logo":{"@type":"ImageObject","inLanguage":"fr-FR","@id":"https:\/\/filles-de-la-charite.org\/fr\/#\/schema\/logo\/image\/","url":"https:\/\/filles-de-la-charite.org\/wp-content\/uploads\/2023\/03\/isotipo-Hijas-de-la-Caridad.png","contentUrl":"https:\/\/filles-de-la-charite.org\/wp-content\/uploads\/2023\/03\/isotipo-Hijas-de-la-Caridad.png","width":1417,"height":1417,"caption":"Hijas de la Caridad"},"image":{"@id":"https:\/\/filles-de-la-charite.org\/fr\/#\/schema\/logo\/image\/"}}]}},"_links":{"self":[{"href":"https:\/\/filles-de-la-charite.org\/fr\/wp-json\/wp\/v2\/service\/30597","targetHints":{"allow":["GET"]}}],"collection":[{"href":"https:\/\/filles-de-la-charite.org\/fr\/wp-json\/wp\/v2\/service"}],"about":[{"href":"https:\/\/filles-de-la-charite.org\/fr\/wp-json\/wp\/v2\/types\/service"}],"wp:featuredmedia":[{"embeddable":true,"href":"https:\/\/filles-de-la-charite.org\/fr\/wp-json\/wp\/v2\/media\/2072"}],"wp:attachment":[{"href":"https:\/\/filles-de-la-charite.org\/fr\/wp-json\/wp\/v2\/media?parent=30597"}],"curies":[{"name":"wp","href":"https:\/\/api.w.org\/{rel}","templated":true}]}}

Les personnes handicapées

<h4 class="wp-block-heading">Jésus a accueilli avec amour les personnes souffrant de handicaps. Il a été proche d’elles, leur a permis de retrouver leur dignité. Il a incité les autres à les respecter et les aimer parce qu’elles sont les enfants de Dieu.</h4>



<p>Nous savons que les personnes &nbsp;handicapées ont besoin de soins spéciaux et surtout d’attention respectueuse. Nous&nbsp; croyons que l’amour et le soutien sont des agents essentiels pour qu’elles accèdent à une vie épanouie ainsi que leur famille.</p>



<p>Dans chaque continent, la priorité est donnée :</p>



<ul class="wp-block-list">
<li>aux personnes handicapées mentales et physiques</li>



<li>à celles qui ont une déficience auditive</li>



<li>aux enfants et adultes ayant une déficience visuelle</li>



<li>à la réhabilitation des personnes handicapées physiques et mentales selon la législation des pays</li>
</ul>

<!-- This site is optimized with the Yoast SEO plugin v27.5 - https://yoast.com/product/yoast-seo-wordpress/ -->
<title>Les personnes handicapées - Filles de la Charité</title>
<meta name="robots" content="index, follow, max-snippet:-1, max-image-preview:large, max-video-preview:-1" />
<link rel="canonical" href="https://filles-de-la-charite.org/fr/service/personnes-handicapees/" />
<meta property="og:locale" content="fr_FR" />
<meta property="og:type" content="article" />
<meta property="og:title" content="Les personnes handicapées - Filles de la Charité" />
<meta property="og:description" content="Jésus a accueilli avec amour les personnes souffrant de handicaps. Il a été proche d’elles, leur a permis de retrouver leur dignité. Il a incité les autres à les respecter et les aimer parce qu’elles sont les enfants de Dieu. Nous savons que les personnes &nbsp;handicapées ont besoin de soins spéciaux et surtout d’attention respectueuse. [&hellip;]" />
<meta property="og:url" content="https://filles-de-la-charite.org/fr/service/personnes-handicapees/" />
<meta property="og:site_name" content="Filles de la Charité" />
<meta property="article:modified_time" content="2023-11-28T16:58:20+00:00" />
<meta property="og:image" content="https://filles-de-la-charite.org/wp-content/uploads/2023/04/sr.-Adriana.jpg" />
	<meta property="og:image:width" content="1920" />
	<meta property="og:image:height" content="1672" />
	<meta property="og:image:type" content="image/jpeg" />
<meta name="twitter:card" content="summary_large_image" />
<meta name="twitter:label1" content="Durée de lecture estimée" />
	<meta name="twitter:data1" content="1 minute" />
<script type="application/ld+json" class="yoast-schema-graph">{"@context":"https:\/\/schema.org","@graph":[{"@type":"WebPage","@id":"https:\/\/filles-de-la-charite.org\/fr\/service\/personnes-handicapees\/","url":"https:\/\/filles-de-la-charite.org\/fr\/service\/personnes-handicapees\/","name":"Les personnes handicapées - Filles de la Charité","isPartOf":{"@id":"https:\/\/filles-de-la-charite.org\/fr\/#website"},"primaryImageOfPage":{"@id":"https:\/\/filles-de-la-charite.org\/fr\/service\/personnes-handicapees\/#primaryimage"},"image":{"@id":"https:\/\/filles-de-la-charite.org\/fr\/service\/personnes-handicapees\/#primaryimage"},"thumbnailUrl":"https:\/\/filles-de-la-charite.org\/wp-content\/uploads\/2023\/04\/sr.-Adriana.jpg","datePublished":"2023-10-31T09:48:34+00:00","dateModified":"2023-11-28T16:58:20+00:00","breadcrumb":{"@id":"https:\/\/filles-de-la-charite.org\/fr\/service\/personnes-handicapees\/#breadcrumb"},"inLanguage":"fr-FR","potentialAction":[{"@type":"ReadAction","target":["https:\/\/filles-de-la-charite.org\/fr\/service\/personnes-handicapees\/"]}]},{"@type":"ImageObject","inLanguage":"fr-FR","@id":"https:\/\/filles-de-la-charite.org\/fr\/service\/personnes-handicapees\/#primaryimage","url":"https:\/\/filles-de-la-charite.org\/wp-content\/uploads\/2023\/04\/sr.-Adriana.jpg","contentUrl":"https:\/\/filles-de-la-charite.org\/wp-content\/uploads\/2023\/04\/sr.-Adriana.jpg","width":1920,"height":1672},{"@type":"BreadcrumbList","@id":"https:\/\/filles-de-la-charite.org\/fr\/service\/personnes-handicapees\/#breadcrumb","itemListElement":[{"@type":"ListItem","position":1,"name":"Services","item":"https:\/\/filles-de-la-charite.org\/fr\/service\/"},{"@type":"ListItem","position":2,"name":"Les personnes handicapées"}]},{"@type":"WebSite","@id":"https:\/\/filles-de-la-charite.org\/fr\/#website","url":"https:\/\/filles-de-la-charite.org\/fr\/","name":"Hijas de la Caridad","description":"L’amour de Jésus nous presse à prendre soin des personnes les plus démunies","publisher":{"@id":"https:\/\/filles-de-la-charite.org\/fr\/#organization"},"potentialAction":[{"@type":"SearchAction","target":{"@type":"EntryPoint","urlTemplate":"https:\/\/filles-de-la-charite.org\/fr\/?s={search_term_string}"},"query-input":{"@type":"PropertyValueSpecification","valueRequired":true,"valueName":"search_term_string"}}],"inLanguage":"fr-FR"},{"@type":"Organization","@id":"https:\/\/filles-de-la-charite.org\/fr\/#organization","name":"Hijas de la Caridad","url":"https:\/\/filles-de-la-charite.org\/fr\/","logo":{"@type":"ImageObject","inLanguage":"fr-FR","@id":"https:\/\/filles-de-la-charite.org\/fr\/#\/schema\/logo\/image\/","url":"https:\/\/filles-de-la-charite.org\/wp-content\/uploads\/2023\/03\/isotipo-Hijas-de-la-Caridad.png","contentUrl":"https:\/\/filles-de-la-charite.org\/wp-content\/uploads\/2023\/03\/isotipo-Hijas-de-la-Caridad.png","width":1417,"height":1417,"caption":"Hijas de la Caridad"},"image":{"@id":"https:\/\/filles-de-la-charite.org\/fr\/#\/schema\/logo\/image\/"}}]}</script>
<!-- / Yoast SEO plugin. -->

Les personnes handicapées - Filles de la Charité

Jésus a accueilli avec amour les personnes souffrant de handicaps. Il a été proche d’elles, leur a permis de retrouver leur dignité. Il a incité les autres à les respecter et les aimer parce qu’elles sont les enfants de Dieu. Nous savons que les personnes &nbsp;handicapées ont besoin de soins spéciaux et surtout d’attention respectueuse. [&hellip;]

Filles de la Charité

L’amour de Jésus nous presse à prendre soin des personnes les plus démunies
