{"version":"1.0","provider_name":"Filles de la Charit\u00e9","provider_url":"https:\/\/filles-de-la-charite.org\/it\/","title":"\u00a0Incontro di Revisione Apostolica - Filles de la Charit\u00e9","type":"rich","width":600,"height":338,"html":"<blockquote class=\"wp-embedded-content\" data-secret=\"GOvmMdlqYg\"><a href=\"https:\/\/filles-de-la-charite.org\/it\/encuentro-para-la-revision-apostolica\/\">\u00a0Incontro di Revisione Apostolica<\/a><\/blockquote><iframe sandbox=\"allow-scripts\" security=\"restricted\" src=\"https:\/\/filles-de-la-charite.org\/it\/encuentro-para-la-revision-apostolica\/embed\/#?secret=GOvmMdlqYg\" width=\"600\" height=\"338\" title=\"&#8220;\u00a0Incontro di Revisione Apostolica&#8221; &#8212; Filles de la Charit\u00e9\" data-secret=\"GOvmMdlqYg\" frameborder=\"0\" marginwidth=\"0\" marginheight=\"0\" scrolling=\"no\" class=\"wp-embedded-content\"><\/iframe><script type=\"text\/javascript\">\n\/* <![CDATA[ *\/\n\/*! This file is auto-generated *\/\n!function(d,l){\"use strict\";l.querySelector&&d.addEventListener&&\"undefined\"!=typeof URL&&(d.wp=d.wp||{},d.wp.receiveEmbedMessage||(d.wp.receiveEmbedMessage=function(e){var t=e.data;if((t||t.secret||t.message||t.value)&&!\/[^a-zA-Z0-9]\/.test(t.secret)){for(var s,r,n,a=l.querySelectorAll('iframe[data-secret=\"'+t.secret+'\"]'),o=l.querySelectorAll('blockquote[data-secret=\"'+t.secret+'\"]'),c=new RegExp(\"^https?:$\",\"i\"),i=0;i<o.length;i++)o[i].style.display=\"none\";for(i=0;i<a.length;i++)s=a[i],e.source===s.contentWindow&&(s.removeAttribute(\"style\"),\"height\"===t.message?(1e3<(r=parseInt(t.value,10))?r=1e3:~~r<200&&(r=200),s.height=r):\"link\"===t.message&&(r=new URL(s.getAttribute(\"src\")),n=new URL(t.value),c.test(n.protocol))&&n.host===r.host&&l.activeElement===s&&(d.top.location.href=t.value))}},d.addEventListener(\"message\",d.wp.receiveEmbedMessage,!1),l.addEventListener(\"DOMContentLoaded\",function(){for(var e,t,s=l.querySelectorAll(\"iframe.wp-embedded-content\"),r=0;r<s.length;r++)(t=(e=s[r]).getAttribute(\"data-secret\"))||(t=Math.random().toString(36).substring(2,12),e.src+=\"#?secret=\"+t,e.setAttribute(\"data-secret\",t)),e.contentWindow.postMessage({message:\"ready\",secret:t},\"*\")},!1)))}(window,document);\n\/\/# sourceURL=https:\/\/filles-de-la-charite.org\/wp-includes\/js\/wp-embed.min.js\n\/* ]]> *\/\n<\/script>\n","thumbnail_url":"https:\/\/filles-de-la-charite.org\/wp-content\/uploads\/2025\/05\/IMG-20250429-WA0033.jpg","thumbnail_width":1600,"thumbnail_height":1200,"description":"L\u2019Incontro di Revisione Apostolica ha avuto luogo presso la Casa Provinciale delle Figlie della Carit\u00e0 a Bel\u00e9m, Par\u00e1, dal 24 al 27 aprile 2025. Vi hanno partecipato 31 Suore in rappresentanza delle Comunit\u00e0 della Provincia dell\u2019Amazzonia. In apertura, abbiamo affidato questo incontro alla protezione della Madonna delle Grazie celebrando la Santa Messa nella Cappella della [&hellip;]"}

Filles de la Charité

Incontro di Revisione Apostolica - Filles de la Charité

<blockquote class="wp-embedded-content" data-secret="GOvmMdlqYg"><a href="https://filles-de-la-charite.org/it/encuentro-para-la-revision-apostolica/"> Incontro di Revisione Apostolica</a></blockquote><iframe sandbox="allow-scripts" security="restricted" src="https://filles-de-la-charite.org/it/encuentro-para-la-revision-apostolica/embed/#?secret=GOvmMdlqYg" width="600" height="338" title="&#8220; Incontro di Revisione Apostolica&#8221; &#8212; Filles de la Charité" data-secret="GOvmMdlqYg" frameborder="0" marginwidth="0" marginheight="0" scrolling="no" class="wp-embedded-content"></iframe><script type="text/javascript">
/* <![CDATA[ */
/*! This file is auto-generated */
!function(d,l){"use strict";l.querySelector&&d.addEventListener&&"undefined"!=typeof URL&&(d.wp=d.wp||{},d.wp.receiveEmbedMessage||(d.wp.receiveEmbedMessage=function(e){var t=e.data;if((t||t.secret||t.message||t.value)&&!/[^a-zA-Z0-9]/.test(t.secret)){for(var s,r,n,a=l.querySelectorAll('iframe[data-secret="'+t.secret+'"]'),o=l.querySelectorAll('blockquote[data-secret="'+t.secret+'"]'),c=new RegExp("^https?:$","i"),i=0;i<o.length;i++)o[i].style.display="none";for(i=0;i<a.length;i++)s=a[i],e.source===s.contentWindow&&(s.removeAttribute("style"),"height"===t.message?(1e3<(r=parseInt(t.value,10))?r=1e3:~~r<200&&(r=200),s.height=r):"link"===t.message&&(r=new URL(s.getAttribute("src")),n=new URL(t.value),c.test(n.protocol))&&n.host===r.host&&l.activeElement===s&&(d.top.location.href=t.value))}},d.addEventListener("message",d.wp.receiveEmbedMessage,!1),l.addEventListener("DOMContentLoaded",function(){for(var e,t,s=l.querySelectorAll("iframe.wp-embedded-content"),r=0;r<s.length;r++)(t=(e=s[r]).getAttribute("data-secret"))||(t=Math.random().toString(36).substring(2,12),e.src+="#?secret="+t,e.setAttribute("data-secret",t)),e.contentWindow.postMessage({message:"ready",secret:t},"*")},!1)))}(window,document);
//# sourceURL=https://filles-de-la-charite.org/wp-includes/js/wp-embed.min.js
/* ]]> */
</script>

L’Incontro di Revisione Apostolica ha avuto luogo presso la Casa Provinciale delle Figlie della Carità a Belém, Pará, dal 24 al 27 aprile 2025. Vi hanno partecipato 31 Suore in rappresentanza delle Comunità della Provincia dell’Amazzonia. In apertura, abbiamo affidato questo incontro alla protezione della Madonna delle Grazie celebrando la Santa Messa nella Cappella della [&hellip;]
