{"id":36731,"date":"2023-03-20T10:55:03","date_gmt":"2023-03-20T09:55:03","guid":{"rendered":"https:\/\/filles-de-la-charite.org\/?page_id=36731"},"modified":"2024-05-25T20:28:43","modified_gmt":"2024-05-25T18:28:43","slug":"politica-sulla-privacy","status":"publish","type":"page","link":"https:\/\/filles-de-la-charite.org\/it\/politica-sulla-privacy\/","title":{"rendered":"Politica sulla privacy"},"content":{"rendered":"<div class=\"et_d4_element et_pb_section et_pb_section_0  et_pb_css_mix_blend_mode et_section_regular et_block_section\" >\n\t\t\t\t\n\t\t\t\t\n\t\t\t\t\n\t\t\t\t\n\t\t\t\t\n\t\t\t\t\n\t\t\t\t<div class=\"et_d4_element et_pb_row et_pb_row_0  et_pb_css_mix_blend_mode et_block_row\">\n\t\t\t\t\t\t\t\t<div class=\"et_d4_element et_pb_column_4_4 et_pb_column et_pb_column_0  et_pb_css_mix_blend_mode et-last-child et_block_column\">\n\t\t\t\t\n\t\t\t\t\n\t\t\t\t\n\t\t\t\t\n\t\t\t\t<div class=\"et_pb_module et_d4_element et_pb_text et_pb_text_0  et_pb_text_align_left et_pb_bg_layout_light\">\n\t\t\t\t\n\t\t\t\t\n\t\t\t\t\n\t\t\t\t\n\t\t\t\t<div class=\"et_pb_text_inner\"><p>L\u2019indirizzo del nostro sito \u00e8: <a href=\"https:\/\/www.filles-de-la-charite.org\/\">https:\/\/www.filles-de-la-charite.org <\/a><\/p>\n\n<p>Consultare le <a href=\"https:\/\/www.filles-de-la-charite.org\/es\/menciones-legales\/\">Note legali<\/a> per informazioni aggiuntive. <\/p>\n\n<h2 class=\"wp-block-heading\">Utilizzo dei dati personali raccolti<\/h2>\n\n<h3 class=\"wp-block-heading\">I media<\/h3>\n\n<p>Se sei un utente registrato e carichi immagini sul sito web, ti consigliamo di evitare di caricare immagini che contengono dati di coordinate GPS ed EXIF. I visitatori del tuo sito web possono scaricare ed estrarre dei dati di localizzazione da queste immagini.<\/p>\n\n<h3 class=\"wp-block-heading\">Moduli sui contatti<\/h3>\n\n<p>I dati inviati tramite il modulo di contatto, saranno utilizzati solo per rispondere alla richiesta. Non saranno trasmessi a terzi.<\/p>\n\n<h3 class=\"wp-block-heading\">Cookies<\/h3>\n\n<p>Questo sito utilizza i cookie per la corretta gestione del sito. Per ulteriori informazioni, consultare la pagina della <a href=\"https:\/\/www.filles-de-la-charite.org\/es\/politica-de-cookies-ue\/\">politica sui cookie<\/a>.<\/p>\n\n<h3 class=\"wp-block-heading\">Contenuti incorporati da altri Siti Web<\/h3>\n\n<p>Gli articoli di questo sito possono includere contenuti incorporati (ad esempio video, immagini, articoli\u2026). I contenuti incorporati da altri siti si comportano come se il visitatore stesse visitando quell\u2019altro sito.<\/p>\n\n<p>Questi siti web potrebbero raccogliere dati su di voi, utilizzare cookie, incorporare strumenti di monitoraggio di terzi, tracciare le vostre interazioni con tali contenuti incorporati, se avete un account collegato al loro sito web.<\/p>\n\n<h2 class=\"wp-block-heading\">Statistiche e sistema di rilevazione sull\u2019audience<\/h2>\n\n<p>Questo sito web utilizza Google Analytics per misurare l\u2019audience del sito. Per ulteriori informazioni consultare il sito <a href=\"https:\/\/policies.google.com\/privacy?gl=ES&hl=es\" target=\"_blank\" rel=\"noreferrer noopener\">https:\/\/policies.google.com\/privacy<\/a>.<\/p>\n\n<h2 class=\"wp-block-heading\"><strong>Utilizzo e trasmissione dei vostri dati personali<\/strong><\/h2>\n\n<h3 class=\"wp-block-heading\"><strong>Durata della memorizzazione dei dati<\/strong><\/h3>\n\n<p>Per gli utenti che hanno un account sul nostro sito, conserviamo anche i dati personali indicati nel loro profilo. Tutti gli utenti possono visualizzare, modificare o cancellare i loro dati personali in qualsiasi momento (ad eccezione del loro nome utente). I gestori del sito possono anche visualizzare e modificare queste informazioni.<\/p>\n\n<h3 class=\"wp-block-heading\"><strong>I diritti che avete sui vostri dati<\/strong><\/h3>\n\n<p>Se hai un account sul sito, puoi richiedere di ricevere un file contenente tutti i dati personali in nostro possesso che ti riguardano, compresi quelli che ci hai fornito. Puoi inoltre richiedere la cancellazione dei vostri dati personali. Sono esclusi i dati conservati per scopi amministrativi, legali o di sicurezza.<\/p>\n\n<h3 class=\"wp-block-heading\"><strong>Informazioni di contatto<\/strong><\/h3>\n\n<p>Le informazioni inviate tramite il modulo di contatto possono essere conservate per la gestione dei contatti interni e su richiesta possono essere cancellate.<\/p>\n\n<h2 class=\"wp-block-heading\"><strong>Maggiori informazioni<\/strong><\/h2>\n\n<h3 class=\"wp-block-heading\"><strong>Come tuteliamo i tuoi dati<\/strong><\/h3>\n\n<p>Applichiamo procedure di sicurezza e adottiamo ragionevoli misure tecniche e organizzative per proteggere i tuoi dati personali contro la distruzione accidentale o illegale, la perdita, la divulgazione o l\u2019uso non autorizzato.<\/p>\n\n<h3 class=\"wp-block-heading\"><strong>Procedure in caso di perdita di dati<\/strong><\/h3>\n\n<p>In caso di perdita di dati, tutte le persone presenti nei nostri archivi saranno immediatamente avvisate via e-mail. Inoltre, faremo tutto il possibile per trovare i motivi di questa perdita dati per fermarla il pi\u00f9 presto possibile.<\/p><\/div>\n\t\t\t<\/div>\n\t\t\t<\/div>\t\t\t\n\t\t\t\t\n\t\t\t\t\n\t\t\t\t\n\t\t\t\t\n\t\t\t<\/div>\t\t\n\t\t\t\t\n\t\t\t\t\n\t\t\t<\/div>\n","protected":false},"excerpt":{"rendered":"","protected":false},"author":1,"featured_media":0,"parent":0,"menu_order":0,"comment_status":"closed","ping_status":"closed","template":"","meta":{"_acf_changed":false,"_et_pb_use_builder":"on","_et_pb_old_content":"","_et_gb_content_width":"","footnotes":"","_links_to":"","_links_to_target":""},"class_list":["post-36731","page","type-page","status-publish","hentry"],"acf":[],"yoast_head":"<!-- This site is optimized with the Yoast SEO plugin v27.5 - https:\/\/yoast.com\/product\/yoast-seo-wordpress\/ -->\n<title>Politica sulla privacy - Filles de la Charit\u00e9<\/title>\n<meta name=\"robots\" content=\"index, follow, max-snippet:-1, max-image-preview:large, max-video-preview:-1\" \/>\n<link rel=\"canonical\" href=\"https:\/\/filles-de-la-charite.org\/it\/politica-sulla-privacy\/\" \/>\n<meta property=\"og:locale\" content=\"it_IT\" \/>\n<meta property=\"og:type\" content=\"article\" \/>\n<meta property=\"og:title\" content=\"Politica sulla privacy - Filles de la Charit\u00e9\" \/>\n<meta property=\"og:url\" content=\"https:\/\/filles-de-la-charite.org\/it\/politica-sulla-privacy\/\" \/>\n<meta property=\"og:site_name\" content=\"Filles de la Charit\u00e9\" \/>\n<meta property=\"article:modified_time\" content=\"2024-05-25T18:28:43+00:00\" \/>\n<meta name=\"twitter:card\" content=\"summary_large_image\" \/>\n<meta name=\"twitter:label1\" content=\"Tempo di lettura stimato\" \/>\n\t<meta name=\"twitter:data1\" content=\"3 minuti\" \/>\n<script type=\"application\/ld+json\" class=\"yoast-schema-graph\">{\"@context\":\"https:\\\/\\\/schema.org\",\"@graph\":[{\"@type\":\"WebPage\",\"@id\":\"https:\\\/\\\/filles-de-la-charite.org\\\/it\\\/politica-sulla-privacy\\\/\",\"url\":\"https:\\\/\\\/filles-de-la-charite.org\\\/it\\\/politica-sulla-privacy\\\/\",\"name\":\"Politica sulla privacy - Filles de la Charit\u00e9\",\"isPartOf\":{\"@id\":\"https:\\\/\\\/filles-de-la-charite.org\\\/it\\\/#website\"},\"datePublished\":\"2023-03-20T09:55:03+00:00\",\"dateModified\":\"2024-05-25T18:28:43+00:00\",\"inLanguage\":\"it-IT\",\"potentialAction\":[{\"@type\":\"ReadAction\",\"target\":[\"https:\\\/\\\/filles-de-la-charite.org\\\/it\\\/politica-sulla-privacy\\\/\"]}]},{\"@type\":\"WebSite\",\"@id\":\"https:\\\/\\\/filles-de-la-charite.org\\\/it\\\/#website\",\"url\":\"https:\\\/\\\/filles-de-la-charite.org\\\/it\\\/\",\"name\":\"Hijas de la Caridad\",\"description\":\"L\u2019amour de J\u00e9sus nous presse \u00e0 prendre soin des personnes les plus d\u00e9munies\",\"publisher\":{\"@id\":\"https:\\\/\\\/filles-de-la-charite.org\\\/it\\\/#organization\"},\"potentialAction\":[{\"@type\":\"SearchAction\",\"target\":{\"@type\":\"EntryPoint\",\"urlTemplate\":\"https:\\\/\\\/filles-de-la-charite.org\\\/it\\\/?s={search_term_string}\"},\"query-input\":{\"@type\":\"PropertyValueSpecification\",\"valueRequired\":true,\"valueName\":\"search_term_string\"}}],\"inLanguage\":\"it-IT\"},{\"@type\":\"Organization\",\"@id\":\"https:\\\/\\\/filles-de-la-charite.org\\\/it\\\/#organization\",\"name\":\"Hijas de la Caridad\",\"url\":\"https:\\\/\\\/filles-de-la-charite.org\\\/it\\\/\",\"logo\":{\"@type\":\"ImageObject\",\"inLanguage\":\"it-IT\",\"@id\":\"https:\\\/\\\/filles-de-la-charite.org\\\/it\\\/#\\\/schema\\\/logo\\\/image\\\/\",\"url\":\"https:\\\/\\\/filles-de-la-charite.org\\\/wp-content\\\/uploads\\\/2023\\\/03\\\/isotipo-Hijas-de-la-Caridad.png\",\"contentUrl\":\"https:\\\/\\\/filles-de-la-charite.org\\\/wp-content\\\/uploads\\\/2023\\\/03\\\/isotipo-Hijas-de-la-Caridad.png\",\"width\":1417,\"height\":1417,\"caption\":\"Hijas de la Caridad\"},\"image\":{\"@id\":\"https:\\\/\\\/filles-de-la-charite.org\\\/it\\\/#\\\/schema\\\/logo\\\/image\\\/\"}}]}<\/script>\n<!-- \/ Yoast SEO plugin. -->","yoast_head_json":{"title":"Politica sulla privacy - Filles de la Charit\u00e9","robots":{"index":"index","follow":"follow","max-snippet":"max-snippet:-1","max-image-preview":"max-image-preview:large","max-video-preview":"max-video-preview:-1"},"canonical":"https:\/\/filles-de-la-charite.org\/it\/politica-sulla-privacy\/","og_locale":"it_IT","og_type":"article","og_title":"Politica sulla privacy - Filles de la Charit\u00e9","og_url":"https:\/\/filles-de-la-charite.org\/it\/politica-sulla-privacy\/","og_site_name":"Filles de la Charit\u00e9","article_modified_time":"2024-05-25T18:28:43+00:00","twitter_card":"summary_large_image","twitter_misc":{"Tempo di lettura stimato":"3 minuti"},"schema":{"@context":"https:\/\/schema.org","@graph":[{"@type":"WebPage","@id":"https:\/\/filles-de-la-charite.org\/it\/politica-sulla-privacy\/","url":"https:\/\/filles-de-la-charite.org\/it\/politica-sulla-privacy\/","name":"Politica sulla privacy - Filles de la Charit\u00e9","isPartOf":{"@id":"https:\/\/filles-de-la-charite.org\/it\/#website"},"datePublished":"2023-03-20T09:55:03+00:00","dateModified":"2024-05-25T18:28:43+00:00","inLanguage":"it-IT","potentialAction":[{"@type":"ReadAction","target":["https:\/\/filles-de-la-charite.org\/it\/politica-sulla-privacy\/"]}]},{"@type":"WebSite","@id":"https:\/\/filles-de-la-charite.org\/it\/#website","url":"https:\/\/filles-de-la-charite.org\/it\/","name":"Hijas de la Caridad","description":"L\u2019amour de J\u00e9sus nous presse \u00e0 prendre soin des personnes les plus d\u00e9munies","publisher":{"@id":"https:\/\/filles-de-la-charite.org\/it\/#organization"},"potentialAction":[{"@type":"SearchAction","target":{"@type":"EntryPoint","urlTemplate":"https:\/\/filles-de-la-charite.org\/it\/?s={search_term_string}"},"query-input":{"@type":"PropertyValueSpecification","valueRequired":true,"valueName":"search_term_string"}}],"inLanguage":"it-IT"},{"@type":"Organization","@id":"https:\/\/filles-de-la-charite.org\/it\/#organization","name":"Hijas de la Caridad","url":"https:\/\/filles-de-la-charite.org\/it\/","logo":{"@type":"ImageObject","inLanguage":"it-IT","@id":"https:\/\/filles-de-la-charite.org\/it\/#\/schema\/logo\/image\/","url":"https:\/\/filles-de-la-charite.org\/wp-content\/uploads\/2023\/03\/isotipo-Hijas-de-la-Caridad.png","contentUrl":"https:\/\/filles-de-la-charite.org\/wp-content\/uploads\/2023\/03\/isotipo-Hijas-de-la-Caridad.png","width":1417,"height":1417,"caption":"Hijas de la Caridad"},"image":{"@id":"https:\/\/filles-de-la-charite.org\/it\/#\/schema\/logo\/image\/"}}]}},"_links":{"self":[{"href":"https:\/\/filles-de-la-charite.org\/it\/wp-json\/wp\/v2\/pages\/36731","targetHints":{"allow":["GET"]}}],"collection":[{"href":"https:\/\/filles-de-la-charite.org\/it\/wp-json\/wp\/v2\/pages"}],"about":[{"href":"https:\/\/filles-de-la-charite.org\/it\/wp-json\/wp\/v2\/types\/page"}],"author":[{"embeddable":true,"href":"https:\/\/filles-de-la-charite.org\/it\/wp-json\/wp\/v2\/users\/1"}],"replies":[{"embeddable":true,"href":"https:\/\/filles-de-la-charite.org\/it\/wp-json\/wp\/v2\/comments?post=36731"}],"version-history":[{"count":8,"href":"https:\/\/filles-de-la-charite.org\/it\/wp-json\/wp\/v2\/pages\/36731\/revisions"}],"predecessor-version":[{"id":36971,"href":"https:\/\/filles-de-la-charite.org\/it\/wp-json\/wp\/v2\/pages\/36731\/revisions\/36971"}],"wp:attachment":[{"href":"https:\/\/filles-de-la-charite.org\/it\/wp-json\/wp\/v2\/media?parent=36731"}],"curies":[{"name":"wp","href":"https:\/\/api.w.org\/{rel}","templated":true}]}}

<div class="et_d4_element et_pb_section et_pb_section_0  et_pb_css_mix_blend_mode et_section_regular et_block_section" >
				
				
				
				
				
				
				<div class="et_d4_element et_pb_row et_pb_row_0  et_pb_css_mix_blend_mode et_block_row">
								<div class="et_d4_element et_pb_column_4_4 et_pb_column et_pb_column_0  et_pb_css_mix_blend_mode et-last-child et_block_column">
				
				
				
				
				<div class="et_pb_module et_d4_element et_pb_text et_pb_text_0  et_pb_text_align_left et_pb_bg_layout_light">
				
				
				
				
				<div class="et_pb_text_inner"><p>L’indirizzo del nostro sito è: <a href="https://www.filles-de-la-charite.org/">https://www.filles-de-la-charite.org </a></p>

<p>Consultare le <a href="https://www.filles-de-la-charite.org/es/menciones-legales/">Note legali</a> per informazioni aggiuntive. </p>

<h2 class="wp-block-heading">Utilizzo dei dati personali raccolti</h2>

<h3 class="wp-block-heading">I media</h3>

<p>Se sei un utente registrato e carichi immagini sul sito web, ti consigliamo di evitare di caricare immagini che contengono dati di coordinate GPS ed EXIF. I visitatori del tuo sito web possono scaricare ed estrarre dei dati di localizzazione da queste immagini.</p>

<h3 class="wp-block-heading">Moduli sui contatti</h3>

<p>I dati inviati tramite il modulo di contatto, saranno utilizzati solo per rispondere alla richiesta. Non saranno trasmessi a terzi.</p>

<h3 class="wp-block-heading">Cookies</h3>

<p>Questo sito utilizza i cookie per la corretta gestione del sito. Per ulteriori informazioni, consultare la pagina della <a href="https://www.filles-de-la-charite.org/es/politica-de-cookies-ue/">politica sui cookie</a>.</p>

<h3 class="wp-block-heading">Contenuti incorporati da altri Siti Web</h3>

<p>Gli articoli di questo sito possono includere contenuti incorporati (ad esempio video, immagini, articoli…). I contenuti incorporati da altri siti si comportano come se il visitatore stesse visitando quell’altro sito.</p>

<p>Questi siti web potrebbero raccogliere dati su di voi, utilizzare cookie, incorporare strumenti di monitoraggio di terzi, tracciare le vostre interazioni con tali contenuti incorporati, se avete un account collegato al loro sito web.</p>

<h2 class="wp-block-heading">Statistiche e sistema di rilevazione sull’audience</h2>

<p>Questo sito web utilizza Google Analytics per misurare l’audience del sito. Per ulteriori informazioni consultare il sito <a href="https://policies.google.com/privacy?gl=ES&hl=es" target="_blank" rel="noreferrer noopener">https://policies.google.com/privacy</a>.</p>

<h2 class="wp-block-heading"><strong>Utilizzo e trasmissione dei vostri dati personali</strong></h2>

<h3 class="wp-block-heading"><strong>Durata della memorizzazione dei dati</strong></h3>

<p>Per gli utenti che hanno un account sul nostro sito, conserviamo anche i dati personali indicati nel loro profilo. Tutti gli utenti possono visualizzare, modificare o cancellare i loro dati personali in qualsiasi momento (ad eccezione del loro nome utente). I gestori del sito possono anche visualizzare e modificare queste informazioni.</p>

<h3 class="wp-block-heading"><strong>I diritti che avete sui vostri dati</strong></h3>

<p>Se hai un account sul sito, puoi richiedere di ricevere un file contenente tutti i dati personali in nostro possesso che ti riguardano, compresi quelli che ci hai fornito. Puoi inoltre richiedere la cancellazione dei vostri dati personali. Sono esclusi i dati conservati per scopi amministrativi, legali o di sicurezza.</p>

<h3 class="wp-block-heading"><strong>Informazioni di contatto</strong></h3>

<p>Le informazioni inviate tramite il modulo di contatto possono essere conservate per la gestione dei contatti interni e su richiesta possono essere cancellate.</p>

<h2 class="wp-block-heading"><strong>Maggiori informazioni</strong></h2>

<h3 class="wp-block-heading"><strong>Come tuteliamo i tuoi dati</strong></h3>

<p>Applichiamo procedure di sicurezza e adottiamo ragionevoli misure tecniche e organizzative per proteggere i tuoi dati personali contro la distruzione accidentale o illegale, la perdita, la divulgazione o l’uso non autorizzato.</p>

<h3 class="wp-block-heading"><strong>Procedure in caso di perdita di dati</strong></h3>

<p>In caso di perdita di dati, tutte le persone presenti nei nostri archivi saranno immediatamente avvisate via e-mail. Inoltre, faremo tutto il possibile per trovare i motivi di questa perdita dati per fermarla il più presto possibile.</p></div>
			</div>
			</div>			
				
				
				
				
			</div>		
				
				
			</div>

<!-- This site is optimized with the Yoast SEO plugin v27.5 - https://yoast.com/product/yoast-seo-wordpress/ -->
<title>Politica sulla privacy - Filles de la Charité</title>
<meta name="robots" content="index, follow, max-snippet:-1, max-image-preview:large, max-video-preview:-1" />
<link rel="canonical" href="https://filles-de-la-charite.org/it/politica-sulla-privacy/" />
<meta property="og:locale" content="it_IT" />
<meta property="og:type" content="article" />
<meta property="og:title" content="Politica sulla privacy - Filles de la Charité" />
<meta property="og:url" content="https://filles-de-la-charite.org/it/politica-sulla-privacy/" />
<meta property="og:site_name" content="Filles de la Charité" />
<meta property="article:modified_time" content="2024-05-25T18:28:43+00:00" />
<meta name="twitter:card" content="summary_large_image" />
<meta name="twitter:label1" content="Tempo di lettura stimato" />
	<meta name="twitter:data1" content="3 minuti" />
<script type="application/ld+json" class="yoast-schema-graph">{"@context":"https:\/\/schema.org","@graph":[{"@type":"WebPage","@id":"https:\/\/filles-de-la-charite.org\/it\/politica-sulla-privacy\/","url":"https:\/\/filles-de-la-charite.org\/it\/politica-sulla-privacy\/","name":"Politica sulla privacy - Filles de la Charité","isPartOf":{"@id":"https:\/\/filles-de-la-charite.org\/it\/#website"},"datePublished":"2023-03-20T09:55:03+00:00","dateModified":"2024-05-25T18:28:43+00:00","inLanguage":"it-IT","potentialAction":[{"@type":"ReadAction","target":["https:\/\/filles-de-la-charite.org\/it\/politica-sulla-privacy\/"]}]},{"@type":"WebSite","@id":"https:\/\/filles-de-la-charite.org\/it\/#website","url":"https:\/\/filles-de-la-charite.org\/it\/","name":"Hijas de la Caridad","description":"L’amour de Jésus nous presse à prendre soin des personnes les plus démunies","publisher":{"@id":"https:\/\/filles-de-la-charite.org\/it\/#organization"},"potentialAction":[{"@type":"SearchAction","target":{"@type":"EntryPoint","urlTemplate":"https:\/\/filles-de-la-charite.org\/it\/?s={search_term_string}"},"query-input":{"@type":"PropertyValueSpecification","valueRequired":true,"valueName":"search_term_string"}}],"inLanguage":"it-IT"},{"@type":"Organization","@id":"https:\/\/filles-de-la-charite.org\/it\/#organization","name":"Hijas de la Caridad","url":"https:\/\/filles-de-la-charite.org\/it\/","logo":{"@type":"ImageObject","inLanguage":"it-IT","@id":"https:\/\/filles-de-la-charite.org\/it\/#\/schema\/logo\/image\/","url":"https:\/\/filles-de-la-charite.org\/wp-content\/uploads\/2023\/03\/isotipo-Hijas-de-la-Caridad.png","contentUrl":"https:\/\/filles-de-la-charite.org\/wp-content\/uploads\/2023\/03\/isotipo-Hijas-de-la-Caridad.png","width":1417,"height":1417,"caption":"Hijas de la Caridad"},"image":{"@id":"https:\/\/filles-de-la-charite.org\/it\/#\/schema\/logo\/image\/"}}]}</script>
<!-- / Yoast SEO plugin. -->

Politica sulla privacy - Filles de la Charité

Filles de la Charité

L’amour de Jésus nous presse à prendre soin des personnes les plus démunies
