{"id":25473,"date":"2021-01-31T23:00:00","date_gmt":"2021-01-31T22:00:00","guid":{"rendered":"https:\/\/hijascaridad.sjdigitaldemo.ovh\/rincon-oracion\/sogniamo-alla-luce-di-fratelli-tutti\/"},"modified":"2021-01-31T23:00:00","modified_gmt":"2021-01-31T22:00:00","slug":"sogniamo-alla-luce-di-fratelli-tutti","status":"publish","type":"rincon-oracion","link":"https:\/\/filles-de-la-charite.org\/it\/rincon-oracion\/sogniamo-alla-luce-di-fratelli-tutti\/","title":{"rendered":"Sogniamo! (Alla luce di Fratelli Tutti)"},"content":{"rendered":"\n<p>L'8 dicembre 2020, Papa Francesco ha proclamato il 2021 Anno dedicato a San Giuseppe, \"un uomo di sogni ...\" Chiediamo a San Giuseppe che ci ottenga \"la grazia di saper sognare cercando sempre La volont\u00e0 di Dio nei sogni e anche la grazia di accompagnare gli altri in silenzio senza chiacchiere \". Imploriamo San Giuseppe di accompagnarci lungo la strada intrapresa da San Francesco d'Assisi che \u201cha spiegato l\u2019essenziale di una fraternit\u00e0 aperta, che permette di riconoscere, apprezzare e amare ogni persona al di l\u00e0 della vicinanza fisica, al di l\u00e0 del luogo del mondo dove \u00e8 nata o dove abita. (FT, 1).<\/p>\n\n\n\n<figure class=\"wp-block-embed-youtube wp-block-embed is-type-video is-provider-youtube wp-embed-aspect-16-9 wp-has-aspect-ratio\"><div class=\"wp-block-embed__wrapper\">\n<iframe loading=\"lazy\" title=\"Febbraio 2021 Sogniamo! Alla luce di Fratelli Tutti IT\" width=\"1080\" height=\"608\" src=\"https:\/\/www.youtube.com\/embed\/os3QfXi7zMA?feature=oembed\"  allow=\"accelerometer; autoplay; clipboard-write; encrypted-media; gyroscope; picture-in-picture; web-share\" referrerpolicy=\"strict-origin-when-cross-origin\" allowfullscreen><\/iframe>\n<\/div><\/figure>\n","protected":false},"featured_media":25474,"template":"","meta":{"_acf_changed":false,"_links_to":"","_links_to_target":""},"class_list":["post-25473","rincon-oracion","type-rincon-oracion","status-publish","has-post-thumbnail","hentry"],"acf":[],"yoast_head":"<!-- This site is optimized with the Yoast SEO plugin v27.5 - https:\/\/yoast.com\/product\/yoast-seo-wordpress\/ -->\n<title>Sogniamo! (Alla luce di Fratelli Tutti) - Filles de la Charit\u00e9<\/title>\n<meta name=\"robots\" content=\"index, follow, max-snippet:-1, max-image-preview:large, max-video-preview:-1\" \/>\n<link rel=\"canonical\" href=\"https:\/\/filles-de-la-charite.org\/it\/rincon-oracion\/sogniamo-alla-luce-di-fratelli-tutti\/\" \/>\n<meta property=\"og:locale\" content=\"it_IT\" \/>\n<meta property=\"og:type\" content=\"article\" \/>\n<meta property=\"og:title\" content=\"Sogniamo! (Alla luce di Fratelli Tutti) - Filles de la Charit\u00e9\" \/>\n<meta property=\"og:description\" content=\"L&#8217;8 dicembre 2020, Papa Francesco ha proclamato il 2021 Anno dedicato a San Giuseppe, &#8220;un uomo di sogni &#8230;&#8221; Chiediamo a San Giuseppe che ci ottenga &#8220;la grazia di saper sognare cercando sempre La volont\u00e0 di Dio nei sogni e anche la grazia di accompagnare gli altri in silenzio senza chiacchiere &#8220;. Imploriamo San Giuseppe [&hellip;]\" \/>\n<meta property=\"og:url\" content=\"https:\/\/filles-de-la-charite.org\/it\/rincon-oracion\/sogniamo-alla-luce-di-fratelli-tutti\/\" \/>\n<meta property=\"og:site_name\" content=\"Filles de la Charit\u00e9\" \/>\n<meta property=\"og:image\" content=\"https:\/\/filles-de-la-charite.org\/wp-content\/uploads\/2023\/06\/IT-2021.02Sogniamo-Alla-luce-di-Fratelli-Tutti-copia-1024x576.jpg\" \/>\n\t<meta property=\"og:image:width\" content=\"1024\" \/>\n\t<meta property=\"og:image:height\" content=\"576\" \/>\n\t<meta property=\"og:image:type\" content=\"image\/jpeg\" \/>\n<meta name=\"twitter:card\" content=\"summary_large_image\" \/>\n<meta name=\"twitter:label1\" content=\"Tempo di lettura stimato\" \/>\n\t<meta name=\"twitter:data1\" content=\"1 minuto\" \/>\n<script type=\"application\/ld+json\" class=\"yoast-schema-graph\">{\"@context\":\"https:\\\/\\\/schema.org\",\"@graph\":[{\"@type\":\"WebPage\",\"@id\":\"https:\\\/\\\/filles-de-la-charite.org\\\/it\\\/rincon-oracion\\\/sogniamo-alla-luce-di-fratelli-tutti\\\/\",\"url\":\"https:\\\/\\\/filles-de-la-charite.org\\\/it\\\/rincon-oracion\\\/sogniamo-alla-luce-di-fratelli-tutti\\\/\",\"name\":\"Sogniamo! (Alla luce di Fratelli Tutti) - Filles de la Charit\u00e9\",\"isPartOf\":{\"@id\":\"https:\\\/\\\/filles-de-la-charite.org\\\/it\\\/#website\"},\"primaryImageOfPage\":{\"@id\":\"https:\\\/\\\/filles-de-la-charite.org\\\/it\\\/rincon-oracion\\\/sogniamo-alla-luce-di-fratelli-tutti\\\/#primaryimage\"},\"image\":{\"@id\":\"https:\\\/\\\/filles-de-la-charite.org\\\/it\\\/rincon-oracion\\\/sogniamo-alla-luce-di-fratelli-tutti\\\/#primaryimage\"},\"thumbnailUrl\":\"https:\\\/\\\/filles-de-la-charite.org\\\/wp-content\\\/uploads\\\/2023\\\/06\\\/IT-2021.02Sogniamo-Alla-luce-di-Fratelli-Tutti-copia.jpg\",\"datePublished\":\"2021-01-31T22:00:00+00:00\",\"inLanguage\":\"it-IT\",\"potentialAction\":[{\"@type\":\"ReadAction\",\"target\":[\"https:\\\/\\\/filles-de-la-charite.org\\\/it\\\/rincon-oracion\\\/sogniamo-alla-luce-di-fratelli-tutti\\\/\"]}]},{\"@type\":\"ImageObject\",\"inLanguage\":\"it-IT\",\"@id\":\"https:\\\/\\\/filles-de-la-charite.org\\\/it\\\/rincon-oracion\\\/sogniamo-alla-luce-di-fratelli-tutti\\\/#primaryimage\",\"url\":\"https:\\\/\\\/filles-de-la-charite.org\\\/wp-content\\\/uploads\\\/2023\\\/06\\\/IT-2021.02Sogniamo-Alla-luce-di-Fratelli-Tutti-copia.jpg\",\"contentUrl\":\"https:\\\/\\\/filles-de-la-charite.org\\\/wp-content\\\/uploads\\\/2023\\\/06\\\/IT-2021.02Sogniamo-Alla-luce-di-Fratelli-Tutti-copia.jpg\",\"width\":10240,\"height\":5760},{\"@type\":\"WebSite\",\"@id\":\"https:\\\/\\\/filles-de-la-charite.org\\\/it\\\/#website\",\"url\":\"https:\\\/\\\/filles-de-la-charite.org\\\/it\\\/\",\"name\":\"Hijas de la Caridad\",\"description\":\"L\u2019amour de J\u00e9sus nous presse \u00e0 prendre soin des personnes les plus d\u00e9munies\",\"publisher\":{\"@id\":\"https:\\\/\\\/filles-de-la-charite.org\\\/it\\\/#organization\"},\"potentialAction\":[{\"@type\":\"SearchAction\",\"target\":{\"@type\":\"EntryPoint\",\"urlTemplate\":\"https:\\\/\\\/filles-de-la-charite.org\\\/it\\\/?s={search_term_string}\"},\"query-input\":{\"@type\":\"PropertyValueSpecification\",\"valueRequired\":true,\"valueName\":\"search_term_string\"}}],\"inLanguage\":\"it-IT\"},{\"@type\":\"Organization\",\"@id\":\"https:\\\/\\\/filles-de-la-charite.org\\\/it\\\/#organization\",\"name\":\"Hijas de la Caridad\",\"url\":\"https:\\\/\\\/filles-de-la-charite.org\\\/it\\\/\",\"logo\":{\"@type\":\"ImageObject\",\"inLanguage\":\"it-IT\",\"@id\":\"https:\\\/\\\/filles-de-la-charite.org\\\/it\\\/#\\\/schema\\\/logo\\\/image\\\/\",\"url\":\"https:\\\/\\\/filles-de-la-charite.org\\\/wp-content\\\/uploads\\\/2023\\\/03\\\/isotipo-Hijas-de-la-Caridad.png\",\"contentUrl\":\"https:\\\/\\\/filles-de-la-charite.org\\\/wp-content\\\/uploads\\\/2023\\\/03\\\/isotipo-Hijas-de-la-Caridad.png\",\"width\":1417,\"height\":1417,\"caption\":\"Hijas de la Caridad\"},\"image\":{\"@id\":\"https:\\\/\\\/filles-de-la-charite.org\\\/it\\\/#\\\/schema\\\/logo\\\/image\\\/\"}}]}<\/script>\n<!-- \/ Yoast SEO plugin. -->","yoast_head_json":{"title":"Sogniamo! (Alla luce di Fratelli Tutti) - Filles de la Charit\u00e9","robots":{"index":"index","follow":"follow","max-snippet":"max-snippet:-1","max-image-preview":"max-image-preview:large","max-video-preview":"max-video-preview:-1"},"canonical":"https:\/\/filles-de-la-charite.org\/it\/rincon-oracion\/sogniamo-alla-luce-di-fratelli-tutti\/","og_locale":"it_IT","og_type":"article","og_title":"Sogniamo! (Alla luce di Fratelli Tutti) - Filles de la Charit\u00e9","og_description":"L&#8217;8 dicembre 2020, Papa Francesco ha proclamato il 2021 Anno dedicato a San Giuseppe, &#8220;un uomo di sogni &#8230;&#8221; Chiediamo a San Giuseppe che ci ottenga &#8220;la grazia di saper sognare cercando sempre La volont\u00e0 di Dio nei sogni e anche la grazia di accompagnare gli altri in silenzio senza chiacchiere &#8220;. Imploriamo San Giuseppe [&hellip;]","og_url":"https:\/\/filles-de-la-charite.org\/it\/rincon-oracion\/sogniamo-alla-luce-di-fratelli-tutti\/","og_site_name":"Filles de la Charit\u00e9","og_image":[{"width":1024,"height":576,"url":"https:\/\/filles-de-la-charite.org\/wp-content\/uploads\/2023\/06\/IT-2021.02Sogniamo-Alla-luce-di-Fratelli-Tutti-copia-1024x576.jpg","type":"image\/jpeg"}],"twitter_card":"summary_large_image","twitter_misc":{"Tempo di lettura stimato":"1 minuto"},"schema":{"@context":"https:\/\/schema.org","@graph":[{"@type":"WebPage","@id":"https:\/\/filles-de-la-charite.org\/it\/rincon-oracion\/sogniamo-alla-luce-di-fratelli-tutti\/","url":"https:\/\/filles-de-la-charite.org\/it\/rincon-oracion\/sogniamo-alla-luce-di-fratelli-tutti\/","name":"Sogniamo! (Alla luce di Fratelli Tutti) - Filles de la Charit\u00e9","isPartOf":{"@id":"https:\/\/filles-de-la-charite.org\/it\/#website"},"primaryImageOfPage":{"@id":"https:\/\/filles-de-la-charite.org\/it\/rincon-oracion\/sogniamo-alla-luce-di-fratelli-tutti\/#primaryimage"},"image":{"@id":"https:\/\/filles-de-la-charite.org\/it\/rincon-oracion\/sogniamo-alla-luce-di-fratelli-tutti\/#primaryimage"},"thumbnailUrl":"https:\/\/filles-de-la-charite.org\/wp-content\/uploads\/2023\/06\/IT-2021.02Sogniamo-Alla-luce-di-Fratelli-Tutti-copia.jpg","datePublished":"2021-01-31T22:00:00+00:00","inLanguage":"it-IT","potentialAction":[{"@type":"ReadAction","target":["https:\/\/filles-de-la-charite.org\/it\/rincon-oracion\/sogniamo-alla-luce-di-fratelli-tutti\/"]}]},{"@type":"ImageObject","inLanguage":"it-IT","@id":"https:\/\/filles-de-la-charite.org\/it\/rincon-oracion\/sogniamo-alla-luce-di-fratelli-tutti\/#primaryimage","url":"https:\/\/filles-de-la-charite.org\/wp-content\/uploads\/2023\/06\/IT-2021.02Sogniamo-Alla-luce-di-Fratelli-Tutti-copia.jpg","contentUrl":"https:\/\/filles-de-la-charite.org\/wp-content\/uploads\/2023\/06\/IT-2021.02Sogniamo-Alla-luce-di-Fratelli-Tutti-copia.jpg","width":10240,"height":5760},{"@type":"WebSite","@id":"https:\/\/filles-de-la-charite.org\/it\/#website","url":"https:\/\/filles-de-la-charite.org\/it\/","name":"Hijas de la Caridad","description":"L\u2019amour de J\u00e9sus nous presse \u00e0 prendre soin des personnes les plus d\u00e9munies","publisher":{"@id":"https:\/\/filles-de-la-charite.org\/it\/#organization"},"potentialAction":[{"@type":"SearchAction","target":{"@type":"EntryPoint","urlTemplate":"https:\/\/filles-de-la-charite.org\/it\/?s={search_term_string}"},"query-input":{"@type":"PropertyValueSpecification","valueRequired":true,"valueName":"search_term_string"}}],"inLanguage":"it-IT"},{"@type":"Organization","@id":"https:\/\/filles-de-la-charite.org\/it\/#organization","name":"Hijas de la Caridad","url":"https:\/\/filles-de-la-charite.org\/it\/","logo":{"@type":"ImageObject","inLanguage":"it-IT","@id":"https:\/\/filles-de-la-charite.org\/it\/#\/schema\/logo\/image\/","url":"https:\/\/filles-de-la-charite.org\/wp-content\/uploads\/2023\/03\/isotipo-Hijas-de-la-Caridad.png","contentUrl":"https:\/\/filles-de-la-charite.org\/wp-content\/uploads\/2023\/03\/isotipo-Hijas-de-la-Caridad.png","width":1417,"height":1417,"caption":"Hijas de la Caridad"},"image":{"@id":"https:\/\/filles-de-la-charite.org\/it\/#\/schema\/logo\/image\/"}}]}},"_links":{"self":[{"href":"https:\/\/filles-de-la-charite.org\/it\/wp-json\/wp\/v2\/rincon-oracion\/25473","targetHints":{"allow":["GET"]}}],"collection":[{"href":"https:\/\/filles-de-la-charite.org\/it\/wp-json\/wp\/v2\/rincon-oracion"}],"about":[{"href":"https:\/\/filles-de-la-charite.org\/it\/wp-json\/wp\/v2\/types\/rincon-oracion"}],"wp:featuredmedia":[{"embeddable":true,"href":"https:\/\/filles-de-la-charite.org\/it\/wp-json\/wp\/v2\/media\/25474"}],"wp:attachment":[{"href":"https:\/\/filles-de-la-charite.org\/it\/wp-json\/wp\/v2\/media?parent=25473"}],"curies":[{"name":"wp","href":"https:\/\/api.w.org\/{rel}","templated":true}]}}

<p>L'8 dicembre 2020, Papa Francesco ha proclamato il 2021 Anno dedicato a San Giuseppe, "un uomo di sogni ..." Chiediamo a San Giuseppe che ci ottenga "la grazia di saper sognare cercando sempre La volontà di Dio nei sogni e anche la grazia di accompagnare gli altri in silenzio senza chiacchiere ". Imploriamo San Giuseppe di accompagnarci lungo la strada intrapresa da San Francesco d'Assisi che “ha spiegato l’essenziale di una fraternità aperta, che permette di riconoscere, apprezzare e amare ogni persona al di là della vicinanza fisica, al di là del luogo del mondo dove è nata o dove abita. (FT, 1).</p>



<figure class="wp-block-embed-youtube wp-block-embed is-type-video is-provider-youtube wp-embed-aspect-16-9 wp-has-aspect-ratio"><div class="wp-block-embed__wrapper">
<iframe loading="lazy" title="Febbraio 2021 Sogniamo! Alla luce di Fratelli Tutti IT" width="1080" height="608" src="https://www.youtube.com/embed/os3QfXi7zMA?feature=oembed"  allow="accelerometer; autoplay; clipboard-write; encrypted-media; gyroscope; picture-in-picture; web-share" referrerpolicy="strict-origin-when-cross-origin" allowfullscreen></iframe>
</div></figure>

<!-- This site is optimized with the Yoast SEO plugin v27.5 - https://yoast.com/product/yoast-seo-wordpress/ -->
<title>Sogniamo! (Alla luce di Fratelli Tutti) - Filles de la Charité</title>
<meta name="robots" content="index, follow, max-snippet:-1, max-image-preview:large, max-video-preview:-1" />
<link rel="canonical" href="https://filles-de-la-charite.org/it/rincon-oracion/sogniamo-alla-luce-di-fratelli-tutti/" />
<meta property="og:locale" content="it_IT" />
<meta property="og:type" content="article" />
<meta property="og:title" content="Sogniamo! (Alla luce di Fratelli Tutti) - Filles de la Charité" />
<meta property="og:description" content="L&#8217;8 dicembre 2020, Papa Francesco ha proclamato il 2021 Anno dedicato a San Giuseppe, &#8220;un uomo di sogni &#8230;&#8221; Chiediamo a San Giuseppe che ci ottenga &#8220;la grazia di saper sognare cercando sempre La volontà di Dio nei sogni e anche la grazia di accompagnare gli altri in silenzio senza chiacchiere &#8220;. Imploriamo San Giuseppe [&hellip;]" />
<meta property="og:url" content="https://filles-de-la-charite.org/it/rincon-oracion/sogniamo-alla-luce-di-fratelli-tutti/" />
<meta property="og:site_name" content="Filles de la Charité" />
<meta property="og:image" content="https://filles-de-la-charite.org/wp-content/uploads/2023/06/IT-2021.02Sogniamo-Alla-luce-di-Fratelli-Tutti-copia-1024x576.jpg" />
	<meta property="og:image:width" content="1024" />
	<meta property="og:image:height" content="576" />
	<meta property="og:image:type" content="image/jpeg" />
<meta name="twitter:card" content="summary_large_image" />
<meta name="twitter:label1" content="Tempo di lettura stimato" />
	<meta name="twitter:data1" content="1 minuto" />
<script type="application/ld+json" class="yoast-schema-graph">{"@context":"https:\/\/schema.org","@graph":[{"@type":"WebPage","@id":"https:\/\/filles-de-la-charite.org\/it\/rincon-oracion\/sogniamo-alla-luce-di-fratelli-tutti\/","url":"https:\/\/filles-de-la-charite.org\/it\/rincon-oracion\/sogniamo-alla-luce-di-fratelli-tutti\/","name":"Sogniamo! (Alla luce di Fratelli Tutti) - Filles de la Charité","isPartOf":{"@id":"https:\/\/filles-de-la-charite.org\/it\/#website"},"primaryImageOfPage":{"@id":"https:\/\/filles-de-la-charite.org\/it\/rincon-oracion\/sogniamo-alla-luce-di-fratelli-tutti\/#primaryimage"},"image":{"@id":"https:\/\/filles-de-la-charite.org\/it\/rincon-oracion\/sogniamo-alla-luce-di-fratelli-tutti\/#primaryimage"},"thumbnailUrl":"https:\/\/filles-de-la-charite.org\/wp-content\/uploads\/2023\/06\/IT-2021.02Sogniamo-Alla-luce-di-Fratelli-Tutti-copia.jpg","datePublished":"2021-01-31T22:00:00+00:00","inLanguage":"it-IT","potentialAction":[{"@type":"ReadAction","target":["https:\/\/filles-de-la-charite.org\/it\/rincon-oracion\/sogniamo-alla-luce-di-fratelli-tutti\/"]}]},{"@type":"ImageObject","inLanguage":"it-IT","@id":"https:\/\/filles-de-la-charite.org\/it\/rincon-oracion\/sogniamo-alla-luce-di-fratelli-tutti\/#primaryimage","url":"https:\/\/filles-de-la-charite.org\/wp-content\/uploads\/2023\/06\/IT-2021.02Sogniamo-Alla-luce-di-Fratelli-Tutti-copia.jpg","contentUrl":"https:\/\/filles-de-la-charite.org\/wp-content\/uploads\/2023\/06\/IT-2021.02Sogniamo-Alla-luce-di-Fratelli-Tutti-copia.jpg","width":10240,"height":5760},{"@type":"WebSite","@id":"https:\/\/filles-de-la-charite.org\/it\/#website","url":"https:\/\/filles-de-la-charite.org\/it\/","name":"Hijas de la Caridad","description":"L’amour de Jésus nous presse à prendre soin des personnes les plus démunies","publisher":{"@id":"https:\/\/filles-de-la-charite.org\/it\/#organization"},"potentialAction":[{"@type":"SearchAction","target":{"@type":"EntryPoint","urlTemplate":"https:\/\/filles-de-la-charite.org\/it\/?s={search_term_string}"},"query-input":{"@type":"PropertyValueSpecification","valueRequired":true,"valueName":"search_term_string"}}],"inLanguage":"it-IT"},{"@type":"Organization","@id":"https:\/\/filles-de-la-charite.org\/it\/#organization","name":"Hijas de la Caridad","url":"https:\/\/filles-de-la-charite.org\/it\/","logo":{"@type":"ImageObject","inLanguage":"it-IT","@id":"https:\/\/filles-de-la-charite.org\/it\/#\/schema\/logo\/image\/","url":"https:\/\/filles-de-la-charite.org\/wp-content\/uploads\/2023\/03\/isotipo-Hijas-de-la-Caridad.png","contentUrl":"https:\/\/filles-de-la-charite.org\/wp-content\/uploads\/2023\/03\/isotipo-Hijas-de-la-Caridad.png","width":1417,"height":1417,"caption":"Hijas de la Caridad"},"image":{"@id":"https:\/\/filles-de-la-charite.org\/it\/#\/schema\/logo\/image\/"}}]}</script>
<!-- / Yoast SEO plugin. -->

Sogniamo! (Alla luce di Fratelli Tutti) - Filles de la Charité

L&#8217;8 dicembre 2020, Papa Francesco ha proclamato il 2021 Anno dedicato a San Giuseppe, &#8220;un uomo di sogni &#8230;&#8221; Chiediamo a San Giuseppe che ci ottenga &#8220;la grazia di saper sognare cercando sempre La volontà di Dio nei sogni e anche la grazia di accompagnare gli altri in silenzio senza chiacchiere &#8220;. Imploriamo San Giuseppe [&hellip;]

Filles de la Charité

L’amour de Jésus nous presse à prendre soin des personnes les plus démunies
