{"id":25502,"date":"2021-06-30T22:00:00","date_gmt":"2021-06-30T20:00:00","guid":{"rendered":"https:\/\/hijascaridad.sjdigitaldemo.ovh\/rincon-oracion\/i-doni-del-cielo\/"},"modified":"2021-06-30T22:00:00","modified_gmt":"2021-06-30T20:00:00","slug":"i-doni-del-cielo","status":"publish","type":"rincon-oracion","link":"https:\/\/filles-de-la-charite.org\/it\/rincon-oracion\/i-doni-del-cielo\/","title":{"rendered":"I Doni del Cielo."},"content":{"rendered":"\n<h2 class=\"has-text-align-center wp-block-heading\">Lo Scapolare Verde.<\/h2>\n\n\n\n<p>Secondo me, nonostante le guerre e gli orrori che ci minacciano, viviamo nell'epoca pi\u00f9 felice, perch\u00e9 \u00e8 l'epoca della Beata Vergine Maria. Mai prima d'ora ha vissuto cos\u00ec vicino a noi. Di questo abbiamo innumerevoli segni che dimostrano che Lei ha lasciato le altezze della Galilea celeste per darci una nuova Betlemme, rigenerando Cristo nei poveri cuori umani. Non ha forse particolarmente onorato il Portogallo, l'Italia, la Germania, la Polonia e la Francia in modo speciale con la sua dolce presenza? Dappertutto sorgono testimoni che assicurano la sua presenza con prove veramente miracolose. Veramente la Santa Madre vive in mezzo a noi. <\/p>\n\n\n\n<p>Tuttavia, c'\u00e8 un'ombra in questa immagine... l'ombra della bestia. Il serpente va in giro per seminare distruzione ovunque. Forse la sua presenza non \u00e8 mai stata percepita come oggi. Dopo tutto, lui sa meglio di chiunque altro che forse presto il tempo sar\u00e0 compiuto, e allora il suo potere sar\u00e0 limitato. Non ha mai dimenticato le parole pronunciate contro di lui nel paradiso terrestre: \" Io porr\u00f2 inimicizia tra te e la donna, questa ti schiaccer\u00e0 la testa\u201d. (vedi Genesi 3:15)<\/p>\n\n\n\n<figure class=\"wp-block-embed-youtube wp-block-embed is-type-video is-provider-youtube wp-embed-aspect-16-9 wp-has-aspect-ratio\"><div class=\"wp-block-embed__wrapper\">\n<iframe loading=\"lazy\" title=\"PC Luglio 2021 Lo scapolare verde IT\" width=\"1080\" height=\"608\" src=\"https:\/\/www.youtube.com\/embed\/4g7s838YgEc?feature=oembed\"  allow=\"accelerometer; autoplay; clipboard-write; encrypted-media; gyroscope; picture-in-picture; web-share\" referrerpolicy=\"strict-origin-when-cross-origin\" allowfullscreen><\/iframe>\n<\/div><\/figure>\n","protected":false},"featured_media":25503,"template":"","meta":{"_acf_changed":false,"_links_to":"","_links_to_target":""},"class_list":["post-25502","rincon-oracion","type-rincon-oracion","status-publish","has-post-thumbnail","hentry"],"acf":[],"yoast_head":"<!-- This site is optimized with the Yoast SEO plugin v27.5 - https:\/\/yoast.com\/product\/yoast-seo-wordpress\/ -->\n<title>I Doni del Cielo. - Filles de la Charit\u00e9<\/title>\n<meta name=\"robots\" content=\"index, follow, max-snippet:-1, max-image-preview:large, max-video-preview:-1\" \/>\n<link rel=\"canonical\" href=\"https:\/\/filles-de-la-charite.org\/it\/rincon-oracion\/i-doni-del-cielo\/\" \/>\n<meta property=\"og:locale\" content=\"it_IT\" \/>\n<meta property=\"og:type\" content=\"article\" \/>\n<meta property=\"og:title\" content=\"I Doni del Cielo. - Filles de la Charit\u00e9\" \/>\n<meta property=\"og:description\" content=\"Lo Scapolare Verde. Secondo me, nonostante le guerre e gli orrori che ci minacciano, viviamo nell&#8217;epoca pi\u00f9 felice, perch\u00e9 \u00e8 l&#8217;epoca della Beata Vergine Maria. Mai prima d&#8217;ora ha vissuto cos\u00ec vicino a noi. Di questo abbiamo innumerevoli segni che dimostrano che Lei ha lasciato le altezze della Galilea celeste per darci una nuova Betlemme, [&hellip;]\" \/>\n<meta property=\"og:url\" content=\"https:\/\/filles-de-la-charite.org\/it\/rincon-oracion\/i-doni-del-cielo\/\" \/>\n<meta property=\"og:site_name\" content=\"Filles de la Charit\u00e9\" \/>\n<meta property=\"og:image\" content=\"https:\/\/filles-de-la-charite.org\/wp-content\/uploads\/2023\/06\/PC-Luglio-2021_Lo-scapolare-verde_IT-scaled-1.jpg\" \/>\n\t<meta property=\"og:image:width\" content=\"2560\" \/>\n\t<meta property=\"og:image:height\" content=\"1440\" \/>\n\t<meta property=\"og:image:type\" content=\"image\/jpeg\" \/>\n<meta name=\"twitter:card\" content=\"summary_large_image\" \/>\n<meta name=\"twitter:label1\" content=\"Tempo di lettura stimato\" \/>\n\t<meta name=\"twitter:data1\" content=\"1 minuto\" \/>\n<script type=\"application\/ld+json\" class=\"yoast-schema-graph\">{\"@context\":\"https:\\\/\\\/schema.org\",\"@graph\":[{\"@type\":\"WebPage\",\"@id\":\"https:\\\/\\\/filles-de-la-charite.org\\\/it\\\/rincon-oracion\\\/i-doni-del-cielo\\\/\",\"url\":\"https:\\\/\\\/filles-de-la-charite.org\\\/it\\\/rincon-oracion\\\/i-doni-del-cielo\\\/\",\"name\":\"I Doni del Cielo. - Filles de la Charit\u00e9\",\"isPartOf\":{\"@id\":\"https:\\\/\\\/filles-de-la-charite.org\\\/it\\\/#website\"},\"primaryImageOfPage\":{\"@id\":\"https:\\\/\\\/filles-de-la-charite.org\\\/it\\\/rincon-oracion\\\/i-doni-del-cielo\\\/#primaryimage\"},\"image\":{\"@id\":\"https:\\\/\\\/filles-de-la-charite.org\\\/it\\\/rincon-oracion\\\/i-doni-del-cielo\\\/#primaryimage\"},\"thumbnailUrl\":\"https:\\\/\\\/filles-de-la-charite.org\\\/wp-content\\\/uploads\\\/2023\\\/06\\\/PC-Luglio-2021_Lo-scapolare-verde_IT-scaled-1.jpg\",\"datePublished\":\"2021-06-30T20:00:00+00:00\",\"inLanguage\":\"it-IT\",\"potentialAction\":[{\"@type\":\"ReadAction\",\"target\":[\"https:\\\/\\\/filles-de-la-charite.org\\\/it\\\/rincon-oracion\\\/i-doni-del-cielo\\\/\"]}]},{\"@type\":\"ImageObject\",\"inLanguage\":\"it-IT\",\"@id\":\"https:\\\/\\\/filles-de-la-charite.org\\\/it\\\/rincon-oracion\\\/i-doni-del-cielo\\\/#primaryimage\",\"url\":\"https:\\\/\\\/filles-de-la-charite.org\\\/wp-content\\\/uploads\\\/2023\\\/06\\\/PC-Luglio-2021_Lo-scapolare-verde_IT-scaled-1.jpg\",\"contentUrl\":\"https:\\\/\\\/filles-de-la-charite.org\\\/wp-content\\\/uploads\\\/2023\\\/06\\\/PC-Luglio-2021_Lo-scapolare-verde_IT-scaled-1.jpg\",\"width\":2560,\"height\":1440},{\"@type\":\"WebSite\",\"@id\":\"https:\\\/\\\/filles-de-la-charite.org\\\/it\\\/#website\",\"url\":\"https:\\\/\\\/filles-de-la-charite.org\\\/it\\\/\",\"name\":\"Hijas de la Caridad\",\"description\":\"L\u2019amour de J\u00e9sus nous presse \u00e0 prendre soin des personnes les plus d\u00e9munies\",\"publisher\":{\"@id\":\"https:\\\/\\\/filles-de-la-charite.org\\\/it\\\/#organization\"},\"potentialAction\":[{\"@type\":\"SearchAction\",\"target\":{\"@type\":\"EntryPoint\",\"urlTemplate\":\"https:\\\/\\\/filles-de-la-charite.org\\\/it\\\/?s={search_term_string}\"},\"query-input\":{\"@type\":\"PropertyValueSpecification\",\"valueRequired\":true,\"valueName\":\"search_term_string\"}}],\"inLanguage\":\"it-IT\"},{\"@type\":\"Organization\",\"@id\":\"https:\\\/\\\/filles-de-la-charite.org\\\/it\\\/#organization\",\"name\":\"Hijas de la Caridad\",\"url\":\"https:\\\/\\\/filles-de-la-charite.org\\\/it\\\/\",\"logo\":{\"@type\":\"ImageObject\",\"inLanguage\":\"it-IT\",\"@id\":\"https:\\\/\\\/filles-de-la-charite.org\\\/it\\\/#\\\/schema\\\/logo\\\/image\\\/\",\"url\":\"https:\\\/\\\/filles-de-la-charite.org\\\/wp-content\\\/uploads\\\/2023\\\/03\\\/isotipo-Hijas-de-la-Caridad.png\",\"contentUrl\":\"https:\\\/\\\/filles-de-la-charite.org\\\/wp-content\\\/uploads\\\/2023\\\/03\\\/isotipo-Hijas-de-la-Caridad.png\",\"width\":1417,\"height\":1417,\"caption\":\"Hijas de la Caridad\"},\"image\":{\"@id\":\"https:\\\/\\\/filles-de-la-charite.org\\\/it\\\/#\\\/schema\\\/logo\\\/image\\\/\"}}]}<\/script>\n<!-- \/ Yoast SEO plugin. -->","yoast_head_json":{"title":"I Doni del Cielo. - Filles de la Charit\u00e9","robots":{"index":"index","follow":"follow","max-snippet":"max-snippet:-1","max-image-preview":"max-image-preview:large","max-video-preview":"max-video-preview:-1"},"canonical":"https:\/\/filles-de-la-charite.org\/it\/rincon-oracion\/i-doni-del-cielo\/","og_locale":"it_IT","og_type":"article","og_title":"I Doni del Cielo. - Filles de la Charit\u00e9","og_description":"Lo Scapolare Verde. Secondo me, nonostante le guerre e gli orrori che ci minacciano, viviamo nell&#8217;epoca pi\u00f9 felice, perch\u00e9 \u00e8 l&#8217;epoca della Beata Vergine Maria. Mai prima d&#8217;ora ha vissuto cos\u00ec vicino a noi. Di questo abbiamo innumerevoli segni che dimostrano che Lei ha lasciato le altezze della Galilea celeste per darci una nuova Betlemme, [&hellip;]","og_url":"https:\/\/filles-de-la-charite.org\/it\/rincon-oracion\/i-doni-del-cielo\/","og_site_name":"Filles de la Charit\u00e9","og_image":[{"width":2560,"height":1440,"url":"https:\/\/filles-de-la-charite.org\/wp-content\/uploads\/2023\/06\/PC-Luglio-2021_Lo-scapolare-verde_IT-scaled-1.jpg","type":"image\/jpeg"}],"twitter_card":"summary_large_image","twitter_misc":{"Tempo di lettura stimato":"1 minuto"},"schema":{"@context":"https:\/\/schema.org","@graph":[{"@type":"WebPage","@id":"https:\/\/filles-de-la-charite.org\/it\/rincon-oracion\/i-doni-del-cielo\/","url":"https:\/\/filles-de-la-charite.org\/it\/rincon-oracion\/i-doni-del-cielo\/","name":"I Doni del Cielo. - Filles de la Charit\u00e9","isPartOf":{"@id":"https:\/\/filles-de-la-charite.org\/it\/#website"},"primaryImageOfPage":{"@id":"https:\/\/filles-de-la-charite.org\/it\/rincon-oracion\/i-doni-del-cielo\/#primaryimage"},"image":{"@id":"https:\/\/filles-de-la-charite.org\/it\/rincon-oracion\/i-doni-del-cielo\/#primaryimage"},"thumbnailUrl":"https:\/\/filles-de-la-charite.org\/wp-content\/uploads\/2023\/06\/PC-Luglio-2021_Lo-scapolare-verde_IT-scaled-1.jpg","datePublished":"2021-06-30T20:00:00+00:00","inLanguage":"it-IT","potentialAction":[{"@type":"ReadAction","target":["https:\/\/filles-de-la-charite.org\/it\/rincon-oracion\/i-doni-del-cielo\/"]}]},{"@type":"ImageObject","inLanguage":"it-IT","@id":"https:\/\/filles-de-la-charite.org\/it\/rincon-oracion\/i-doni-del-cielo\/#primaryimage","url":"https:\/\/filles-de-la-charite.org\/wp-content\/uploads\/2023\/06\/PC-Luglio-2021_Lo-scapolare-verde_IT-scaled-1.jpg","contentUrl":"https:\/\/filles-de-la-charite.org\/wp-content\/uploads\/2023\/06\/PC-Luglio-2021_Lo-scapolare-verde_IT-scaled-1.jpg","width":2560,"height":1440},{"@type":"WebSite","@id":"https:\/\/filles-de-la-charite.org\/it\/#website","url":"https:\/\/filles-de-la-charite.org\/it\/","name":"Hijas de la Caridad","description":"L\u2019amour de J\u00e9sus nous presse \u00e0 prendre soin des personnes les plus d\u00e9munies","publisher":{"@id":"https:\/\/filles-de-la-charite.org\/it\/#organization"},"potentialAction":[{"@type":"SearchAction","target":{"@type":"EntryPoint","urlTemplate":"https:\/\/filles-de-la-charite.org\/it\/?s={search_term_string}"},"query-input":{"@type":"PropertyValueSpecification","valueRequired":true,"valueName":"search_term_string"}}],"inLanguage":"it-IT"},{"@type":"Organization","@id":"https:\/\/filles-de-la-charite.org\/it\/#organization","name":"Hijas de la Caridad","url":"https:\/\/filles-de-la-charite.org\/it\/","logo":{"@type":"ImageObject","inLanguage":"it-IT","@id":"https:\/\/filles-de-la-charite.org\/it\/#\/schema\/logo\/image\/","url":"https:\/\/filles-de-la-charite.org\/wp-content\/uploads\/2023\/03\/isotipo-Hijas-de-la-Caridad.png","contentUrl":"https:\/\/filles-de-la-charite.org\/wp-content\/uploads\/2023\/03\/isotipo-Hijas-de-la-Caridad.png","width":1417,"height":1417,"caption":"Hijas de la Caridad"},"image":{"@id":"https:\/\/filles-de-la-charite.org\/it\/#\/schema\/logo\/image\/"}}]}},"_links":{"self":[{"href":"https:\/\/filles-de-la-charite.org\/it\/wp-json\/wp\/v2\/rincon-oracion\/25502","targetHints":{"allow":["GET"]}}],"collection":[{"href":"https:\/\/filles-de-la-charite.org\/it\/wp-json\/wp\/v2\/rincon-oracion"}],"about":[{"href":"https:\/\/filles-de-la-charite.org\/it\/wp-json\/wp\/v2\/types\/rincon-oracion"}],"wp:featuredmedia":[{"embeddable":true,"href":"https:\/\/filles-de-la-charite.org\/it\/wp-json\/wp\/v2\/media\/25503"}],"wp:attachment":[{"href":"https:\/\/filles-de-la-charite.org\/it\/wp-json\/wp\/v2\/media?parent=25502"}],"curies":[{"name":"wp","href":"https:\/\/api.w.org\/{rel}","templated":true}]}}

<h2 class="has-text-align-center wp-block-heading">Lo Scapolare Verde.</h2>



<p>Secondo me, nonostante le guerre e gli orrori che ci minacciano, viviamo nell'epoca più felice, perché è l'epoca della Beata Vergine Maria. Mai prima d'ora ha vissuto così vicino a noi. Di questo abbiamo innumerevoli segni che dimostrano che Lei ha lasciato le altezze della Galilea celeste per darci una nuova Betlemme, rigenerando Cristo nei poveri cuori umani. Non ha forse particolarmente onorato il Portogallo, l'Italia, la Germania, la Polonia e la Francia in modo speciale con la sua dolce presenza? Dappertutto sorgono testimoni che assicurano la sua presenza con prove veramente miracolose. Veramente la Santa Madre vive in mezzo a noi. </p>



<p>Tuttavia, c'è un'ombra in questa immagine... l'ombra della bestia. Il serpente va in giro per seminare distruzione ovunque. Forse la sua presenza non è mai stata percepita come oggi. Dopo tutto, lui sa meglio di chiunque altro che forse presto il tempo sarà compiuto, e allora il suo potere sarà limitato. Non ha mai dimenticato le parole pronunciate contro di lui nel paradiso terrestre: " Io porrò inimicizia tra te e la donna, questa ti schiaccerà la testa”. (vedi Genesi 3:15)</p>



<figure class="wp-block-embed-youtube wp-block-embed is-type-video is-provider-youtube wp-embed-aspect-16-9 wp-has-aspect-ratio"><div class="wp-block-embed__wrapper">
<iframe loading="lazy" title="PC Luglio 2021 Lo scapolare verde IT" width="1080" height="608" src="https://www.youtube.com/embed/4g7s838YgEc?feature=oembed"  allow="accelerometer; autoplay; clipboard-write; encrypted-media; gyroscope; picture-in-picture; web-share" referrerpolicy="strict-origin-when-cross-origin" allowfullscreen></iframe>
</div></figure>

<!-- This site is optimized with the Yoast SEO plugin v27.5 - https://yoast.com/product/yoast-seo-wordpress/ -->
<title>I Doni del Cielo. - Filles de la Charité</title>
<meta name="robots" content="index, follow, max-snippet:-1, max-image-preview:large, max-video-preview:-1" />
<link rel="canonical" href="https://filles-de-la-charite.org/it/rincon-oracion/i-doni-del-cielo/" />
<meta property="og:locale" content="it_IT" />
<meta property="og:type" content="article" />
<meta property="og:title" content="I Doni del Cielo. - Filles de la Charité" />
<meta property="og:description" content="Lo Scapolare Verde. Secondo me, nonostante le guerre e gli orrori che ci minacciano, viviamo nell&#8217;epoca più felice, perché è l&#8217;epoca della Beata Vergine Maria. Mai prima d&#8217;ora ha vissuto così vicino a noi. Di questo abbiamo innumerevoli segni che dimostrano che Lei ha lasciato le altezze della Galilea celeste per darci una nuova Betlemme, [&hellip;]" />
<meta property="og:url" content="https://filles-de-la-charite.org/it/rincon-oracion/i-doni-del-cielo/" />
<meta property="og:site_name" content="Filles de la Charité" />
<meta property="og:image" content="https://filles-de-la-charite.org/wp-content/uploads/2023/06/PC-Luglio-2021_Lo-scapolare-verde_IT-scaled-1.jpg" />
	<meta property="og:image:width" content="2560" />
	<meta property="og:image:height" content="1440" />
	<meta property="og:image:type" content="image/jpeg" />
<meta name="twitter:card" content="summary_large_image" />
<meta name="twitter:label1" content="Tempo di lettura stimato" />
	<meta name="twitter:data1" content="1 minuto" />
<script type="application/ld+json" class="yoast-schema-graph">{"@context":"https:\/\/schema.org","@graph":[{"@type":"WebPage","@id":"https:\/\/filles-de-la-charite.org\/it\/rincon-oracion\/i-doni-del-cielo\/","url":"https:\/\/filles-de-la-charite.org\/it\/rincon-oracion\/i-doni-del-cielo\/","name":"I Doni del Cielo. - Filles de la Charité","isPartOf":{"@id":"https:\/\/filles-de-la-charite.org\/it\/#website"},"primaryImageOfPage":{"@id":"https:\/\/filles-de-la-charite.org\/it\/rincon-oracion\/i-doni-del-cielo\/#primaryimage"},"image":{"@id":"https:\/\/filles-de-la-charite.org\/it\/rincon-oracion\/i-doni-del-cielo\/#primaryimage"},"thumbnailUrl":"https:\/\/filles-de-la-charite.org\/wp-content\/uploads\/2023\/06\/PC-Luglio-2021_Lo-scapolare-verde_IT-scaled-1.jpg","datePublished":"2021-06-30T20:00:00+00:00","inLanguage":"it-IT","potentialAction":[{"@type":"ReadAction","target":["https:\/\/filles-de-la-charite.org\/it\/rincon-oracion\/i-doni-del-cielo\/"]}]},{"@type":"ImageObject","inLanguage":"it-IT","@id":"https:\/\/filles-de-la-charite.org\/it\/rincon-oracion\/i-doni-del-cielo\/#primaryimage","url":"https:\/\/filles-de-la-charite.org\/wp-content\/uploads\/2023\/06\/PC-Luglio-2021_Lo-scapolare-verde_IT-scaled-1.jpg","contentUrl":"https:\/\/filles-de-la-charite.org\/wp-content\/uploads\/2023\/06\/PC-Luglio-2021_Lo-scapolare-verde_IT-scaled-1.jpg","width":2560,"height":1440},{"@type":"WebSite","@id":"https:\/\/filles-de-la-charite.org\/it\/#website","url":"https:\/\/filles-de-la-charite.org\/it\/","name":"Hijas de la Caridad","description":"L’amour de Jésus nous presse à prendre soin des personnes les plus démunies","publisher":{"@id":"https:\/\/filles-de-la-charite.org\/it\/#organization"},"potentialAction":[{"@type":"SearchAction","target":{"@type":"EntryPoint","urlTemplate":"https:\/\/filles-de-la-charite.org\/it\/?s={search_term_string}"},"query-input":{"@type":"PropertyValueSpecification","valueRequired":true,"valueName":"search_term_string"}}],"inLanguage":"it-IT"},{"@type":"Organization","@id":"https:\/\/filles-de-la-charite.org\/it\/#organization","name":"Hijas de la Caridad","url":"https:\/\/filles-de-la-charite.org\/it\/","logo":{"@type":"ImageObject","inLanguage":"it-IT","@id":"https:\/\/filles-de-la-charite.org\/it\/#\/schema\/logo\/image\/","url":"https:\/\/filles-de-la-charite.org\/wp-content\/uploads\/2023\/03\/isotipo-Hijas-de-la-Caridad.png","contentUrl":"https:\/\/filles-de-la-charite.org\/wp-content\/uploads\/2023\/03\/isotipo-Hijas-de-la-Caridad.png","width":1417,"height":1417,"caption":"Hijas de la Caridad"},"image":{"@id":"https:\/\/filles-de-la-charite.org\/it\/#\/schema\/logo\/image\/"}}]}</script>
<!-- / Yoast SEO plugin. -->

I Doni del Cielo. - Filles de la Charité

Lo Scapolare Verde. Secondo me, nonostante le guerre e gli orrori che ci minacciano, viviamo nell&#8217;epoca più felice, perché è l&#8217;epoca della Beata Vergine Maria. Mai prima d&#8217;ora ha vissuto così vicino a noi. Di questo abbiamo innumerevoli segni che dimostrano che Lei ha lasciato le altezze della Galilea celeste per darci una nuova Betlemme, [&hellip;]

Filles de la Charité

L’amour de Jésus nous presse à prendre soin des personnes les plus démunies
