{"id":25573,"date":"2022-07-31T22:00:00","date_gmt":"2022-07-31T20:00:00","guid":{"rendered":"https:\/\/hijascaridad.sjdigitaldemo.ovh\/rincon-oracion\/per-una-chiesa-sinodale-comunione-partecipazione-e-missione\/"},"modified":"2022-07-31T22:00:00","modified_gmt":"2022-07-31T20:00:00","slug":"per-una-chiesa-sinodale-comunione-partecipazione-e-missione","status":"publish","type":"rincon-oracion","link":"https:\/\/filles-de-la-charite.org\/it\/rincon-oracion\/per-una-chiesa-sinodale-comunione-partecipazione-e-missione\/","title":{"rendered":"Per una Chiesa sinodale: comunione, partecipazione e missione"},"content":{"rendered":"\n<p>All\u2019interno di questo contesto, la sinodalit\u00e0 rappresenta la strada maestra per la Chiesa, chiamata a rinnovarsi sotto l\u2019azione dello Spirito e grazie all\u2019ascolto della Parola. La capacit\u00e0 di immaginare un futuro diverso per la Chiesa e per le sue istituzioni all\u2019altezza della missione ricevuta dipende in larga parte dalla scelta di avviare processi di ascolto, dialogo e discernimento comunitario, a cui tutti e ciascuno possano partecipare e contribuire. Al tempo stesso, la scelta di \u201ccamminare insieme\u201d \u00e8 un segno profetico per una famiglia umana che ha bisogno di un progetto condiviso, in grado di perseguire il bene di tutti. Una Chiesa capace di comunione e di fraternit\u00e0, di partecipazione e di sussidiariet\u00e0, nella fedelt\u00e0 a ci\u00f2 che annuncia, potr\u00e0 mettersi a fianco dei poveri e degli ultimi e prestare loro la propria voce. Per \u201ccamminare insieme\u201d \u00e8 necessario che ci lasciamo educare dallo Spirito a una mentalit\u00e0 veramente sinodale, entrando con coraggio e libert\u00e0 di cuore in un processo di conversione senza il quale non sar\u00e0 possibile quella \u00abcontinua riforma di cui essa [la Chiesa], in quanto istituzione umana e terrena, ha sempre bisogno\u00bb (UR, n. 6; cfr. EG, n. 26). La Compagnia desidera proseguire con dinamismo e speranza l\u2019impegno a vivere la sinodalit\u00e0, in sinergia con il processo sinodale avviato nella Chiesa. E\u2019 un invito ad ascoltare meglio, a dialogare per discernere insieme, a tutti i livelli.<\/p>\n\n\n\n<figure class=\"wp-block-embed is-type-video is-provider-youtube wp-block-embed-youtube wp-embed-aspect-16-9 wp-has-aspect-ratio\"><div class=\"wp-block-embed__wrapper\">\n<iframe loading=\"lazy\" title=\"Agosto 2022 Per una Chiesa sinodale comunione, partecipazione e missione IT\" width=\"1080\" height=\"608\" src=\"https:\/\/www.youtube.com\/embed\/GOb3WpT0d6k?feature=oembed\"  allow=\"accelerometer; autoplay; clipboard-write; encrypted-media; gyroscope; picture-in-picture; web-share\" allowfullscreen><\/iframe>\n<\/div><\/figure>\n","protected":false},"featured_media":25574,"template":"","meta":{"_acf_changed":false,"_links_to":"","_links_to_target":""},"class_list":["post-25573","rincon-oracion","type-rincon-oracion","status-publish","has-post-thumbnail","hentry"],"acf":[],"yoast_head":"<!-- This site is optimized with the Yoast SEO plugin v27.5 - https:\/\/yoast.com\/product\/yoast-seo-wordpress\/ -->\n<title>Per una Chiesa sinodale: comunione, partecipazione e missione - Filles de la Charit\u00e9<\/title>\n<meta name=\"robots\" content=\"index, follow, max-snippet:-1, max-image-preview:large, max-video-preview:-1\" \/>\n<link rel=\"canonical\" href=\"https:\/\/filles-de-la-charite.org\/it\/rincon-oracion\/per-una-chiesa-sinodale-comunione-partecipazione-e-missione\/\" \/>\n<meta property=\"og:locale\" content=\"it_IT\" \/>\n<meta property=\"og:type\" content=\"article\" \/>\n<meta property=\"og:title\" content=\"Per una Chiesa sinodale: comunione, partecipazione e missione - Filles de la Charit\u00e9\" \/>\n<meta property=\"og:description\" content=\"All\u2019interno di questo contesto, la sinodalit\u00e0 rappresenta la strada maestra per la Chiesa, chiamata a rinnovarsi sotto l\u2019azione dello Spirito e grazie all\u2019ascolto della Parola. La capacit\u00e0 di immaginare un futuro diverso per la Chiesa e per le sue istituzioni all\u2019altezza della missione ricevuta dipende in larga parte dalla scelta di avviare processi di ascolto, [&hellip;]\" \/>\n<meta property=\"og:url\" content=\"https:\/\/filles-de-la-charite.org\/it\/rincon-oracion\/per-una-chiesa-sinodale-comunione-partecipazione-e-missione\/\" \/>\n<meta property=\"og:site_name\" content=\"Filles de la Charit\u00e9\" \/>\n<meta property=\"og:image\" content=\"https:\/\/filles-de-la-charite.org\/wp-content\/uploads\/2023\/06\/Agosto-2022-Per-una-Chiesa-sinodale-comunione-partecipazione-e-missione-IT-scaled-1.jpg\" \/>\n\t<meta property=\"og:image:width\" content=\"2560\" \/>\n\t<meta property=\"og:image:height\" content=\"1440\" \/>\n\t<meta property=\"og:image:type\" content=\"image\/jpeg\" \/>\n<meta name=\"twitter:card\" content=\"summary_large_image\" \/>\n<meta name=\"twitter:label1\" content=\"Tempo di lettura stimato\" \/>\n\t<meta name=\"twitter:data1\" content=\"1 minuto\" \/>\n<script type=\"application\/ld+json\" class=\"yoast-schema-graph\">{\"@context\":\"https:\\\/\\\/schema.org\",\"@graph\":[{\"@type\":\"WebPage\",\"@id\":\"https:\\\/\\\/filles-de-la-charite.org\\\/it\\\/rincon-oracion\\\/per-una-chiesa-sinodale-comunione-partecipazione-e-missione\\\/\",\"url\":\"https:\\\/\\\/filles-de-la-charite.org\\\/it\\\/rincon-oracion\\\/per-una-chiesa-sinodale-comunione-partecipazione-e-missione\\\/\",\"name\":\"Per una Chiesa sinodale: comunione, partecipazione e missione - Filles de la Charit\u00e9\",\"isPartOf\":{\"@id\":\"https:\\\/\\\/filles-de-la-charite.org\\\/it\\\/#website\"},\"primaryImageOfPage\":{\"@id\":\"https:\\\/\\\/filles-de-la-charite.org\\\/it\\\/rincon-oracion\\\/per-una-chiesa-sinodale-comunione-partecipazione-e-missione\\\/#primaryimage\"},\"image\":{\"@id\":\"https:\\\/\\\/filles-de-la-charite.org\\\/it\\\/rincon-oracion\\\/per-una-chiesa-sinodale-comunione-partecipazione-e-missione\\\/#primaryimage\"},\"thumbnailUrl\":\"https:\\\/\\\/filles-de-la-charite.org\\\/wp-content\\\/uploads\\\/2023\\\/06\\\/Agosto-2022-Per-una-Chiesa-sinodale-comunione-partecipazione-e-missione-IT-scaled-1.jpg\",\"datePublished\":\"2022-07-31T20:00:00+00:00\",\"inLanguage\":\"it-IT\",\"potentialAction\":[{\"@type\":\"ReadAction\",\"target\":[\"https:\\\/\\\/filles-de-la-charite.org\\\/it\\\/rincon-oracion\\\/per-una-chiesa-sinodale-comunione-partecipazione-e-missione\\\/\"]}]},{\"@type\":\"ImageObject\",\"inLanguage\":\"it-IT\",\"@id\":\"https:\\\/\\\/filles-de-la-charite.org\\\/it\\\/rincon-oracion\\\/per-una-chiesa-sinodale-comunione-partecipazione-e-missione\\\/#primaryimage\",\"url\":\"https:\\\/\\\/filles-de-la-charite.org\\\/wp-content\\\/uploads\\\/2023\\\/06\\\/Agosto-2022-Per-una-Chiesa-sinodale-comunione-partecipazione-e-missione-IT-scaled-1.jpg\",\"contentUrl\":\"https:\\\/\\\/filles-de-la-charite.org\\\/wp-content\\\/uploads\\\/2023\\\/06\\\/Agosto-2022-Per-una-Chiesa-sinodale-comunione-partecipazione-e-missione-IT-scaled-1.jpg\",\"width\":2560,\"height\":1440},{\"@type\":\"WebSite\",\"@id\":\"https:\\\/\\\/filles-de-la-charite.org\\\/it\\\/#website\",\"url\":\"https:\\\/\\\/filles-de-la-charite.org\\\/it\\\/\",\"name\":\"Hijas de la Caridad\",\"description\":\"L\u2019amour de J\u00e9sus nous presse \u00e0 prendre soin des personnes les plus d\u00e9munies\",\"publisher\":{\"@id\":\"https:\\\/\\\/filles-de-la-charite.org\\\/it\\\/#organization\"},\"potentialAction\":[{\"@type\":\"SearchAction\",\"target\":{\"@type\":\"EntryPoint\",\"urlTemplate\":\"https:\\\/\\\/filles-de-la-charite.org\\\/it\\\/?s={search_term_string}\"},\"query-input\":{\"@type\":\"PropertyValueSpecification\",\"valueRequired\":true,\"valueName\":\"search_term_string\"}}],\"inLanguage\":\"it-IT\"},{\"@type\":\"Organization\",\"@id\":\"https:\\\/\\\/filles-de-la-charite.org\\\/it\\\/#organization\",\"name\":\"Hijas de la Caridad\",\"url\":\"https:\\\/\\\/filles-de-la-charite.org\\\/it\\\/\",\"logo\":{\"@type\":\"ImageObject\",\"inLanguage\":\"it-IT\",\"@id\":\"https:\\\/\\\/filles-de-la-charite.org\\\/it\\\/#\\\/schema\\\/logo\\\/image\\\/\",\"url\":\"https:\\\/\\\/filles-de-la-charite.org\\\/wp-content\\\/uploads\\\/2023\\\/03\\\/isotipo-Hijas-de-la-Caridad.png\",\"contentUrl\":\"https:\\\/\\\/filles-de-la-charite.org\\\/wp-content\\\/uploads\\\/2023\\\/03\\\/isotipo-Hijas-de-la-Caridad.png\",\"width\":1417,\"height\":1417,\"caption\":\"Hijas de la Caridad\"},\"image\":{\"@id\":\"https:\\\/\\\/filles-de-la-charite.org\\\/it\\\/#\\\/schema\\\/logo\\\/image\\\/\"}}]}<\/script>\n<!-- \/ Yoast SEO plugin. -->","yoast_head_json":{"title":"Per una Chiesa sinodale: comunione, partecipazione e missione - Filles de la Charit\u00e9","robots":{"index":"index","follow":"follow","max-snippet":"max-snippet:-1","max-image-preview":"max-image-preview:large","max-video-preview":"max-video-preview:-1"},"canonical":"https:\/\/filles-de-la-charite.org\/it\/rincon-oracion\/per-una-chiesa-sinodale-comunione-partecipazione-e-missione\/","og_locale":"it_IT","og_type":"article","og_title":"Per una Chiesa sinodale: comunione, partecipazione e missione - Filles de la Charit\u00e9","og_description":"All\u2019interno di questo contesto, la sinodalit\u00e0 rappresenta la strada maestra per la Chiesa, chiamata a rinnovarsi sotto l\u2019azione dello Spirito e grazie all\u2019ascolto della Parola. La capacit\u00e0 di immaginare un futuro diverso per la Chiesa e per le sue istituzioni all\u2019altezza della missione ricevuta dipende in larga parte dalla scelta di avviare processi di ascolto, [&hellip;]","og_url":"https:\/\/filles-de-la-charite.org\/it\/rincon-oracion\/per-una-chiesa-sinodale-comunione-partecipazione-e-missione\/","og_site_name":"Filles de la Charit\u00e9","og_image":[{"width":2560,"height":1440,"url":"https:\/\/filles-de-la-charite.org\/wp-content\/uploads\/2023\/06\/Agosto-2022-Per-una-Chiesa-sinodale-comunione-partecipazione-e-missione-IT-scaled-1.jpg","type":"image\/jpeg"}],"twitter_card":"summary_large_image","twitter_misc":{"Tempo di lettura stimato":"1 minuto"},"schema":{"@context":"https:\/\/schema.org","@graph":[{"@type":"WebPage","@id":"https:\/\/filles-de-la-charite.org\/it\/rincon-oracion\/per-una-chiesa-sinodale-comunione-partecipazione-e-missione\/","url":"https:\/\/filles-de-la-charite.org\/it\/rincon-oracion\/per-una-chiesa-sinodale-comunione-partecipazione-e-missione\/","name":"Per una Chiesa sinodale: comunione, partecipazione e missione - Filles de la Charit\u00e9","isPartOf":{"@id":"https:\/\/filles-de-la-charite.org\/it\/#website"},"primaryImageOfPage":{"@id":"https:\/\/filles-de-la-charite.org\/it\/rincon-oracion\/per-una-chiesa-sinodale-comunione-partecipazione-e-missione\/#primaryimage"},"image":{"@id":"https:\/\/filles-de-la-charite.org\/it\/rincon-oracion\/per-una-chiesa-sinodale-comunione-partecipazione-e-missione\/#primaryimage"},"thumbnailUrl":"https:\/\/filles-de-la-charite.org\/wp-content\/uploads\/2023\/06\/Agosto-2022-Per-una-Chiesa-sinodale-comunione-partecipazione-e-missione-IT-scaled-1.jpg","datePublished":"2022-07-31T20:00:00+00:00","inLanguage":"it-IT","potentialAction":[{"@type":"ReadAction","target":["https:\/\/filles-de-la-charite.org\/it\/rincon-oracion\/per-una-chiesa-sinodale-comunione-partecipazione-e-missione\/"]}]},{"@type":"ImageObject","inLanguage":"it-IT","@id":"https:\/\/filles-de-la-charite.org\/it\/rincon-oracion\/per-una-chiesa-sinodale-comunione-partecipazione-e-missione\/#primaryimage","url":"https:\/\/filles-de-la-charite.org\/wp-content\/uploads\/2023\/06\/Agosto-2022-Per-una-Chiesa-sinodale-comunione-partecipazione-e-missione-IT-scaled-1.jpg","contentUrl":"https:\/\/filles-de-la-charite.org\/wp-content\/uploads\/2023\/06\/Agosto-2022-Per-una-Chiesa-sinodale-comunione-partecipazione-e-missione-IT-scaled-1.jpg","width":2560,"height":1440},{"@type":"WebSite","@id":"https:\/\/filles-de-la-charite.org\/it\/#website","url":"https:\/\/filles-de-la-charite.org\/it\/","name":"Hijas de la Caridad","description":"L\u2019amour de J\u00e9sus nous presse \u00e0 prendre soin des personnes les plus d\u00e9munies","publisher":{"@id":"https:\/\/filles-de-la-charite.org\/it\/#organization"},"potentialAction":[{"@type":"SearchAction","target":{"@type":"EntryPoint","urlTemplate":"https:\/\/filles-de-la-charite.org\/it\/?s={search_term_string}"},"query-input":{"@type":"PropertyValueSpecification","valueRequired":true,"valueName":"search_term_string"}}],"inLanguage":"it-IT"},{"@type":"Organization","@id":"https:\/\/filles-de-la-charite.org\/it\/#organization","name":"Hijas de la Caridad","url":"https:\/\/filles-de-la-charite.org\/it\/","logo":{"@type":"ImageObject","inLanguage":"it-IT","@id":"https:\/\/filles-de-la-charite.org\/it\/#\/schema\/logo\/image\/","url":"https:\/\/filles-de-la-charite.org\/wp-content\/uploads\/2023\/03\/isotipo-Hijas-de-la-Caridad.png","contentUrl":"https:\/\/filles-de-la-charite.org\/wp-content\/uploads\/2023\/03\/isotipo-Hijas-de-la-Caridad.png","width":1417,"height":1417,"caption":"Hijas de la Caridad"},"image":{"@id":"https:\/\/filles-de-la-charite.org\/it\/#\/schema\/logo\/image\/"}}]}},"_links":{"self":[{"href":"https:\/\/filles-de-la-charite.org\/it\/wp-json\/wp\/v2\/rincon-oracion\/25573","targetHints":{"allow":["GET"]}}],"collection":[{"href":"https:\/\/filles-de-la-charite.org\/it\/wp-json\/wp\/v2\/rincon-oracion"}],"about":[{"href":"https:\/\/filles-de-la-charite.org\/it\/wp-json\/wp\/v2\/types\/rincon-oracion"}],"wp:featuredmedia":[{"embeddable":true,"href":"https:\/\/filles-de-la-charite.org\/it\/wp-json\/wp\/v2\/media\/25574"}],"wp:attachment":[{"href":"https:\/\/filles-de-la-charite.org\/it\/wp-json\/wp\/v2\/media?parent=25573"}],"curies":[{"name":"wp","href":"https:\/\/api.w.org\/{rel}","templated":true}]}}

<p>All’interno di questo contesto, la sinodalità rappresenta la strada maestra per la Chiesa, chiamata a rinnovarsi sotto l’azione dello Spirito e grazie all’ascolto della Parola. La capacità di immaginare un futuro diverso per la Chiesa e per le sue istituzioni all’altezza della missione ricevuta dipende in larga parte dalla scelta di avviare processi di ascolto, dialogo e discernimento comunitario, a cui tutti e ciascuno possano partecipare e contribuire. Al tempo stesso, la scelta di “camminare insieme” è un segno profetico per una famiglia umana che ha bisogno di un progetto condiviso, in grado di perseguire il bene di tutti. Una Chiesa capace di comunione e di fraternità, di partecipazione e di sussidiarietà, nella fedeltà a ciò che annuncia, potrà mettersi a fianco dei poveri e degli ultimi e prestare loro la propria voce. Per “camminare insieme” è necessario che ci lasciamo educare dallo Spirito a una mentalità veramente sinodale, entrando con coraggio e libertà di cuore in un processo di conversione senza il quale non sarà possibile quella «continua riforma di cui essa [la Chiesa], in quanto istituzione umana e terrena, ha sempre bisogno» (UR, n. 6; cfr. EG, n. 26). La Compagnia desidera proseguire con dinamismo e speranza l’impegno a vivere la sinodalità, in sinergia con il processo sinodale avviato nella Chiesa. E’ un invito ad ascoltare meglio, a dialogare per discernere insieme, a tutti i livelli.</p>



<figure class="wp-block-embed is-type-video is-provider-youtube wp-block-embed-youtube wp-embed-aspect-16-9 wp-has-aspect-ratio"><div class="wp-block-embed__wrapper">
<iframe loading="lazy" title="Agosto 2022 Per una Chiesa sinodale comunione, partecipazione e missione IT" width="1080" height="608" src="https://www.youtube.com/embed/GOb3WpT0d6k?feature=oembed"  allow="accelerometer; autoplay; clipboard-write; encrypted-media; gyroscope; picture-in-picture; web-share" allowfullscreen></iframe>
</div></figure>

<!-- This site is optimized with the Yoast SEO plugin v27.5 - https://yoast.com/product/yoast-seo-wordpress/ -->
<title>Per una Chiesa sinodale: comunione, partecipazione e missione - Filles de la Charité</title>
<meta name="robots" content="index, follow, max-snippet:-1, max-image-preview:large, max-video-preview:-1" />
<link rel="canonical" href="https://filles-de-la-charite.org/it/rincon-oracion/per-una-chiesa-sinodale-comunione-partecipazione-e-missione/" />
<meta property="og:locale" content="it_IT" />
<meta property="og:type" content="article" />
<meta property="og:title" content="Per una Chiesa sinodale: comunione, partecipazione e missione - Filles de la Charité" />
<meta property="og:description" content="All’interno di questo contesto, la sinodalità rappresenta la strada maestra per la Chiesa, chiamata a rinnovarsi sotto l’azione dello Spirito e grazie all’ascolto della Parola. La capacità di immaginare un futuro diverso per la Chiesa e per le sue istituzioni all’altezza della missione ricevuta dipende in larga parte dalla scelta di avviare processi di ascolto, [&hellip;]" />
<meta property="og:url" content="https://filles-de-la-charite.org/it/rincon-oracion/per-una-chiesa-sinodale-comunione-partecipazione-e-missione/" />
<meta property="og:site_name" content="Filles de la Charité" />
<meta property="og:image" content="https://filles-de-la-charite.org/wp-content/uploads/2023/06/Agosto-2022-Per-una-Chiesa-sinodale-comunione-partecipazione-e-missione-IT-scaled-1.jpg" />
	<meta property="og:image:width" content="2560" />
	<meta property="og:image:height" content="1440" />
	<meta property="og:image:type" content="image/jpeg" />
<meta name="twitter:card" content="summary_large_image" />
<meta name="twitter:label1" content="Tempo di lettura stimato" />
	<meta name="twitter:data1" content="1 minuto" />
<script type="application/ld+json" class="yoast-schema-graph">{"@context":"https:\/\/schema.org","@graph":[{"@type":"WebPage","@id":"https:\/\/filles-de-la-charite.org\/it\/rincon-oracion\/per-una-chiesa-sinodale-comunione-partecipazione-e-missione\/","url":"https:\/\/filles-de-la-charite.org\/it\/rincon-oracion\/per-una-chiesa-sinodale-comunione-partecipazione-e-missione\/","name":"Per una Chiesa sinodale: comunione, partecipazione e missione - Filles de la Charité","isPartOf":{"@id":"https:\/\/filles-de-la-charite.org\/it\/#website"},"primaryImageOfPage":{"@id":"https:\/\/filles-de-la-charite.org\/it\/rincon-oracion\/per-una-chiesa-sinodale-comunione-partecipazione-e-missione\/#primaryimage"},"image":{"@id":"https:\/\/filles-de-la-charite.org\/it\/rincon-oracion\/per-una-chiesa-sinodale-comunione-partecipazione-e-missione\/#primaryimage"},"thumbnailUrl":"https:\/\/filles-de-la-charite.org\/wp-content\/uploads\/2023\/06\/Agosto-2022-Per-una-Chiesa-sinodale-comunione-partecipazione-e-missione-IT-scaled-1.jpg","datePublished":"2022-07-31T20:00:00+00:00","inLanguage":"it-IT","potentialAction":[{"@type":"ReadAction","target":["https:\/\/filles-de-la-charite.org\/it\/rincon-oracion\/per-una-chiesa-sinodale-comunione-partecipazione-e-missione\/"]}]},{"@type":"ImageObject","inLanguage":"it-IT","@id":"https:\/\/filles-de-la-charite.org\/it\/rincon-oracion\/per-una-chiesa-sinodale-comunione-partecipazione-e-missione\/#primaryimage","url":"https:\/\/filles-de-la-charite.org\/wp-content\/uploads\/2023\/06\/Agosto-2022-Per-una-Chiesa-sinodale-comunione-partecipazione-e-missione-IT-scaled-1.jpg","contentUrl":"https:\/\/filles-de-la-charite.org\/wp-content\/uploads\/2023\/06\/Agosto-2022-Per-una-Chiesa-sinodale-comunione-partecipazione-e-missione-IT-scaled-1.jpg","width":2560,"height":1440},{"@type":"WebSite","@id":"https:\/\/filles-de-la-charite.org\/it\/#website","url":"https:\/\/filles-de-la-charite.org\/it\/","name":"Hijas de la Caridad","description":"L’amour de Jésus nous presse à prendre soin des personnes les plus démunies","publisher":{"@id":"https:\/\/filles-de-la-charite.org\/it\/#organization"},"potentialAction":[{"@type":"SearchAction","target":{"@type":"EntryPoint","urlTemplate":"https:\/\/filles-de-la-charite.org\/it\/?s={search_term_string}"},"query-input":{"@type":"PropertyValueSpecification","valueRequired":true,"valueName":"search_term_string"}}],"inLanguage":"it-IT"},{"@type":"Organization","@id":"https:\/\/filles-de-la-charite.org\/it\/#organization","name":"Hijas de la Caridad","url":"https:\/\/filles-de-la-charite.org\/it\/","logo":{"@type":"ImageObject","inLanguage":"it-IT","@id":"https:\/\/filles-de-la-charite.org\/it\/#\/schema\/logo\/image\/","url":"https:\/\/filles-de-la-charite.org\/wp-content\/uploads\/2023\/03\/isotipo-Hijas-de-la-Caridad.png","contentUrl":"https:\/\/filles-de-la-charite.org\/wp-content\/uploads\/2023\/03\/isotipo-Hijas-de-la-Caridad.png","width":1417,"height":1417,"caption":"Hijas de la Caridad"},"image":{"@id":"https:\/\/filles-de-la-charite.org\/it\/#\/schema\/logo\/image\/"}}]}</script>
<!-- / Yoast SEO plugin. -->

Per una Chiesa sinodale: comunione, partecipazione e missione - Filles de la Charité

All’interno di questo contesto, la sinodalità rappresenta la strada maestra per la Chiesa, chiamata a rinnovarsi sotto l’azione dello Spirito e grazie all’ascolto della Parola. La capacità di immaginare un futuro diverso per la Chiesa e per le sue istituzioni all’altezza della missione ricevuta dipende in larga parte dalla scelta di avviare processi di ascolto, [&hellip;]

Filles de la Charité

L’amour de Jésus nous presse à prendre soin des personnes les plus démunies
