{"id":25580,"date":"2022-08-31T22:00:00","date_gmt":"2022-08-31T20:00:00","guid":{"rendered":"https:\/\/hijascaridad.sjdigitaldemo.ovh\/rincon-oracion\/san-vincenzo-e-ben-vivo-oggi-e-dapperttutto\/"},"modified":"2022-08-31T22:00:00","modified_gmt":"2022-08-31T20:00:00","slug":"san-vincenzo-e-ben-vivo-oggi-e-dapperttutto","status":"publish","type":"rincon-oracion","link":"https:\/\/filles-de-la-charite.org\/it\/rincon-oracion\/san-vincenzo-e-ben-vivo-oggi-e-dapperttutto\/","title":{"rendered":"San Vincenzo de&#8217; Paoli \u00e8 ben vivo oggi e dapperttutto"},"content":{"rendered":"\n<p>San Vincenzo era quest\u2019uomo dal carattere integro, convinto, che osava scuotere le prime Dame della Carit\u00e0, le Figlie della Carit\u00e0 e i Missionari. (...) Negli ultimi anni della sua vita, San Vincenzo \u00e8 per noi il modello di una persona che, fino alla fine, ha conservato l\u2019entusiasmo, la giovinezza del cuore, convinzioni forti, lo spirito di ribellione di fronte alle ingiustizie. (...) Veramente, San Vincenzo con tutta la sua bont\u00e0 e il suo ardore ci indica il cammino. Non si mette in mostra, ma ci conduce piuttosto verso Cristo e ci sollecita a rimanere coerenti e impegnate nel nome del Vangelo. (...) La follia alla quale ci invita San Vincenzo \u00e8 proprio quella dell\u2019eccesso d\u2019amore nel nostro dono a Dio, che ci sollecita ad andare sempre pi\u00f9 verso i pi\u00f9 sofferenti. (...) San Vincenzo \u00e8 ben vivo oggi e dapperttutto,<em> nella e attraverso i membri della Famiglia Vincenziana. Grazie San Vincenzo! <\/em><\/p>\n\n\n\n<p><strong>Lettera della Madre Generale delle Figlie della Carit\u00e0, 27 settembre 2021<\/strong><\/p>\n\n\n\n<figure class=\"wp-block-embed is-type-video is-provider-youtube wp-block-embed-youtube wp-embed-aspect-16-9 wp-has-aspect-ratio\"><div class=\"wp-block-embed__wrapper\">\n<iframe loading=\"lazy\" title=\"09 2022 San Vincenzo de Paoli IT\" width=\"1080\" height=\"608\" src=\"https:\/\/www.youtube.com\/embed\/gR2eJcpVS48?feature=oembed\"  allow=\"accelerometer; autoplay; clipboard-write; encrypted-media; gyroscope; picture-in-picture; web-share\" referrerpolicy=\"strict-origin-when-cross-origin\" allowfullscreen><\/iframe>\n<\/div><\/figure>\n","protected":false},"featured_media":25581,"template":"","meta":{"_acf_changed":false,"_links_to":"","_links_to_target":""},"class_list":["post-25580","rincon-oracion","type-rincon-oracion","status-publish","has-post-thumbnail","hentry"],"acf":[],"yoast_head":"<!-- This site is optimized with the Yoast SEO plugin v27.5 - https:\/\/yoast.com\/product\/yoast-seo-wordpress\/ -->\n<title>San Vincenzo de&#039; Paoli \u00e8 ben vivo oggi e dapperttutto - Filles de la Charit\u00e9<\/title>\n<meta name=\"robots\" content=\"index, follow, max-snippet:-1, max-image-preview:large, max-video-preview:-1\" \/>\n<link rel=\"canonical\" href=\"https:\/\/filles-de-la-charite.org\/it\/rincon-oracion\/san-vincenzo-e-ben-vivo-oggi-e-dapperttutto\/\" \/>\n<meta property=\"og:locale\" content=\"it_IT\" \/>\n<meta property=\"og:type\" content=\"article\" \/>\n<meta property=\"og:title\" content=\"San Vincenzo de&#039; Paoli \u00e8 ben vivo oggi e dapperttutto - Filles de la Charit\u00e9\" \/>\n<meta property=\"og:description\" content=\"San Vincenzo era quest\u2019uomo dal carattere integro, convinto, che osava scuotere le prime Dame della Carit\u00e0, le Figlie della Carit\u00e0 e i Missionari. (&#8230;) Negli ultimi anni della sua vita, San Vincenzo \u00e8 per noi il modello di una persona che, fino alla fine, ha conservato l\u2019entusiasmo, la giovinezza del cuore, convinzioni forti, lo spirito [&hellip;]\" \/>\n<meta property=\"og:url\" content=\"https:\/\/filles-de-la-charite.org\/it\/rincon-oracion\/san-vincenzo-e-ben-vivo-oggi-e-dapperttutto\/\" \/>\n<meta property=\"og:site_name\" content=\"Filles de la Charit\u00e9\" \/>\n<meta property=\"og:image\" content=\"https:\/\/filles-de-la-charite.org\/wp-content\/uploads\/2023\/06\/09.2022-San-Vincenzo-de-Paoli-IT-scaled-1.jpg\" \/>\n\t<meta property=\"og:image:width\" content=\"2560\" \/>\n\t<meta property=\"og:image:height\" content=\"1440\" \/>\n\t<meta property=\"og:image:type\" content=\"image\/jpeg\" \/>\n<meta name=\"twitter:card\" content=\"summary_large_image\" \/>\n<meta name=\"twitter:label1\" content=\"Tempo di lettura stimato\" \/>\n\t<meta name=\"twitter:data1\" content=\"1 minuto\" \/>\n<script type=\"application\/ld+json\" class=\"yoast-schema-graph\">{\"@context\":\"https:\\\/\\\/schema.org\",\"@graph\":[{\"@type\":\"WebPage\",\"@id\":\"https:\\\/\\\/filles-de-la-charite.org\\\/it\\\/rincon-oracion\\\/san-vincenzo-e-ben-vivo-oggi-e-dapperttutto\\\/\",\"url\":\"https:\\\/\\\/filles-de-la-charite.org\\\/it\\\/rincon-oracion\\\/san-vincenzo-e-ben-vivo-oggi-e-dapperttutto\\\/\",\"name\":\"San Vincenzo de' Paoli \u00e8 ben vivo oggi e dapperttutto - Filles de la Charit\u00e9\",\"isPartOf\":{\"@id\":\"https:\\\/\\\/filles-de-la-charite.org\\\/it\\\/#website\"},\"primaryImageOfPage\":{\"@id\":\"https:\\\/\\\/filles-de-la-charite.org\\\/it\\\/rincon-oracion\\\/san-vincenzo-e-ben-vivo-oggi-e-dapperttutto\\\/#primaryimage\"},\"image\":{\"@id\":\"https:\\\/\\\/filles-de-la-charite.org\\\/it\\\/rincon-oracion\\\/san-vincenzo-e-ben-vivo-oggi-e-dapperttutto\\\/#primaryimage\"},\"thumbnailUrl\":\"https:\\\/\\\/filles-de-la-charite.org\\\/wp-content\\\/uploads\\\/2023\\\/06\\\/09.2022-San-Vincenzo-de-Paoli-IT-scaled-1.jpg\",\"datePublished\":\"2022-08-31T20:00:00+00:00\",\"inLanguage\":\"it-IT\",\"potentialAction\":[{\"@type\":\"ReadAction\",\"target\":[\"https:\\\/\\\/filles-de-la-charite.org\\\/it\\\/rincon-oracion\\\/san-vincenzo-e-ben-vivo-oggi-e-dapperttutto\\\/\"]}]},{\"@type\":\"ImageObject\",\"inLanguage\":\"it-IT\",\"@id\":\"https:\\\/\\\/filles-de-la-charite.org\\\/it\\\/rincon-oracion\\\/san-vincenzo-e-ben-vivo-oggi-e-dapperttutto\\\/#primaryimage\",\"url\":\"https:\\\/\\\/filles-de-la-charite.org\\\/wp-content\\\/uploads\\\/2023\\\/06\\\/09.2022-San-Vincenzo-de-Paoli-IT-scaled-1.jpg\",\"contentUrl\":\"https:\\\/\\\/filles-de-la-charite.org\\\/wp-content\\\/uploads\\\/2023\\\/06\\\/09.2022-San-Vincenzo-de-Paoli-IT-scaled-1.jpg\",\"width\":2560,\"height\":1440},{\"@type\":\"WebSite\",\"@id\":\"https:\\\/\\\/filles-de-la-charite.org\\\/it\\\/#website\",\"url\":\"https:\\\/\\\/filles-de-la-charite.org\\\/it\\\/\",\"name\":\"Hijas de la Caridad\",\"description\":\"L\u2019amour de J\u00e9sus nous presse \u00e0 prendre soin des personnes les plus d\u00e9munies\",\"publisher\":{\"@id\":\"https:\\\/\\\/filles-de-la-charite.org\\\/it\\\/#organization\"},\"potentialAction\":[{\"@type\":\"SearchAction\",\"target\":{\"@type\":\"EntryPoint\",\"urlTemplate\":\"https:\\\/\\\/filles-de-la-charite.org\\\/it\\\/?s={search_term_string}\"},\"query-input\":{\"@type\":\"PropertyValueSpecification\",\"valueRequired\":true,\"valueName\":\"search_term_string\"}}],\"inLanguage\":\"it-IT\"},{\"@type\":\"Organization\",\"@id\":\"https:\\\/\\\/filles-de-la-charite.org\\\/it\\\/#organization\",\"name\":\"Hijas de la Caridad\",\"url\":\"https:\\\/\\\/filles-de-la-charite.org\\\/it\\\/\",\"logo\":{\"@type\":\"ImageObject\",\"inLanguage\":\"it-IT\",\"@id\":\"https:\\\/\\\/filles-de-la-charite.org\\\/it\\\/#\\\/schema\\\/logo\\\/image\\\/\",\"url\":\"https:\\\/\\\/filles-de-la-charite.org\\\/wp-content\\\/uploads\\\/2023\\\/03\\\/isotipo-Hijas-de-la-Caridad.png\",\"contentUrl\":\"https:\\\/\\\/filles-de-la-charite.org\\\/wp-content\\\/uploads\\\/2023\\\/03\\\/isotipo-Hijas-de-la-Caridad.png\",\"width\":1417,\"height\":1417,\"caption\":\"Hijas de la Caridad\"},\"image\":{\"@id\":\"https:\\\/\\\/filles-de-la-charite.org\\\/it\\\/#\\\/schema\\\/logo\\\/image\\\/\"}}]}<\/script>\n<!-- \/ Yoast SEO plugin. -->","yoast_head_json":{"title":"San Vincenzo de' Paoli \u00e8 ben vivo oggi e dapperttutto - Filles de la Charit\u00e9","robots":{"index":"index","follow":"follow","max-snippet":"max-snippet:-1","max-image-preview":"max-image-preview:large","max-video-preview":"max-video-preview:-1"},"canonical":"https:\/\/filles-de-la-charite.org\/it\/rincon-oracion\/san-vincenzo-e-ben-vivo-oggi-e-dapperttutto\/","og_locale":"it_IT","og_type":"article","og_title":"San Vincenzo de' Paoli \u00e8 ben vivo oggi e dapperttutto - Filles de la Charit\u00e9","og_description":"San Vincenzo era quest\u2019uomo dal carattere integro, convinto, che osava scuotere le prime Dame della Carit\u00e0, le Figlie della Carit\u00e0 e i Missionari. (&#8230;) Negli ultimi anni della sua vita, San Vincenzo \u00e8 per noi il modello di una persona che, fino alla fine, ha conservato l\u2019entusiasmo, la giovinezza del cuore, convinzioni forti, lo spirito [&hellip;]","og_url":"https:\/\/filles-de-la-charite.org\/it\/rincon-oracion\/san-vincenzo-e-ben-vivo-oggi-e-dapperttutto\/","og_site_name":"Filles de la Charit\u00e9","og_image":[{"width":2560,"height":1440,"url":"https:\/\/filles-de-la-charite.org\/wp-content\/uploads\/2023\/06\/09.2022-San-Vincenzo-de-Paoli-IT-scaled-1.jpg","type":"image\/jpeg"}],"twitter_card":"summary_large_image","twitter_misc":{"Tempo di lettura stimato":"1 minuto"},"schema":{"@context":"https:\/\/schema.org","@graph":[{"@type":"WebPage","@id":"https:\/\/filles-de-la-charite.org\/it\/rincon-oracion\/san-vincenzo-e-ben-vivo-oggi-e-dapperttutto\/","url":"https:\/\/filles-de-la-charite.org\/it\/rincon-oracion\/san-vincenzo-e-ben-vivo-oggi-e-dapperttutto\/","name":"San Vincenzo de' Paoli \u00e8 ben vivo oggi e dapperttutto - Filles de la Charit\u00e9","isPartOf":{"@id":"https:\/\/filles-de-la-charite.org\/it\/#website"},"primaryImageOfPage":{"@id":"https:\/\/filles-de-la-charite.org\/it\/rincon-oracion\/san-vincenzo-e-ben-vivo-oggi-e-dapperttutto\/#primaryimage"},"image":{"@id":"https:\/\/filles-de-la-charite.org\/it\/rincon-oracion\/san-vincenzo-e-ben-vivo-oggi-e-dapperttutto\/#primaryimage"},"thumbnailUrl":"https:\/\/filles-de-la-charite.org\/wp-content\/uploads\/2023\/06\/09.2022-San-Vincenzo-de-Paoli-IT-scaled-1.jpg","datePublished":"2022-08-31T20:00:00+00:00","inLanguage":"it-IT","potentialAction":[{"@type":"ReadAction","target":["https:\/\/filles-de-la-charite.org\/it\/rincon-oracion\/san-vincenzo-e-ben-vivo-oggi-e-dapperttutto\/"]}]},{"@type":"ImageObject","inLanguage":"it-IT","@id":"https:\/\/filles-de-la-charite.org\/it\/rincon-oracion\/san-vincenzo-e-ben-vivo-oggi-e-dapperttutto\/#primaryimage","url":"https:\/\/filles-de-la-charite.org\/wp-content\/uploads\/2023\/06\/09.2022-San-Vincenzo-de-Paoli-IT-scaled-1.jpg","contentUrl":"https:\/\/filles-de-la-charite.org\/wp-content\/uploads\/2023\/06\/09.2022-San-Vincenzo-de-Paoli-IT-scaled-1.jpg","width":2560,"height":1440},{"@type":"WebSite","@id":"https:\/\/filles-de-la-charite.org\/it\/#website","url":"https:\/\/filles-de-la-charite.org\/it\/","name":"Hijas de la Caridad","description":"L\u2019amour de J\u00e9sus nous presse \u00e0 prendre soin des personnes les plus d\u00e9munies","publisher":{"@id":"https:\/\/filles-de-la-charite.org\/it\/#organization"},"potentialAction":[{"@type":"SearchAction","target":{"@type":"EntryPoint","urlTemplate":"https:\/\/filles-de-la-charite.org\/it\/?s={search_term_string}"},"query-input":{"@type":"PropertyValueSpecification","valueRequired":true,"valueName":"search_term_string"}}],"inLanguage":"it-IT"},{"@type":"Organization","@id":"https:\/\/filles-de-la-charite.org\/it\/#organization","name":"Hijas de la Caridad","url":"https:\/\/filles-de-la-charite.org\/it\/","logo":{"@type":"ImageObject","inLanguage":"it-IT","@id":"https:\/\/filles-de-la-charite.org\/it\/#\/schema\/logo\/image\/","url":"https:\/\/filles-de-la-charite.org\/wp-content\/uploads\/2023\/03\/isotipo-Hijas-de-la-Caridad.png","contentUrl":"https:\/\/filles-de-la-charite.org\/wp-content\/uploads\/2023\/03\/isotipo-Hijas-de-la-Caridad.png","width":1417,"height":1417,"caption":"Hijas de la Caridad"},"image":{"@id":"https:\/\/filles-de-la-charite.org\/it\/#\/schema\/logo\/image\/"}}]}},"_links":{"self":[{"href":"https:\/\/filles-de-la-charite.org\/it\/wp-json\/wp\/v2\/rincon-oracion\/25580","targetHints":{"allow":["GET"]}}],"collection":[{"href":"https:\/\/filles-de-la-charite.org\/it\/wp-json\/wp\/v2\/rincon-oracion"}],"about":[{"href":"https:\/\/filles-de-la-charite.org\/it\/wp-json\/wp\/v2\/types\/rincon-oracion"}],"wp:featuredmedia":[{"embeddable":true,"href":"https:\/\/filles-de-la-charite.org\/it\/wp-json\/wp\/v2\/media\/25581"}],"wp:attachment":[{"href":"https:\/\/filles-de-la-charite.org\/it\/wp-json\/wp\/v2\/media?parent=25580"}],"curies":[{"name":"wp","href":"https:\/\/api.w.org\/{rel}","templated":true}]}}

San Vincenzo de&#8217; Paoli è ben vivo oggi e dapperttutto

<p>San Vincenzo era quest’uomo dal carattere integro, convinto, che osava scuotere le prime Dame della Carità, le Figlie della Carità e i Missionari. (...) Negli ultimi anni della sua vita, San Vincenzo è per noi il modello di una persona che, fino alla fine, ha conservato l’entusiasmo, la giovinezza del cuore, convinzioni forti, lo spirito di ribellione di fronte alle ingiustizie. (...) Veramente, San Vincenzo con tutta la sua bontà e il suo ardore ci indica il cammino. Non si mette in mostra, ma ci conduce piuttosto verso Cristo e ci sollecita a rimanere coerenti e impegnate nel nome del Vangelo. (...) La follia alla quale ci invita San Vincenzo è proprio quella dell’eccesso d’amore nel nostro dono a Dio, che ci sollecita ad andare sempre più verso i più sofferenti. (...) San Vincenzo è ben vivo oggi e dapperttutto,<em> nella e attraverso i membri della Famiglia Vincenziana. Grazie San Vincenzo! </em></p>



<p><strong>Lettera della Madre Generale delle Figlie della Carità, 27 settembre 2021</strong></p>



<figure class="wp-block-embed is-type-video is-provider-youtube wp-block-embed-youtube wp-embed-aspect-16-9 wp-has-aspect-ratio"><div class="wp-block-embed__wrapper">
<iframe loading="lazy" title="09 2022 San Vincenzo de Paoli IT" width="1080" height="608" src="https://www.youtube.com/embed/gR2eJcpVS48?feature=oembed"  allow="accelerometer; autoplay; clipboard-write; encrypted-media; gyroscope; picture-in-picture; web-share" referrerpolicy="strict-origin-when-cross-origin" allowfullscreen></iframe>
</div></figure>

<!-- This site is optimized with the Yoast SEO plugin v27.5 - https://yoast.com/product/yoast-seo-wordpress/ -->
<title>San Vincenzo de&#039; Paoli è ben vivo oggi e dapperttutto - Filles de la Charité</title>
<meta name="robots" content="index, follow, max-snippet:-1, max-image-preview:large, max-video-preview:-1" />
<link rel="canonical" href="https://filles-de-la-charite.org/it/rincon-oracion/san-vincenzo-e-ben-vivo-oggi-e-dapperttutto/" />
<meta property="og:locale" content="it_IT" />
<meta property="og:type" content="article" />
<meta property="og:title" content="San Vincenzo de&#039; Paoli è ben vivo oggi e dapperttutto - Filles de la Charité" />
<meta property="og:description" content="San Vincenzo era quest’uomo dal carattere integro, convinto, che osava scuotere le prime Dame della Carità, le Figlie della Carità e i Missionari. (&#8230;) Negli ultimi anni della sua vita, San Vincenzo è per noi il modello di una persona che, fino alla fine, ha conservato l’entusiasmo, la giovinezza del cuore, convinzioni forti, lo spirito [&hellip;]" />
<meta property="og:url" content="https://filles-de-la-charite.org/it/rincon-oracion/san-vincenzo-e-ben-vivo-oggi-e-dapperttutto/" />
<meta property="og:site_name" content="Filles de la Charité" />
<meta property="og:image" content="https://filles-de-la-charite.org/wp-content/uploads/2023/06/09.2022-San-Vincenzo-de-Paoli-IT-scaled-1.jpg" />
	<meta property="og:image:width" content="2560" />
	<meta property="og:image:height" content="1440" />
	<meta property="og:image:type" content="image/jpeg" />
<meta name="twitter:card" content="summary_large_image" />
<meta name="twitter:label1" content="Tempo di lettura stimato" />
	<meta name="twitter:data1" content="1 minuto" />
<script type="application/ld+json" class="yoast-schema-graph">{"@context":"https:\/\/schema.org","@graph":[{"@type":"WebPage","@id":"https:\/\/filles-de-la-charite.org\/it\/rincon-oracion\/san-vincenzo-e-ben-vivo-oggi-e-dapperttutto\/","url":"https:\/\/filles-de-la-charite.org\/it\/rincon-oracion\/san-vincenzo-e-ben-vivo-oggi-e-dapperttutto\/","name":"San Vincenzo de' Paoli è ben vivo oggi e dapperttutto - Filles de la Charité","isPartOf":{"@id":"https:\/\/filles-de-la-charite.org\/it\/#website"},"primaryImageOfPage":{"@id":"https:\/\/filles-de-la-charite.org\/it\/rincon-oracion\/san-vincenzo-e-ben-vivo-oggi-e-dapperttutto\/#primaryimage"},"image":{"@id":"https:\/\/filles-de-la-charite.org\/it\/rincon-oracion\/san-vincenzo-e-ben-vivo-oggi-e-dapperttutto\/#primaryimage"},"thumbnailUrl":"https:\/\/filles-de-la-charite.org\/wp-content\/uploads\/2023\/06\/09.2022-San-Vincenzo-de-Paoli-IT-scaled-1.jpg","datePublished":"2022-08-31T20:00:00+00:00","inLanguage":"it-IT","potentialAction":[{"@type":"ReadAction","target":["https:\/\/filles-de-la-charite.org\/it\/rincon-oracion\/san-vincenzo-e-ben-vivo-oggi-e-dapperttutto\/"]}]},{"@type":"ImageObject","inLanguage":"it-IT","@id":"https:\/\/filles-de-la-charite.org\/it\/rincon-oracion\/san-vincenzo-e-ben-vivo-oggi-e-dapperttutto\/#primaryimage","url":"https:\/\/filles-de-la-charite.org\/wp-content\/uploads\/2023\/06\/09.2022-San-Vincenzo-de-Paoli-IT-scaled-1.jpg","contentUrl":"https:\/\/filles-de-la-charite.org\/wp-content\/uploads\/2023\/06\/09.2022-San-Vincenzo-de-Paoli-IT-scaled-1.jpg","width":2560,"height":1440},{"@type":"WebSite","@id":"https:\/\/filles-de-la-charite.org\/it\/#website","url":"https:\/\/filles-de-la-charite.org\/it\/","name":"Hijas de la Caridad","description":"L’amour de Jésus nous presse à prendre soin des personnes les plus démunies","publisher":{"@id":"https:\/\/filles-de-la-charite.org\/it\/#organization"},"potentialAction":[{"@type":"SearchAction","target":{"@type":"EntryPoint","urlTemplate":"https:\/\/filles-de-la-charite.org\/it\/?s={search_term_string}"},"query-input":{"@type":"PropertyValueSpecification","valueRequired":true,"valueName":"search_term_string"}}],"inLanguage":"it-IT"},{"@type":"Organization","@id":"https:\/\/filles-de-la-charite.org\/it\/#organization","name":"Hijas de la Caridad","url":"https:\/\/filles-de-la-charite.org\/it\/","logo":{"@type":"ImageObject","inLanguage":"it-IT","@id":"https:\/\/filles-de-la-charite.org\/it\/#\/schema\/logo\/image\/","url":"https:\/\/filles-de-la-charite.org\/wp-content\/uploads\/2023\/03\/isotipo-Hijas-de-la-Caridad.png","contentUrl":"https:\/\/filles-de-la-charite.org\/wp-content\/uploads\/2023\/03\/isotipo-Hijas-de-la-Caridad.png","width":1417,"height":1417,"caption":"Hijas de la Caridad"},"image":{"@id":"https:\/\/filles-de-la-charite.org\/it\/#\/schema\/logo\/image\/"}}]}</script>
<!-- / Yoast SEO plugin. -->

San Vincenzo de' Paoli è ben vivo oggi e dapperttutto - Filles de la Charité

San Vincenzo era quest’uomo dal carattere integro, convinto, che osava scuotere le prime Dame della Carità, le Figlie della Carità e i Missionari. (&#8230;) Negli ultimi anni della sua vita, San Vincenzo è per noi il modello di una persona che, fino alla fine, ha conservato l’entusiasmo, la giovinezza del cuore, convinzioni forti, lo spirito [&hellip;]

Filles de la Charité

L’amour de Jésus nous presse à prendre soin des personnes les plus démunies
