{"id":39320,"date":"2024-09-14T17:00:00","date_gmt":"2024-09-14T15:00:00","guid":{"rendered":"https:\/\/filles-de-la-charite.org\/?post_type=rincon-oracion&#038;p=39320"},"modified":"2024-09-13T18:39:29","modified_gmt":"2024-09-13T16:39:29","slug":"s-vincenzo-de-paoli-contemplazione-azione-celebrazione","status":"publish","type":"rincon-oracion","link":"https:\/\/filles-de-la-charite.org\/it\/rincon-oracion\/s-vincenzo-de-paoli-contemplazione-azione-celebrazione\/","title":{"rendered":"S Vincenzo de Paoli. Contemplazione, Azione, Celebrazione."},"content":{"rendered":"\n<p>San Vincenzo de' Paoli \u00e8 pi\u00f9 che una figura storica: simboleggia la forza della trasformazione. \u00c8 conosciuto come il \"Mistico della Carit\u00e0\" che ha dedicato la sua vita a servire i poveri e gli abbandonati. Ha equilibrato la sua vita con la contemplazione (approfondendo il rapporto con Dio), l'azione (servendo gli altri) e la celebrazione della gratitudine (apprezzando la grazia divina). Affinch\u00e9 il nostro ministero continui durante le crisi globali come le pandemie, l'aggravarsi della povert\u00e0 e il degrado ambientale, e sia fatto secondo la volont\u00e0 di Dio, i valori di San Vincenzo de' Paoli possono guidarci a costruire un mondo pi\u00f9 compassionevole. Ogni individuo pu\u00f2 cambiare il mondo. Il nostro mondo che soffre ha bisogno di pi\u00f9 \"Vincenzo de' Paoli\" oggi.<\/p>\n\n\n\n<figure class=\"wp-block-embed is-type-video is-provider-youtube wp-block-embed-youtube wp-embed-aspect-16-9 wp-has-aspect-ratio\"><div class=\"wp-block-embed__wrapper\">\n<iframe loading=\"lazy\" title=\"IT   PC Settembre 2024   S  Vincenzo de Paoli Contemplazione Azione Celebrazione\" width=\"1080\" height=\"608\" src=\"https:\/\/www.youtube.com\/embed\/eGC08xSNEdw?feature=oembed\"  allow=\"accelerometer; autoplay; clipboard-write; encrypted-media; gyroscope; picture-in-picture; web-share\" referrerpolicy=\"strict-origin-when-cross-origin\" allowfullscreen><\/iframe>\n<\/div><\/figure>\n","protected":false},"featured_media":39295,"template":"","meta":{"_acf_changed":false,"_links_to":"","_links_to_target":""},"class_list":["post-39320","rincon-oracion","type-rincon-oracion","status-publish","has-post-thumbnail","hentry"],"acf":[],"yoast_head":"<!-- This site is optimized with the Yoast SEO plugin v27.5 - https:\/\/yoast.com\/product\/yoast-seo-wordpress\/ -->\n<title>S Vincenzo de Paoli. Contemplazione, Azione, Celebrazione. - Filles de la Charit\u00e9<\/title>\n<meta name=\"robots\" content=\"index, follow, max-snippet:-1, max-image-preview:large, max-video-preview:-1\" \/>\n<link rel=\"canonical\" href=\"https:\/\/filles-de-la-charite.org\/it\/rincon-oracion\/s-vincenzo-de-paoli-contemplazione-azione-celebrazione\/\" \/>\n<meta property=\"og:locale\" content=\"it_IT\" \/>\n<meta property=\"og:type\" content=\"article\" \/>\n<meta property=\"og:title\" content=\"S Vincenzo de Paoli. Contemplazione, Azione, Celebrazione. - Filles de la Charit\u00e9\" \/>\n<meta property=\"og:description\" content=\"San Vincenzo de&#8217; Paoli \u00e8 pi\u00f9 che una figura storica: simboleggia la forza della trasformazione. \u00c8 conosciuto come il &#8220;Mistico della Carit\u00e0&#8221; che ha dedicato la sua vita a servire i poveri e gli abbandonati. Ha equilibrato la sua vita con la contemplazione (approfondendo il rapporto con Dio), l&#8217;azione (servendo gli altri) e la celebrazione [&hellip;]\" \/>\n<meta property=\"og:url\" content=\"https:\/\/filles-de-la-charite.org\/it\/rincon-oracion\/s-vincenzo-de-paoli-contemplazione-azione-celebrazione\/\" \/>\n<meta property=\"og:site_name\" content=\"Filles de la Charit\u00e9\" \/>\n<meta property=\"og:image\" content=\"https:\/\/filles-de-la-charite.org\/wp-content\/uploads\/2024\/09\/thumbnail-IT-PC-Settembre-2024-S.-Vincenzo-de-Paoli-Contemplazione-Azione-Celebrazione.jpg\" \/>\n\t<meta property=\"og:image:width\" content=\"1920\" \/>\n\t<meta property=\"og:image:height\" content=\"1080\" \/>\n\t<meta property=\"og:image:type\" content=\"image\/jpeg\" \/>\n<meta name=\"twitter:card\" content=\"summary_large_image\" \/>\n<meta name=\"twitter:label1\" content=\"Tempo di lettura stimato\" \/>\n\t<meta name=\"twitter:data1\" content=\"1 minuto\" \/>\n<script type=\"application\/ld+json\" class=\"yoast-schema-graph\">{\"@context\":\"https:\\\/\\\/schema.org\",\"@graph\":[{\"@type\":\"WebPage\",\"@id\":\"https:\\\/\\\/filles-de-la-charite.org\\\/it\\\/rincon-oracion\\\/s-vincenzo-de-paoli-contemplazione-azione-celebrazione\\\/\",\"url\":\"https:\\\/\\\/filles-de-la-charite.org\\\/it\\\/rincon-oracion\\\/s-vincenzo-de-paoli-contemplazione-azione-celebrazione\\\/\",\"name\":\"S Vincenzo de Paoli. Contemplazione, Azione, Celebrazione. - Filles de la Charit\u00e9\",\"isPartOf\":{\"@id\":\"https:\\\/\\\/filles-de-la-charite.org\\\/it\\\/#website\"},\"primaryImageOfPage\":{\"@id\":\"https:\\\/\\\/filles-de-la-charite.org\\\/it\\\/rincon-oracion\\\/s-vincenzo-de-paoli-contemplazione-azione-celebrazione\\\/#primaryimage\"},\"image\":{\"@id\":\"https:\\\/\\\/filles-de-la-charite.org\\\/it\\\/rincon-oracion\\\/s-vincenzo-de-paoli-contemplazione-azione-celebrazione\\\/#primaryimage\"},\"thumbnailUrl\":\"https:\\\/\\\/filles-de-la-charite.org\\\/wp-content\\\/uploads\\\/2024\\\/09\\\/thumbnail-IT-PC-Settembre-2024-S.-Vincenzo-de-Paoli-Contemplazione-Azione-Celebrazione.jpg\",\"datePublished\":\"2024-09-14T15:00:00+00:00\",\"inLanguage\":\"it-IT\",\"potentialAction\":[{\"@type\":\"ReadAction\",\"target\":[\"https:\\\/\\\/filles-de-la-charite.org\\\/it\\\/rincon-oracion\\\/s-vincenzo-de-paoli-contemplazione-azione-celebrazione\\\/\"]}]},{\"@type\":\"ImageObject\",\"inLanguage\":\"it-IT\",\"@id\":\"https:\\\/\\\/filles-de-la-charite.org\\\/it\\\/rincon-oracion\\\/s-vincenzo-de-paoli-contemplazione-azione-celebrazione\\\/#primaryimage\",\"url\":\"https:\\\/\\\/filles-de-la-charite.org\\\/wp-content\\\/uploads\\\/2024\\\/09\\\/thumbnail-IT-PC-Settembre-2024-S.-Vincenzo-de-Paoli-Contemplazione-Azione-Celebrazione.jpg\",\"contentUrl\":\"https:\\\/\\\/filles-de-la-charite.org\\\/wp-content\\\/uploads\\\/2024\\\/09\\\/thumbnail-IT-PC-Settembre-2024-S.-Vincenzo-de-Paoli-Contemplazione-Azione-Celebrazione.jpg\",\"width\":1920,\"height\":1080},{\"@type\":\"WebSite\",\"@id\":\"https:\\\/\\\/filles-de-la-charite.org\\\/it\\\/#website\",\"url\":\"https:\\\/\\\/filles-de-la-charite.org\\\/it\\\/\",\"name\":\"Hijas de la Caridad\",\"description\":\"L\u2019amour de J\u00e9sus nous presse \u00e0 prendre soin des personnes les plus d\u00e9munies\",\"publisher\":{\"@id\":\"https:\\\/\\\/filles-de-la-charite.org\\\/it\\\/#organization\"},\"potentialAction\":[{\"@type\":\"SearchAction\",\"target\":{\"@type\":\"EntryPoint\",\"urlTemplate\":\"https:\\\/\\\/filles-de-la-charite.org\\\/it\\\/?s={search_term_string}\"},\"query-input\":{\"@type\":\"PropertyValueSpecification\",\"valueRequired\":true,\"valueName\":\"search_term_string\"}}],\"inLanguage\":\"it-IT\"},{\"@type\":\"Organization\",\"@id\":\"https:\\\/\\\/filles-de-la-charite.org\\\/it\\\/#organization\",\"name\":\"Hijas de la Caridad\",\"url\":\"https:\\\/\\\/filles-de-la-charite.org\\\/it\\\/\",\"logo\":{\"@type\":\"ImageObject\",\"inLanguage\":\"it-IT\",\"@id\":\"https:\\\/\\\/filles-de-la-charite.org\\\/it\\\/#\\\/schema\\\/logo\\\/image\\\/\",\"url\":\"https:\\\/\\\/filles-de-la-charite.org\\\/wp-content\\\/uploads\\\/2023\\\/03\\\/isotipo-Hijas-de-la-Caridad.png\",\"contentUrl\":\"https:\\\/\\\/filles-de-la-charite.org\\\/wp-content\\\/uploads\\\/2023\\\/03\\\/isotipo-Hijas-de-la-Caridad.png\",\"width\":1417,\"height\":1417,\"caption\":\"Hijas de la Caridad\"},\"image\":{\"@id\":\"https:\\\/\\\/filles-de-la-charite.org\\\/it\\\/#\\\/schema\\\/logo\\\/image\\\/\"}}]}<\/script>\n<!-- \/ Yoast SEO plugin. -->","yoast_head_json":{"title":"S Vincenzo de Paoli. Contemplazione, Azione, Celebrazione. - Filles de la Charit\u00e9","robots":{"index":"index","follow":"follow","max-snippet":"max-snippet:-1","max-image-preview":"max-image-preview:large","max-video-preview":"max-video-preview:-1"},"canonical":"https:\/\/filles-de-la-charite.org\/it\/rincon-oracion\/s-vincenzo-de-paoli-contemplazione-azione-celebrazione\/","og_locale":"it_IT","og_type":"article","og_title":"S Vincenzo de Paoli. Contemplazione, Azione, Celebrazione. - Filles de la Charit\u00e9","og_description":"San Vincenzo de&#8217; Paoli \u00e8 pi\u00f9 che una figura storica: simboleggia la forza della trasformazione. \u00c8 conosciuto come il &#8220;Mistico della Carit\u00e0&#8221; che ha dedicato la sua vita a servire i poveri e gli abbandonati. Ha equilibrato la sua vita con la contemplazione (approfondendo il rapporto con Dio), l&#8217;azione (servendo gli altri) e la celebrazione [&hellip;]","og_url":"https:\/\/filles-de-la-charite.org\/it\/rincon-oracion\/s-vincenzo-de-paoli-contemplazione-azione-celebrazione\/","og_site_name":"Filles de la Charit\u00e9","og_image":[{"width":1920,"height":1080,"url":"https:\/\/filles-de-la-charite.org\/wp-content\/uploads\/2024\/09\/thumbnail-IT-PC-Settembre-2024-S.-Vincenzo-de-Paoli-Contemplazione-Azione-Celebrazione.jpg","type":"image\/jpeg"}],"twitter_card":"summary_large_image","twitter_misc":{"Tempo di lettura stimato":"1 minuto"},"schema":{"@context":"https:\/\/schema.org","@graph":[{"@type":"WebPage","@id":"https:\/\/filles-de-la-charite.org\/it\/rincon-oracion\/s-vincenzo-de-paoli-contemplazione-azione-celebrazione\/","url":"https:\/\/filles-de-la-charite.org\/it\/rincon-oracion\/s-vincenzo-de-paoli-contemplazione-azione-celebrazione\/","name":"S Vincenzo de Paoli. Contemplazione, Azione, Celebrazione. - Filles de la Charit\u00e9","isPartOf":{"@id":"https:\/\/filles-de-la-charite.org\/it\/#website"},"primaryImageOfPage":{"@id":"https:\/\/filles-de-la-charite.org\/it\/rincon-oracion\/s-vincenzo-de-paoli-contemplazione-azione-celebrazione\/#primaryimage"},"image":{"@id":"https:\/\/filles-de-la-charite.org\/it\/rincon-oracion\/s-vincenzo-de-paoli-contemplazione-azione-celebrazione\/#primaryimage"},"thumbnailUrl":"https:\/\/filles-de-la-charite.org\/wp-content\/uploads\/2024\/09\/thumbnail-IT-PC-Settembre-2024-S.-Vincenzo-de-Paoli-Contemplazione-Azione-Celebrazione.jpg","datePublished":"2024-09-14T15:00:00+00:00","inLanguage":"it-IT","potentialAction":[{"@type":"ReadAction","target":["https:\/\/filles-de-la-charite.org\/it\/rincon-oracion\/s-vincenzo-de-paoli-contemplazione-azione-celebrazione\/"]}]},{"@type":"ImageObject","inLanguage":"it-IT","@id":"https:\/\/filles-de-la-charite.org\/it\/rincon-oracion\/s-vincenzo-de-paoli-contemplazione-azione-celebrazione\/#primaryimage","url":"https:\/\/filles-de-la-charite.org\/wp-content\/uploads\/2024\/09\/thumbnail-IT-PC-Settembre-2024-S.-Vincenzo-de-Paoli-Contemplazione-Azione-Celebrazione.jpg","contentUrl":"https:\/\/filles-de-la-charite.org\/wp-content\/uploads\/2024\/09\/thumbnail-IT-PC-Settembre-2024-S.-Vincenzo-de-Paoli-Contemplazione-Azione-Celebrazione.jpg","width":1920,"height":1080},{"@type":"WebSite","@id":"https:\/\/filles-de-la-charite.org\/it\/#website","url":"https:\/\/filles-de-la-charite.org\/it\/","name":"Hijas de la Caridad","description":"L\u2019amour de J\u00e9sus nous presse \u00e0 prendre soin des personnes les plus d\u00e9munies","publisher":{"@id":"https:\/\/filles-de-la-charite.org\/it\/#organization"},"potentialAction":[{"@type":"SearchAction","target":{"@type":"EntryPoint","urlTemplate":"https:\/\/filles-de-la-charite.org\/it\/?s={search_term_string}"},"query-input":{"@type":"PropertyValueSpecification","valueRequired":true,"valueName":"search_term_string"}}],"inLanguage":"it-IT"},{"@type":"Organization","@id":"https:\/\/filles-de-la-charite.org\/it\/#organization","name":"Hijas de la Caridad","url":"https:\/\/filles-de-la-charite.org\/it\/","logo":{"@type":"ImageObject","inLanguage":"it-IT","@id":"https:\/\/filles-de-la-charite.org\/it\/#\/schema\/logo\/image\/","url":"https:\/\/filles-de-la-charite.org\/wp-content\/uploads\/2023\/03\/isotipo-Hijas-de-la-Caridad.png","contentUrl":"https:\/\/filles-de-la-charite.org\/wp-content\/uploads\/2023\/03\/isotipo-Hijas-de-la-Caridad.png","width":1417,"height":1417,"caption":"Hijas de la Caridad"},"image":{"@id":"https:\/\/filles-de-la-charite.org\/it\/#\/schema\/logo\/image\/"}}]}},"_links":{"self":[{"href":"https:\/\/filles-de-la-charite.org\/it\/wp-json\/wp\/v2\/rincon-oracion\/39320","targetHints":{"allow":["GET"]}}],"collection":[{"href":"https:\/\/filles-de-la-charite.org\/it\/wp-json\/wp\/v2\/rincon-oracion"}],"about":[{"href":"https:\/\/filles-de-la-charite.org\/it\/wp-json\/wp\/v2\/types\/rincon-oracion"}],"wp:featuredmedia":[{"embeddable":true,"href":"https:\/\/filles-de-la-charite.org\/it\/wp-json\/wp\/v2\/media\/39295"}],"wp:attachment":[{"href":"https:\/\/filles-de-la-charite.org\/it\/wp-json\/wp\/v2\/media?parent=39320"}],"curies":[{"name":"wp","href":"https:\/\/api.w.org\/{rel}","templated":true}]}}

<p>San Vincenzo de' Paoli è più che una figura storica: simboleggia la forza della trasformazione. È conosciuto come il "Mistico della Carità" che ha dedicato la sua vita a servire i poveri e gli abbandonati. Ha equilibrato la sua vita con la contemplazione (approfondendo il rapporto con Dio), l'azione (servendo gli altri) e la celebrazione della gratitudine (apprezzando la grazia divina). Affinché il nostro ministero continui durante le crisi globali come le pandemie, l'aggravarsi della povertà e il degrado ambientale, e sia fatto secondo la volontà di Dio, i valori di San Vincenzo de' Paoli possono guidarci a costruire un mondo più compassionevole. Ogni individuo può cambiare il mondo. Il nostro mondo che soffre ha bisogno di più "Vincenzo de' Paoli" oggi.</p>



<figure class="wp-block-embed is-type-video is-provider-youtube wp-block-embed-youtube wp-embed-aspect-16-9 wp-has-aspect-ratio"><div class="wp-block-embed__wrapper">
<iframe loading="lazy" title="IT   PC Settembre 2024   S  Vincenzo de Paoli Contemplazione Azione Celebrazione" width="1080" height="608" src="https://www.youtube.com/embed/eGC08xSNEdw?feature=oembed"  allow="accelerometer; autoplay; clipboard-write; encrypted-media; gyroscope; picture-in-picture; web-share" referrerpolicy="strict-origin-when-cross-origin" allowfullscreen></iframe>
</div></figure>

<!-- This site is optimized with the Yoast SEO plugin v27.5 - https://yoast.com/product/yoast-seo-wordpress/ -->
<title>S Vincenzo de Paoli. Contemplazione, Azione, Celebrazione. - Filles de la Charité</title>
<meta name="robots" content="index, follow, max-snippet:-1, max-image-preview:large, max-video-preview:-1" />
<link rel="canonical" href="https://filles-de-la-charite.org/it/rincon-oracion/s-vincenzo-de-paoli-contemplazione-azione-celebrazione/" />
<meta property="og:locale" content="it_IT" />
<meta property="og:type" content="article" />
<meta property="og:title" content="S Vincenzo de Paoli. Contemplazione, Azione, Celebrazione. - Filles de la Charité" />
<meta property="og:description" content="San Vincenzo de&#8217; Paoli è più che una figura storica: simboleggia la forza della trasformazione. È conosciuto come il &#8220;Mistico della Carità&#8221; che ha dedicato la sua vita a servire i poveri e gli abbandonati. Ha equilibrato la sua vita con la contemplazione (approfondendo il rapporto con Dio), l&#8217;azione (servendo gli altri) e la celebrazione [&hellip;]" />
<meta property="og:url" content="https://filles-de-la-charite.org/it/rincon-oracion/s-vincenzo-de-paoli-contemplazione-azione-celebrazione/" />
<meta property="og:site_name" content="Filles de la Charité" />
<meta property="og:image" content="https://filles-de-la-charite.org/wp-content/uploads/2024/09/thumbnail-IT-PC-Settembre-2024-S.-Vincenzo-de-Paoli-Contemplazione-Azione-Celebrazione.jpg" />
	<meta property="og:image:width" content="1920" />
	<meta property="og:image:height" content="1080" />
	<meta property="og:image:type" content="image/jpeg" />
<meta name="twitter:card" content="summary_large_image" />
<meta name="twitter:label1" content="Tempo di lettura stimato" />
	<meta name="twitter:data1" content="1 minuto" />
<script type="application/ld+json" class="yoast-schema-graph">{"@context":"https:\/\/schema.org","@graph":[{"@type":"WebPage","@id":"https:\/\/filles-de-la-charite.org\/it\/rincon-oracion\/s-vincenzo-de-paoli-contemplazione-azione-celebrazione\/","url":"https:\/\/filles-de-la-charite.org\/it\/rincon-oracion\/s-vincenzo-de-paoli-contemplazione-azione-celebrazione\/","name":"S Vincenzo de Paoli. Contemplazione, Azione, Celebrazione. - Filles de la Charité","isPartOf":{"@id":"https:\/\/filles-de-la-charite.org\/it\/#website"},"primaryImageOfPage":{"@id":"https:\/\/filles-de-la-charite.org\/it\/rincon-oracion\/s-vincenzo-de-paoli-contemplazione-azione-celebrazione\/#primaryimage"},"image":{"@id":"https:\/\/filles-de-la-charite.org\/it\/rincon-oracion\/s-vincenzo-de-paoli-contemplazione-azione-celebrazione\/#primaryimage"},"thumbnailUrl":"https:\/\/filles-de-la-charite.org\/wp-content\/uploads\/2024\/09\/thumbnail-IT-PC-Settembre-2024-S.-Vincenzo-de-Paoli-Contemplazione-Azione-Celebrazione.jpg","datePublished":"2024-09-14T15:00:00+00:00","inLanguage":"it-IT","potentialAction":[{"@type":"ReadAction","target":["https:\/\/filles-de-la-charite.org\/it\/rincon-oracion\/s-vincenzo-de-paoli-contemplazione-azione-celebrazione\/"]}]},{"@type":"ImageObject","inLanguage":"it-IT","@id":"https:\/\/filles-de-la-charite.org\/it\/rincon-oracion\/s-vincenzo-de-paoli-contemplazione-azione-celebrazione\/#primaryimage","url":"https:\/\/filles-de-la-charite.org\/wp-content\/uploads\/2024\/09\/thumbnail-IT-PC-Settembre-2024-S.-Vincenzo-de-Paoli-Contemplazione-Azione-Celebrazione.jpg","contentUrl":"https:\/\/filles-de-la-charite.org\/wp-content\/uploads\/2024\/09\/thumbnail-IT-PC-Settembre-2024-S.-Vincenzo-de-Paoli-Contemplazione-Azione-Celebrazione.jpg","width":1920,"height":1080},{"@type":"WebSite","@id":"https:\/\/filles-de-la-charite.org\/it\/#website","url":"https:\/\/filles-de-la-charite.org\/it\/","name":"Hijas de la Caridad","description":"L’amour de Jésus nous presse à prendre soin des personnes les plus démunies","publisher":{"@id":"https:\/\/filles-de-la-charite.org\/it\/#organization"},"potentialAction":[{"@type":"SearchAction","target":{"@type":"EntryPoint","urlTemplate":"https:\/\/filles-de-la-charite.org\/it\/?s={search_term_string}"},"query-input":{"@type":"PropertyValueSpecification","valueRequired":true,"valueName":"search_term_string"}}],"inLanguage":"it-IT"},{"@type":"Organization","@id":"https:\/\/filles-de-la-charite.org\/it\/#organization","name":"Hijas de la Caridad","url":"https:\/\/filles-de-la-charite.org\/it\/","logo":{"@type":"ImageObject","inLanguage":"it-IT","@id":"https:\/\/filles-de-la-charite.org\/it\/#\/schema\/logo\/image\/","url":"https:\/\/filles-de-la-charite.org\/wp-content\/uploads\/2023\/03\/isotipo-Hijas-de-la-Caridad.png","contentUrl":"https:\/\/filles-de-la-charite.org\/wp-content\/uploads\/2023\/03\/isotipo-Hijas-de-la-Caridad.png","width":1417,"height":1417,"caption":"Hijas de la Caridad"},"image":{"@id":"https:\/\/filles-de-la-charite.org\/it\/#\/schema\/logo\/image\/"}}]}</script>
<!-- / Yoast SEO plugin. -->

S Vincenzo de Paoli. Contemplazione, Azione, Celebrazione. - Filles de la Charité

San Vincenzo de&#8217; Paoli è più che una figura storica: simboleggia la forza della trasformazione. È conosciuto come il &#8220;Mistico della Carità&#8221; che ha dedicato la sua vita a servire i poveri e gli abbandonati. Ha equilibrato la sua vita con la contemplazione (approfondendo il rapporto con Dio), l&#8217;azione (servendo gli altri) e la celebrazione [&hellip;]

Filles de la Charité

L’amour de Jésus nous presse à prendre soin des personnes les plus démunies
