{"id":44559,"date":"2025-07-19T00:00:00","date_gmt":"2025-07-18T22:00:00","guid":{"rendered":"https:\/\/filles-de-la-charite.org\/?post_type=rincon-oracion&#038;p=44559"},"modified":"2025-07-19T08:22:09","modified_gmt":"2025-07-19T06:22:09","slug":"ecco-la-santa-vergine-la-notte-tra-il-18-e-il-19-luglio-1830","status":"publish","type":"rincon-oracion","link":"https:\/\/filles-de-la-charite.org\/it\/rincon-oracion\/ecco-la-santa-vergine-la-notte-tra-il-18-e-il-19-luglio-1830\/","title":{"rendered":"Ecco la Santa Vergine, la notte tra il 18 e il 19 luglio 1830"},"content":{"rendered":"\n<p>L\u2019uomo non \u00e8 mai solo perch\u00e9 Dio gli si fa concretamente vicino, anche con le apparizioni della Vergine, che si occupa dei fratelli di Ges\u00f9, ricordando loro, in ogni epoca, di fare \u201cQualsiasi cosa ci dica\u201d. In questo consiste la vita, il significato, l\u2019affermazione di ogni uomo: fare ci\u00f2 che Ges\u00f9 ci dice. Uniamoci alle migliaia e migliaia di pellegrini accomunati da uno stesso programma: pregare nella Cappella della Medaglia Miracolosa. Nessuno parla; sarebbe davvero una stonatura rompere quell\u2019atmosfera cos\u00ec satura di sacro. C\u2019\u00e8 invece una spinta interiore che viene da quell\u2019imperativo: \u201cVenite ai piedi di questo Altare\u201d. Uniamo la nostra preghiera a quella di tante persone sparse nel mondo che hanno le proprie grazie da chiedere, i propri problemi da superare, la speranza che qualcosa cambier\u00e0; ma anche tanta voglia di ringraziare la Madonna per la sua protezione materna.<\/p>\n\n\n\n<figure class=\"wp-block-embed is-type-video is-provider-youtube wp-block-embed-youtube wp-embed-aspect-16-9 wp-has-aspect-ratio\"><div class=\"wp-block-embed__wrapper\">\n<iframe loading=\"lazy\" title=\"Ecco la Santa Vergine, la notte tra il 18 e il 19 luglio 1830\" width=\"1080\" height=\"608\" src=\"https:\/\/www.youtube.com\/embed\/C5uM_RpPPug?feature=oembed\"  allow=\"accelerometer; autoplay; clipboard-write; encrypted-media; gyroscope; picture-in-picture; web-share\" referrerpolicy=\"strict-origin-when-cross-origin\" allowfullscreen><\/iframe>\n<\/div><\/figure>\n","protected":false},"featured_media":44548,"template":"","meta":{"_acf_changed":false,"_links_to":"","_links_to_target":""},"class_list":["post-44559","rincon-oracion","type-rincon-oracion","status-publish","has-post-thumbnail","hentry"],"acf":[],"yoast_head":"<!-- This site is optimized with the Yoast SEO plugin v27.5 - https:\/\/yoast.com\/product\/yoast-seo-wordpress\/ -->\n<title>Ecco la Santa Vergine, la notte tra il 18 e il 19 luglio 1830 - Filles de la Charit\u00e9<\/title>\n<meta name=\"robots\" content=\"index, follow, max-snippet:-1, max-image-preview:large, max-video-preview:-1\" \/>\n<link rel=\"canonical\" href=\"https:\/\/filles-de-la-charite.org\/it\/rincon-oracion\/ecco-la-santa-vergine-la-notte-tra-il-18-e-il-19-luglio-1830\/\" \/>\n<meta property=\"og:locale\" content=\"it_IT\" \/>\n<meta property=\"og:type\" content=\"article\" \/>\n<meta property=\"og:title\" content=\"Ecco la Santa Vergine, la notte tra il 18 e il 19 luglio 1830 - Filles de la Charit\u00e9\" \/>\n<meta property=\"og:description\" content=\"L\u2019uomo non \u00e8 mai solo perch\u00e9 Dio gli si fa concretamente vicino, anche con le apparizioni della Vergine, che si occupa dei fratelli di Ges\u00f9, ricordando loro, in ogni epoca, di fare \u201cQualsiasi cosa ci dica\u201d. In questo consiste la vita, il significato, l\u2019affermazione di ogni uomo: fare ci\u00f2 che Ges\u00f9 ci dice. Uniamoci alle [&hellip;]\" \/>\n<meta property=\"og:url\" content=\"https:\/\/filles-de-la-charite.org\/it\/rincon-oracion\/ecco-la-santa-vergine-la-notte-tra-il-18-e-il-19-luglio-1830\/\" \/>\n<meta property=\"og:site_name\" content=\"Filles de la Charit\u00e9\" \/>\n<meta property=\"article:modified_time\" content=\"2025-07-19T06:22:09+00:00\" \/>\n<meta property=\"og:image\" content=\"https:\/\/filles-de-la-charite.org\/wp-content\/uploads\/2025\/07\/IT-PC-July.jpg\" \/>\n\t<meta property=\"og:image:width\" content=\"1280\" \/>\n\t<meta property=\"og:image:height\" content=\"720\" \/>\n\t<meta property=\"og:image:type\" content=\"image\/jpeg\" \/>\n<meta name=\"twitter:card\" content=\"summary_large_image\" \/>\n<meta name=\"twitter:label1\" content=\"Tempo di lettura stimato\" \/>\n\t<meta name=\"twitter:data1\" content=\"1 minuto\" \/>\n<script type=\"application\/ld+json\" class=\"yoast-schema-graph\">{\"@context\":\"https:\\\/\\\/schema.org\",\"@graph\":[{\"@type\":\"WebPage\",\"@id\":\"https:\\\/\\\/filles-de-la-charite.org\\\/it\\\/rincon-oracion\\\/ecco-la-santa-vergine-la-notte-tra-il-18-e-il-19-luglio-1830\\\/\",\"url\":\"https:\\\/\\\/filles-de-la-charite.org\\\/it\\\/rincon-oracion\\\/ecco-la-santa-vergine-la-notte-tra-il-18-e-il-19-luglio-1830\\\/\",\"name\":\"Ecco la Santa Vergine, la notte tra il 18 e il 19 luglio 1830 - Filles de la Charit\u00e9\",\"isPartOf\":{\"@id\":\"https:\\\/\\\/filles-de-la-charite.org\\\/it\\\/#website\"},\"primaryImageOfPage\":{\"@id\":\"https:\\\/\\\/filles-de-la-charite.org\\\/it\\\/rincon-oracion\\\/ecco-la-santa-vergine-la-notte-tra-il-18-e-il-19-luglio-1830\\\/#primaryimage\"},\"image\":{\"@id\":\"https:\\\/\\\/filles-de-la-charite.org\\\/it\\\/rincon-oracion\\\/ecco-la-santa-vergine-la-notte-tra-il-18-e-il-19-luglio-1830\\\/#primaryimage\"},\"thumbnailUrl\":\"https:\\\/\\\/filles-de-la-charite.org\\\/wp-content\\\/uploads\\\/2025\\\/07\\\/IT-PC-July.jpg\",\"datePublished\":\"2025-07-18T22:00:00+00:00\",\"dateModified\":\"2025-07-19T06:22:09+00:00\",\"inLanguage\":\"it-IT\",\"potentialAction\":[{\"@type\":\"ReadAction\",\"target\":[\"https:\\\/\\\/filles-de-la-charite.org\\\/it\\\/rincon-oracion\\\/ecco-la-santa-vergine-la-notte-tra-il-18-e-il-19-luglio-1830\\\/\"]}]},{\"@type\":\"ImageObject\",\"inLanguage\":\"it-IT\",\"@id\":\"https:\\\/\\\/filles-de-la-charite.org\\\/it\\\/rincon-oracion\\\/ecco-la-santa-vergine-la-notte-tra-il-18-e-il-19-luglio-1830\\\/#primaryimage\",\"url\":\"https:\\\/\\\/filles-de-la-charite.org\\\/wp-content\\\/uploads\\\/2025\\\/07\\\/IT-PC-July.jpg\",\"contentUrl\":\"https:\\\/\\\/filles-de-la-charite.org\\\/wp-content\\\/uploads\\\/2025\\\/07\\\/IT-PC-July.jpg\",\"width\":1280,\"height\":720},{\"@type\":\"WebSite\",\"@id\":\"https:\\\/\\\/filles-de-la-charite.org\\\/it\\\/#website\",\"url\":\"https:\\\/\\\/filles-de-la-charite.org\\\/it\\\/\",\"name\":\"Hijas de la Caridad\",\"description\":\"L\u2019amour de J\u00e9sus nous presse \u00e0 prendre soin des personnes les plus d\u00e9munies\",\"publisher\":{\"@id\":\"https:\\\/\\\/filles-de-la-charite.org\\\/it\\\/#organization\"},\"potentialAction\":[{\"@type\":\"SearchAction\",\"target\":{\"@type\":\"EntryPoint\",\"urlTemplate\":\"https:\\\/\\\/filles-de-la-charite.org\\\/it\\\/?s={search_term_string}\"},\"query-input\":{\"@type\":\"PropertyValueSpecification\",\"valueRequired\":true,\"valueName\":\"search_term_string\"}}],\"inLanguage\":\"it-IT\"},{\"@type\":\"Organization\",\"@id\":\"https:\\\/\\\/filles-de-la-charite.org\\\/it\\\/#organization\",\"name\":\"Hijas de la Caridad\",\"url\":\"https:\\\/\\\/filles-de-la-charite.org\\\/it\\\/\",\"logo\":{\"@type\":\"ImageObject\",\"inLanguage\":\"it-IT\",\"@id\":\"https:\\\/\\\/filles-de-la-charite.org\\\/it\\\/#\\\/schema\\\/logo\\\/image\\\/\",\"url\":\"https:\\\/\\\/filles-de-la-charite.org\\\/wp-content\\\/uploads\\\/2023\\\/03\\\/isotipo-Hijas-de-la-Caridad.png\",\"contentUrl\":\"https:\\\/\\\/filles-de-la-charite.org\\\/wp-content\\\/uploads\\\/2023\\\/03\\\/isotipo-Hijas-de-la-Caridad.png\",\"width\":1417,\"height\":1417,\"caption\":\"Hijas de la Caridad\"},\"image\":{\"@id\":\"https:\\\/\\\/filles-de-la-charite.org\\\/it\\\/#\\\/schema\\\/logo\\\/image\\\/\"}}]}<\/script>\n<!-- \/ Yoast SEO plugin. -->","yoast_head_json":{"title":"Ecco la Santa Vergine, la notte tra il 18 e il 19 luglio 1830 - Filles de la Charit\u00e9","robots":{"index":"index","follow":"follow","max-snippet":"max-snippet:-1","max-image-preview":"max-image-preview:large","max-video-preview":"max-video-preview:-1"},"canonical":"https:\/\/filles-de-la-charite.org\/it\/rincon-oracion\/ecco-la-santa-vergine-la-notte-tra-il-18-e-il-19-luglio-1830\/","og_locale":"it_IT","og_type":"article","og_title":"Ecco la Santa Vergine, la notte tra il 18 e il 19 luglio 1830 - Filles de la Charit\u00e9","og_description":"L\u2019uomo non \u00e8 mai solo perch\u00e9 Dio gli si fa concretamente vicino, anche con le apparizioni della Vergine, che si occupa dei fratelli di Ges\u00f9, ricordando loro, in ogni epoca, di fare \u201cQualsiasi cosa ci dica\u201d. In questo consiste la vita, il significato, l\u2019affermazione di ogni uomo: fare ci\u00f2 che Ges\u00f9 ci dice. Uniamoci alle [&hellip;]","og_url":"https:\/\/filles-de-la-charite.org\/it\/rincon-oracion\/ecco-la-santa-vergine-la-notte-tra-il-18-e-il-19-luglio-1830\/","og_site_name":"Filles de la Charit\u00e9","article_modified_time":"2025-07-19T06:22:09+00:00","og_image":[{"width":1280,"height":720,"url":"https:\/\/filles-de-la-charite.org\/wp-content\/uploads\/2025\/07\/IT-PC-July.jpg","type":"image\/jpeg"}],"twitter_card":"summary_large_image","twitter_misc":{"Tempo di lettura stimato":"1 minuto"},"schema":{"@context":"https:\/\/schema.org","@graph":[{"@type":"WebPage","@id":"https:\/\/filles-de-la-charite.org\/it\/rincon-oracion\/ecco-la-santa-vergine-la-notte-tra-il-18-e-il-19-luglio-1830\/","url":"https:\/\/filles-de-la-charite.org\/it\/rincon-oracion\/ecco-la-santa-vergine-la-notte-tra-il-18-e-il-19-luglio-1830\/","name":"Ecco la Santa Vergine, la notte tra il 18 e il 19 luglio 1830 - Filles de la Charit\u00e9","isPartOf":{"@id":"https:\/\/filles-de-la-charite.org\/it\/#website"},"primaryImageOfPage":{"@id":"https:\/\/filles-de-la-charite.org\/it\/rincon-oracion\/ecco-la-santa-vergine-la-notte-tra-il-18-e-il-19-luglio-1830\/#primaryimage"},"image":{"@id":"https:\/\/filles-de-la-charite.org\/it\/rincon-oracion\/ecco-la-santa-vergine-la-notte-tra-il-18-e-il-19-luglio-1830\/#primaryimage"},"thumbnailUrl":"https:\/\/filles-de-la-charite.org\/wp-content\/uploads\/2025\/07\/IT-PC-July.jpg","datePublished":"2025-07-18T22:00:00+00:00","dateModified":"2025-07-19T06:22:09+00:00","inLanguage":"it-IT","potentialAction":[{"@type":"ReadAction","target":["https:\/\/filles-de-la-charite.org\/it\/rincon-oracion\/ecco-la-santa-vergine-la-notte-tra-il-18-e-il-19-luglio-1830\/"]}]},{"@type":"ImageObject","inLanguage":"it-IT","@id":"https:\/\/filles-de-la-charite.org\/it\/rincon-oracion\/ecco-la-santa-vergine-la-notte-tra-il-18-e-il-19-luglio-1830\/#primaryimage","url":"https:\/\/filles-de-la-charite.org\/wp-content\/uploads\/2025\/07\/IT-PC-July.jpg","contentUrl":"https:\/\/filles-de-la-charite.org\/wp-content\/uploads\/2025\/07\/IT-PC-July.jpg","width":1280,"height":720},{"@type":"WebSite","@id":"https:\/\/filles-de-la-charite.org\/it\/#website","url":"https:\/\/filles-de-la-charite.org\/it\/","name":"Hijas de la Caridad","description":"L\u2019amour de J\u00e9sus nous presse \u00e0 prendre soin des personnes les plus d\u00e9munies","publisher":{"@id":"https:\/\/filles-de-la-charite.org\/it\/#organization"},"potentialAction":[{"@type":"SearchAction","target":{"@type":"EntryPoint","urlTemplate":"https:\/\/filles-de-la-charite.org\/it\/?s={search_term_string}"},"query-input":{"@type":"PropertyValueSpecification","valueRequired":true,"valueName":"search_term_string"}}],"inLanguage":"it-IT"},{"@type":"Organization","@id":"https:\/\/filles-de-la-charite.org\/it\/#organization","name":"Hijas de la Caridad","url":"https:\/\/filles-de-la-charite.org\/it\/","logo":{"@type":"ImageObject","inLanguage":"it-IT","@id":"https:\/\/filles-de-la-charite.org\/it\/#\/schema\/logo\/image\/","url":"https:\/\/filles-de-la-charite.org\/wp-content\/uploads\/2023\/03\/isotipo-Hijas-de-la-Caridad.png","contentUrl":"https:\/\/filles-de-la-charite.org\/wp-content\/uploads\/2023\/03\/isotipo-Hijas-de-la-Caridad.png","width":1417,"height":1417,"caption":"Hijas de la Caridad"},"image":{"@id":"https:\/\/filles-de-la-charite.org\/it\/#\/schema\/logo\/image\/"}}]}},"_links":{"self":[{"href":"https:\/\/filles-de-la-charite.org\/it\/wp-json\/wp\/v2\/rincon-oracion\/44559","targetHints":{"allow":["GET"]}}],"collection":[{"href":"https:\/\/filles-de-la-charite.org\/it\/wp-json\/wp\/v2\/rincon-oracion"}],"about":[{"href":"https:\/\/filles-de-la-charite.org\/it\/wp-json\/wp\/v2\/types\/rincon-oracion"}],"wp:featuredmedia":[{"embeddable":true,"href":"https:\/\/filles-de-la-charite.org\/it\/wp-json\/wp\/v2\/media\/44548"}],"wp:attachment":[{"href":"https:\/\/filles-de-la-charite.org\/it\/wp-json\/wp\/v2\/media?parent=44559"}],"curies":[{"name":"wp","href":"https:\/\/api.w.org\/{rel}","templated":true}]}}

<p>L’uomo non è mai solo perché Dio gli si fa concretamente vicino, anche con le apparizioni della Vergine, che si occupa dei fratelli di Gesù, ricordando loro, in ogni epoca, di fare “Qualsiasi cosa ci dica”. In questo consiste la vita, il significato, l’affermazione di ogni uomo: fare ciò che Gesù ci dice. Uniamoci alle migliaia e migliaia di pellegrini accomunati da uno stesso programma: pregare nella Cappella della Medaglia Miracolosa. Nessuno parla; sarebbe davvero una stonatura rompere quell’atmosfera così satura di sacro. C’è invece una spinta interiore che viene da quell’imperativo: “Venite ai piedi di questo Altare”. Uniamo la nostra preghiera a quella di tante persone sparse nel mondo che hanno le proprie grazie da chiedere, i propri problemi da superare, la speranza che qualcosa cambierà; ma anche tanta voglia di ringraziare la Madonna per la sua protezione materna.</p>



<figure class="wp-block-embed is-type-video is-provider-youtube wp-block-embed-youtube wp-embed-aspect-16-9 wp-has-aspect-ratio"><div class="wp-block-embed__wrapper">
<iframe loading="lazy" title="Ecco la Santa Vergine, la notte tra il 18 e il 19 luglio 1830" width="1080" height="608" src="https://www.youtube.com/embed/C5uM_RpPPug?feature=oembed"  allow="accelerometer; autoplay; clipboard-write; encrypted-media; gyroscope; picture-in-picture; web-share" referrerpolicy="strict-origin-when-cross-origin" allowfullscreen></iframe>
</div></figure>

<!-- This site is optimized with the Yoast SEO plugin v27.5 - https://yoast.com/product/yoast-seo-wordpress/ -->
<title>Ecco la Santa Vergine, la notte tra il 18 e il 19 luglio 1830 - Filles de la Charité</title>
<meta name="robots" content="index, follow, max-snippet:-1, max-image-preview:large, max-video-preview:-1" />
<link rel="canonical" href="https://filles-de-la-charite.org/it/rincon-oracion/ecco-la-santa-vergine-la-notte-tra-il-18-e-il-19-luglio-1830/" />
<meta property="og:locale" content="it_IT" />
<meta property="og:type" content="article" />
<meta property="og:title" content="Ecco la Santa Vergine, la notte tra il 18 e il 19 luglio 1830 - Filles de la Charité" />
<meta property="og:description" content="L’uomo non è mai solo perché Dio gli si fa concretamente vicino, anche con le apparizioni della Vergine, che si occupa dei fratelli di Gesù, ricordando loro, in ogni epoca, di fare “Qualsiasi cosa ci dica”. In questo consiste la vita, il significato, l’affermazione di ogni uomo: fare ciò che Gesù ci dice. Uniamoci alle [&hellip;]" />
<meta property="og:url" content="https://filles-de-la-charite.org/it/rincon-oracion/ecco-la-santa-vergine-la-notte-tra-il-18-e-il-19-luglio-1830/" />
<meta property="og:site_name" content="Filles de la Charité" />
<meta property="article:modified_time" content="2025-07-19T06:22:09+00:00" />
<meta property="og:image" content="https://filles-de-la-charite.org/wp-content/uploads/2025/07/IT-PC-July.jpg" />
	<meta property="og:image:width" content="1280" />
	<meta property="og:image:height" content="720" />
	<meta property="og:image:type" content="image/jpeg" />
<meta name="twitter:card" content="summary_large_image" />
<meta name="twitter:label1" content="Tempo di lettura stimato" />
	<meta name="twitter:data1" content="1 minuto" />
<script type="application/ld+json" class="yoast-schema-graph">{"@context":"https:\/\/schema.org","@graph":[{"@type":"WebPage","@id":"https:\/\/filles-de-la-charite.org\/it\/rincon-oracion\/ecco-la-santa-vergine-la-notte-tra-il-18-e-il-19-luglio-1830\/","url":"https:\/\/filles-de-la-charite.org\/it\/rincon-oracion\/ecco-la-santa-vergine-la-notte-tra-il-18-e-il-19-luglio-1830\/","name":"Ecco la Santa Vergine, la notte tra il 18 e il 19 luglio 1830 - Filles de la Charité","isPartOf":{"@id":"https:\/\/filles-de-la-charite.org\/it\/#website"},"primaryImageOfPage":{"@id":"https:\/\/filles-de-la-charite.org\/it\/rincon-oracion\/ecco-la-santa-vergine-la-notte-tra-il-18-e-il-19-luglio-1830\/#primaryimage"},"image":{"@id":"https:\/\/filles-de-la-charite.org\/it\/rincon-oracion\/ecco-la-santa-vergine-la-notte-tra-il-18-e-il-19-luglio-1830\/#primaryimage"},"thumbnailUrl":"https:\/\/filles-de-la-charite.org\/wp-content\/uploads\/2025\/07\/IT-PC-July.jpg","datePublished":"2025-07-18T22:00:00+00:00","dateModified":"2025-07-19T06:22:09+00:00","inLanguage":"it-IT","potentialAction":[{"@type":"ReadAction","target":["https:\/\/filles-de-la-charite.org\/it\/rincon-oracion\/ecco-la-santa-vergine-la-notte-tra-il-18-e-il-19-luglio-1830\/"]}]},{"@type":"ImageObject","inLanguage":"it-IT","@id":"https:\/\/filles-de-la-charite.org\/it\/rincon-oracion\/ecco-la-santa-vergine-la-notte-tra-il-18-e-il-19-luglio-1830\/#primaryimage","url":"https:\/\/filles-de-la-charite.org\/wp-content\/uploads\/2025\/07\/IT-PC-July.jpg","contentUrl":"https:\/\/filles-de-la-charite.org\/wp-content\/uploads\/2025\/07\/IT-PC-July.jpg","width":1280,"height":720},{"@type":"WebSite","@id":"https:\/\/filles-de-la-charite.org\/it\/#website","url":"https:\/\/filles-de-la-charite.org\/it\/","name":"Hijas de la Caridad","description":"L’amour de Jésus nous presse à prendre soin des personnes les plus démunies","publisher":{"@id":"https:\/\/filles-de-la-charite.org\/it\/#organization"},"potentialAction":[{"@type":"SearchAction","target":{"@type":"EntryPoint","urlTemplate":"https:\/\/filles-de-la-charite.org\/it\/?s={search_term_string}"},"query-input":{"@type":"PropertyValueSpecification","valueRequired":true,"valueName":"search_term_string"}}],"inLanguage":"it-IT"},{"@type":"Organization","@id":"https:\/\/filles-de-la-charite.org\/it\/#organization","name":"Hijas de la Caridad","url":"https:\/\/filles-de-la-charite.org\/it\/","logo":{"@type":"ImageObject","inLanguage":"it-IT","@id":"https:\/\/filles-de-la-charite.org\/it\/#\/schema\/logo\/image\/","url":"https:\/\/filles-de-la-charite.org\/wp-content\/uploads\/2023\/03\/isotipo-Hijas-de-la-Caridad.png","contentUrl":"https:\/\/filles-de-la-charite.org\/wp-content\/uploads\/2023\/03\/isotipo-Hijas-de-la-Caridad.png","width":1417,"height":1417,"caption":"Hijas de la Caridad"},"image":{"@id":"https:\/\/filles-de-la-charite.org\/it\/#\/schema\/logo\/image\/"}}]}</script>
<!-- / Yoast SEO plugin. -->

Ecco la Santa Vergine, la notte tra il 18 e il 19 luglio 1830 - Filles de la Charité

L’uomo non è mai solo perché Dio gli si fa concretamente vicino, anche con le apparizioni della Vergine, che si occupa dei fratelli di Gesù, ricordando loro, in ogni epoca, di fare “Qualsiasi cosa ci dica”. In questo consiste la vita, il significato, l’affermazione di ogni uomo: fare ciò che Gesù ci dice. Uniamoci alle [&hellip;]

Filles de la Charité

L’amour de Jésus nous presse à prendre soin des personnes les plus démunies
