{"id":48464,"date":"2026-01-14T00:00:00","date_gmt":"2026-01-13T23:00:00","guid":{"rendered":"https:\/\/filles-de-la-charite.org\/?post_type=rincon-oracion&#038;p=48464"},"modified":"2026-01-13T23:12:28","modified_gmt":"2026-01-13T22:12:28","slug":"la-pace-del-cristo-risorto-per-essere-artigiani-di-pace-e-di-speranza","status":"publish","type":"rincon-oracion","link":"https:\/\/filles-de-la-charite.org\/it\/rincon-oracion\/la-pace-del-cristo-risorto-per-essere-artigiani-di-pace-e-di-speranza\/","title":{"rendered":"La pace del Cristo risorto per essere artigiani di pace e di speranza"},"content":{"rendered":"\n<p>\u00abLa meditazione di questo testo ci immerge nel mistero dell'incarnazione. Dio \u00e8 venuto sulla terra in mezzo ai poveri di tutto, ai poveri di spirito. Fin dalla sua nascita, raggiunge l'umanit\u00e0 intera, non solo quella di ieri, ma anche quella di oggi, mentre uomini, donne e bambini piangono in tanti luoghi del mondo. Si unisce a noi, che siamo sconvolte dall'ingiustizia e dalla violenza causate da tutti questi conflitti molto forti, in tutti i continenti\u00bb. (Fran\u00e7oise PETIT, Superiora generale, Lettera 1\u00b0gennaio 2026)<\/p>\n\n\n\n<figure class=\"wp-block-embed is-type-video is-provider-youtube wp-block-embed-youtube wp-embed-aspect-16-9 wp-has-aspect-ratio\"><div class=\"wp-block-embed__wrapper\">\n<iframe loading=\"lazy\" title=\"La pace del Cristo risorto per essere artigiani di pace e di speranza\" width=\"1080\" height=\"608\" src=\"https:\/\/www.youtube.com\/embed\/m48tNCu3EWY?feature=oembed\"  allow=\"accelerometer; autoplay; clipboard-write; encrypted-media; gyroscope; picture-in-picture; web-share\" referrerpolicy=\"strict-origin-when-cross-origin\" allowfullscreen><\/iframe>\n<\/div><\/figure>\n","protected":false},"featured_media":48465,"template":"","meta":{"_acf_changed":false,"_links_to":"","_links_to_target":""},"class_list":["post-48464","rincon-oracion","type-rincon-oracion","status-publish","has-post-thumbnail","hentry"],"acf":[],"yoast_head":"<!-- This site is optimized with the Yoast SEO plugin v27.5 - https:\/\/yoast.com\/product\/yoast-seo-wordpress\/ -->\n<title>La pace del Cristo risorto per essere artigiani di pace e di speranza - Filles de la Charit\u00e9<\/title>\n<meta name=\"robots\" content=\"index, follow, max-snippet:-1, max-image-preview:large, max-video-preview:-1\" \/>\n<link rel=\"canonical\" href=\"https:\/\/filles-de-la-charite.org\/it\/rincon-oracion\/la-pace-del-cristo-risorto-per-essere-artigiani-di-pace-e-di-speranza\/\" \/>\n<meta property=\"og:locale\" content=\"it_IT\" \/>\n<meta property=\"og:type\" content=\"article\" \/>\n<meta property=\"og:title\" content=\"La pace del Cristo risorto per essere artigiani di pace e di speranza - Filles de la Charit\u00e9\" \/>\n<meta property=\"og:description\" content=\"\u00abLa meditazione di questo testo ci immerge nel mistero dell&#8217;incarnazione. Dio \u00e8 venuto sulla terra in mezzo ai poveri di tutto, ai poveri di spirito. Fin dalla sua nascita, raggiunge l&#8217;umanit\u00e0 intera, non solo quella di ieri, ma anche quella di oggi, mentre uomini, donne e bambini piangono in tanti luoghi del mondo. Si unisce [&hellip;]\" \/>\n<meta property=\"og:url\" content=\"https:\/\/filles-de-la-charite.org\/it\/rincon-oracion\/la-pace-del-cristo-risorto-per-essere-artigiani-di-pace-e-di-speranza\/\" \/>\n<meta property=\"og:site_name\" content=\"Filles de la Charit\u00e9\" \/>\n<meta property=\"og:image\" content=\"https:\/\/filles-de-la-charite.org\/wp-content\/uploads\/2026\/01\/IT.Gennaio-2026.jpg\" \/>\n\t<meta property=\"og:image:width\" content=\"1920\" \/>\n\t<meta property=\"og:image:height\" content=\"1080\" \/>\n\t<meta property=\"og:image:type\" content=\"image\/jpeg\" \/>\n<meta name=\"twitter:card\" content=\"summary_large_image\" \/>\n<meta name=\"twitter:label1\" content=\"Tempo di lettura stimato\" \/>\n\t<meta name=\"twitter:data1\" content=\"1 minuto\" \/>\n<script type=\"application\/ld+json\" class=\"yoast-schema-graph\">{\"@context\":\"https:\\\/\\\/schema.org\",\"@graph\":[{\"@type\":\"WebPage\",\"@id\":\"https:\\\/\\\/filles-de-la-charite.org\\\/it\\\/rincon-oracion\\\/la-pace-del-cristo-risorto-per-essere-artigiani-di-pace-e-di-speranza\\\/\",\"url\":\"https:\\\/\\\/filles-de-la-charite.org\\\/it\\\/rincon-oracion\\\/la-pace-del-cristo-risorto-per-essere-artigiani-di-pace-e-di-speranza\\\/\",\"name\":\"La pace del Cristo risorto per essere artigiani di pace e di speranza - Filles de la Charit\u00e9\",\"isPartOf\":{\"@id\":\"https:\\\/\\\/filles-de-la-charite.org\\\/it\\\/#website\"},\"primaryImageOfPage\":{\"@id\":\"https:\\\/\\\/filles-de-la-charite.org\\\/it\\\/rincon-oracion\\\/la-pace-del-cristo-risorto-per-essere-artigiani-di-pace-e-di-speranza\\\/#primaryimage\"},\"image\":{\"@id\":\"https:\\\/\\\/filles-de-la-charite.org\\\/it\\\/rincon-oracion\\\/la-pace-del-cristo-risorto-per-essere-artigiani-di-pace-e-di-speranza\\\/#primaryimage\"},\"thumbnailUrl\":\"https:\\\/\\\/filles-de-la-charite.org\\\/wp-content\\\/uploads\\\/2026\\\/01\\\/IT.Gennaio-2026.jpg\",\"datePublished\":\"2026-01-13T23:00:00+00:00\",\"inLanguage\":\"it-IT\",\"potentialAction\":[{\"@type\":\"ReadAction\",\"target\":[\"https:\\\/\\\/filles-de-la-charite.org\\\/it\\\/rincon-oracion\\\/la-pace-del-cristo-risorto-per-essere-artigiani-di-pace-e-di-speranza\\\/\"]}]},{\"@type\":\"ImageObject\",\"inLanguage\":\"it-IT\",\"@id\":\"https:\\\/\\\/filles-de-la-charite.org\\\/it\\\/rincon-oracion\\\/la-pace-del-cristo-risorto-per-essere-artigiani-di-pace-e-di-speranza\\\/#primaryimage\",\"url\":\"https:\\\/\\\/filles-de-la-charite.org\\\/wp-content\\\/uploads\\\/2026\\\/01\\\/IT.Gennaio-2026.jpg\",\"contentUrl\":\"https:\\\/\\\/filles-de-la-charite.org\\\/wp-content\\\/uploads\\\/2026\\\/01\\\/IT.Gennaio-2026.jpg\",\"width\":1920,\"height\":1080},{\"@type\":\"WebSite\",\"@id\":\"https:\\\/\\\/filles-de-la-charite.org\\\/it\\\/#website\",\"url\":\"https:\\\/\\\/filles-de-la-charite.org\\\/it\\\/\",\"name\":\"Hijas de la Caridad\",\"description\":\"L\u2019amour de J\u00e9sus nous presse \u00e0 prendre soin des personnes les plus d\u00e9munies\",\"publisher\":{\"@id\":\"https:\\\/\\\/filles-de-la-charite.org\\\/it\\\/#organization\"},\"potentialAction\":[{\"@type\":\"SearchAction\",\"target\":{\"@type\":\"EntryPoint\",\"urlTemplate\":\"https:\\\/\\\/filles-de-la-charite.org\\\/it\\\/?s={search_term_string}\"},\"query-input\":{\"@type\":\"PropertyValueSpecification\",\"valueRequired\":true,\"valueName\":\"search_term_string\"}}],\"inLanguage\":\"it-IT\"},{\"@type\":\"Organization\",\"@id\":\"https:\\\/\\\/filles-de-la-charite.org\\\/it\\\/#organization\",\"name\":\"Hijas de la Caridad\",\"url\":\"https:\\\/\\\/filles-de-la-charite.org\\\/it\\\/\",\"logo\":{\"@type\":\"ImageObject\",\"inLanguage\":\"it-IT\",\"@id\":\"https:\\\/\\\/filles-de-la-charite.org\\\/it\\\/#\\\/schema\\\/logo\\\/image\\\/\",\"url\":\"https:\\\/\\\/filles-de-la-charite.org\\\/wp-content\\\/uploads\\\/2023\\\/03\\\/isotipo-Hijas-de-la-Caridad.png\",\"contentUrl\":\"https:\\\/\\\/filles-de-la-charite.org\\\/wp-content\\\/uploads\\\/2023\\\/03\\\/isotipo-Hijas-de-la-Caridad.png\",\"width\":1417,\"height\":1417,\"caption\":\"Hijas de la Caridad\"},\"image\":{\"@id\":\"https:\\\/\\\/filles-de-la-charite.org\\\/it\\\/#\\\/schema\\\/logo\\\/image\\\/\"}}]}<\/script>\n<!-- \/ Yoast SEO plugin. -->","yoast_head_json":{"title":"La pace del Cristo risorto per essere artigiani di pace e di speranza - Filles de la Charit\u00e9","robots":{"index":"index","follow":"follow","max-snippet":"max-snippet:-1","max-image-preview":"max-image-preview:large","max-video-preview":"max-video-preview:-1"},"canonical":"https:\/\/filles-de-la-charite.org\/it\/rincon-oracion\/la-pace-del-cristo-risorto-per-essere-artigiani-di-pace-e-di-speranza\/","og_locale":"it_IT","og_type":"article","og_title":"La pace del Cristo risorto per essere artigiani di pace e di speranza - Filles de la Charit\u00e9","og_description":"\u00abLa meditazione di questo testo ci immerge nel mistero dell&#8217;incarnazione. Dio \u00e8 venuto sulla terra in mezzo ai poveri di tutto, ai poveri di spirito. Fin dalla sua nascita, raggiunge l&#8217;umanit\u00e0 intera, non solo quella di ieri, ma anche quella di oggi, mentre uomini, donne e bambini piangono in tanti luoghi del mondo. Si unisce [&hellip;]","og_url":"https:\/\/filles-de-la-charite.org\/it\/rincon-oracion\/la-pace-del-cristo-risorto-per-essere-artigiani-di-pace-e-di-speranza\/","og_site_name":"Filles de la Charit\u00e9","og_image":[{"width":1920,"height":1080,"url":"https:\/\/filles-de-la-charite.org\/wp-content\/uploads\/2026\/01\/IT.Gennaio-2026.jpg","type":"image\/jpeg"}],"twitter_card":"summary_large_image","twitter_misc":{"Tempo di lettura stimato":"1 minuto"},"schema":{"@context":"https:\/\/schema.org","@graph":[{"@type":"WebPage","@id":"https:\/\/filles-de-la-charite.org\/it\/rincon-oracion\/la-pace-del-cristo-risorto-per-essere-artigiani-di-pace-e-di-speranza\/","url":"https:\/\/filles-de-la-charite.org\/it\/rincon-oracion\/la-pace-del-cristo-risorto-per-essere-artigiani-di-pace-e-di-speranza\/","name":"La pace del Cristo risorto per essere artigiani di pace e di speranza - Filles de la Charit\u00e9","isPartOf":{"@id":"https:\/\/filles-de-la-charite.org\/it\/#website"},"primaryImageOfPage":{"@id":"https:\/\/filles-de-la-charite.org\/it\/rincon-oracion\/la-pace-del-cristo-risorto-per-essere-artigiani-di-pace-e-di-speranza\/#primaryimage"},"image":{"@id":"https:\/\/filles-de-la-charite.org\/it\/rincon-oracion\/la-pace-del-cristo-risorto-per-essere-artigiani-di-pace-e-di-speranza\/#primaryimage"},"thumbnailUrl":"https:\/\/filles-de-la-charite.org\/wp-content\/uploads\/2026\/01\/IT.Gennaio-2026.jpg","datePublished":"2026-01-13T23:00:00+00:00","inLanguage":"it-IT","potentialAction":[{"@type":"ReadAction","target":["https:\/\/filles-de-la-charite.org\/it\/rincon-oracion\/la-pace-del-cristo-risorto-per-essere-artigiani-di-pace-e-di-speranza\/"]}]},{"@type":"ImageObject","inLanguage":"it-IT","@id":"https:\/\/filles-de-la-charite.org\/it\/rincon-oracion\/la-pace-del-cristo-risorto-per-essere-artigiani-di-pace-e-di-speranza\/#primaryimage","url":"https:\/\/filles-de-la-charite.org\/wp-content\/uploads\/2026\/01\/IT.Gennaio-2026.jpg","contentUrl":"https:\/\/filles-de-la-charite.org\/wp-content\/uploads\/2026\/01\/IT.Gennaio-2026.jpg","width":1920,"height":1080},{"@type":"WebSite","@id":"https:\/\/filles-de-la-charite.org\/it\/#website","url":"https:\/\/filles-de-la-charite.org\/it\/","name":"Hijas de la Caridad","description":"L\u2019amour de J\u00e9sus nous presse \u00e0 prendre soin des personnes les plus d\u00e9munies","publisher":{"@id":"https:\/\/filles-de-la-charite.org\/it\/#organization"},"potentialAction":[{"@type":"SearchAction","target":{"@type":"EntryPoint","urlTemplate":"https:\/\/filles-de-la-charite.org\/it\/?s={search_term_string}"},"query-input":{"@type":"PropertyValueSpecification","valueRequired":true,"valueName":"search_term_string"}}],"inLanguage":"it-IT"},{"@type":"Organization","@id":"https:\/\/filles-de-la-charite.org\/it\/#organization","name":"Hijas de la Caridad","url":"https:\/\/filles-de-la-charite.org\/it\/","logo":{"@type":"ImageObject","inLanguage":"it-IT","@id":"https:\/\/filles-de-la-charite.org\/it\/#\/schema\/logo\/image\/","url":"https:\/\/filles-de-la-charite.org\/wp-content\/uploads\/2023\/03\/isotipo-Hijas-de-la-Caridad.png","contentUrl":"https:\/\/filles-de-la-charite.org\/wp-content\/uploads\/2023\/03\/isotipo-Hijas-de-la-Caridad.png","width":1417,"height":1417,"caption":"Hijas de la Caridad"},"image":{"@id":"https:\/\/filles-de-la-charite.org\/it\/#\/schema\/logo\/image\/"}}]}},"_links":{"self":[{"href":"https:\/\/filles-de-la-charite.org\/it\/wp-json\/wp\/v2\/rincon-oracion\/48464","targetHints":{"allow":["GET"]}}],"collection":[{"href":"https:\/\/filles-de-la-charite.org\/it\/wp-json\/wp\/v2\/rincon-oracion"}],"about":[{"href":"https:\/\/filles-de-la-charite.org\/it\/wp-json\/wp\/v2\/types\/rincon-oracion"}],"wp:featuredmedia":[{"embeddable":true,"href":"https:\/\/filles-de-la-charite.org\/it\/wp-json\/wp\/v2\/media\/48465"}],"wp:attachment":[{"href":"https:\/\/filles-de-la-charite.org\/it\/wp-json\/wp\/v2\/media?parent=48464"}],"curies":[{"name":"wp","href":"https:\/\/api.w.org\/{rel}","templated":true}]}}

<p>«La meditazione di questo testo ci immerge nel mistero dell'incarnazione. Dio è venuto sulla terra in mezzo ai poveri di tutto, ai poveri di spirito. Fin dalla sua nascita, raggiunge l'umanità intera, non solo quella di ieri, ma anche quella di oggi, mentre uomini, donne e bambini piangono in tanti luoghi del mondo. Si unisce a noi, che siamo sconvolte dall'ingiustizia e dalla violenza causate da tutti questi conflitti molto forti, in tutti i continenti». (Françoise PETIT, Superiora generale, Lettera 1°gennaio 2026)</p>



<figure class="wp-block-embed is-type-video is-provider-youtube wp-block-embed-youtube wp-embed-aspect-16-9 wp-has-aspect-ratio"><div class="wp-block-embed__wrapper">
<iframe loading="lazy" title="La pace del Cristo risorto per essere artigiani di pace e di speranza" width="1080" height="608" src="https://www.youtube.com/embed/m48tNCu3EWY?feature=oembed"  allow="accelerometer; autoplay; clipboard-write; encrypted-media; gyroscope; picture-in-picture; web-share" referrerpolicy="strict-origin-when-cross-origin" allowfullscreen></iframe>
</div></figure>

<!-- This site is optimized with the Yoast SEO plugin v27.5 - https://yoast.com/product/yoast-seo-wordpress/ -->
<title>La pace del Cristo risorto per essere artigiani di pace e di speranza - Filles de la Charité</title>
<meta name="robots" content="index, follow, max-snippet:-1, max-image-preview:large, max-video-preview:-1" />
<link rel="canonical" href="https://filles-de-la-charite.org/it/rincon-oracion/la-pace-del-cristo-risorto-per-essere-artigiani-di-pace-e-di-speranza/" />
<meta property="og:locale" content="it_IT" />
<meta property="og:type" content="article" />
<meta property="og:title" content="La pace del Cristo risorto per essere artigiani di pace e di speranza - Filles de la Charité" />
<meta property="og:description" content="«La meditazione di questo testo ci immerge nel mistero dell&#8217;incarnazione. Dio è venuto sulla terra in mezzo ai poveri di tutto, ai poveri di spirito. Fin dalla sua nascita, raggiunge l&#8217;umanità intera, non solo quella di ieri, ma anche quella di oggi, mentre uomini, donne e bambini piangono in tanti luoghi del mondo. Si unisce [&hellip;]" />
<meta property="og:url" content="https://filles-de-la-charite.org/it/rincon-oracion/la-pace-del-cristo-risorto-per-essere-artigiani-di-pace-e-di-speranza/" />
<meta property="og:site_name" content="Filles de la Charité" />
<meta property="og:image" content="https://filles-de-la-charite.org/wp-content/uploads/2026/01/IT.Gennaio-2026.jpg" />
	<meta property="og:image:width" content="1920" />
	<meta property="og:image:height" content="1080" />
	<meta property="og:image:type" content="image/jpeg" />
<meta name="twitter:card" content="summary_large_image" />
<meta name="twitter:label1" content="Tempo di lettura stimato" />
	<meta name="twitter:data1" content="1 minuto" />
<script type="application/ld+json" class="yoast-schema-graph">{"@context":"https:\/\/schema.org","@graph":[{"@type":"WebPage","@id":"https:\/\/filles-de-la-charite.org\/it\/rincon-oracion\/la-pace-del-cristo-risorto-per-essere-artigiani-di-pace-e-di-speranza\/","url":"https:\/\/filles-de-la-charite.org\/it\/rincon-oracion\/la-pace-del-cristo-risorto-per-essere-artigiani-di-pace-e-di-speranza\/","name":"La pace del Cristo risorto per essere artigiani di pace e di speranza - Filles de la Charité","isPartOf":{"@id":"https:\/\/filles-de-la-charite.org\/it\/#website"},"primaryImageOfPage":{"@id":"https:\/\/filles-de-la-charite.org\/it\/rincon-oracion\/la-pace-del-cristo-risorto-per-essere-artigiani-di-pace-e-di-speranza\/#primaryimage"},"image":{"@id":"https:\/\/filles-de-la-charite.org\/it\/rincon-oracion\/la-pace-del-cristo-risorto-per-essere-artigiani-di-pace-e-di-speranza\/#primaryimage"},"thumbnailUrl":"https:\/\/filles-de-la-charite.org\/wp-content\/uploads\/2026\/01\/IT.Gennaio-2026.jpg","datePublished":"2026-01-13T23:00:00+00:00","inLanguage":"it-IT","potentialAction":[{"@type":"ReadAction","target":["https:\/\/filles-de-la-charite.org\/it\/rincon-oracion\/la-pace-del-cristo-risorto-per-essere-artigiani-di-pace-e-di-speranza\/"]}]},{"@type":"ImageObject","inLanguage":"it-IT","@id":"https:\/\/filles-de-la-charite.org\/it\/rincon-oracion\/la-pace-del-cristo-risorto-per-essere-artigiani-di-pace-e-di-speranza\/#primaryimage","url":"https:\/\/filles-de-la-charite.org\/wp-content\/uploads\/2026\/01\/IT.Gennaio-2026.jpg","contentUrl":"https:\/\/filles-de-la-charite.org\/wp-content\/uploads\/2026\/01\/IT.Gennaio-2026.jpg","width":1920,"height":1080},{"@type":"WebSite","@id":"https:\/\/filles-de-la-charite.org\/it\/#website","url":"https:\/\/filles-de-la-charite.org\/it\/","name":"Hijas de la Caridad","description":"L’amour de Jésus nous presse à prendre soin des personnes les plus démunies","publisher":{"@id":"https:\/\/filles-de-la-charite.org\/it\/#organization"},"potentialAction":[{"@type":"SearchAction","target":{"@type":"EntryPoint","urlTemplate":"https:\/\/filles-de-la-charite.org\/it\/?s={search_term_string}"},"query-input":{"@type":"PropertyValueSpecification","valueRequired":true,"valueName":"search_term_string"}}],"inLanguage":"it-IT"},{"@type":"Organization","@id":"https:\/\/filles-de-la-charite.org\/it\/#organization","name":"Hijas de la Caridad","url":"https:\/\/filles-de-la-charite.org\/it\/","logo":{"@type":"ImageObject","inLanguage":"it-IT","@id":"https:\/\/filles-de-la-charite.org\/it\/#\/schema\/logo\/image\/","url":"https:\/\/filles-de-la-charite.org\/wp-content\/uploads\/2023\/03\/isotipo-Hijas-de-la-Caridad.png","contentUrl":"https:\/\/filles-de-la-charite.org\/wp-content\/uploads\/2023\/03\/isotipo-Hijas-de-la-Caridad.png","width":1417,"height":1417,"caption":"Hijas de la Caridad"},"image":{"@id":"https:\/\/filles-de-la-charite.org\/it\/#\/schema\/logo\/image\/"}}]}</script>
<!-- / Yoast SEO plugin. -->

La pace del Cristo risorto per essere artigiani di pace e di speranza - Filles de la Charité

«La meditazione di questo testo ci immerge nel mistero dell&#8217;incarnazione. Dio è venuto sulla terra in mezzo ai poveri di tutto, ai poveri di spirito. Fin dalla sua nascita, raggiunge l&#8217;umanità intera, non solo quella di ieri, ma anche quella di oggi, mentre uomini, donne e bambini piangono in tanti luoghi del mondo. Si unisce [&hellip;]

Filles de la Charité

L’amour de Jésus nous presse à prendre soin des personnes les plus démunies
