{"id":30560,"date":"2023-10-30T16:31:05","date_gmt":"2023-10-30T15:31:05","guid":{"rendered":"https:\/\/hijascaridad.sjdigitaldemo.ovh\/service\/malato\/"},"modified":"2024-02-25T18:12:36","modified_gmt":"2024-02-25T17:12:36","slug":"malato","status":"publish","type":"service","link":"https:\/\/filles-de-la-charite.org\/it\/service\/malato\/","title":{"rendered":"Malati"},"content":{"rendered":"\n<h4 class=\"wp-block-heading\">La prima missione delle Figlie della Carit\u00e0 fu di visitare le persone malate e senza risorse, in citt\u00e0 e in campagna. Nelle loro raccomandazioni, san Vincenzo e santa Luisa hanno consigliato alle Suore di essere attente ai minimi dettagli e di portare a ciascuno conforto e incoraggiamento.<\/h4>\n\n\n\n<p>A nostra volta, cerchiamo di rispondere ai bisogni delle persone malate, con rispetto, cordialit\u00e0, dolcezza e compassione: attitudini raccomandate dai Fondatori.<br>Offriamo loro la qualit\u00e0 di assistenza pi\u00f9 appropriata possibile e lavoriamo per migliorare la loro qualit\u00e0 di vita.<\/p>\n\n\n\n<p><em>Siamo presenti soprattutto in:<\/em><\/p>\n\n\n\n<ul class=\"wp-block-list\">\n<li><em>ospedali e cliniche<\/em><\/li>\n\n\n\n<li><em>centri sanitari<\/em><\/li>\n\n\n\n<li><em>dispensari.<\/em><\/li>\n<\/ul>\n\n\n\n<p><em>Siamo coinvolte nella<\/em><\/p>\n\n\n\n<ul class=\"wp-block-list\">\n<li><em>lotta contro la lebbra<\/em><\/li>\n\n\n\n<li><em>lotta contro l&#8217;AIDS.<\/em><\/li>\n<\/ul>\n\n\n\n<p>Partecipiamo al progetto D.R.E.A.M.<br>(Drug Resource Enhancement against AIDS and Malnutrition, ossia Miglioramento delle risorse medicinali per combattere l&#8217;AIDS e la malnutrizione).<br>D.R.E.A.M. offre un trattamento gratuito e completo alle persone sieropositive in Africa, con particolare attenzione alla prevenzione della trasmissione della malattia dalla madre al nascituro.<\/p>\n\n\n\n<p>Assicuriamo il servizio spirituale dei malati nelle cappellanie degli ospedali e in altre organizzazioni cattoliche.<\/p>\n","protected":false},"featured_media":1989,"template":"","meta":{"_acf_changed":false,"_et_pb_use_builder":"","_et_pb_old_content":"","_et_gb_content_width":"","_links_to":"","_links_to_target":""},"class_list":["post-30560","service","type-service","status-publish","has-post-thumbnail","hentry"],"acf":[],"yoast_head":"<!-- This site is optimized with the Yoast SEO plugin v27.5 - https:\/\/yoast.com\/product\/yoast-seo-wordpress\/ -->\n<title>Malati - Filles de la Charit\u00e9<\/title>\n<meta name=\"robots\" content=\"index, follow, max-snippet:-1, max-image-preview:large, max-video-preview:-1\" \/>\n<link rel=\"canonical\" href=\"https:\/\/filles-de-la-charite.org\/it\/service\/malato\/\" \/>\n<meta property=\"og:locale\" content=\"it_IT\" \/>\n<meta property=\"og:type\" content=\"article\" \/>\n<meta property=\"og:title\" content=\"Malati - Filles de la Charit\u00e9\" \/>\n<meta property=\"og:description\" content=\"La prima missione delle Figlie della Carit\u00e0 fu di visitare le persone malate e senza risorse, in citt\u00e0 e in campagna. Nelle loro raccomandazioni, san Vincenzo e santa Luisa hanno consigliato alle Suore di essere attente ai minimi dettagli e di portare a ciascuno conforto e incoraggiamento. A nostra volta, cerchiamo di rispondere ai bisogni [&hellip;]\" \/>\n<meta property=\"og:url\" content=\"https:\/\/filles-de-la-charite.org\/it\/service\/malato\/\" \/>\n<meta property=\"og:site_name\" content=\"Filles de la Charit\u00e9\" \/>\n<meta property=\"article:modified_time\" content=\"2024-02-25T17:12:36+00:00\" \/>\n<meta property=\"og:image\" content=\"https:\/\/filles-de-la-charite.org\/wp-content\/uploads\/2023\/04\/Sister-Mary-Felice-snap17-square-copia.jpg\" \/>\n\t<meta property=\"og:image:width\" content=\"1281\" \/>\n\t<meta property=\"og:image:height\" content=\"1281\" \/>\n\t<meta property=\"og:image:type\" content=\"image\/jpeg\" \/>\n<meta name=\"twitter:card\" content=\"summary_large_image\" \/>\n<meta name=\"twitter:label1\" content=\"Tempo di lettura stimato\" \/>\n\t<meta name=\"twitter:data1\" content=\"1 minuto\" \/>\n<script type=\"application\/ld+json\" class=\"yoast-schema-graph\">{\"@context\":\"https:\\\/\\\/schema.org\",\"@graph\":[{\"@type\":\"WebPage\",\"@id\":\"https:\\\/\\\/filles-de-la-charite.org\\\/it\\\/service\\\/malato\\\/\",\"url\":\"https:\\\/\\\/filles-de-la-charite.org\\\/it\\\/service\\\/malato\\\/\",\"name\":\"Malati - Filles de la Charit\u00e9\",\"isPartOf\":{\"@id\":\"https:\\\/\\\/filles-de-la-charite.org\\\/it\\\/#website\"},\"primaryImageOfPage\":{\"@id\":\"https:\\\/\\\/filles-de-la-charite.org\\\/it\\\/service\\\/malato\\\/#primaryimage\"},\"image\":{\"@id\":\"https:\\\/\\\/filles-de-la-charite.org\\\/it\\\/service\\\/malato\\\/#primaryimage\"},\"thumbnailUrl\":\"https:\\\/\\\/filles-de-la-charite.org\\\/wp-content\\\/uploads\\\/2023\\\/04\\\/Sister-Mary-Felice-snap17-square-copia.jpg\",\"datePublished\":\"2023-10-30T15:31:05+00:00\",\"dateModified\":\"2024-02-25T17:12:36+00:00\",\"breadcrumb\":{\"@id\":\"https:\\\/\\\/filles-de-la-charite.org\\\/it\\\/service\\\/malato\\\/#breadcrumb\"},\"inLanguage\":\"it-IT\",\"potentialAction\":[{\"@type\":\"ReadAction\",\"target\":[\"https:\\\/\\\/filles-de-la-charite.org\\\/it\\\/service\\\/malato\\\/\"]}]},{\"@type\":\"ImageObject\",\"inLanguage\":\"it-IT\",\"@id\":\"https:\\\/\\\/filles-de-la-charite.org\\\/it\\\/service\\\/malato\\\/#primaryimage\",\"url\":\"https:\\\/\\\/filles-de-la-charite.org\\\/wp-content\\\/uploads\\\/2023\\\/04\\\/Sister-Mary-Felice-snap17-square-copia.jpg\",\"contentUrl\":\"https:\\\/\\\/filles-de-la-charite.org\\\/wp-content\\\/uploads\\\/2023\\\/04\\\/Sister-Mary-Felice-snap17-square-copia.jpg\",\"width\":1281,\"height\":1281},{\"@type\":\"BreadcrumbList\",\"@id\":\"https:\\\/\\\/filles-de-la-charite.org\\\/it\\\/service\\\/malato\\\/#breadcrumb\",\"itemListElement\":[{\"@type\":\"ListItem\",\"position\":1,\"name\":\"Services\",\"item\":\"https:\\\/\\\/filles-de-la-charite.org\\\/it\\\/service\\\/\"},{\"@type\":\"ListItem\",\"position\":2,\"name\":\"Malati\"}]},{\"@type\":\"WebSite\",\"@id\":\"https:\\\/\\\/filles-de-la-charite.org\\\/it\\\/#website\",\"url\":\"https:\\\/\\\/filles-de-la-charite.org\\\/it\\\/\",\"name\":\"Hijas de la Caridad\",\"description\":\"L\u2019amour de J\u00e9sus nous presse \u00e0 prendre soin des personnes les plus d\u00e9munies\",\"publisher\":{\"@id\":\"https:\\\/\\\/filles-de-la-charite.org\\\/it\\\/#organization\"},\"potentialAction\":[{\"@type\":\"SearchAction\",\"target\":{\"@type\":\"EntryPoint\",\"urlTemplate\":\"https:\\\/\\\/filles-de-la-charite.org\\\/it\\\/?s={search_term_string}\"},\"query-input\":{\"@type\":\"PropertyValueSpecification\",\"valueRequired\":true,\"valueName\":\"search_term_string\"}}],\"inLanguage\":\"it-IT\"},{\"@type\":\"Organization\",\"@id\":\"https:\\\/\\\/filles-de-la-charite.org\\\/it\\\/#organization\",\"name\":\"Hijas de la Caridad\",\"url\":\"https:\\\/\\\/filles-de-la-charite.org\\\/it\\\/\",\"logo\":{\"@type\":\"ImageObject\",\"inLanguage\":\"it-IT\",\"@id\":\"https:\\\/\\\/filles-de-la-charite.org\\\/it\\\/#\\\/schema\\\/logo\\\/image\\\/\",\"url\":\"https:\\\/\\\/filles-de-la-charite.org\\\/wp-content\\\/uploads\\\/2023\\\/03\\\/isotipo-Hijas-de-la-Caridad.png\",\"contentUrl\":\"https:\\\/\\\/filles-de-la-charite.org\\\/wp-content\\\/uploads\\\/2023\\\/03\\\/isotipo-Hijas-de-la-Caridad.png\",\"width\":1417,\"height\":1417,\"caption\":\"Hijas de la Caridad\"},\"image\":{\"@id\":\"https:\\\/\\\/filles-de-la-charite.org\\\/it\\\/#\\\/schema\\\/logo\\\/image\\\/\"}}]}<\/script>\n<!-- \/ Yoast SEO plugin. -->","yoast_head_json":{"title":"Malati - Filles de la Charit\u00e9","robots":{"index":"index","follow":"follow","max-snippet":"max-snippet:-1","max-image-preview":"max-image-preview:large","max-video-preview":"max-video-preview:-1"},"canonical":"https:\/\/filles-de-la-charite.org\/it\/service\/malato\/","og_locale":"it_IT","og_type":"article","og_title":"Malati - Filles de la Charit\u00e9","og_description":"La prima missione delle Figlie della Carit\u00e0 fu di visitare le persone malate e senza risorse, in citt\u00e0 e in campagna. Nelle loro raccomandazioni, san Vincenzo e santa Luisa hanno consigliato alle Suore di essere attente ai minimi dettagli e di portare a ciascuno conforto e incoraggiamento. A nostra volta, cerchiamo di rispondere ai bisogni [&hellip;]","og_url":"https:\/\/filles-de-la-charite.org\/it\/service\/malato\/","og_site_name":"Filles de la Charit\u00e9","article_modified_time":"2024-02-25T17:12:36+00:00","og_image":[{"width":1281,"height":1281,"url":"https:\/\/filles-de-la-charite.org\/wp-content\/uploads\/2023\/04\/Sister-Mary-Felice-snap17-square-copia.jpg","type":"image\/jpeg"}],"twitter_card":"summary_large_image","twitter_misc":{"Tempo di lettura stimato":"1 minuto"},"schema":{"@context":"https:\/\/schema.org","@graph":[{"@type":"WebPage","@id":"https:\/\/filles-de-la-charite.org\/it\/service\/malato\/","url":"https:\/\/filles-de-la-charite.org\/it\/service\/malato\/","name":"Malati - Filles de la Charit\u00e9","isPartOf":{"@id":"https:\/\/filles-de-la-charite.org\/it\/#website"},"primaryImageOfPage":{"@id":"https:\/\/filles-de-la-charite.org\/it\/service\/malato\/#primaryimage"},"image":{"@id":"https:\/\/filles-de-la-charite.org\/it\/service\/malato\/#primaryimage"},"thumbnailUrl":"https:\/\/filles-de-la-charite.org\/wp-content\/uploads\/2023\/04\/Sister-Mary-Felice-snap17-square-copia.jpg","datePublished":"2023-10-30T15:31:05+00:00","dateModified":"2024-02-25T17:12:36+00:00","breadcrumb":{"@id":"https:\/\/filles-de-la-charite.org\/it\/service\/malato\/#breadcrumb"},"inLanguage":"it-IT","potentialAction":[{"@type":"ReadAction","target":["https:\/\/filles-de-la-charite.org\/it\/service\/malato\/"]}]},{"@type":"ImageObject","inLanguage":"it-IT","@id":"https:\/\/filles-de-la-charite.org\/it\/service\/malato\/#primaryimage","url":"https:\/\/filles-de-la-charite.org\/wp-content\/uploads\/2023\/04\/Sister-Mary-Felice-snap17-square-copia.jpg","contentUrl":"https:\/\/filles-de-la-charite.org\/wp-content\/uploads\/2023\/04\/Sister-Mary-Felice-snap17-square-copia.jpg","width":1281,"height":1281},{"@type":"BreadcrumbList","@id":"https:\/\/filles-de-la-charite.org\/it\/service\/malato\/#breadcrumb","itemListElement":[{"@type":"ListItem","position":1,"name":"Services","item":"https:\/\/filles-de-la-charite.org\/it\/service\/"},{"@type":"ListItem","position":2,"name":"Malati"}]},{"@type":"WebSite","@id":"https:\/\/filles-de-la-charite.org\/it\/#website","url":"https:\/\/filles-de-la-charite.org\/it\/","name":"Hijas de la Caridad","description":"L\u2019amour de J\u00e9sus nous presse \u00e0 prendre soin des personnes les plus d\u00e9munies","publisher":{"@id":"https:\/\/filles-de-la-charite.org\/it\/#organization"},"potentialAction":[{"@type":"SearchAction","target":{"@type":"EntryPoint","urlTemplate":"https:\/\/filles-de-la-charite.org\/it\/?s={search_term_string}"},"query-input":{"@type":"PropertyValueSpecification","valueRequired":true,"valueName":"search_term_string"}}],"inLanguage":"it-IT"},{"@type":"Organization","@id":"https:\/\/filles-de-la-charite.org\/it\/#organization","name":"Hijas de la Caridad","url":"https:\/\/filles-de-la-charite.org\/it\/","logo":{"@type":"ImageObject","inLanguage":"it-IT","@id":"https:\/\/filles-de-la-charite.org\/it\/#\/schema\/logo\/image\/","url":"https:\/\/filles-de-la-charite.org\/wp-content\/uploads\/2023\/03\/isotipo-Hijas-de-la-Caridad.png","contentUrl":"https:\/\/filles-de-la-charite.org\/wp-content\/uploads\/2023\/03\/isotipo-Hijas-de-la-Caridad.png","width":1417,"height":1417,"caption":"Hijas de la Caridad"},"image":{"@id":"https:\/\/filles-de-la-charite.org\/it\/#\/schema\/logo\/image\/"}}]}},"_links":{"self":[{"href":"https:\/\/filles-de-la-charite.org\/it\/wp-json\/wp\/v2\/service\/30560","targetHints":{"allow":["GET"]}}],"collection":[{"href":"https:\/\/filles-de-la-charite.org\/it\/wp-json\/wp\/v2\/service"}],"about":[{"href":"https:\/\/filles-de-la-charite.org\/it\/wp-json\/wp\/v2\/types\/service"}],"wp:featuredmedia":[{"embeddable":true,"href":"https:\/\/filles-de-la-charite.org\/it\/wp-json\/wp\/v2\/media\/1989"}],"wp:attachment":[{"href":"https:\/\/filles-de-la-charite.org\/it\/wp-json\/wp\/v2\/media?parent=30560"}],"curies":[{"name":"wp","href":"https:\/\/api.w.org\/{rel}","templated":true}]}}

<h4 class="wp-block-heading">La prima missione delle Figlie della Carità fu di visitare le persone malate e senza risorse, in città e in campagna. Nelle loro raccomandazioni, san Vincenzo e santa Luisa hanno consigliato alle Suore di essere attente ai minimi dettagli e di portare a ciascuno conforto e incoraggiamento.</h4>



<p>A nostra volta, cerchiamo di rispondere ai bisogni delle persone malate, con rispetto, cordialità, dolcezza e compassione: attitudini raccomandate dai Fondatori.<br>Offriamo loro la qualità di assistenza più appropriata possibile e lavoriamo per migliorare la loro qualità di vita.</p>



<p><em>Siamo presenti soprattutto in:</em></p>



<ul class="wp-block-list">
<li><em>ospedali e cliniche</em></li>



<li><em>centri sanitari</em></li>



<li><em>dispensari.</em></li>
</ul>



<p><em>Siamo coinvolte nella</em></p>



<ul class="wp-block-list">
<li><em>lotta contro la lebbra</em></li>



<li><em>lotta contro l&#8217;AIDS.</em></li>
</ul>



<p>Partecipiamo al progetto D.R.E.A.M.<br>(Drug Resource Enhancement against AIDS and Malnutrition, ossia Miglioramento delle risorse medicinali per combattere l&#8217;AIDS e la malnutrizione).<br>D.R.E.A.M. offre un trattamento gratuito e completo alle persone sieropositive in Africa, con particolare attenzione alla prevenzione della trasmissione della malattia dalla madre al nascituro.</p>



<p>Assicuriamo il servizio spirituale dei malati nelle cappellanie degli ospedali e in altre organizzazioni cattoliche.</p>

<!-- This site is optimized with the Yoast SEO plugin v27.5 - https://yoast.com/product/yoast-seo-wordpress/ -->
<title>Malati - Filles de la Charité</title>
<meta name="robots" content="index, follow, max-snippet:-1, max-image-preview:large, max-video-preview:-1" />
<link rel="canonical" href="https://filles-de-la-charite.org/it/service/malato/" />
<meta property="og:locale" content="it_IT" />
<meta property="og:type" content="article" />
<meta property="og:title" content="Malati - Filles de la Charité" />
<meta property="og:description" content="La prima missione delle Figlie della Carità fu di visitare le persone malate e senza risorse, in città e in campagna. Nelle loro raccomandazioni, san Vincenzo e santa Luisa hanno consigliato alle Suore di essere attente ai minimi dettagli e di portare a ciascuno conforto e incoraggiamento. A nostra volta, cerchiamo di rispondere ai bisogni [&hellip;]" />
<meta property="og:url" content="https://filles-de-la-charite.org/it/service/malato/" />
<meta property="og:site_name" content="Filles de la Charité" />
<meta property="article:modified_time" content="2024-02-25T17:12:36+00:00" />
<meta property="og:image" content="https://filles-de-la-charite.org/wp-content/uploads/2023/04/Sister-Mary-Felice-snap17-square-copia.jpg" />
	<meta property="og:image:width" content="1281" />
	<meta property="og:image:height" content="1281" />
	<meta property="og:image:type" content="image/jpeg" />
<meta name="twitter:card" content="summary_large_image" />
<meta name="twitter:label1" content="Tempo di lettura stimato" />
	<meta name="twitter:data1" content="1 minuto" />
<script type="application/ld+json" class="yoast-schema-graph">{"@context":"https:\/\/schema.org","@graph":[{"@type":"WebPage","@id":"https:\/\/filles-de-la-charite.org\/it\/service\/malato\/","url":"https:\/\/filles-de-la-charite.org\/it\/service\/malato\/","name":"Malati - Filles de la Charité","isPartOf":{"@id":"https:\/\/filles-de-la-charite.org\/it\/#website"},"primaryImageOfPage":{"@id":"https:\/\/filles-de-la-charite.org\/it\/service\/malato\/#primaryimage"},"image":{"@id":"https:\/\/filles-de-la-charite.org\/it\/service\/malato\/#primaryimage"},"thumbnailUrl":"https:\/\/filles-de-la-charite.org\/wp-content\/uploads\/2023\/04\/Sister-Mary-Felice-snap17-square-copia.jpg","datePublished":"2023-10-30T15:31:05+00:00","dateModified":"2024-02-25T17:12:36+00:00","breadcrumb":{"@id":"https:\/\/filles-de-la-charite.org\/it\/service\/malato\/#breadcrumb"},"inLanguage":"it-IT","potentialAction":[{"@type":"ReadAction","target":["https:\/\/filles-de-la-charite.org\/it\/service\/malato\/"]}]},{"@type":"ImageObject","inLanguage":"it-IT","@id":"https:\/\/filles-de-la-charite.org\/it\/service\/malato\/#primaryimage","url":"https:\/\/filles-de-la-charite.org\/wp-content\/uploads\/2023\/04\/Sister-Mary-Felice-snap17-square-copia.jpg","contentUrl":"https:\/\/filles-de-la-charite.org\/wp-content\/uploads\/2023\/04\/Sister-Mary-Felice-snap17-square-copia.jpg","width":1281,"height":1281},{"@type":"BreadcrumbList","@id":"https:\/\/filles-de-la-charite.org\/it\/service\/malato\/#breadcrumb","itemListElement":[{"@type":"ListItem","position":1,"name":"Services","item":"https:\/\/filles-de-la-charite.org\/it\/service\/"},{"@type":"ListItem","position":2,"name":"Malati"}]},{"@type":"WebSite","@id":"https:\/\/filles-de-la-charite.org\/it\/#website","url":"https:\/\/filles-de-la-charite.org\/it\/","name":"Hijas de la Caridad","description":"L’amour de Jésus nous presse à prendre soin des personnes les plus démunies","publisher":{"@id":"https:\/\/filles-de-la-charite.org\/it\/#organization"},"potentialAction":[{"@type":"SearchAction","target":{"@type":"EntryPoint","urlTemplate":"https:\/\/filles-de-la-charite.org\/it\/?s={search_term_string}"},"query-input":{"@type":"PropertyValueSpecification","valueRequired":true,"valueName":"search_term_string"}}],"inLanguage":"it-IT"},{"@type":"Organization","@id":"https:\/\/filles-de-la-charite.org\/it\/#organization","name":"Hijas de la Caridad","url":"https:\/\/filles-de-la-charite.org\/it\/","logo":{"@type":"ImageObject","inLanguage":"it-IT","@id":"https:\/\/filles-de-la-charite.org\/it\/#\/schema\/logo\/image\/","url":"https:\/\/filles-de-la-charite.org\/wp-content\/uploads\/2023\/03\/isotipo-Hijas-de-la-Caridad.png","contentUrl":"https:\/\/filles-de-la-charite.org\/wp-content\/uploads\/2023\/03\/isotipo-Hijas-de-la-Caridad.png","width":1417,"height":1417,"caption":"Hijas de la Caridad"},"image":{"@id":"https:\/\/filles-de-la-charite.org\/it\/#\/schema\/logo\/image\/"}}]}</script>
<!-- / Yoast SEO plugin. -->

Malati - Filles de la Charité

La prima missione delle Figlie della Carità fu di visitare le persone malate e senza risorse, in città e in campagna. Nelle loro raccomandazioni, san Vincenzo e santa Luisa hanno consigliato alle Suore di essere attente ai minimi dettagli e di portare a ciascuno conforto e incoraggiamento. A nostra volta, cerchiamo di rispondere ai bisogni [&hellip;]

Filles de la Charité

L’amour de Jésus nous presse à prendre soin des personnes les plus démunies
