{"id":30565,"date":"2023-11-03T16:39:41","date_gmt":"2023-11-03T15:39:41","guid":{"rendered":"https:\/\/hijascaridad.sjdigitaldemo.ovh\/service\/pastorale\/"},"modified":"2024-02-25T18:16:18","modified_gmt":"2024-02-25T17:16:18","slug":"pastorale","status":"publish","type":"service","link":"https:\/\/filles-de-la-charite.org\/it\/service\/pastorale\/","title":{"rendered":"Pastorale giovanile"},"content":{"rendered":"\n<h4 class=\"wp-block-heading\">Figlie della Carit\u00e0, siamo figlie della Chiesa. Santa Luisa insiste su questo punto e ci invita a vivere come figlie di una tale madre.<\/h4>\n\n\n\n<p>Fin dall&#8217;inizio, la formazione cristiana dei giovani fu una delle sue preoccupazioni. Prepar\u00f2 le prime suore a insegnare il catechismo ai bambini e alle ragazze.<br>Anche san Vincenzo era attento ai bisogni delle parrocchie e le Suore vi venivano inviate per servire le persone povere.<\/p>\n\n\n\n<p>In fedelt\u00e0 ai nostri Fondatori, partecipiamo alla missione specifica della Chiesa: proclamare la Buona Novella del Vangelo, prioritariamente ai poveri.<\/p>\n\n\n\n<p>Nella nostra missione pastorale ci proponiamo di seguire Ges\u00f9, Adoratore del Padre, Servo del suo disegno d&#8217;amore, Evangelizzatore dei poveri.<\/p>\n\n\n\n<p><em>La nostra missione prevede:<\/em><\/p>\n\n\n\n<ul class=\"wp-block-list\">\n<li><em>il servizio parrocchiale:<\/em> \n<ul class=\"wp-block-list\">\n<li><em>la catechesi, l&#8217;elaborazione dei programmi di formazione, la preparazione ai sacramenti, l&#8217;animazione liturgica<\/em>,<\/li>\n\n\n\n<li><em>le visite a domicilio, l&#8217;accompagnamento delle famiglie in lutto, il coordinamento e il sostegno delle persone impegnate nelle parrocchie senza sacerdote residente, ecc.<\/em><\/li>\n<\/ul>\n<\/li>\n<\/ul>\n\n\n\n<ul class=\"wp-block-list\">\n<li><em>il servizio di cappellania<\/em>\n<ul class=\"wp-block-list\">\n<li><em>negli ospedali e nelle case di riposo<\/em>,<\/li>\n\n\n\n<li><em>nelle scuole, nei licei, ecc.<\/em><\/li>\n\n\n\n<li><em>presso coloro che sono \u201cai margini\u201d: le persone in carcere, i nomadi, i migranti, i rifugiati, le vittime di abusi e di sfruttamento.<\/em><\/li>\n<\/ul>\n<\/li>\n<\/ul>\n\n\n\n<p><\/p>\n\n\n\n<ul class=\"wp-block-list\">\n<li><em>l&#8217;accompagnamento spirituale dei vari gruppi e movimenti della Chiesa e della Famiglia vincenziana (AIC, Conferenze di San Vincenzo de Paoli, Giovent\u00f9 Mariana Vincenziana, ecc.)<\/em><\/li>\n<\/ul>\n","protected":false},"featured_media":2002,"template":"","meta":{"_acf_changed":false,"_et_pb_use_builder":"","_et_pb_old_content":"","_et_gb_content_width":"","_links_to":"","_links_to_target":""},"class_list":["post-30565","service","type-service","status-publish","has-post-thumbnail","hentry"],"acf":[],"yoast_head":"<!-- This site is optimized with the Yoast SEO plugin v27.5 - https:\/\/yoast.com\/product\/yoast-seo-wordpress\/ -->\n<title>Pastorale giovanile - Filles de la Charit\u00e9<\/title>\n<meta name=\"robots\" content=\"index, follow, max-snippet:-1, max-image-preview:large, max-video-preview:-1\" \/>\n<link rel=\"canonical\" href=\"https:\/\/filles-de-la-charite.org\/it\/service\/pastorale\/\" \/>\n<meta property=\"og:locale\" content=\"it_IT\" \/>\n<meta property=\"og:type\" content=\"article\" \/>\n<meta property=\"og:title\" content=\"Pastorale giovanile - Filles de la Charit\u00e9\" \/>\n<meta property=\"og:description\" content=\"Figlie della Carit\u00e0, siamo figlie della Chiesa. Santa Luisa insiste su questo punto e ci invita a vivere come figlie di una tale madre. Fin dall&#8217;inizio, la formazione cristiana dei giovani fu una delle sue preoccupazioni. Prepar\u00f2 le prime suore a insegnare il catechismo ai bambini e alle ragazze.Anche san Vincenzo era attento ai bisogni [&hellip;]\" \/>\n<meta property=\"og:url\" content=\"https:\/\/filles-de-la-charite.org\/it\/service\/pastorale\/\" \/>\n<meta property=\"og:site_name\" content=\"Filles de la Charit\u00e9\" \/>\n<meta property=\"article:modified_time\" content=\"2024-02-25T17:16:18+00:00\" \/>\n<meta property=\"og:image\" content=\"https:\/\/filles-de-la-charite.org\/wp-content\/uploads\/2023\/04\/Quatro-Bocas-Para1-copia.jpeg\" \/>\n\t<meta property=\"og:image:width\" content=\"1920\" \/>\n\t<meta property=\"og:image:height\" content=\"1437\" \/>\n\t<meta property=\"og:image:type\" content=\"image\/jpeg\" \/>\n<meta name=\"twitter:card\" content=\"summary_large_image\" \/>\n<meta name=\"twitter:label1\" content=\"Tempo di lettura stimato\" \/>\n\t<meta name=\"twitter:data1\" content=\"1 minuto\" \/>\n<script type=\"application\/ld+json\" class=\"yoast-schema-graph\">{\"@context\":\"https:\\\/\\\/schema.org\",\"@graph\":[{\"@type\":\"WebPage\",\"@id\":\"https:\\\/\\\/filles-de-la-charite.org\\\/it\\\/service\\\/pastorale\\\/\",\"url\":\"https:\\\/\\\/filles-de-la-charite.org\\\/it\\\/service\\\/pastorale\\\/\",\"name\":\"Pastorale giovanile - Filles de la Charit\u00e9\",\"isPartOf\":{\"@id\":\"https:\\\/\\\/filles-de-la-charite.org\\\/it\\\/#website\"},\"primaryImageOfPage\":{\"@id\":\"https:\\\/\\\/filles-de-la-charite.org\\\/it\\\/service\\\/pastorale\\\/#primaryimage\"},\"image\":{\"@id\":\"https:\\\/\\\/filles-de-la-charite.org\\\/it\\\/service\\\/pastorale\\\/#primaryimage\"},\"thumbnailUrl\":\"https:\\\/\\\/filles-de-la-charite.org\\\/wp-content\\\/uploads\\\/2023\\\/04\\\/Quatro-Bocas-Para1-copia.jpeg\",\"datePublished\":\"2023-11-03T15:39:41+00:00\",\"dateModified\":\"2024-02-25T17:16:18+00:00\",\"breadcrumb\":{\"@id\":\"https:\\\/\\\/filles-de-la-charite.org\\\/it\\\/service\\\/pastorale\\\/#breadcrumb\"},\"inLanguage\":\"it-IT\",\"potentialAction\":[{\"@type\":\"ReadAction\",\"target\":[\"https:\\\/\\\/filles-de-la-charite.org\\\/it\\\/service\\\/pastorale\\\/\"]}]},{\"@type\":\"ImageObject\",\"inLanguage\":\"it-IT\",\"@id\":\"https:\\\/\\\/filles-de-la-charite.org\\\/it\\\/service\\\/pastorale\\\/#primaryimage\",\"url\":\"https:\\\/\\\/filles-de-la-charite.org\\\/wp-content\\\/uploads\\\/2023\\\/04\\\/Quatro-Bocas-Para1-copia.jpeg\",\"contentUrl\":\"https:\\\/\\\/filles-de-la-charite.org\\\/wp-content\\\/uploads\\\/2023\\\/04\\\/Quatro-Bocas-Para1-copia.jpeg\",\"width\":1920,\"height\":1437},{\"@type\":\"BreadcrumbList\",\"@id\":\"https:\\\/\\\/filles-de-la-charite.org\\\/it\\\/service\\\/pastorale\\\/#breadcrumb\",\"itemListElement\":[{\"@type\":\"ListItem\",\"position\":1,\"name\":\"Services\",\"item\":\"https:\\\/\\\/filles-de-la-charite.org\\\/it\\\/service\\\/\"},{\"@type\":\"ListItem\",\"position\":2,\"name\":\"Pastorale giovanile\"}]},{\"@type\":\"WebSite\",\"@id\":\"https:\\\/\\\/filles-de-la-charite.org\\\/it\\\/#website\",\"url\":\"https:\\\/\\\/filles-de-la-charite.org\\\/it\\\/\",\"name\":\"Hijas de la Caridad\",\"description\":\"L\u2019amour de J\u00e9sus nous presse \u00e0 prendre soin des personnes les plus d\u00e9munies\",\"publisher\":{\"@id\":\"https:\\\/\\\/filles-de-la-charite.org\\\/it\\\/#organization\"},\"potentialAction\":[{\"@type\":\"SearchAction\",\"target\":{\"@type\":\"EntryPoint\",\"urlTemplate\":\"https:\\\/\\\/filles-de-la-charite.org\\\/it\\\/?s={search_term_string}\"},\"query-input\":{\"@type\":\"PropertyValueSpecification\",\"valueRequired\":true,\"valueName\":\"search_term_string\"}}],\"inLanguage\":\"it-IT\"},{\"@type\":\"Organization\",\"@id\":\"https:\\\/\\\/filles-de-la-charite.org\\\/it\\\/#organization\",\"name\":\"Hijas de la Caridad\",\"url\":\"https:\\\/\\\/filles-de-la-charite.org\\\/it\\\/\",\"logo\":{\"@type\":\"ImageObject\",\"inLanguage\":\"it-IT\",\"@id\":\"https:\\\/\\\/filles-de-la-charite.org\\\/it\\\/#\\\/schema\\\/logo\\\/image\\\/\",\"url\":\"https:\\\/\\\/filles-de-la-charite.org\\\/wp-content\\\/uploads\\\/2023\\\/03\\\/isotipo-Hijas-de-la-Caridad.png\",\"contentUrl\":\"https:\\\/\\\/filles-de-la-charite.org\\\/wp-content\\\/uploads\\\/2023\\\/03\\\/isotipo-Hijas-de-la-Caridad.png\",\"width\":1417,\"height\":1417,\"caption\":\"Hijas de la Caridad\"},\"image\":{\"@id\":\"https:\\\/\\\/filles-de-la-charite.org\\\/it\\\/#\\\/schema\\\/logo\\\/image\\\/\"}}]}<\/script>\n<!-- \/ Yoast SEO plugin. -->","yoast_head_json":{"title":"Pastorale giovanile - Filles de la Charit\u00e9","robots":{"index":"index","follow":"follow","max-snippet":"max-snippet:-1","max-image-preview":"max-image-preview:large","max-video-preview":"max-video-preview:-1"},"canonical":"https:\/\/filles-de-la-charite.org\/it\/service\/pastorale\/","og_locale":"it_IT","og_type":"article","og_title":"Pastorale giovanile - Filles de la Charit\u00e9","og_description":"Figlie della Carit\u00e0, siamo figlie della Chiesa. Santa Luisa insiste su questo punto e ci invita a vivere come figlie di una tale madre. Fin dall&#8217;inizio, la formazione cristiana dei giovani fu una delle sue preoccupazioni. Prepar\u00f2 le prime suore a insegnare il catechismo ai bambini e alle ragazze.Anche san Vincenzo era attento ai bisogni [&hellip;]","og_url":"https:\/\/filles-de-la-charite.org\/it\/service\/pastorale\/","og_site_name":"Filles de la Charit\u00e9","article_modified_time":"2024-02-25T17:16:18+00:00","og_image":[{"width":1920,"height":1437,"url":"https:\/\/filles-de-la-charite.org\/wp-content\/uploads\/2023\/04\/Quatro-Bocas-Para1-copia.jpeg","type":"image\/jpeg"}],"twitter_card":"summary_large_image","twitter_misc":{"Tempo di lettura stimato":"1 minuto"},"schema":{"@context":"https:\/\/schema.org","@graph":[{"@type":"WebPage","@id":"https:\/\/filles-de-la-charite.org\/it\/service\/pastorale\/","url":"https:\/\/filles-de-la-charite.org\/it\/service\/pastorale\/","name":"Pastorale giovanile - Filles de la Charit\u00e9","isPartOf":{"@id":"https:\/\/filles-de-la-charite.org\/it\/#website"},"primaryImageOfPage":{"@id":"https:\/\/filles-de-la-charite.org\/it\/service\/pastorale\/#primaryimage"},"image":{"@id":"https:\/\/filles-de-la-charite.org\/it\/service\/pastorale\/#primaryimage"},"thumbnailUrl":"https:\/\/filles-de-la-charite.org\/wp-content\/uploads\/2023\/04\/Quatro-Bocas-Para1-copia.jpeg","datePublished":"2023-11-03T15:39:41+00:00","dateModified":"2024-02-25T17:16:18+00:00","breadcrumb":{"@id":"https:\/\/filles-de-la-charite.org\/it\/service\/pastorale\/#breadcrumb"},"inLanguage":"it-IT","potentialAction":[{"@type":"ReadAction","target":["https:\/\/filles-de-la-charite.org\/it\/service\/pastorale\/"]}]},{"@type":"ImageObject","inLanguage":"it-IT","@id":"https:\/\/filles-de-la-charite.org\/it\/service\/pastorale\/#primaryimage","url":"https:\/\/filles-de-la-charite.org\/wp-content\/uploads\/2023\/04\/Quatro-Bocas-Para1-copia.jpeg","contentUrl":"https:\/\/filles-de-la-charite.org\/wp-content\/uploads\/2023\/04\/Quatro-Bocas-Para1-copia.jpeg","width":1920,"height":1437},{"@type":"BreadcrumbList","@id":"https:\/\/filles-de-la-charite.org\/it\/service\/pastorale\/#breadcrumb","itemListElement":[{"@type":"ListItem","position":1,"name":"Services","item":"https:\/\/filles-de-la-charite.org\/it\/service\/"},{"@type":"ListItem","position":2,"name":"Pastorale giovanile"}]},{"@type":"WebSite","@id":"https:\/\/filles-de-la-charite.org\/it\/#website","url":"https:\/\/filles-de-la-charite.org\/it\/","name":"Hijas de la Caridad","description":"L\u2019amour de J\u00e9sus nous presse \u00e0 prendre soin des personnes les plus d\u00e9munies","publisher":{"@id":"https:\/\/filles-de-la-charite.org\/it\/#organization"},"potentialAction":[{"@type":"SearchAction","target":{"@type":"EntryPoint","urlTemplate":"https:\/\/filles-de-la-charite.org\/it\/?s={search_term_string}"},"query-input":{"@type":"PropertyValueSpecification","valueRequired":true,"valueName":"search_term_string"}}],"inLanguage":"it-IT"},{"@type":"Organization","@id":"https:\/\/filles-de-la-charite.org\/it\/#organization","name":"Hijas de la Caridad","url":"https:\/\/filles-de-la-charite.org\/it\/","logo":{"@type":"ImageObject","inLanguage":"it-IT","@id":"https:\/\/filles-de-la-charite.org\/it\/#\/schema\/logo\/image\/","url":"https:\/\/filles-de-la-charite.org\/wp-content\/uploads\/2023\/03\/isotipo-Hijas-de-la-Caridad.png","contentUrl":"https:\/\/filles-de-la-charite.org\/wp-content\/uploads\/2023\/03\/isotipo-Hijas-de-la-Caridad.png","width":1417,"height":1417,"caption":"Hijas de la Caridad"},"image":{"@id":"https:\/\/filles-de-la-charite.org\/it\/#\/schema\/logo\/image\/"}}]}},"_links":{"self":[{"href":"https:\/\/filles-de-la-charite.org\/it\/wp-json\/wp\/v2\/service\/30565","targetHints":{"allow":["GET"]}}],"collection":[{"href":"https:\/\/filles-de-la-charite.org\/it\/wp-json\/wp\/v2\/service"}],"about":[{"href":"https:\/\/filles-de-la-charite.org\/it\/wp-json\/wp\/v2\/types\/service"}],"wp:featuredmedia":[{"embeddable":true,"href":"https:\/\/filles-de-la-charite.org\/it\/wp-json\/wp\/v2\/media\/2002"}],"wp:attachment":[{"href":"https:\/\/filles-de-la-charite.org\/it\/wp-json\/wp\/v2\/media?parent=30565"}],"curies":[{"name":"wp","href":"https:\/\/api.w.org\/{rel}","templated":true}]}}

<h4 class="wp-block-heading">Figlie della Carità, siamo figlie della Chiesa. Santa Luisa insiste su questo punto e ci invita a vivere come figlie di una tale madre.</h4>



<p>Fin dall&#8217;inizio, la formazione cristiana dei giovani fu una delle sue preoccupazioni. Preparò le prime suore a insegnare il catechismo ai bambini e alle ragazze.<br>Anche san Vincenzo era attento ai bisogni delle parrocchie e le Suore vi venivano inviate per servire le persone povere.</p>



<p>In fedeltà ai nostri Fondatori, partecipiamo alla missione specifica della Chiesa: proclamare la Buona Novella del Vangelo, prioritariamente ai poveri.</p>



<p>Nella nostra missione pastorale ci proponiamo di seguire Gesù, Adoratore del Padre, Servo del suo disegno d&#8217;amore, Evangelizzatore dei poveri.</p>



<p><em>La nostra missione prevede:</em></p>



<ul class="wp-block-list">
<li><em>il servizio parrocchiale:</em> 
<ul class="wp-block-list">
<li><em>la catechesi, l&#8217;elaborazione dei programmi di formazione, la preparazione ai sacramenti, l&#8217;animazione liturgica</em>,</li>



<li><em>le visite a domicilio, l&#8217;accompagnamento delle famiglie in lutto, il coordinamento e il sostegno delle persone impegnate nelle parrocchie senza sacerdote residente, ecc.</em></li>
</ul>
</li>
</ul>



<ul class="wp-block-list">
<li><em>il servizio di cappellania</em>
<ul class="wp-block-list">
<li><em>negli ospedali e nelle case di riposo</em>,</li>



<li><em>nelle scuole, nei licei, ecc.</em></li>



<li><em>presso coloro che sono “ai margini”: le persone in carcere, i nomadi, i migranti, i rifugiati, le vittime di abusi e di sfruttamento.</em></li>
</ul>
</li>
</ul>



<p></p>



<ul class="wp-block-list">
<li><em>l&#8217;accompagnamento spirituale dei vari gruppi e movimenti della Chiesa e della Famiglia vincenziana (AIC, Conferenze di San Vincenzo de Paoli, Gioventù Mariana Vincenziana, ecc.)</em></li>
</ul>

<!-- This site is optimized with the Yoast SEO plugin v27.5 - https://yoast.com/product/yoast-seo-wordpress/ -->
<title>Pastorale giovanile - Filles de la Charité</title>
<meta name="robots" content="index, follow, max-snippet:-1, max-image-preview:large, max-video-preview:-1" />
<link rel="canonical" href="https://filles-de-la-charite.org/it/service/pastorale/" />
<meta property="og:locale" content="it_IT" />
<meta property="og:type" content="article" />
<meta property="og:title" content="Pastorale giovanile - Filles de la Charité" />
<meta property="og:description" content="Figlie della Carità, siamo figlie della Chiesa. Santa Luisa insiste su questo punto e ci invita a vivere come figlie di una tale madre. Fin dall&#8217;inizio, la formazione cristiana dei giovani fu una delle sue preoccupazioni. Preparò le prime suore a insegnare il catechismo ai bambini e alle ragazze.Anche san Vincenzo era attento ai bisogni [&hellip;]" />
<meta property="og:url" content="https://filles-de-la-charite.org/it/service/pastorale/" />
<meta property="og:site_name" content="Filles de la Charité" />
<meta property="article:modified_time" content="2024-02-25T17:16:18+00:00" />
<meta property="og:image" content="https://filles-de-la-charite.org/wp-content/uploads/2023/04/Quatro-Bocas-Para1-copia.jpeg" />
	<meta property="og:image:width" content="1920" />
	<meta property="og:image:height" content="1437" />
	<meta property="og:image:type" content="image/jpeg" />
<meta name="twitter:card" content="summary_large_image" />
<meta name="twitter:label1" content="Tempo di lettura stimato" />
	<meta name="twitter:data1" content="1 minuto" />
<script type="application/ld+json" class="yoast-schema-graph">{"@context":"https:\/\/schema.org","@graph":[{"@type":"WebPage","@id":"https:\/\/filles-de-la-charite.org\/it\/service\/pastorale\/","url":"https:\/\/filles-de-la-charite.org\/it\/service\/pastorale\/","name":"Pastorale giovanile - Filles de la Charité","isPartOf":{"@id":"https:\/\/filles-de-la-charite.org\/it\/#website"},"primaryImageOfPage":{"@id":"https:\/\/filles-de-la-charite.org\/it\/service\/pastorale\/#primaryimage"},"image":{"@id":"https:\/\/filles-de-la-charite.org\/it\/service\/pastorale\/#primaryimage"},"thumbnailUrl":"https:\/\/filles-de-la-charite.org\/wp-content\/uploads\/2023\/04\/Quatro-Bocas-Para1-copia.jpeg","datePublished":"2023-11-03T15:39:41+00:00","dateModified":"2024-02-25T17:16:18+00:00","breadcrumb":{"@id":"https:\/\/filles-de-la-charite.org\/it\/service\/pastorale\/#breadcrumb"},"inLanguage":"it-IT","potentialAction":[{"@type":"ReadAction","target":["https:\/\/filles-de-la-charite.org\/it\/service\/pastorale\/"]}]},{"@type":"ImageObject","inLanguage":"it-IT","@id":"https:\/\/filles-de-la-charite.org\/it\/service\/pastorale\/#primaryimage","url":"https:\/\/filles-de-la-charite.org\/wp-content\/uploads\/2023\/04\/Quatro-Bocas-Para1-copia.jpeg","contentUrl":"https:\/\/filles-de-la-charite.org\/wp-content\/uploads\/2023\/04\/Quatro-Bocas-Para1-copia.jpeg","width":1920,"height":1437},{"@type":"BreadcrumbList","@id":"https:\/\/filles-de-la-charite.org\/it\/service\/pastorale\/#breadcrumb","itemListElement":[{"@type":"ListItem","position":1,"name":"Services","item":"https:\/\/filles-de-la-charite.org\/it\/service\/"},{"@type":"ListItem","position":2,"name":"Pastorale giovanile"}]},{"@type":"WebSite","@id":"https:\/\/filles-de-la-charite.org\/it\/#website","url":"https:\/\/filles-de-la-charite.org\/it\/","name":"Hijas de la Caridad","description":"L’amour de Jésus nous presse à prendre soin des personnes les plus démunies","publisher":{"@id":"https:\/\/filles-de-la-charite.org\/it\/#organization"},"potentialAction":[{"@type":"SearchAction","target":{"@type":"EntryPoint","urlTemplate":"https:\/\/filles-de-la-charite.org\/it\/?s={search_term_string}"},"query-input":{"@type":"PropertyValueSpecification","valueRequired":true,"valueName":"search_term_string"}}],"inLanguage":"it-IT"},{"@type":"Organization","@id":"https:\/\/filles-de-la-charite.org\/it\/#organization","name":"Hijas de la Caridad","url":"https:\/\/filles-de-la-charite.org\/it\/","logo":{"@type":"ImageObject","inLanguage":"it-IT","@id":"https:\/\/filles-de-la-charite.org\/it\/#\/schema\/logo\/image\/","url":"https:\/\/filles-de-la-charite.org\/wp-content\/uploads\/2023\/03\/isotipo-Hijas-de-la-Caridad.png","contentUrl":"https:\/\/filles-de-la-charite.org\/wp-content\/uploads\/2023\/03\/isotipo-Hijas-de-la-Caridad.png","width":1417,"height":1417,"caption":"Hijas de la Caridad"},"image":{"@id":"https:\/\/filles-de-la-charite.org\/it\/#\/schema\/logo\/image\/"}}]}</script>
<!-- / Yoast SEO plugin. -->

Pastorale giovanile - Filles de la Charité

Figlie della Carità, siamo figlie della Chiesa. Santa Luisa insiste su questo punto e ci invita a vivere come figlie di una tale madre. Fin dall&#8217;inizio, la formazione cristiana dei giovani fu una delle sue preoccupazioni. Preparò le prime suore a insegnare il catechismo ai bambini e alle ragazze.Anche san Vincenzo era attento ai bisogni [&hellip;]

Filles de la Charité

L’amour de Jésus nous presse à prendre soin des personnes les plus démunies
