{"id":30592,"date":"2023-10-31T10:46:32","date_gmt":"2023-10-31T09:46:32","guid":{"rendered":"https:\/\/hijascaridad.sjdigitaldemo.ovh\/service\/prigionieri-della-liberta\/"},"modified":"2024-05-24T16:53:49","modified_gmt":"2024-05-24T14:53:49","slug":"prigionieri-della-liberta","status":"publish","type":"service","link":"https:\/\/filles-de-la-charite.org\/it\/service\/prigionieri-della-liberta\/","title":{"rendered":"Detenuti"},"content":{"rendered":"\n<h4 class=\"wp-block-heading\">San Vincenzo de Paoli \u00e8 stato cappellano generale delle galere a Parigi. \u00abQuesti uomini erano trattati come bestie\u00bb, diceva. Non avevano alcun sostegno ed erano privi di qualsiasi contatto.<\/h4>\n\n\n\n<p>San Vincenzo ha lottato contro gli abusi di cui erano vittime e ha ottenuto per loro un trattamento pi\u00f9 umano.<br>Ha inviato le Figlie della Carit\u00e0 per portare loro cibo, cure e offrire conforto spirituale. Questo progetto, audace e anche pericoloso in quel momento, fu una vittoria della carit\u00e0.<\/p>\n\n\n\n<p>Fedeli alle nostre origini, continuiamo questa missione e facciamo visita ai prigionieri.<br>Alla sequela di Ges\u00f9, crediamo infatti che Dio li ama, che hanno valore al di l\u00e0 degli atti commessi e siamo testimoni di atti di umanit\u00e0 e di cammino nella fede.<br>Li accompagniamo e li incoraggiamo concretamente a reinserirsi nella societ\u00e0.<\/p>\n\n\n\n<p>Viviamo in questo servizio:<\/p>\n\n\n\n<p>all&#8217;interno delle carceri presso le persone detenute:<\/p>\n\n\n\n<ul class=\"wp-block-list\">\n<li>attraverso incontri, ascolto attento e presenza<\/li>\n\n\n\n<li>nelle infermerie e nei servizi generali<\/li>\n\n\n\n<li>attraverso la distribuzione di cibo<\/li>\n\n\n\n<li>attraverso corsi<\/li>\n\n\n\n<li>attraverso attivit\u00e0 della cappellania<\/li>\n<\/ul>\n\n\n\n<p>all\u2019esterno:<\/p>\n\n\n\n<ul class=\"wp-block-list\">\n<li>nei centri di accoglienza per le famiglie<\/li>\n\n\n\n<li>mantenendo i contatti con le famiglie<\/li>\n\n\n\n<li>attraverso la corrispondenza con i detenuti<\/li>\n<\/ul>\n","protected":false},"featured_media":2054,"template":"","meta":{"_acf_changed":true,"_et_pb_use_builder":"","_et_pb_old_content":"","_et_gb_content_width":"","_links_to":"","_links_to_target":""},"class_list":["post-30592","service","type-service","status-publish","has-post-thumbnail","hentry"],"acf":[],"yoast_head":"<!-- This site is optimized with the Yoast SEO plugin v27.5 - https:\/\/yoast.com\/product\/yoast-seo-wordpress\/ -->\n<title>Detenuti - Filles de la Charit\u00e9<\/title>\n<meta name=\"robots\" content=\"index, follow, max-snippet:-1, max-image-preview:large, max-video-preview:-1\" \/>\n<link rel=\"canonical\" href=\"https:\/\/filles-de-la-charite.org\/it\/service\/prigionieri-della-liberta\/\" \/>\n<meta property=\"og:locale\" content=\"it_IT\" \/>\n<meta property=\"og:type\" content=\"article\" \/>\n<meta property=\"og:title\" content=\"Detenuti - Filles de la Charit\u00e9\" \/>\n<meta property=\"og:description\" content=\"San Vincenzo de Paoli \u00e8 stato cappellano generale delle galere a Parigi. \u00abQuesti uomini erano trattati come bestie\u00bb, diceva. Non avevano alcun sostegno ed erano privi di qualsiasi contatto. San Vincenzo ha lottato contro gli abusi di cui erano vittime e ha ottenuto per loro un trattamento pi\u00f9 umano.Ha inviato le Figlie della Carit\u00e0 per [&hellip;]\" \/>\n<meta property=\"og:url\" content=\"https:\/\/filles-de-la-charite.org\/it\/service\/prigionieri-della-liberta\/\" \/>\n<meta property=\"og:site_name\" content=\"Filles de la Charit\u00e9\" \/>\n<meta property=\"article:modified_time\" content=\"2024-05-24T14:53:49+00:00\" \/>\n<meta property=\"og:image\" content=\"https:\/\/filles-de-la-charite.org\/wp-content\/uploads\/2023\/04\/carcel.jpeg\" \/>\n\t<meta property=\"og:image:width\" content=\"1920\" \/>\n\t<meta property=\"og:image:height\" content=\"1440\" \/>\n\t<meta property=\"og:image:type\" content=\"image\/jpeg\" \/>\n<meta name=\"twitter:card\" content=\"summary_large_image\" \/>\n<meta name=\"twitter:label1\" content=\"Tempo di lettura stimato\" \/>\n\t<meta name=\"twitter:data1\" content=\"2 minuti\" \/>\n<script type=\"application\/ld+json\" class=\"yoast-schema-graph\">{\"@context\":\"https:\\\/\\\/schema.org\",\"@graph\":[{\"@type\":\"WebPage\",\"@id\":\"https:\\\/\\\/filles-de-la-charite.org\\\/it\\\/service\\\/prigionieri-della-liberta\\\/\",\"url\":\"https:\\\/\\\/filles-de-la-charite.org\\\/it\\\/service\\\/prigionieri-della-liberta\\\/\",\"name\":\"Detenuti - Filles de la Charit\u00e9\",\"isPartOf\":{\"@id\":\"https:\\\/\\\/filles-de-la-charite.org\\\/it\\\/#website\"},\"primaryImageOfPage\":{\"@id\":\"https:\\\/\\\/filles-de-la-charite.org\\\/it\\\/service\\\/prigionieri-della-liberta\\\/#primaryimage\"},\"image\":{\"@id\":\"https:\\\/\\\/filles-de-la-charite.org\\\/it\\\/service\\\/prigionieri-della-liberta\\\/#primaryimage\"},\"thumbnailUrl\":\"https:\\\/\\\/filles-de-la-charite.org\\\/wp-content\\\/uploads\\\/2023\\\/04\\\/carcel.jpeg\",\"datePublished\":\"2023-10-31T09:46:32+00:00\",\"dateModified\":\"2024-05-24T14:53:49+00:00\",\"breadcrumb\":{\"@id\":\"https:\\\/\\\/filles-de-la-charite.org\\\/it\\\/service\\\/prigionieri-della-liberta\\\/#breadcrumb\"},\"inLanguage\":\"it-IT\",\"potentialAction\":[{\"@type\":\"ReadAction\",\"target\":[\"https:\\\/\\\/filles-de-la-charite.org\\\/it\\\/service\\\/prigionieri-della-liberta\\\/\"]}]},{\"@type\":\"ImageObject\",\"inLanguage\":\"it-IT\",\"@id\":\"https:\\\/\\\/filles-de-la-charite.org\\\/it\\\/service\\\/prigionieri-della-liberta\\\/#primaryimage\",\"url\":\"https:\\\/\\\/filles-de-la-charite.org\\\/wp-content\\\/uploads\\\/2023\\\/04\\\/carcel.jpeg\",\"contentUrl\":\"https:\\\/\\\/filles-de-la-charite.org\\\/wp-content\\\/uploads\\\/2023\\\/04\\\/carcel.jpeg\",\"width\":1920,\"height\":1440},{\"@type\":\"BreadcrumbList\",\"@id\":\"https:\\\/\\\/filles-de-la-charite.org\\\/it\\\/service\\\/prigionieri-della-liberta\\\/#breadcrumb\",\"itemListElement\":[{\"@type\":\"ListItem\",\"position\":1,\"name\":\"Services\",\"item\":\"https:\\\/\\\/filles-de-la-charite.org\\\/it\\\/service\\\/\"},{\"@type\":\"ListItem\",\"position\":2,\"name\":\"Detenuti\"}]},{\"@type\":\"WebSite\",\"@id\":\"https:\\\/\\\/filles-de-la-charite.org\\\/it\\\/#website\",\"url\":\"https:\\\/\\\/filles-de-la-charite.org\\\/it\\\/\",\"name\":\"Hijas de la Caridad\",\"description\":\"L\u2019amour de J\u00e9sus nous presse \u00e0 prendre soin des personnes les plus d\u00e9munies\",\"publisher\":{\"@id\":\"https:\\\/\\\/filles-de-la-charite.org\\\/it\\\/#organization\"},\"potentialAction\":[{\"@type\":\"SearchAction\",\"target\":{\"@type\":\"EntryPoint\",\"urlTemplate\":\"https:\\\/\\\/filles-de-la-charite.org\\\/it\\\/?s={search_term_string}\"},\"query-input\":{\"@type\":\"PropertyValueSpecification\",\"valueRequired\":true,\"valueName\":\"search_term_string\"}}],\"inLanguage\":\"it-IT\"},{\"@type\":\"Organization\",\"@id\":\"https:\\\/\\\/filles-de-la-charite.org\\\/it\\\/#organization\",\"name\":\"Hijas de la Caridad\",\"url\":\"https:\\\/\\\/filles-de-la-charite.org\\\/it\\\/\",\"logo\":{\"@type\":\"ImageObject\",\"inLanguage\":\"it-IT\",\"@id\":\"https:\\\/\\\/filles-de-la-charite.org\\\/it\\\/#\\\/schema\\\/logo\\\/image\\\/\",\"url\":\"https:\\\/\\\/filles-de-la-charite.org\\\/wp-content\\\/uploads\\\/2023\\\/03\\\/isotipo-Hijas-de-la-Caridad.png\",\"contentUrl\":\"https:\\\/\\\/filles-de-la-charite.org\\\/wp-content\\\/uploads\\\/2023\\\/03\\\/isotipo-Hijas-de-la-Caridad.png\",\"width\":1417,\"height\":1417,\"caption\":\"Hijas de la Caridad\"},\"image\":{\"@id\":\"https:\\\/\\\/filles-de-la-charite.org\\\/it\\\/#\\\/schema\\\/logo\\\/image\\\/\"}}]}<\/script>\n<!-- \/ Yoast SEO plugin. -->","yoast_head_json":{"title":"Detenuti - Filles de la Charit\u00e9","robots":{"index":"index","follow":"follow","max-snippet":"max-snippet:-1","max-image-preview":"max-image-preview:large","max-video-preview":"max-video-preview:-1"},"canonical":"https:\/\/filles-de-la-charite.org\/it\/service\/prigionieri-della-liberta\/","og_locale":"it_IT","og_type":"article","og_title":"Detenuti - Filles de la Charit\u00e9","og_description":"San Vincenzo de Paoli \u00e8 stato cappellano generale delle galere a Parigi. \u00abQuesti uomini erano trattati come bestie\u00bb, diceva. Non avevano alcun sostegno ed erano privi di qualsiasi contatto. San Vincenzo ha lottato contro gli abusi di cui erano vittime e ha ottenuto per loro un trattamento pi\u00f9 umano.Ha inviato le Figlie della Carit\u00e0 per [&hellip;]","og_url":"https:\/\/filles-de-la-charite.org\/it\/service\/prigionieri-della-liberta\/","og_site_name":"Filles de la Charit\u00e9","article_modified_time":"2024-05-24T14:53:49+00:00","og_image":[{"width":1920,"height":1440,"url":"https:\/\/filles-de-la-charite.org\/wp-content\/uploads\/2023\/04\/carcel.jpeg","type":"image\/jpeg"}],"twitter_card":"summary_large_image","twitter_misc":{"Tempo di lettura stimato":"2 minuti"},"schema":{"@context":"https:\/\/schema.org","@graph":[{"@type":"WebPage","@id":"https:\/\/filles-de-la-charite.org\/it\/service\/prigionieri-della-liberta\/","url":"https:\/\/filles-de-la-charite.org\/it\/service\/prigionieri-della-liberta\/","name":"Detenuti - Filles de la Charit\u00e9","isPartOf":{"@id":"https:\/\/filles-de-la-charite.org\/it\/#website"},"primaryImageOfPage":{"@id":"https:\/\/filles-de-la-charite.org\/it\/service\/prigionieri-della-liberta\/#primaryimage"},"image":{"@id":"https:\/\/filles-de-la-charite.org\/it\/service\/prigionieri-della-liberta\/#primaryimage"},"thumbnailUrl":"https:\/\/filles-de-la-charite.org\/wp-content\/uploads\/2023\/04\/carcel.jpeg","datePublished":"2023-10-31T09:46:32+00:00","dateModified":"2024-05-24T14:53:49+00:00","breadcrumb":{"@id":"https:\/\/filles-de-la-charite.org\/it\/service\/prigionieri-della-liberta\/#breadcrumb"},"inLanguage":"it-IT","potentialAction":[{"@type":"ReadAction","target":["https:\/\/filles-de-la-charite.org\/it\/service\/prigionieri-della-liberta\/"]}]},{"@type":"ImageObject","inLanguage":"it-IT","@id":"https:\/\/filles-de-la-charite.org\/it\/service\/prigionieri-della-liberta\/#primaryimage","url":"https:\/\/filles-de-la-charite.org\/wp-content\/uploads\/2023\/04\/carcel.jpeg","contentUrl":"https:\/\/filles-de-la-charite.org\/wp-content\/uploads\/2023\/04\/carcel.jpeg","width":1920,"height":1440},{"@type":"BreadcrumbList","@id":"https:\/\/filles-de-la-charite.org\/it\/service\/prigionieri-della-liberta\/#breadcrumb","itemListElement":[{"@type":"ListItem","position":1,"name":"Services","item":"https:\/\/filles-de-la-charite.org\/it\/service\/"},{"@type":"ListItem","position":2,"name":"Detenuti"}]},{"@type":"WebSite","@id":"https:\/\/filles-de-la-charite.org\/it\/#website","url":"https:\/\/filles-de-la-charite.org\/it\/","name":"Hijas de la Caridad","description":"L\u2019amour de J\u00e9sus nous presse \u00e0 prendre soin des personnes les plus d\u00e9munies","publisher":{"@id":"https:\/\/filles-de-la-charite.org\/it\/#organization"},"potentialAction":[{"@type":"SearchAction","target":{"@type":"EntryPoint","urlTemplate":"https:\/\/filles-de-la-charite.org\/it\/?s={search_term_string}"},"query-input":{"@type":"PropertyValueSpecification","valueRequired":true,"valueName":"search_term_string"}}],"inLanguage":"it-IT"},{"@type":"Organization","@id":"https:\/\/filles-de-la-charite.org\/it\/#organization","name":"Hijas de la Caridad","url":"https:\/\/filles-de-la-charite.org\/it\/","logo":{"@type":"ImageObject","inLanguage":"it-IT","@id":"https:\/\/filles-de-la-charite.org\/it\/#\/schema\/logo\/image\/","url":"https:\/\/filles-de-la-charite.org\/wp-content\/uploads\/2023\/03\/isotipo-Hijas-de-la-Caridad.png","contentUrl":"https:\/\/filles-de-la-charite.org\/wp-content\/uploads\/2023\/03\/isotipo-Hijas-de-la-Caridad.png","width":1417,"height":1417,"caption":"Hijas de la Caridad"},"image":{"@id":"https:\/\/filles-de-la-charite.org\/it\/#\/schema\/logo\/image\/"}}]}},"_links":{"self":[{"href":"https:\/\/filles-de-la-charite.org\/it\/wp-json\/wp\/v2\/service\/30592","targetHints":{"allow":["GET"]}}],"collection":[{"href":"https:\/\/filles-de-la-charite.org\/it\/wp-json\/wp\/v2\/service"}],"about":[{"href":"https:\/\/filles-de-la-charite.org\/it\/wp-json\/wp\/v2\/types\/service"}],"wp:featuredmedia":[{"embeddable":true,"href":"https:\/\/filles-de-la-charite.org\/it\/wp-json\/wp\/v2\/media\/2054"}],"wp:attachment":[{"href":"https:\/\/filles-de-la-charite.org\/it\/wp-json\/wp\/v2\/media?parent=30592"}],"curies":[{"name":"wp","href":"https:\/\/api.w.org\/{rel}","templated":true}]}}

<h4 class="wp-block-heading">San Vincenzo de Paoli è stato cappellano generale delle galere a Parigi. «Questi uomini erano trattati come bestie», diceva. Non avevano alcun sostegno ed erano privi di qualsiasi contatto.</h4>



<p>San Vincenzo ha lottato contro gli abusi di cui erano vittime e ha ottenuto per loro un trattamento più umano.<br>Ha inviato le Figlie della Carità per portare loro cibo, cure e offrire conforto spirituale. Questo progetto, audace e anche pericoloso in quel momento, fu una vittoria della carità.</p>



<p>Fedeli alle nostre origini, continuiamo questa missione e facciamo visita ai prigionieri.<br>Alla sequela di Gesù, crediamo infatti che Dio li ama, che hanno valore al di là degli atti commessi e siamo testimoni di atti di umanità e di cammino nella fede.<br>Li accompagniamo e li incoraggiamo concretamente a reinserirsi nella società.</p>



<p>Viviamo in questo servizio:</p>



<p>all&#8217;interno delle carceri presso le persone detenute:</p>



<ul class="wp-block-list">
<li>attraverso incontri, ascolto attento e presenza</li>



<li>nelle infermerie e nei servizi generali</li>



<li>attraverso la distribuzione di cibo</li>



<li>attraverso corsi</li>



<li>attraverso attività della cappellania</li>
</ul>



<p>all’esterno:</p>



<ul class="wp-block-list">
<li>nei centri di accoglienza per le famiglie</li>



<li>mantenendo i contatti con le famiglie</li>



<li>attraverso la corrispondenza con i detenuti</li>
</ul>

<!-- This site is optimized with the Yoast SEO plugin v27.5 - https://yoast.com/product/yoast-seo-wordpress/ -->
<title>Detenuti - Filles de la Charité</title>
<meta name="robots" content="index, follow, max-snippet:-1, max-image-preview:large, max-video-preview:-1" />
<link rel="canonical" href="https://filles-de-la-charite.org/it/service/prigionieri-della-liberta/" />
<meta property="og:locale" content="it_IT" />
<meta property="og:type" content="article" />
<meta property="og:title" content="Detenuti - Filles de la Charité" />
<meta property="og:description" content="San Vincenzo de Paoli è stato cappellano generale delle galere a Parigi. «Questi uomini erano trattati come bestie», diceva. Non avevano alcun sostegno ed erano privi di qualsiasi contatto. San Vincenzo ha lottato contro gli abusi di cui erano vittime e ha ottenuto per loro un trattamento più umano.Ha inviato le Figlie della Carità per [&hellip;]" />
<meta property="og:url" content="https://filles-de-la-charite.org/it/service/prigionieri-della-liberta/" />
<meta property="og:site_name" content="Filles de la Charité" />
<meta property="article:modified_time" content="2024-05-24T14:53:49+00:00" />
<meta property="og:image" content="https://filles-de-la-charite.org/wp-content/uploads/2023/04/carcel.jpeg" />
	<meta property="og:image:width" content="1920" />
	<meta property="og:image:height" content="1440" />
	<meta property="og:image:type" content="image/jpeg" />
<meta name="twitter:card" content="summary_large_image" />
<meta name="twitter:label1" content="Tempo di lettura stimato" />
	<meta name="twitter:data1" content="2 minuti" />
<script type="application/ld+json" class="yoast-schema-graph">{"@context":"https:\/\/schema.org","@graph":[{"@type":"WebPage","@id":"https:\/\/filles-de-la-charite.org\/it\/service\/prigionieri-della-liberta\/","url":"https:\/\/filles-de-la-charite.org\/it\/service\/prigionieri-della-liberta\/","name":"Detenuti - Filles de la Charité","isPartOf":{"@id":"https:\/\/filles-de-la-charite.org\/it\/#website"},"primaryImageOfPage":{"@id":"https:\/\/filles-de-la-charite.org\/it\/service\/prigionieri-della-liberta\/#primaryimage"},"image":{"@id":"https:\/\/filles-de-la-charite.org\/it\/service\/prigionieri-della-liberta\/#primaryimage"},"thumbnailUrl":"https:\/\/filles-de-la-charite.org\/wp-content\/uploads\/2023\/04\/carcel.jpeg","datePublished":"2023-10-31T09:46:32+00:00","dateModified":"2024-05-24T14:53:49+00:00","breadcrumb":{"@id":"https:\/\/filles-de-la-charite.org\/it\/service\/prigionieri-della-liberta\/#breadcrumb"},"inLanguage":"it-IT","potentialAction":[{"@type":"ReadAction","target":["https:\/\/filles-de-la-charite.org\/it\/service\/prigionieri-della-liberta\/"]}]},{"@type":"ImageObject","inLanguage":"it-IT","@id":"https:\/\/filles-de-la-charite.org\/it\/service\/prigionieri-della-liberta\/#primaryimage","url":"https:\/\/filles-de-la-charite.org\/wp-content\/uploads\/2023\/04\/carcel.jpeg","contentUrl":"https:\/\/filles-de-la-charite.org\/wp-content\/uploads\/2023\/04\/carcel.jpeg","width":1920,"height":1440},{"@type":"BreadcrumbList","@id":"https:\/\/filles-de-la-charite.org\/it\/service\/prigionieri-della-liberta\/#breadcrumb","itemListElement":[{"@type":"ListItem","position":1,"name":"Services","item":"https:\/\/filles-de-la-charite.org\/it\/service\/"},{"@type":"ListItem","position":2,"name":"Detenuti"}]},{"@type":"WebSite","@id":"https:\/\/filles-de-la-charite.org\/it\/#website","url":"https:\/\/filles-de-la-charite.org\/it\/","name":"Hijas de la Caridad","description":"L’amour de Jésus nous presse à prendre soin des personnes les plus démunies","publisher":{"@id":"https:\/\/filles-de-la-charite.org\/it\/#organization"},"potentialAction":[{"@type":"SearchAction","target":{"@type":"EntryPoint","urlTemplate":"https:\/\/filles-de-la-charite.org\/it\/?s={search_term_string}"},"query-input":{"@type":"PropertyValueSpecification","valueRequired":true,"valueName":"search_term_string"}}],"inLanguage":"it-IT"},{"@type":"Organization","@id":"https:\/\/filles-de-la-charite.org\/it\/#organization","name":"Hijas de la Caridad","url":"https:\/\/filles-de-la-charite.org\/it\/","logo":{"@type":"ImageObject","inLanguage":"it-IT","@id":"https:\/\/filles-de-la-charite.org\/it\/#\/schema\/logo\/image\/","url":"https:\/\/filles-de-la-charite.org\/wp-content\/uploads\/2023\/03\/isotipo-Hijas-de-la-Caridad.png","contentUrl":"https:\/\/filles-de-la-charite.org\/wp-content\/uploads\/2023\/03\/isotipo-Hijas-de-la-Caridad.png","width":1417,"height":1417,"caption":"Hijas de la Caridad"},"image":{"@id":"https:\/\/filles-de-la-charite.org\/it\/#\/schema\/logo\/image\/"}}]}</script>
<!-- / Yoast SEO plugin. -->

Detenuti - Filles de la Charité

San Vincenzo de Paoli è stato cappellano generale delle galere a Parigi. «Questi uomini erano trattati come bestie», diceva. Non avevano alcun sostegno ed erano privi di qualsiasi contatto. San Vincenzo ha lottato contro gli abusi di cui erano vittime e ha ottenuto per loro un trattamento più umano.Ha inviato le Figlie della Carità per [&hellip;]

Filles de la Charité

L’amour de Jésus nous presse à prendre soin des personnes les plus démunies
