{"id":30610,"date":"2023-10-31T10:51:26","date_gmt":"2023-10-31T09:51:26","guid":{"rendered":"https:\/\/hijascaridad.sjdigitaldemo.ovh\/service\/educazione-e-gioventu\/"},"modified":"2024-02-25T19:16:18","modified_gmt":"2024-02-25T18:16:18","slug":"educazione-e-gioventu","status":"publish","type":"service","link":"https:\/\/filles-de-la-charite.org\/it\/service\/educazione-e-gioventu\/","title":{"rendered":"Giovani"},"content":{"rendered":"\n<h4 class=\"wp-block-heading\">Santa Luisa riteneva che l&#8217;educazione fosse il mezzo per assicurare la formazione e lo sviluppo dei bambini e dei giovani. Ha chiesto il permesso di aprire piccole scuole per accogliere ragazze povere che, abbandonate a se stesse, sarebbero diventate mendicanti.<\/h4>\n\n\n\n<p>Le Suore dovevano fornire ai loro alunni un insegnamento completo, pratico e concreto che permettesse loro di guadagnarsi da vivere onestamente e di provvedere ai bisogni della loro famiglia.<br>Insegnavano loro anche il catechismo con metodi sicuri e li educavano a una vita conforme al Vangelo.<\/p>\n\n\n\n<p>Il mondo \u00e8 cambiato e a volte i giovani vengono screditati. Tuttavia, se sono ben accompagnati, sono generosi ed entusiasti, pronti ad impegnarsi e diventare veri discepoli di Ges\u00f9, con una fede attiva e una carit\u00e0 inventiva, specialmente verso i poveri<\/p>\n\n\n\n<p>Accompagnare gli adolescenti e i giovani nelle loro ricerche e desideri \u00e8 un imperativo per noi.<\/p>\n\n\n\n<p>Noi li raggiungiamo:<\/p>\n\n\n\n<ul class=\"wp-block-list\">\n<li>nelle scuole di ogni ordine e grado, comprese le universit\u00e0<\/li>\n\n\n\n<li>nelle attivit\u00e0 catechetiche e nella pastorale giovanile<\/li>\n\n\n\n<li>nei diversi movimenti, in particolare quelli della Famiglia Vincenziana:\n<ul class=\"wp-block-list\">\n<li>Giovent\u00f9 Mariana Vincenziana (GMV)<\/li>\n\n\n\n<li>Laici missionari Vincenziani (MISEVI)<\/li>\n\n\n\n<li>Programmi di volontariato giovanile<\/li>\n<\/ul>\n<\/li>\n\n\n\n<li>in associazioni specializzate per accompagnare criminali, bambini di strada, ecc.<\/li>\n<\/ul>\n","protected":false},"featured_media":2112,"template":"","meta":{"_acf_changed":false,"_et_pb_use_builder":"","_et_pb_old_content":"","_et_gb_content_width":"","_links_to":"","_links_to_target":""},"class_list":["post-30610","service","type-service","status-publish","has-post-thumbnail","hentry"],"acf":[],"yoast_head":"<!-- This site is optimized with the Yoast SEO plugin v27.5 - https:\/\/yoast.com\/product\/yoast-seo-wordpress\/ -->\n<title>Giovani - Filles de la Charit\u00e9<\/title>\n<meta name=\"robots\" content=\"index, follow, max-snippet:-1, max-image-preview:large, max-video-preview:-1\" \/>\n<link rel=\"canonical\" href=\"https:\/\/filles-de-la-charite.org\/it\/service\/educazione-e-gioventu\/\" \/>\n<meta property=\"og:locale\" content=\"it_IT\" \/>\n<meta property=\"og:type\" content=\"article\" \/>\n<meta property=\"og:title\" content=\"Giovani - Filles de la Charit\u00e9\" \/>\n<meta property=\"og:description\" content=\"Santa Luisa riteneva che l&#8217;educazione fosse il mezzo per assicurare la formazione e lo sviluppo dei bambini e dei giovani. Ha chiesto il permesso di aprire piccole scuole per accogliere ragazze povere che, abbandonate a se stesse, sarebbero diventate mendicanti. Le Suore dovevano fornire ai loro alunni un insegnamento completo, pratico e concreto che permettesse [&hellip;]\" \/>\n<meta property=\"og:url\" content=\"https:\/\/filles-de-la-charite.org\/it\/service\/educazione-e-gioventu\/\" \/>\n<meta property=\"og:site_name\" content=\"Filles de la Charit\u00e9\" \/>\n<meta property=\"article:modified_time\" content=\"2024-02-25T18:16:18+00:00\" \/>\n<meta property=\"og:image\" content=\"https:\/\/filles-de-la-charite.org\/wp-content\/uploads\/2023\/04\/Educacion.jpeg\" \/>\n\t<meta property=\"og:image:width\" content=\"1920\" \/>\n\t<meta property=\"og:image:height\" content=\"1624\" \/>\n\t<meta property=\"og:image:type\" content=\"image\/jpeg\" \/>\n<meta name=\"twitter:card\" content=\"summary_large_image\" \/>\n<meta name=\"twitter:label1\" content=\"Tempo di lettura stimato\" \/>\n\t<meta name=\"twitter:data1\" content=\"1 minuto\" \/>\n<script type=\"application\/ld+json\" class=\"yoast-schema-graph\">{\"@context\":\"https:\\\/\\\/schema.org\",\"@graph\":[{\"@type\":\"WebPage\",\"@id\":\"https:\\\/\\\/filles-de-la-charite.org\\\/it\\\/service\\\/educazione-e-gioventu\\\/\",\"url\":\"https:\\\/\\\/filles-de-la-charite.org\\\/it\\\/service\\\/educazione-e-gioventu\\\/\",\"name\":\"Giovani - Filles de la Charit\u00e9\",\"isPartOf\":{\"@id\":\"https:\\\/\\\/filles-de-la-charite.org\\\/it\\\/#website\"},\"primaryImageOfPage\":{\"@id\":\"https:\\\/\\\/filles-de-la-charite.org\\\/it\\\/service\\\/educazione-e-gioventu\\\/#primaryimage\"},\"image\":{\"@id\":\"https:\\\/\\\/filles-de-la-charite.org\\\/it\\\/service\\\/educazione-e-gioventu\\\/#primaryimage\"},\"thumbnailUrl\":\"https:\\\/\\\/filles-de-la-charite.org\\\/wp-content\\\/uploads\\\/2023\\\/04\\\/Educacion.jpeg\",\"datePublished\":\"2023-10-31T09:51:26+00:00\",\"dateModified\":\"2024-02-25T18:16:18+00:00\",\"breadcrumb\":{\"@id\":\"https:\\\/\\\/filles-de-la-charite.org\\\/it\\\/service\\\/educazione-e-gioventu\\\/#breadcrumb\"},\"inLanguage\":\"it-IT\",\"potentialAction\":[{\"@type\":\"ReadAction\",\"target\":[\"https:\\\/\\\/filles-de-la-charite.org\\\/it\\\/service\\\/educazione-e-gioventu\\\/\"]}]},{\"@type\":\"ImageObject\",\"inLanguage\":\"it-IT\",\"@id\":\"https:\\\/\\\/filles-de-la-charite.org\\\/it\\\/service\\\/educazione-e-gioventu\\\/#primaryimage\",\"url\":\"https:\\\/\\\/filles-de-la-charite.org\\\/wp-content\\\/uploads\\\/2023\\\/04\\\/Educacion.jpeg\",\"contentUrl\":\"https:\\\/\\\/filles-de-la-charite.org\\\/wp-content\\\/uploads\\\/2023\\\/04\\\/Educacion.jpeg\",\"width\":1920,\"height\":1624},{\"@type\":\"BreadcrumbList\",\"@id\":\"https:\\\/\\\/filles-de-la-charite.org\\\/it\\\/service\\\/educazione-e-gioventu\\\/#breadcrumb\",\"itemListElement\":[{\"@type\":\"ListItem\",\"position\":1,\"name\":\"Services\",\"item\":\"https:\\\/\\\/filles-de-la-charite.org\\\/it\\\/service\\\/\"},{\"@type\":\"ListItem\",\"position\":2,\"name\":\"Giovani\"}]},{\"@type\":\"WebSite\",\"@id\":\"https:\\\/\\\/filles-de-la-charite.org\\\/it\\\/#website\",\"url\":\"https:\\\/\\\/filles-de-la-charite.org\\\/it\\\/\",\"name\":\"Hijas de la Caridad\",\"description\":\"L\u2019amour de J\u00e9sus nous presse \u00e0 prendre soin des personnes les plus d\u00e9munies\",\"publisher\":{\"@id\":\"https:\\\/\\\/filles-de-la-charite.org\\\/it\\\/#organization\"},\"potentialAction\":[{\"@type\":\"SearchAction\",\"target\":{\"@type\":\"EntryPoint\",\"urlTemplate\":\"https:\\\/\\\/filles-de-la-charite.org\\\/it\\\/?s={search_term_string}\"},\"query-input\":{\"@type\":\"PropertyValueSpecification\",\"valueRequired\":true,\"valueName\":\"search_term_string\"}}],\"inLanguage\":\"it-IT\"},{\"@type\":\"Organization\",\"@id\":\"https:\\\/\\\/filles-de-la-charite.org\\\/it\\\/#organization\",\"name\":\"Hijas de la Caridad\",\"url\":\"https:\\\/\\\/filles-de-la-charite.org\\\/it\\\/\",\"logo\":{\"@type\":\"ImageObject\",\"inLanguage\":\"it-IT\",\"@id\":\"https:\\\/\\\/filles-de-la-charite.org\\\/it\\\/#\\\/schema\\\/logo\\\/image\\\/\",\"url\":\"https:\\\/\\\/filles-de-la-charite.org\\\/wp-content\\\/uploads\\\/2023\\\/03\\\/isotipo-Hijas-de-la-Caridad.png\",\"contentUrl\":\"https:\\\/\\\/filles-de-la-charite.org\\\/wp-content\\\/uploads\\\/2023\\\/03\\\/isotipo-Hijas-de-la-Caridad.png\",\"width\":1417,\"height\":1417,\"caption\":\"Hijas de la Caridad\"},\"image\":{\"@id\":\"https:\\\/\\\/filles-de-la-charite.org\\\/it\\\/#\\\/schema\\\/logo\\\/image\\\/\"}}]}<\/script>\n<!-- \/ Yoast SEO plugin. -->","yoast_head_json":{"title":"Giovani - Filles de la Charit\u00e9","robots":{"index":"index","follow":"follow","max-snippet":"max-snippet:-1","max-image-preview":"max-image-preview:large","max-video-preview":"max-video-preview:-1"},"canonical":"https:\/\/filles-de-la-charite.org\/it\/service\/educazione-e-gioventu\/","og_locale":"it_IT","og_type":"article","og_title":"Giovani - Filles de la Charit\u00e9","og_description":"Santa Luisa riteneva che l&#8217;educazione fosse il mezzo per assicurare la formazione e lo sviluppo dei bambini e dei giovani. Ha chiesto il permesso di aprire piccole scuole per accogliere ragazze povere che, abbandonate a se stesse, sarebbero diventate mendicanti. Le Suore dovevano fornire ai loro alunni un insegnamento completo, pratico e concreto che permettesse [&hellip;]","og_url":"https:\/\/filles-de-la-charite.org\/it\/service\/educazione-e-gioventu\/","og_site_name":"Filles de la Charit\u00e9","article_modified_time":"2024-02-25T18:16:18+00:00","og_image":[{"width":1920,"height":1624,"url":"https:\/\/filles-de-la-charite.org\/wp-content\/uploads\/2023\/04\/Educacion.jpeg","type":"image\/jpeg"}],"twitter_card":"summary_large_image","twitter_misc":{"Tempo di lettura stimato":"1 minuto"},"schema":{"@context":"https:\/\/schema.org","@graph":[{"@type":"WebPage","@id":"https:\/\/filles-de-la-charite.org\/it\/service\/educazione-e-gioventu\/","url":"https:\/\/filles-de-la-charite.org\/it\/service\/educazione-e-gioventu\/","name":"Giovani - Filles de la Charit\u00e9","isPartOf":{"@id":"https:\/\/filles-de-la-charite.org\/it\/#website"},"primaryImageOfPage":{"@id":"https:\/\/filles-de-la-charite.org\/it\/service\/educazione-e-gioventu\/#primaryimage"},"image":{"@id":"https:\/\/filles-de-la-charite.org\/it\/service\/educazione-e-gioventu\/#primaryimage"},"thumbnailUrl":"https:\/\/filles-de-la-charite.org\/wp-content\/uploads\/2023\/04\/Educacion.jpeg","datePublished":"2023-10-31T09:51:26+00:00","dateModified":"2024-02-25T18:16:18+00:00","breadcrumb":{"@id":"https:\/\/filles-de-la-charite.org\/it\/service\/educazione-e-gioventu\/#breadcrumb"},"inLanguage":"it-IT","potentialAction":[{"@type":"ReadAction","target":["https:\/\/filles-de-la-charite.org\/it\/service\/educazione-e-gioventu\/"]}]},{"@type":"ImageObject","inLanguage":"it-IT","@id":"https:\/\/filles-de-la-charite.org\/it\/service\/educazione-e-gioventu\/#primaryimage","url":"https:\/\/filles-de-la-charite.org\/wp-content\/uploads\/2023\/04\/Educacion.jpeg","contentUrl":"https:\/\/filles-de-la-charite.org\/wp-content\/uploads\/2023\/04\/Educacion.jpeg","width":1920,"height":1624},{"@type":"BreadcrumbList","@id":"https:\/\/filles-de-la-charite.org\/it\/service\/educazione-e-gioventu\/#breadcrumb","itemListElement":[{"@type":"ListItem","position":1,"name":"Services","item":"https:\/\/filles-de-la-charite.org\/it\/service\/"},{"@type":"ListItem","position":2,"name":"Giovani"}]},{"@type":"WebSite","@id":"https:\/\/filles-de-la-charite.org\/it\/#website","url":"https:\/\/filles-de-la-charite.org\/it\/","name":"Hijas de la Caridad","description":"L\u2019amour de J\u00e9sus nous presse \u00e0 prendre soin des personnes les plus d\u00e9munies","publisher":{"@id":"https:\/\/filles-de-la-charite.org\/it\/#organization"},"potentialAction":[{"@type":"SearchAction","target":{"@type":"EntryPoint","urlTemplate":"https:\/\/filles-de-la-charite.org\/it\/?s={search_term_string}"},"query-input":{"@type":"PropertyValueSpecification","valueRequired":true,"valueName":"search_term_string"}}],"inLanguage":"it-IT"},{"@type":"Organization","@id":"https:\/\/filles-de-la-charite.org\/it\/#organization","name":"Hijas de la Caridad","url":"https:\/\/filles-de-la-charite.org\/it\/","logo":{"@type":"ImageObject","inLanguage":"it-IT","@id":"https:\/\/filles-de-la-charite.org\/it\/#\/schema\/logo\/image\/","url":"https:\/\/filles-de-la-charite.org\/wp-content\/uploads\/2023\/03\/isotipo-Hijas-de-la-Caridad.png","contentUrl":"https:\/\/filles-de-la-charite.org\/wp-content\/uploads\/2023\/03\/isotipo-Hijas-de-la-Caridad.png","width":1417,"height":1417,"caption":"Hijas de la Caridad"},"image":{"@id":"https:\/\/filles-de-la-charite.org\/it\/#\/schema\/logo\/image\/"}}]}},"_links":{"self":[{"href":"https:\/\/filles-de-la-charite.org\/it\/wp-json\/wp\/v2\/service\/30610","targetHints":{"allow":["GET"]}}],"collection":[{"href":"https:\/\/filles-de-la-charite.org\/it\/wp-json\/wp\/v2\/service"}],"about":[{"href":"https:\/\/filles-de-la-charite.org\/it\/wp-json\/wp\/v2\/types\/service"}],"wp:featuredmedia":[{"embeddable":true,"href":"https:\/\/filles-de-la-charite.org\/it\/wp-json\/wp\/v2\/media\/2112"}],"wp:attachment":[{"href":"https:\/\/filles-de-la-charite.org\/it\/wp-json\/wp\/v2\/media?parent=30610"}],"curies":[{"name":"wp","href":"https:\/\/api.w.org\/{rel}","templated":true}]}}

<h4 class="wp-block-heading">Santa Luisa riteneva che l&#8217;educazione fosse il mezzo per assicurare la formazione e lo sviluppo dei bambini e dei giovani. Ha chiesto il permesso di aprire piccole scuole per accogliere ragazze povere che, abbandonate a se stesse, sarebbero diventate mendicanti.</h4>



<p>Le Suore dovevano fornire ai loro alunni un insegnamento completo, pratico e concreto che permettesse loro di guadagnarsi da vivere onestamente e di provvedere ai bisogni della loro famiglia.<br>Insegnavano loro anche il catechismo con metodi sicuri e li educavano a una vita conforme al Vangelo.</p>



<p>Il mondo è cambiato e a volte i giovani vengono screditati. Tuttavia, se sono ben accompagnati, sono generosi ed entusiasti, pronti ad impegnarsi e diventare veri discepoli di Gesù, con una fede attiva e una carità inventiva, specialmente verso i poveri</p>



<p>Accompagnare gli adolescenti e i giovani nelle loro ricerche e desideri è un imperativo per noi.</p>



<p>Noi li raggiungiamo:</p>



<ul class="wp-block-list">
<li>nelle scuole di ogni ordine e grado, comprese le università</li>



<li>nelle attività catechetiche e nella pastorale giovanile</li>



<li>nei diversi movimenti, in particolare quelli della Famiglia Vincenziana:
<ul class="wp-block-list">
<li>Gioventù Mariana Vincenziana (GMV)</li>



<li>Laici missionari Vincenziani (MISEVI)</li>



<li>Programmi di volontariato giovanile</li>
</ul>
</li>



<li>in associazioni specializzate per accompagnare criminali, bambini di strada, ecc.</li>
</ul>

<!-- This site is optimized with the Yoast SEO plugin v27.5 - https://yoast.com/product/yoast-seo-wordpress/ -->
<title>Giovani - Filles de la Charité</title>
<meta name="robots" content="index, follow, max-snippet:-1, max-image-preview:large, max-video-preview:-1" />
<link rel="canonical" href="https://filles-de-la-charite.org/it/service/educazione-e-gioventu/" />
<meta property="og:locale" content="it_IT" />
<meta property="og:type" content="article" />
<meta property="og:title" content="Giovani - Filles de la Charité" />
<meta property="og:description" content="Santa Luisa riteneva che l&#8217;educazione fosse il mezzo per assicurare la formazione e lo sviluppo dei bambini e dei giovani. Ha chiesto il permesso di aprire piccole scuole per accogliere ragazze povere che, abbandonate a se stesse, sarebbero diventate mendicanti. Le Suore dovevano fornire ai loro alunni un insegnamento completo, pratico e concreto che permettesse [&hellip;]" />
<meta property="og:url" content="https://filles-de-la-charite.org/it/service/educazione-e-gioventu/" />
<meta property="og:site_name" content="Filles de la Charité" />
<meta property="article:modified_time" content="2024-02-25T18:16:18+00:00" />
<meta property="og:image" content="https://filles-de-la-charite.org/wp-content/uploads/2023/04/Educacion.jpeg" />
	<meta property="og:image:width" content="1920" />
	<meta property="og:image:height" content="1624" />
	<meta property="og:image:type" content="image/jpeg" />
<meta name="twitter:card" content="summary_large_image" />
<meta name="twitter:label1" content="Tempo di lettura stimato" />
	<meta name="twitter:data1" content="1 minuto" />
<script type="application/ld+json" class="yoast-schema-graph">{"@context":"https:\/\/schema.org","@graph":[{"@type":"WebPage","@id":"https:\/\/filles-de-la-charite.org\/it\/service\/educazione-e-gioventu\/","url":"https:\/\/filles-de-la-charite.org\/it\/service\/educazione-e-gioventu\/","name":"Giovani - Filles de la Charité","isPartOf":{"@id":"https:\/\/filles-de-la-charite.org\/it\/#website"},"primaryImageOfPage":{"@id":"https:\/\/filles-de-la-charite.org\/it\/service\/educazione-e-gioventu\/#primaryimage"},"image":{"@id":"https:\/\/filles-de-la-charite.org\/it\/service\/educazione-e-gioventu\/#primaryimage"},"thumbnailUrl":"https:\/\/filles-de-la-charite.org\/wp-content\/uploads\/2023\/04\/Educacion.jpeg","datePublished":"2023-10-31T09:51:26+00:00","dateModified":"2024-02-25T18:16:18+00:00","breadcrumb":{"@id":"https:\/\/filles-de-la-charite.org\/it\/service\/educazione-e-gioventu\/#breadcrumb"},"inLanguage":"it-IT","potentialAction":[{"@type":"ReadAction","target":["https:\/\/filles-de-la-charite.org\/it\/service\/educazione-e-gioventu\/"]}]},{"@type":"ImageObject","inLanguage":"it-IT","@id":"https:\/\/filles-de-la-charite.org\/it\/service\/educazione-e-gioventu\/#primaryimage","url":"https:\/\/filles-de-la-charite.org\/wp-content\/uploads\/2023\/04\/Educacion.jpeg","contentUrl":"https:\/\/filles-de-la-charite.org\/wp-content\/uploads\/2023\/04\/Educacion.jpeg","width":1920,"height":1624},{"@type":"BreadcrumbList","@id":"https:\/\/filles-de-la-charite.org\/it\/service\/educazione-e-gioventu\/#breadcrumb","itemListElement":[{"@type":"ListItem","position":1,"name":"Services","item":"https:\/\/filles-de-la-charite.org\/it\/service\/"},{"@type":"ListItem","position":2,"name":"Giovani"}]},{"@type":"WebSite","@id":"https:\/\/filles-de-la-charite.org\/it\/#website","url":"https:\/\/filles-de-la-charite.org\/it\/","name":"Hijas de la Caridad","description":"L’amour de Jésus nous presse à prendre soin des personnes les plus démunies","publisher":{"@id":"https:\/\/filles-de-la-charite.org\/it\/#organization"},"potentialAction":[{"@type":"SearchAction","target":{"@type":"EntryPoint","urlTemplate":"https:\/\/filles-de-la-charite.org\/it\/?s={search_term_string}"},"query-input":{"@type":"PropertyValueSpecification","valueRequired":true,"valueName":"search_term_string"}}],"inLanguage":"it-IT"},{"@type":"Organization","@id":"https:\/\/filles-de-la-charite.org\/it\/#organization","name":"Hijas de la Caridad","url":"https:\/\/filles-de-la-charite.org\/it\/","logo":{"@type":"ImageObject","inLanguage":"it-IT","@id":"https:\/\/filles-de-la-charite.org\/it\/#\/schema\/logo\/image\/","url":"https:\/\/filles-de-la-charite.org\/wp-content\/uploads\/2023\/03\/isotipo-Hijas-de-la-Caridad.png","contentUrl":"https:\/\/filles-de-la-charite.org\/wp-content\/uploads\/2023\/03\/isotipo-Hijas-de-la-Caridad.png","width":1417,"height":1417,"caption":"Hijas de la Caridad"},"image":{"@id":"https:\/\/filles-de-la-charite.org\/it\/#\/schema\/logo\/image\/"}}]}</script>
<!-- / Yoast SEO plugin. -->

Giovani - Filles de la Charité

Filles de la Charité

L’amour de Jésus nous presse à prendre soin des personnes les plus démunies
