{"id":49128,"date":"2026-03-11T21:00:50","date_gmt":"2026-03-11T20:00:50","guid":{"rendered":"https:\/\/filles-de-la-charite.org\/?post_type=vida-entregada&#038;p=49128"},"modified":"2026-03-27T17:28:15","modified_gmt":"2026-03-27T16:28:15","slug":"artigiani-di-pace-e-di-speranza-p-jose-antonio-gonzalez","status":"publish","type":"vida-entregada","link":"https:\/\/filles-de-la-charite.org\/it\/vida-entregada\/artigiani-di-pace-e-di-speranza-p-jose-antonio-gonzalez\/","title":{"rendered":"Artigiani di pace e di speranza &#8211; P. Jos\u00e9 Antonio Gonz\u00e1lez"},"content":{"rendered":"\n<p>In questo video, P. Jos\u00e9 Antonio Gonz\u00e1lez, CM, Direttore Generale della Compagnia delle Figlie della Carit\u00e0, ci offre una riflessione semplice e profonda sul tema della prossima Assemblea Generale: \u201cArtigiane di pace e di speranza.\u201d A partire da questo tema, ci invita ad accogliere tre chiamate essenziali per il nostro cammino: rinnovare la fiducia nel Signore, rinnovare il nostro impegno davanti al dolore del mondo e alla sofferenza dei poveri, e rafforzare la speranza, sapendo che Dio ha l\u2019ultima parola. Un messaggio che incoraggia tutta la Compagnia a continuare a servire con fedelt\u00e0, audacia e speranza.<\/p>\n\n\n\n<p><\/p>\n\n\n\n<figure class=\"wp-block-embed is-type-video is-provider-youtube wp-block-embed-youtube wp-embed-aspect-16-9 wp-has-aspect-ratio\"><div class=\"wp-block-embed__wrapper\">\n<iframe loading=\"lazy\" title=\"IT Artigiani Di Pace E Di Speranza - P Jos\u00e9 Antonio Gonz\u00e1lez\" width=\"1080\" height=\"608\" src=\"https:\/\/www.youtube.com\/embed\/cscEvj_F_qI?feature=oembed\"  allow=\"accelerometer; autoplay; clipboard-write; encrypted-media; gyroscope; picture-in-picture; web-share\" referrerpolicy=\"strict-origin-when-cross-origin\" allowfullscreen><\/iframe>\n<\/div><\/figure>\n","protected":false},"featured_media":49129,"template":"","meta":{"_acf_changed":false,"_et_pb_use_builder":"","_et_pb_old_content":"","_et_gb_content_width":"","_links_to":"","_links_to_target":""},"class_list":["post-49128","vida-entregada","type-vida-entregada","status-publish","has-post-thumbnail","hentry"],"acf":[],"yoast_head":"<!-- This site is optimized with the Yoast SEO plugin v27.5 - https:\/\/yoast.com\/product\/yoast-seo-wordpress\/ -->\n<title>Artigiani di pace e di speranza - P. Jos\u00e9 Antonio Gonz\u00e1lez - Filles de la Charit\u00e9<\/title>\n<meta name=\"robots\" content=\"index, follow, max-snippet:-1, max-image-preview:large, max-video-preview:-1\" \/>\n<link rel=\"canonical\" href=\"https:\/\/filles-de-la-charite.org\/it\/vida-entregada\/artigiani-di-pace-e-di-speranza-p-jose-antonio-gonzalez\/\" \/>\n<meta property=\"og:locale\" content=\"it_IT\" \/>\n<meta property=\"og:type\" content=\"article\" \/>\n<meta property=\"og:title\" content=\"Artigiani di pace e di speranza - P. Jos\u00e9 Antonio Gonz\u00e1lez - Filles de la Charit\u00e9\" \/>\n<meta property=\"og:description\" content=\"In questo video, P. Jos\u00e9 Antonio Gonz\u00e1lez, CM, Direttore Generale della Compagnia delle Figlie della Carit\u00e0, ci offre una riflessione semplice e profonda sul tema della prossima Assemblea Generale: \u201cArtigiane di pace e di speranza.\u201d A partire da questo tema, ci invita ad accogliere tre chiamate essenziali per il nostro cammino: rinnovare la fiducia nel [&hellip;]\" \/>\n<meta property=\"og:url\" content=\"https:\/\/filles-de-la-charite.org\/it\/vida-entregada\/artigiani-di-pace-e-di-speranza-p-jose-antonio-gonzalez\/\" \/>\n<meta property=\"og:site_name\" content=\"Filles de la Charit\u00e9\" \/>\n<meta property=\"article:modified_time\" content=\"2026-03-27T16:28:15+00:00\" \/>\n<meta property=\"og:image\" content=\"https:\/\/filles-de-la-charite.org\/wp-content\/uploads\/2026\/03\/WhatsApp-Image-2026-03-04-at-19.16.26.jpeg\" \/>\n\t<meta property=\"og:image:width\" content=\"1600\" \/>\n\t<meta property=\"og:image:height\" content=\"900\" \/>\n\t<meta property=\"og:image:type\" content=\"image\/jpeg\" \/>\n<meta name=\"twitter:card\" content=\"summary_large_image\" \/>\n<meta name=\"twitter:label1\" content=\"Tempo di lettura stimato\" \/>\n\t<meta name=\"twitter:data1\" content=\"1 minuto\" \/>\n<script type=\"application\/ld+json\" class=\"yoast-schema-graph\">{\"@context\":\"https:\\\/\\\/schema.org\",\"@graph\":[{\"@type\":\"WebPage\",\"@id\":\"https:\\\/\\\/filles-de-la-charite.org\\\/it\\\/vida-entregada\\\/artigiani-di-pace-e-di-speranza-p-jose-antonio-gonzalez\\\/\",\"url\":\"https:\\\/\\\/filles-de-la-charite.org\\\/it\\\/vida-entregada\\\/artigiani-di-pace-e-di-speranza-p-jose-antonio-gonzalez\\\/\",\"name\":\"Artigiani di pace e di speranza - P. Jos\u00e9 Antonio Gonz\u00e1lez - Filles de la Charit\u00e9\",\"isPartOf\":{\"@id\":\"https:\\\/\\\/filles-de-la-charite.org\\\/it\\\/#website\"},\"primaryImageOfPage\":{\"@id\":\"https:\\\/\\\/filles-de-la-charite.org\\\/it\\\/vida-entregada\\\/artigiani-di-pace-e-di-speranza-p-jose-antonio-gonzalez\\\/#primaryimage\"},\"image\":{\"@id\":\"https:\\\/\\\/filles-de-la-charite.org\\\/it\\\/vida-entregada\\\/artigiani-di-pace-e-di-speranza-p-jose-antonio-gonzalez\\\/#primaryimage\"},\"thumbnailUrl\":\"https:\\\/\\\/filles-de-la-charite.org\\\/wp-content\\\/uploads\\\/2026\\\/03\\\/WhatsApp-Image-2026-03-04-at-19.16.26.jpeg\",\"datePublished\":\"2026-03-11T20:00:50+00:00\",\"dateModified\":\"2026-03-27T16:28:15+00:00\",\"breadcrumb\":{\"@id\":\"https:\\\/\\\/filles-de-la-charite.org\\\/it\\\/vida-entregada\\\/artigiani-di-pace-e-di-speranza-p-jose-antonio-gonzalez\\\/#breadcrumb\"},\"inLanguage\":\"it-IT\",\"potentialAction\":[{\"@type\":\"ReadAction\",\"target\":[\"https:\\\/\\\/filles-de-la-charite.org\\\/it\\\/vida-entregada\\\/artigiani-di-pace-e-di-speranza-p-jose-antonio-gonzalez\\\/\"]}]},{\"@type\":\"ImageObject\",\"inLanguage\":\"it-IT\",\"@id\":\"https:\\\/\\\/filles-de-la-charite.org\\\/it\\\/vida-entregada\\\/artigiani-di-pace-e-di-speranza-p-jose-antonio-gonzalez\\\/#primaryimage\",\"url\":\"https:\\\/\\\/filles-de-la-charite.org\\\/wp-content\\\/uploads\\\/2026\\\/03\\\/WhatsApp-Image-2026-03-04-at-19.16.26.jpeg\",\"contentUrl\":\"https:\\\/\\\/filles-de-la-charite.org\\\/wp-content\\\/uploads\\\/2026\\\/03\\\/WhatsApp-Image-2026-03-04-at-19.16.26.jpeg\",\"width\":1600,\"height\":900},{\"@type\":\"BreadcrumbList\",\"@id\":\"https:\\\/\\\/filles-de-la-charite.org\\\/it\\\/vida-entregada\\\/artigiani-di-pace-e-di-speranza-p-jose-antonio-gonzalez\\\/#breadcrumb\",\"itemListElement\":[{\"@type\":\"ListItem\",\"position\":1,\"name\":\"Given lifes\",\"item\":\"https:\\\/\\\/filles-de-la-charite.org\\\/it\\\/vida-entregada\\\/\"},{\"@type\":\"ListItem\",\"position\":2,\"name\":\"Artigiani di pace e di speranza &#8211; P. Jos\u00e9 Antonio Gonz\u00e1lez\"}]},{\"@type\":\"WebSite\",\"@id\":\"https:\\\/\\\/filles-de-la-charite.org\\\/it\\\/#website\",\"url\":\"https:\\\/\\\/filles-de-la-charite.org\\\/it\\\/\",\"name\":\"Hijas de la Caridad\",\"description\":\"L\u2019amour de J\u00e9sus nous presse \u00e0 prendre soin des personnes les plus d\u00e9munies\",\"publisher\":{\"@id\":\"https:\\\/\\\/filles-de-la-charite.org\\\/it\\\/#organization\"},\"potentialAction\":[{\"@type\":\"SearchAction\",\"target\":{\"@type\":\"EntryPoint\",\"urlTemplate\":\"https:\\\/\\\/filles-de-la-charite.org\\\/it\\\/?s={search_term_string}\"},\"query-input\":{\"@type\":\"PropertyValueSpecification\",\"valueRequired\":true,\"valueName\":\"search_term_string\"}}],\"inLanguage\":\"it-IT\"},{\"@type\":\"Organization\",\"@id\":\"https:\\\/\\\/filles-de-la-charite.org\\\/it\\\/#organization\",\"name\":\"Hijas de la Caridad\",\"url\":\"https:\\\/\\\/filles-de-la-charite.org\\\/it\\\/\",\"logo\":{\"@type\":\"ImageObject\",\"inLanguage\":\"it-IT\",\"@id\":\"https:\\\/\\\/filles-de-la-charite.org\\\/it\\\/#\\\/schema\\\/logo\\\/image\\\/\",\"url\":\"https:\\\/\\\/filles-de-la-charite.org\\\/wp-content\\\/uploads\\\/2023\\\/03\\\/isotipo-Hijas-de-la-Caridad.png\",\"contentUrl\":\"https:\\\/\\\/filles-de-la-charite.org\\\/wp-content\\\/uploads\\\/2023\\\/03\\\/isotipo-Hijas-de-la-Caridad.png\",\"width\":1417,\"height\":1417,\"caption\":\"Hijas de la Caridad\"},\"image\":{\"@id\":\"https:\\\/\\\/filles-de-la-charite.org\\\/it\\\/#\\\/schema\\\/logo\\\/image\\\/\"}}]}<\/script>\n<!-- \/ Yoast SEO plugin. -->","yoast_head_json":{"title":"Artigiani di pace e di speranza - P. Jos\u00e9 Antonio Gonz\u00e1lez - Filles de la Charit\u00e9","robots":{"index":"index","follow":"follow","max-snippet":"max-snippet:-1","max-image-preview":"max-image-preview:large","max-video-preview":"max-video-preview:-1"},"canonical":"https:\/\/filles-de-la-charite.org\/it\/vida-entregada\/artigiani-di-pace-e-di-speranza-p-jose-antonio-gonzalez\/","og_locale":"it_IT","og_type":"article","og_title":"Artigiani di pace e di speranza - P. Jos\u00e9 Antonio Gonz\u00e1lez - Filles de la Charit\u00e9","og_description":"In questo video, P. Jos\u00e9 Antonio Gonz\u00e1lez, CM, Direttore Generale della Compagnia delle Figlie della Carit\u00e0, ci offre una riflessione semplice e profonda sul tema della prossima Assemblea Generale: \u201cArtigiane di pace e di speranza.\u201d A partire da questo tema, ci invita ad accogliere tre chiamate essenziali per il nostro cammino: rinnovare la fiducia nel [&hellip;]","og_url":"https:\/\/filles-de-la-charite.org\/it\/vida-entregada\/artigiani-di-pace-e-di-speranza-p-jose-antonio-gonzalez\/","og_site_name":"Filles de la Charit\u00e9","article_modified_time":"2026-03-27T16:28:15+00:00","og_image":[{"width":1600,"height":900,"url":"https:\/\/filles-de-la-charite.org\/wp-content\/uploads\/2026\/03\/WhatsApp-Image-2026-03-04-at-19.16.26.jpeg","type":"image\/jpeg"}],"twitter_card":"summary_large_image","twitter_misc":{"Tempo di lettura stimato":"1 minuto"},"schema":{"@context":"https:\/\/schema.org","@graph":[{"@type":"WebPage","@id":"https:\/\/filles-de-la-charite.org\/it\/vida-entregada\/artigiani-di-pace-e-di-speranza-p-jose-antonio-gonzalez\/","url":"https:\/\/filles-de-la-charite.org\/it\/vida-entregada\/artigiani-di-pace-e-di-speranza-p-jose-antonio-gonzalez\/","name":"Artigiani di pace e di speranza - P. Jos\u00e9 Antonio Gonz\u00e1lez - Filles de la Charit\u00e9","isPartOf":{"@id":"https:\/\/filles-de-la-charite.org\/it\/#website"},"primaryImageOfPage":{"@id":"https:\/\/filles-de-la-charite.org\/it\/vida-entregada\/artigiani-di-pace-e-di-speranza-p-jose-antonio-gonzalez\/#primaryimage"},"image":{"@id":"https:\/\/filles-de-la-charite.org\/it\/vida-entregada\/artigiani-di-pace-e-di-speranza-p-jose-antonio-gonzalez\/#primaryimage"},"thumbnailUrl":"https:\/\/filles-de-la-charite.org\/wp-content\/uploads\/2026\/03\/WhatsApp-Image-2026-03-04-at-19.16.26.jpeg","datePublished":"2026-03-11T20:00:50+00:00","dateModified":"2026-03-27T16:28:15+00:00","breadcrumb":{"@id":"https:\/\/filles-de-la-charite.org\/it\/vida-entregada\/artigiani-di-pace-e-di-speranza-p-jose-antonio-gonzalez\/#breadcrumb"},"inLanguage":"it-IT","potentialAction":[{"@type":"ReadAction","target":["https:\/\/filles-de-la-charite.org\/it\/vida-entregada\/artigiani-di-pace-e-di-speranza-p-jose-antonio-gonzalez\/"]}]},{"@type":"ImageObject","inLanguage":"it-IT","@id":"https:\/\/filles-de-la-charite.org\/it\/vida-entregada\/artigiani-di-pace-e-di-speranza-p-jose-antonio-gonzalez\/#primaryimage","url":"https:\/\/filles-de-la-charite.org\/wp-content\/uploads\/2026\/03\/WhatsApp-Image-2026-03-04-at-19.16.26.jpeg","contentUrl":"https:\/\/filles-de-la-charite.org\/wp-content\/uploads\/2026\/03\/WhatsApp-Image-2026-03-04-at-19.16.26.jpeg","width":1600,"height":900},{"@type":"BreadcrumbList","@id":"https:\/\/filles-de-la-charite.org\/it\/vida-entregada\/artigiani-di-pace-e-di-speranza-p-jose-antonio-gonzalez\/#breadcrumb","itemListElement":[{"@type":"ListItem","position":1,"name":"Given lifes","item":"https:\/\/filles-de-la-charite.org\/it\/vida-entregada\/"},{"@type":"ListItem","position":2,"name":"Artigiani di pace e di speranza &#8211; P. Jos\u00e9 Antonio Gonz\u00e1lez"}]},{"@type":"WebSite","@id":"https:\/\/filles-de-la-charite.org\/it\/#website","url":"https:\/\/filles-de-la-charite.org\/it\/","name":"Hijas de la Caridad","description":"L\u2019amour de J\u00e9sus nous presse \u00e0 prendre soin des personnes les plus d\u00e9munies","publisher":{"@id":"https:\/\/filles-de-la-charite.org\/it\/#organization"},"potentialAction":[{"@type":"SearchAction","target":{"@type":"EntryPoint","urlTemplate":"https:\/\/filles-de-la-charite.org\/it\/?s={search_term_string}"},"query-input":{"@type":"PropertyValueSpecification","valueRequired":true,"valueName":"search_term_string"}}],"inLanguage":"it-IT"},{"@type":"Organization","@id":"https:\/\/filles-de-la-charite.org\/it\/#organization","name":"Hijas de la Caridad","url":"https:\/\/filles-de-la-charite.org\/it\/","logo":{"@type":"ImageObject","inLanguage":"it-IT","@id":"https:\/\/filles-de-la-charite.org\/it\/#\/schema\/logo\/image\/","url":"https:\/\/filles-de-la-charite.org\/wp-content\/uploads\/2023\/03\/isotipo-Hijas-de-la-Caridad.png","contentUrl":"https:\/\/filles-de-la-charite.org\/wp-content\/uploads\/2023\/03\/isotipo-Hijas-de-la-Caridad.png","width":1417,"height":1417,"caption":"Hijas de la Caridad"},"image":{"@id":"https:\/\/filles-de-la-charite.org\/it\/#\/schema\/logo\/image\/"}}]}},"_links":{"self":[{"href":"https:\/\/filles-de-la-charite.org\/it\/wp-json\/wp\/v2\/vida-entregada\/49128","targetHints":{"allow":["GET"]}}],"collection":[{"href":"https:\/\/filles-de-la-charite.org\/it\/wp-json\/wp\/v2\/vida-entregada"}],"about":[{"href":"https:\/\/filles-de-la-charite.org\/it\/wp-json\/wp\/v2\/types\/vida-entregada"}],"wp:featuredmedia":[{"embeddable":true,"href":"https:\/\/filles-de-la-charite.org\/it\/wp-json\/wp\/v2\/media\/49129"}],"wp:attachment":[{"href":"https:\/\/filles-de-la-charite.org\/it\/wp-json\/wp\/v2\/media?parent=49128"}],"curies":[{"name":"wp","href":"https:\/\/api.w.org\/{rel}","templated":true}]}}

Artigiani di pace e di speranza &#8211; P. José Antonio González

<p>In questo video, P. José Antonio González, CM, Direttore Generale della Compagnia delle Figlie della Carità, ci offre una riflessione semplice e profonda sul tema della prossima Assemblea Generale: “Artigiane di pace e di speranza.” A partire da questo tema, ci invita ad accogliere tre chiamate essenziali per il nostro cammino: rinnovare la fiducia nel Signore, rinnovare il nostro impegno davanti al dolore del mondo e alla sofferenza dei poveri, e rafforzare la speranza, sapendo che Dio ha l’ultima parola. Un messaggio che incoraggia tutta la Compagnia a continuare a servire con fedeltà, audacia e speranza.</p>



<p></p>



<figure class="wp-block-embed is-type-video is-provider-youtube wp-block-embed-youtube wp-embed-aspect-16-9 wp-has-aspect-ratio"><div class="wp-block-embed__wrapper">
<iframe loading="lazy" title="IT Artigiani Di Pace E Di Speranza - P José Antonio González" width="1080" height="608" src="https://www.youtube.com/embed/cscEvj_F_qI?feature=oembed"  allow="accelerometer; autoplay; clipboard-write; encrypted-media; gyroscope; picture-in-picture; web-share" referrerpolicy="strict-origin-when-cross-origin" allowfullscreen></iframe>
</div></figure>

<!-- This site is optimized with the Yoast SEO plugin v27.5 - https://yoast.com/product/yoast-seo-wordpress/ -->
<title>Artigiani di pace e di speranza - P. José Antonio González - Filles de la Charité</title>
<meta name="robots" content="index, follow, max-snippet:-1, max-image-preview:large, max-video-preview:-1" />
<link rel="canonical" href="https://filles-de-la-charite.org/it/vida-entregada/artigiani-di-pace-e-di-speranza-p-jose-antonio-gonzalez/" />
<meta property="og:locale" content="it_IT" />
<meta property="og:type" content="article" />
<meta property="og:title" content="Artigiani di pace e di speranza - P. José Antonio González - Filles de la Charité" />
<meta property="og:description" content="In questo video, P. José Antonio González, CM, Direttore Generale della Compagnia delle Figlie della Carità, ci offre una riflessione semplice e profonda sul tema della prossima Assemblea Generale: “Artigiane di pace e di speranza.” A partire da questo tema, ci invita ad accogliere tre chiamate essenziali per il nostro cammino: rinnovare la fiducia nel [&hellip;]" />
<meta property="og:url" content="https://filles-de-la-charite.org/it/vida-entregada/artigiani-di-pace-e-di-speranza-p-jose-antonio-gonzalez/" />
<meta property="og:site_name" content="Filles de la Charité" />
<meta property="article:modified_time" content="2026-03-27T16:28:15+00:00" />
<meta property="og:image" content="https://filles-de-la-charite.org/wp-content/uploads/2026/03/WhatsApp-Image-2026-03-04-at-19.16.26.jpeg" />
	<meta property="og:image:width" content="1600" />
	<meta property="og:image:height" content="900" />
	<meta property="og:image:type" content="image/jpeg" />
<meta name="twitter:card" content="summary_large_image" />
<meta name="twitter:label1" content="Tempo di lettura stimato" />
	<meta name="twitter:data1" content="1 minuto" />
<script type="application/ld+json" class="yoast-schema-graph">{"@context":"https:\/\/schema.org","@graph":[{"@type":"WebPage","@id":"https:\/\/filles-de-la-charite.org\/it\/vida-entregada\/artigiani-di-pace-e-di-speranza-p-jose-antonio-gonzalez\/","url":"https:\/\/filles-de-la-charite.org\/it\/vida-entregada\/artigiani-di-pace-e-di-speranza-p-jose-antonio-gonzalez\/","name":"Artigiani di pace e di speranza - P. José Antonio González - Filles de la Charité","isPartOf":{"@id":"https:\/\/filles-de-la-charite.org\/it\/#website"},"primaryImageOfPage":{"@id":"https:\/\/filles-de-la-charite.org\/it\/vida-entregada\/artigiani-di-pace-e-di-speranza-p-jose-antonio-gonzalez\/#primaryimage"},"image":{"@id":"https:\/\/filles-de-la-charite.org\/it\/vida-entregada\/artigiani-di-pace-e-di-speranza-p-jose-antonio-gonzalez\/#primaryimage"},"thumbnailUrl":"https:\/\/filles-de-la-charite.org\/wp-content\/uploads\/2026\/03\/WhatsApp-Image-2026-03-04-at-19.16.26.jpeg","datePublished":"2026-03-11T20:00:50+00:00","dateModified":"2026-03-27T16:28:15+00:00","breadcrumb":{"@id":"https:\/\/filles-de-la-charite.org\/it\/vida-entregada\/artigiani-di-pace-e-di-speranza-p-jose-antonio-gonzalez\/#breadcrumb"},"inLanguage":"it-IT","potentialAction":[{"@type":"ReadAction","target":["https:\/\/filles-de-la-charite.org\/it\/vida-entregada\/artigiani-di-pace-e-di-speranza-p-jose-antonio-gonzalez\/"]}]},{"@type":"ImageObject","inLanguage":"it-IT","@id":"https:\/\/filles-de-la-charite.org\/it\/vida-entregada\/artigiani-di-pace-e-di-speranza-p-jose-antonio-gonzalez\/#primaryimage","url":"https:\/\/filles-de-la-charite.org\/wp-content\/uploads\/2026\/03\/WhatsApp-Image-2026-03-04-at-19.16.26.jpeg","contentUrl":"https:\/\/filles-de-la-charite.org\/wp-content\/uploads\/2026\/03\/WhatsApp-Image-2026-03-04-at-19.16.26.jpeg","width":1600,"height":900},{"@type":"BreadcrumbList","@id":"https:\/\/filles-de-la-charite.org\/it\/vida-entregada\/artigiani-di-pace-e-di-speranza-p-jose-antonio-gonzalez\/#breadcrumb","itemListElement":[{"@type":"ListItem","position":1,"name":"Given lifes","item":"https:\/\/filles-de-la-charite.org\/it\/vida-entregada\/"},{"@type":"ListItem","position":2,"name":"Artigiani di pace e di speranza &#8211; P. José Antonio González"}]},{"@type":"WebSite","@id":"https:\/\/filles-de-la-charite.org\/it\/#website","url":"https:\/\/filles-de-la-charite.org\/it\/","name":"Hijas de la Caridad","description":"L’amour de Jésus nous presse à prendre soin des personnes les plus démunies","publisher":{"@id":"https:\/\/filles-de-la-charite.org\/it\/#organization"},"potentialAction":[{"@type":"SearchAction","target":{"@type":"EntryPoint","urlTemplate":"https:\/\/filles-de-la-charite.org\/it\/?s={search_term_string}"},"query-input":{"@type":"PropertyValueSpecification","valueRequired":true,"valueName":"search_term_string"}}],"inLanguage":"it-IT"},{"@type":"Organization","@id":"https:\/\/filles-de-la-charite.org\/it\/#organization","name":"Hijas de la Caridad","url":"https:\/\/filles-de-la-charite.org\/it\/","logo":{"@type":"ImageObject","inLanguage":"it-IT","@id":"https:\/\/filles-de-la-charite.org\/it\/#\/schema\/logo\/image\/","url":"https:\/\/filles-de-la-charite.org\/wp-content\/uploads\/2023\/03\/isotipo-Hijas-de-la-Caridad.png","contentUrl":"https:\/\/filles-de-la-charite.org\/wp-content\/uploads\/2023\/03\/isotipo-Hijas-de-la-Caridad.png","width":1417,"height":1417,"caption":"Hijas de la Caridad"},"image":{"@id":"https:\/\/filles-de-la-charite.org\/it\/#\/schema\/logo\/image\/"}}]}</script>
<!-- / Yoast SEO plugin. -->

Artigiani di pace e di speranza - P. José Antonio González - Filles de la Charité

In questo video, P. José Antonio González, CM, Direttore Generale della Compagnia delle Figlie della Carità, ci offre una riflessione semplice e profonda sul tema della prossima Assemblea Generale: “Artigiane di pace e di speranza.” A partire da questo tema, ci invita ad accogliere tre chiamate essenziali per il nostro cammino: rinnovare la fiducia nel [&hellip;]

Filles de la Charité

L’amour de Jésus nous presse à prendre soin des personnes les plus démunies
