{"version":"1.0","provider_name":"Filles de la Charit\u00e9","provider_url":"https:\/\/filles-de-la-charite.org\/pl\/","title":"Z Maryj\u0105 - Perspektywa Wieczno\u015bci - Filles de la Charit\u00e9","type":"rich","width":600,"height":338,"html":"<blockquote class=\"wp-embedded-content\" data-secret=\"cFrj9BG5YD\"><a href=\"https:\/\/filles-de-la-charite.org\/pl\/rincon-oracion\/z-maryja-perspektywa-wiecznosci\/\">Z Maryj\u0105 &#8211; Perspektywa Wieczno\u015bci<\/a><\/blockquote><iframe sandbox=\"allow-scripts\" security=\"restricted\" src=\"https:\/\/filles-de-la-charite.org\/pl\/rincon-oracion\/z-maryja-perspektywa-wiecznosci\/embed\/#?secret=cFrj9BG5YD\" width=\"600\" height=\"338\" title=\"&#8222;Z Maryj\u0105 &#8211; Perspektywa Wieczno\u015bci&#8221; &#8212; Filles de la Charit\u00e9\" data-secret=\"cFrj9BG5YD\" frameborder=\"0\" marginwidth=\"0\" marginheight=\"0\" scrolling=\"no\" class=\"wp-embedded-content\"><\/iframe><script type=\"text\/javascript\">\n\/* <![CDATA[ *\/\n\/*! This file is auto-generated *\/\n!function(d,l){\"use strict\";l.querySelector&&d.addEventListener&&\"undefined\"!=typeof URL&&(d.wp=d.wp||{},d.wp.receiveEmbedMessage||(d.wp.receiveEmbedMessage=function(e){var t=e.data;if((t||t.secret||t.message||t.value)&&!\/[^a-zA-Z0-9]\/.test(t.secret)){for(var s,r,n,a=l.querySelectorAll('iframe[data-secret=\"'+t.secret+'\"]'),o=l.querySelectorAll('blockquote[data-secret=\"'+t.secret+'\"]'),c=new RegExp(\"^https?:$\",\"i\"),i=0;i<o.length;i++)o[i].style.display=\"none\";for(i=0;i<a.length;i++)s=a[i],e.source===s.contentWindow&&(s.removeAttribute(\"style\"),\"height\"===t.message?(1e3<(r=parseInt(t.value,10))?r=1e3:~~r<200&&(r=200),s.height=r):\"link\"===t.message&&(r=new URL(s.getAttribute(\"src\")),n=new URL(t.value),c.test(n.protocol))&&n.host===r.host&&l.activeElement===s&&(d.top.location.href=t.value))}},d.addEventListener(\"message\",d.wp.receiveEmbedMessage,!1),l.addEventListener(\"DOMContentLoaded\",function(){for(var e,t,s=l.querySelectorAll(\"iframe.wp-embedded-content\"),r=0;r<s.length;r++)(t=(e=s[r]).getAttribute(\"data-secret\"))||(t=Math.random().toString(36).substring(2,12),e.src+=\"#?secret=\"+t,e.setAttribute(\"data-secret\",t)),e.contentWindow.postMessage({message:\"ready\",secret:t},\"*\")},!1)))}(window,document);\n\/\/# sourceURL=https:\/\/filles-de-la-charite.org\/wp-includes\/js\/wp-embed.min.js\n\/* ]]> *\/\n<\/script>\n","thumbnail_url":"https:\/\/filles-de-la-charite.org\/wp-content\/uploads\/2024\/08\/PL-PC-August-2024.jpg","thumbnail_width":1280,"thumbnail_height":720,"description":"\u201eKa\u017cdy chrze\u015bcijanin powinien ca\u0142ym sercem kocha\u0107 Naj\u015bwi\u0119tsz\u0105 Dziewic\u0119 i odda\u0107 Jej cze\u015b\u0107 z powodu Jej niezwyk\u0142ej godno\u015bci i cn\u00f3t, jakimi B\u00f3g J\u0105 obdarowa\u0142, by by\u0142a Matk\u0105 Boga- Cz\u0142owieka\u201d. (M3, E777-778) Razem ze \u015bw. Ludwik\u0105 de Marillac pochylmy si\u0119 nad tajemnic\u0105 Wniebowzi\u0119cia Naj\u015bwi\u0119tszej Maryi Panny i tak jak ona z\u0142\u00f3\u017cmy ca\u0142\u0105 nasz\u0105 nadziej\u0119 w Bogu, \u017ce [&hellip;]"}

Filles de la Charité

Z Maryją - Perspektywa Wieczności - Filles de la Charité

<blockquote class="wp-embedded-content" data-secret="cFrj9BG5YD"><a href="https://filles-de-la-charite.org/pl/rincon-oracion/z-maryja-perspektywa-wiecznosci/">Z Maryją &#8211; Perspektywa Wieczności</a></blockquote><iframe sandbox="allow-scripts" security="restricted" src="https://filles-de-la-charite.org/pl/rincon-oracion/z-maryja-perspektywa-wiecznosci/embed/#?secret=cFrj9BG5YD" width="600" height="338" title="&#8222;Z Maryją &#8211; Perspektywa Wieczności&#8221; &#8212; Filles de la Charité" data-secret="cFrj9BG5YD" frameborder="0" marginwidth="0" marginheight="0" scrolling="no" class="wp-embedded-content"></iframe><script type="text/javascript">
/* <![CDATA[ */
/*! This file is auto-generated */
!function(d,l){"use strict";l.querySelector&&d.addEventListener&&"undefined"!=typeof URL&&(d.wp=d.wp||{},d.wp.receiveEmbedMessage||(d.wp.receiveEmbedMessage=function(e){var t=e.data;if((t||t.secret||t.message||t.value)&&!/[^a-zA-Z0-9]/.test(t.secret)){for(var s,r,n,a=l.querySelectorAll('iframe[data-secret="'+t.secret+'"]'),o=l.querySelectorAll('blockquote[data-secret="'+t.secret+'"]'),c=new RegExp("^https?:$","i"),i=0;i<o.length;i++)o[i].style.display="none";for(i=0;i<a.length;i++)s=a[i],e.source===s.contentWindow&&(s.removeAttribute("style"),"height"===t.message?(1e3<(r=parseInt(t.value,10))?r=1e3:~~r<200&&(r=200),s.height=r):"link"===t.message&&(r=new URL(s.getAttribute("src")),n=new URL(t.value),c.test(n.protocol))&&n.host===r.host&&l.activeElement===s&&(d.top.location.href=t.value))}},d.addEventListener("message",d.wp.receiveEmbedMessage,!1),l.addEventListener("DOMContentLoaded",function(){for(var e,t,s=l.querySelectorAll("iframe.wp-embedded-content"),r=0;r<s.length;r++)(t=(e=s[r]).getAttribute("data-secret"))||(t=Math.random().toString(36).substring(2,12),e.src+="#?secret="+t,e.setAttribute("data-secret",t)),e.contentWindow.postMessage({message:"ready",secret:t},"*")},!1)))}(window,document);
//# sourceURL=https://filles-de-la-charite.org/wp-includes/js/wp-embed.min.js
/* ]]> */
</script>

„Każdy chrześcijanin powinien całym sercem kochać Najświętszą Dziewicę i oddać Jej cześć z powodu Jej niezwykłej godności i cnót, jakimi Bóg Ją obdarował, by była Matką Boga- Człowieka”. (M3, E777-778) Razem ze św. Ludwiką de Marillac pochylmy się nad tajemnicą Wniebowzięcia Najświętszej Maryi Panny i tak jak ona złóżmy całą naszą nadzieję w Bogu, że [&hellip;]
