{"id":25884,"date":"2020-09-06T12:46:31","date_gmt":"2020-09-06T10:46:31","guid":{"rendered":"https:\/\/hijascaridad.sjdigitaldemo.ovh\/rincon-oracion\/prawa-czlowieka\/"},"modified":"2020-09-06T12:47:56","modified_gmt":"2020-09-06T10:47:56","slug":"prawa-czlowieka","status":"publish","type":"rincon-oracion","link":"https:\/\/filles-de-la-charite.org\/pl\/rincon-oracion\/prawa-czlowieka\/","title":{"rendered":"Prawa Cz\u0142owieka"},"content":{"rendered":"\n<p>Wcielenie [Jezusa] ukazuje nam w jasnym \u015bwietle i w zadziwiaj\u0105cy spos\u00f3b, \u017ce ka\u017cde \u017cycie ludzkie ma wielk\u0105, niezr\u00f3wnan\u0105 godno\u015b\u0107. Cz\u0142owiek jest w\u015br\u00f3d wszystkich \u017cywych stworze\u0144 na ziemi istot\u0105 wyj\u0105tkow\u0105 i niepor\u00f3wnywaln\u0105. Ze wzruszeniem i wdzi\u0119czno\u015bci\u0105 u\u015bwiadamiamy sobie niepor\u00f3wnywaln\u0105 z niczym warto\u015b\u0107 godno\u015bci ka\u017cdego cz\u0142owieka i nasz\u0105 wielk\u0105 odpowiedzialno\u015b\u0107 wobec wszystkich ludzi.<\/p>\n\n\n\n<figure class=\"wp-block-embed-youtube wp-block-embed is-type-video is-provider-youtube wp-embed-aspect-4-3 wp-has-aspect-ratio\"><div class=\"wp-block-embed__wrapper\">\n<iframe loading=\"lazy\" title=\"[PL 2020.09] Prawa cz\u0142owieka\" width=\"1080\" height=\"810\" src=\"https:\/\/www.youtube.com\/embed\/QPUPb7oRnOA?feature=oembed\"  allow=\"accelerometer; autoplay; clipboard-write; encrypted-media; gyroscope; picture-in-picture; web-share\" allowfullscreen><\/iframe>\n<\/div><\/figure>\n","protected":false},"featured_media":25885,"template":"","meta":{"_acf_changed":false,"_links_to":"","_links_to_target":""},"class_list":["post-25884","rincon-oracion","type-rincon-oracion","status-publish","has-post-thumbnail","hentry"],"acf":[],"yoast_head":"<!-- This site is optimized with the Yoast SEO plugin v27.5 - https:\/\/yoast.com\/product\/yoast-seo-wordpress\/ -->\n<title>Prawa Cz\u0142owieka - Filles de la Charit\u00e9<\/title>\n<meta name=\"robots\" content=\"index, follow, max-snippet:-1, max-image-preview:large, max-video-preview:-1\" \/>\n<link rel=\"canonical\" href=\"https:\/\/filles-de-la-charite.org\/pl\/rincon-oracion\/prawa-czlowieka\/\" \/>\n<meta property=\"og:locale\" content=\"pl_PL\" \/>\n<meta property=\"og:type\" content=\"article\" \/>\n<meta property=\"og:title\" content=\"Prawa Cz\u0142owieka - Filles de la Charit\u00e9\" \/>\n<meta property=\"og:description\" content=\"Wcielenie [Jezusa] ukazuje nam w jasnym \u015bwietle i w zadziwiaj\u0105cy spos\u00f3b, \u017ce ka\u017cde \u017cycie ludzkie ma wielk\u0105, niezr\u00f3wnan\u0105 godno\u015b\u0107. Cz\u0142owiek jest w\u015br\u00f3d wszystkich \u017cywych stworze\u0144 na ziemi istot\u0105 wyj\u0105tkow\u0105 i niepor\u00f3wnywaln\u0105. Ze wzruszeniem i wdzi\u0119czno\u015bci\u0105 u\u015bwiadamiamy sobie niepor\u00f3wnywaln\u0105 z niczym warto\u015b\u0107 godno\u015bci ka\u017cdego cz\u0142owieka i nasz\u0105 wielk\u0105 odpowiedzialno\u015b\u0107 wobec wszystkich ludzi.\" \/>\n<meta property=\"og:url\" content=\"https:\/\/filles-de-la-charite.org\/pl\/rincon-oracion\/prawa-czlowieka\/\" \/>\n<meta property=\"og:site_name\" content=\"Filles de la Charit\u00e9\" \/>\n<meta property=\"article:modified_time\" content=\"2020-09-06T10:47:56+00:00\" \/>\n<meta property=\"og:image\" content=\"https:\/\/filles-de-la-charite.org\/wp-content\/uploads\/2023\/06\/sddefault-1-2.jpg\" \/>\n\t<meta property=\"og:image:width\" content=\"640\" \/>\n\t<meta property=\"og:image:height\" content=\"480\" \/>\n\t<meta property=\"og:image:type\" content=\"image\/jpeg\" \/>\n<meta name=\"twitter:card\" content=\"summary_large_image\" \/>\n<script type=\"application\/ld+json\" class=\"yoast-schema-graph\">{\"@context\":\"https:\\\/\\\/schema.org\",\"@graph\":[{\"@type\":\"WebPage\",\"@id\":\"https:\\\/\\\/filles-de-la-charite.org\\\/pl\\\/rincon-oracion\\\/prawa-czlowieka\\\/\",\"url\":\"https:\\\/\\\/filles-de-la-charite.org\\\/pl\\\/rincon-oracion\\\/prawa-czlowieka\\\/\",\"name\":\"Prawa Cz\u0142owieka - Filles de la Charit\u00e9\",\"isPartOf\":{\"@id\":\"https:\\\/\\\/filles-de-la-charite.org\\\/pl\\\/#website\"},\"primaryImageOfPage\":{\"@id\":\"https:\\\/\\\/filles-de-la-charite.org\\\/pl\\\/rincon-oracion\\\/prawa-czlowieka\\\/#primaryimage\"},\"image\":{\"@id\":\"https:\\\/\\\/filles-de-la-charite.org\\\/pl\\\/rincon-oracion\\\/prawa-czlowieka\\\/#primaryimage\"},\"thumbnailUrl\":\"https:\\\/\\\/filles-de-la-charite.org\\\/wp-content\\\/uploads\\\/2023\\\/06\\\/sddefault-1-2.jpg\",\"datePublished\":\"2020-09-06T10:46:31+00:00\",\"dateModified\":\"2020-09-06T10:47:56+00:00\",\"inLanguage\":\"pl-PL\",\"potentialAction\":[{\"@type\":\"ReadAction\",\"target\":[\"https:\\\/\\\/filles-de-la-charite.org\\\/pl\\\/rincon-oracion\\\/prawa-czlowieka\\\/\"]}]},{\"@type\":\"ImageObject\",\"inLanguage\":\"pl-PL\",\"@id\":\"https:\\\/\\\/filles-de-la-charite.org\\\/pl\\\/rincon-oracion\\\/prawa-czlowieka\\\/#primaryimage\",\"url\":\"https:\\\/\\\/filles-de-la-charite.org\\\/wp-content\\\/uploads\\\/2023\\\/06\\\/sddefault-1-2.jpg\",\"contentUrl\":\"https:\\\/\\\/filles-de-la-charite.org\\\/wp-content\\\/uploads\\\/2023\\\/06\\\/sddefault-1-2.jpg\",\"width\":640,\"height\":480},{\"@type\":\"WebSite\",\"@id\":\"https:\\\/\\\/filles-de-la-charite.org\\\/pl\\\/#website\",\"url\":\"https:\\\/\\\/filles-de-la-charite.org\\\/pl\\\/\",\"name\":\"Hijas de la Caridad\",\"description\":\"L\u2019amour de J\u00e9sus nous presse \u00e0 prendre soin des personnes les plus d\u00e9munies\",\"publisher\":{\"@id\":\"https:\\\/\\\/filles-de-la-charite.org\\\/pl\\\/#organization\"},\"potentialAction\":[{\"@type\":\"SearchAction\",\"target\":{\"@type\":\"EntryPoint\",\"urlTemplate\":\"https:\\\/\\\/filles-de-la-charite.org\\\/pl\\\/?s={search_term_string}\"},\"query-input\":{\"@type\":\"PropertyValueSpecification\",\"valueRequired\":true,\"valueName\":\"search_term_string\"}}],\"inLanguage\":\"pl-PL\"},{\"@type\":\"Organization\",\"@id\":\"https:\\\/\\\/filles-de-la-charite.org\\\/pl\\\/#organization\",\"name\":\"Hijas de la Caridad\",\"url\":\"https:\\\/\\\/filles-de-la-charite.org\\\/pl\\\/\",\"logo\":{\"@type\":\"ImageObject\",\"inLanguage\":\"pl-PL\",\"@id\":\"https:\\\/\\\/filles-de-la-charite.org\\\/pl\\\/#\\\/schema\\\/logo\\\/image\\\/\",\"url\":\"https:\\\/\\\/filles-de-la-charite.org\\\/wp-content\\\/uploads\\\/2023\\\/03\\\/isotipo-Hijas-de-la-Caridad.png\",\"contentUrl\":\"https:\\\/\\\/filles-de-la-charite.org\\\/wp-content\\\/uploads\\\/2023\\\/03\\\/isotipo-Hijas-de-la-Caridad.png\",\"width\":1417,\"height\":1417,\"caption\":\"Hijas de la Caridad\"},\"image\":{\"@id\":\"https:\\\/\\\/filles-de-la-charite.org\\\/pl\\\/#\\\/schema\\\/logo\\\/image\\\/\"}}]}<\/script>\n<!-- \/ Yoast SEO plugin. -->","yoast_head_json":{"title":"Prawa Cz\u0142owieka - Filles de la Charit\u00e9","robots":{"index":"index","follow":"follow","max-snippet":"max-snippet:-1","max-image-preview":"max-image-preview:large","max-video-preview":"max-video-preview:-1"},"canonical":"https:\/\/filles-de-la-charite.org\/pl\/rincon-oracion\/prawa-czlowieka\/","og_locale":"pl_PL","og_type":"article","og_title":"Prawa Cz\u0142owieka - Filles de la Charit\u00e9","og_description":"Wcielenie [Jezusa] ukazuje nam w jasnym \u015bwietle i w zadziwiaj\u0105cy spos\u00f3b, \u017ce ka\u017cde \u017cycie ludzkie ma wielk\u0105, niezr\u00f3wnan\u0105 godno\u015b\u0107. Cz\u0142owiek jest w\u015br\u00f3d wszystkich \u017cywych stworze\u0144 na ziemi istot\u0105 wyj\u0105tkow\u0105 i niepor\u00f3wnywaln\u0105. Ze wzruszeniem i wdzi\u0119czno\u015bci\u0105 u\u015bwiadamiamy sobie niepor\u00f3wnywaln\u0105 z niczym warto\u015b\u0107 godno\u015bci ka\u017cdego cz\u0142owieka i nasz\u0105 wielk\u0105 odpowiedzialno\u015b\u0107 wobec wszystkich ludzi.","og_url":"https:\/\/filles-de-la-charite.org\/pl\/rincon-oracion\/prawa-czlowieka\/","og_site_name":"Filles de la Charit\u00e9","article_modified_time":"2020-09-06T10:47:56+00:00","og_image":[{"width":640,"height":480,"url":"https:\/\/filles-de-la-charite.org\/wp-content\/uploads\/2023\/06\/sddefault-1-2.jpg","type":"image\/jpeg"}],"twitter_card":"summary_large_image","schema":{"@context":"https:\/\/schema.org","@graph":[{"@type":"WebPage","@id":"https:\/\/filles-de-la-charite.org\/pl\/rincon-oracion\/prawa-czlowieka\/","url":"https:\/\/filles-de-la-charite.org\/pl\/rincon-oracion\/prawa-czlowieka\/","name":"Prawa Cz\u0142owieka - Filles de la Charit\u00e9","isPartOf":{"@id":"https:\/\/filles-de-la-charite.org\/pl\/#website"},"primaryImageOfPage":{"@id":"https:\/\/filles-de-la-charite.org\/pl\/rincon-oracion\/prawa-czlowieka\/#primaryimage"},"image":{"@id":"https:\/\/filles-de-la-charite.org\/pl\/rincon-oracion\/prawa-czlowieka\/#primaryimage"},"thumbnailUrl":"https:\/\/filles-de-la-charite.org\/wp-content\/uploads\/2023\/06\/sddefault-1-2.jpg","datePublished":"2020-09-06T10:46:31+00:00","dateModified":"2020-09-06T10:47:56+00:00","inLanguage":"pl-PL","potentialAction":[{"@type":"ReadAction","target":["https:\/\/filles-de-la-charite.org\/pl\/rincon-oracion\/prawa-czlowieka\/"]}]},{"@type":"ImageObject","inLanguage":"pl-PL","@id":"https:\/\/filles-de-la-charite.org\/pl\/rincon-oracion\/prawa-czlowieka\/#primaryimage","url":"https:\/\/filles-de-la-charite.org\/wp-content\/uploads\/2023\/06\/sddefault-1-2.jpg","contentUrl":"https:\/\/filles-de-la-charite.org\/wp-content\/uploads\/2023\/06\/sddefault-1-2.jpg","width":640,"height":480},{"@type":"WebSite","@id":"https:\/\/filles-de-la-charite.org\/pl\/#website","url":"https:\/\/filles-de-la-charite.org\/pl\/","name":"Hijas de la Caridad","description":"L\u2019amour de J\u00e9sus nous presse \u00e0 prendre soin des personnes les plus d\u00e9munies","publisher":{"@id":"https:\/\/filles-de-la-charite.org\/pl\/#organization"},"potentialAction":[{"@type":"SearchAction","target":{"@type":"EntryPoint","urlTemplate":"https:\/\/filles-de-la-charite.org\/pl\/?s={search_term_string}"},"query-input":{"@type":"PropertyValueSpecification","valueRequired":true,"valueName":"search_term_string"}}],"inLanguage":"pl-PL"},{"@type":"Organization","@id":"https:\/\/filles-de-la-charite.org\/pl\/#organization","name":"Hijas de la Caridad","url":"https:\/\/filles-de-la-charite.org\/pl\/","logo":{"@type":"ImageObject","inLanguage":"pl-PL","@id":"https:\/\/filles-de-la-charite.org\/pl\/#\/schema\/logo\/image\/","url":"https:\/\/filles-de-la-charite.org\/wp-content\/uploads\/2023\/03\/isotipo-Hijas-de-la-Caridad.png","contentUrl":"https:\/\/filles-de-la-charite.org\/wp-content\/uploads\/2023\/03\/isotipo-Hijas-de-la-Caridad.png","width":1417,"height":1417,"caption":"Hijas de la Caridad"},"image":{"@id":"https:\/\/filles-de-la-charite.org\/pl\/#\/schema\/logo\/image\/"}}]}},"_links":{"self":[{"href":"https:\/\/filles-de-la-charite.org\/pl\/wp-json\/wp\/v2\/rincon-oracion\/25884","targetHints":{"allow":["GET"]}}],"collection":[{"href":"https:\/\/filles-de-la-charite.org\/pl\/wp-json\/wp\/v2\/rincon-oracion"}],"about":[{"href":"https:\/\/filles-de-la-charite.org\/pl\/wp-json\/wp\/v2\/types\/rincon-oracion"}],"wp:featuredmedia":[{"embeddable":true,"href":"https:\/\/filles-de-la-charite.org\/pl\/wp-json\/wp\/v2\/media\/25885"}],"wp:attachment":[{"href":"https:\/\/filles-de-la-charite.org\/pl\/wp-json\/wp\/v2\/media?parent=25884"}],"curies":[{"name":"wp","href":"https:\/\/api.w.org\/{rel}","templated":true}]}}

Prawa Człowieka

<p>Wcielenie [Jezusa] ukazuje nam w jasnym świetle i w zadziwiający sposób, że każde życie ludzkie ma wielką, niezrównaną godność. Człowiek jest wśród wszystkich żywych stworzeń na ziemi istotą wyjątkową i nieporównywalną. Ze wzruszeniem i wdzięcznością uświadamiamy sobie nieporównywalną z niczym wartość godności każdego człowieka i naszą wielką odpowiedzialność wobec wszystkich ludzi.</p>



<figure class="wp-block-embed-youtube wp-block-embed is-type-video is-provider-youtube wp-embed-aspect-4-3 wp-has-aspect-ratio"><div class="wp-block-embed__wrapper">
<iframe loading="lazy" title="[PL 2020.09] Prawa człowieka" width="1080" height="810" src="https://www.youtube.com/embed/QPUPb7oRnOA?feature=oembed"  allow="accelerometer; autoplay; clipboard-write; encrypted-media; gyroscope; picture-in-picture; web-share" allowfullscreen></iframe>
</div></figure>

<!-- This site is optimized with the Yoast SEO plugin v27.5 - https://yoast.com/product/yoast-seo-wordpress/ -->
<title>Prawa Człowieka - Filles de la Charité</title>
<meta name="robots" content="index, follow, max-snippet:-1, max-image-preview:large, max-video-preview:-1" />
<link rel="canonical" href="https://filles-de-la-charite.org/pl/rincon-oracion/prawa-czlowieka/" />
<meta property="og:locale" content="pl_PL" />
<meta property="og:type" content="article" />
<meta property="og:title" content="Prawa Człowieka - Filles de la Charité" />
<meta property="og:description" content="Wcielenie [Jezusa] ukazuje nam w jasnym świetle i w zadziwiający sposób, że każde życie ludzkie ma wielką, niezrównaną godność. Człowiek jest wśród wszystkich żywych stworzeń na ziemi istotą wyjątkową i nieporównywalną. Ze wzruszeniem i wdzięcznością uświadamiamy sobie nieporównywalną z niczym wartość godności każdego człowieka i naszą wielką odpowiedzialność wobec wszystkich ludzi." />
<meta property="og:url" content="https://filles-de-la-charite.org/pl/rincon-oracion/prawa-czlowieka/" />
<meta property="og:site_name" content="Filles de la Charité" />
<meta property="article:modified_time" content="2020-09-06T10:47:56+00:00" />
<meta property="og:image" content="https://filles-de-la-charite.org/wp-content/uploads/2023/06/sddefault-1-2.jpg" />
	<meta property="og:image:width" content="640" />
	<meta property="og:image:height" content="480" />
	<meta property="og:image:type" content="image/jpeg" />
<meta name="twitter:card" content="summary_large_image" />
<script type="application/ld+json" class="yoast-schema-graph">{"@context":"https:\/\/schema.org","@graph":[{"@type":"WebPage","@id":"https:\/\/filles-de-la-charite.org\/pl\/rincon-oracion\/prawa-czlowieka\/","url":"https:\/\/filles-de-la-charite.org\/pl\/rincon-oracion\/prawa-czlowieka\/","name":"Prawa Człowieka - Filles de la Charité","isPartOf":{"@id":"https:\/\/filles-de-la-charite.org\/pl\/#website"},"primaryImageOfPage":{"@id":"https:\/\/filles-de-la-charite.org\/pl\/rincon-oracion\/prawa-czlowieka\/#primaryimage"},"image":{"@id":"https:\/\/filles-de-la-charite.org\/pl\/rincon-oracion\/prawa-czlowieka\/#primaryimage"},"thumbnailUrl":"https:\/\/filles-de-la-charite.org\/wp-content\/uploads\/2023\/06\/sddefault-1-2.jpg","datePublished":"2020-09-06T10:46:31+00:00","dateModified":"2020-09-06T10:47:56+00:00","inLanguage":"pl-PL","potentialAction":[{"@type":"ReadAction","target":["https:\/\/filles-de-la-charite.org\/pl\/rincon-oracion\/prawa-czlowieka\/"]}]},{"@type":"ImageObject","inLanguage":"pl-PL","@id":"https:\/\/filles-de-la-charite.org\/pl\/rincon-oracion\/prawa-czlowieka\/#primaryimage","url":"https:\/\/filles-de-la-charite.org\/wp-content\/uploads\/2023\/06\/sddefault-1-2.jpg","contentUrl":"https:\/\/filles-de-la-charite.org\/wp-content\/uploads\/2023\/06\/sddefault-1-2.jpg","width":640,"height":480},{"@type":"WebSite","@id":"https:\/\/filles-de-la-charite.org\/pl\/#website","url":"https:\/\/filles-de-la-charite.org\/pl\/","name":"Hijas de la Caridad","description":"L’amour de Jésus nous presse à prendre soin des personnes les plus démunies","publisher":{"@id":"https:\/\/filles-de-la-charite.org\/pl\/#organization"},"potentialAction":[{"@type":"SearchAction","target":{"@type":"EntryPoint","urlTemplate":"https:\/\/filles-de-la-charite.org\/pl\/?s={search_term_string}"},"query-input":{"@type":"PropertyValueSpecification","valueRequired":true,"valueName":"search_term_string"}}],"inLanguage":"pl-PL"},{"@type":"Organization","@id":"https:\/\/filles-de-la-charite.org\/pl\/#organization","name":"Hijas de la Caridad","url":"https:\/\/filles-de-la-charite.org\/pl\/","logo":{"@type":"ImageObject","inLanguage":"pl-PL","@id":"https:\/\/filles-de-la-charite.org\/pl\/#\/schema\/logo\/image\/","url":"https:\/\/filles-de-la-charite.org\/wp-content\/uploads\/2023\/03\/isotipo-Hijas-de-la-Caridad.png","contentUrl":"https:\/\/filles-de-la-charite.org\/wp-content\/uploads\/2023\/03\/isotipo-Hijas-de-la-Caridad.png","width":1417,"height":1417,"caption":"Hijas de la Caridad"},"image":{"@id":"https:\/\/filles-de-la-charite.org\/pl\/#\/schema\/logo\/image\/"}}]}</script>
<!-- / Yoast SEO plugin. -->

Prawa Człowieka - Filles de la Charité

Wcielenie [Jezusa] ukazuje nam w jasnym świetle i w zadziwiający sposób, że każde życie ludzkie ma wielką, niezrównaną godność. Człowiek jest wśród wszystkich żywych stworzeń na ziemi istotą wyjątkową i nieporównywalną. Ze wzruszeniem i wdzięcznością uświadamiamy sobie nieporównywalną z niczym wartość godności każdego człowieka i naszą wielką odpowiedzialność wobec wszystkich ludzi.

Filles de la Charité

L’amour de Jésus nous presse à prendre soin des personnes les plus démunies
