{"id":25906,"date":"2020-11-24T17:30:17","date_gmt":"2020-11-24T16:30:17","guid":{"rendered":"https:\/\/hijascaridad.sjdigitaldemo.ovh\/rincon-oracion\/cudowny-medalik\/"},"modified":"2020-11-24T17:38:44","modified_gmt":"2020-11-24T16:38:44","slug":"cudowny-medalik","status":"publish","type":"rincon-oracion","link":"https:\/\/filles-de-la-charite.org\/pl\/rincon-oracion\/cudowny-medalik\/","title":{"rendered":"Cudowny Medalik"},"content":{"rendered":"\n<p>Dnia 27 listopada 1830 r. Naj\u015bwi\u0119tsza Maryja Panna ukaza\u0142a si\u0119 \u015bw. Katarzynie Labour\u00e9, Siostrze Mi\u0142osierdzia \u015bw. Wincentego a Paulo. Siostra Katarzyna by\u0142a Siostr\u0105 Seminarzystk\u0105 (nowicjuszk\u0105), kiedy zosta\u0142a zaszczycona wizyt\u0105 Maryi. Maryja raczy\u0142a si\u0119 objawi\u0107 Siostrze Katarzynie, a przez ni\u0105 ca\u0142emu Zgromadzeniu. Wydaje si\u0119, \u017ce wybra\u0142a Siostr\u0119 Seminarzystk\u0119, aby nikt w Zgromadzeniu nie m\u00f3g\u0142 uwa\u017ca\u0107 si\u0119 za wykluczon\u0105 z or\u0119dzia, kt\u00f3re przez ni\u0105 powierzy\u0142a.<\/p>\n\n\n\n<figure class=\"wp-block-embed-youtube wp-block-embed is-type-video is-provider-youtube wp-embed-aspect-16-9 wp-has-aspect-ratio\"><div class=\"wp-block-embed__wrapper\">\n<iframe loading=\"lazy\" title=\"[PL 2020.11] Cudowny Medalik\" width=\"1080\" height=\"608\" src=\"https:\/\/www.youtube.com\/embed\/i6Nh-VDRBc0?feature=oembed\"  allow=\"accelerometer; autoplay; clipboard-write; encrypted-media; gyroscope; picture-in-picture; web-share\" referrerpolicy=\"strict-origin-when-cross-origin\" allowfullscreen><\/iframe>\n<\/div><\/figure>\n","protected":false},"featured_media":25907,"template":"","meta":{"_acf_changed":false,"_links_to":"","_links_to_target":""},"class_list":["post-25906","rincon-oracion","type-rincon-oracion","status-publish","has-post-thumbnail","hentry"],"acf":[],"yoast_head":"<!-- This site is optimized with the Yoast SEO plugin v27.5 - https:\/\/yoast.com\/product\/yoast-seo-wordpress\/ -->\n<title>Cudowny Medalik - Filles de la Charit\u00e9<\/title>\n<meta name=\"robots\" content=\"index, follow, max-snippet:-1, max-image-preview:large, max-video-preview:-1\" \/>\n<link rel=\"canonical\" href=\"https:\/\/filles-de-la-charite.org\/pl\/rincon-oracion\/cudowny-medalik\/\" \/>\n<meta property=\"og:locale\" content=\"pl_PL\" \/>\n<meta property=\"og:type\" content=\"article\" \/>\n<meta property=\"og:title\" content=\"Cudowny Medalik - Filles de la Charit\u00e9\" \/>\n<meta property=\"og:description\" content=\"Dnia 27 listopada 1830 r. Naj\u015bwi\u0119tsza Maryja Panna ukaza\u0142a si\u0119 \u015bw. Katarzynie Labour\u00e9, Siostrze Mi\u0142osierdzia \u015bw. Wincentego a Paulo. Siostra Katarzyna by\u0142a Siostr\u0105 Seminarzystk\u0105 (nowicjuszk\u0105), kiedy zosta\u0142a zaszczycona wizyt\u0105 Maryi. Maryja raczy\u0142a si\u0119 objawi\u0107 Siostrze Katarzynie, a przez ni\u0105 ca\u0142emu Zgromadzeniu. Wydaje si\u0119, \u017ce wybra\u0142a Siostr\u0119 Seminarzystk\u0119, aby nikt w Zgromadzeniu nie m\u00f3g\u0142 uwa\u017ca\u0107 si\u0119 [&hellip;]\" \/>\n<meta property=\"og:url\" content=\"https:\/\/filles-de-la-charite.org\/pl\/rincon-oracion\/cudowny-medalik\/\" \/>\n<meta property=\"og:site_name\" content=\"Filles de la Charit\u00e9\" \/>\n<meta property=\"article:modified_time\" content=\"2020-11-24T16:38:44+00:00\" \/>\n<meta property=\"og:image\" content=\"https:\/\/filles-de-la-charite.org\/wp-content\/uploads\/2023\/06\/DiapositivaPL.jpg\" \/>\n\t<meta property=\"og:image:width\" content=\"1280\" \/>\n\t<meta property=\"og:image:height\" content=\"720\" \/>\n\t<meta property=\"og:image:type\" content=\"image\/jpeg\" \/>\n<meta name=\"twitter:card\" content=\"summary_large_image\" \/>\n<script type=\"application\/ld+json\" class=\"yoast-schema-graph\">{\"@context\":\"https:\\\/\\\/schema.org\",\"@graph\":[{\"@type\":\"WebPage\",\"@id\":\"https:\\\/\\\/filles-de-la-charite.org\\\/pl\\\/rincon-oracion\\\/cudowny-medalik\\\/\",\"url\":\"https:\\\/\\\/filles-de-la-charite.org\\\/pl\\\/rincon-oracion\\\/cudowny-medalik\\\/\",\"name\":\"Cudowny Medalik - Filles de la Charit\u00e9\",\"isPartOf\":{\"@id\":\"https:\\\/\\\/filles-de-la-charite.org\\\/pl\\\/#website\"},\"primaryImageOfPage\":{\"@id\":\"https:\\\/\\\/filles-de-la-charite.org\\\/pl\\\/rincon-oracion\\\/cudowny-medalik\\\/#primaryimage\"},\"image\":{\"@id\":\"https:\\\/\\\/filles-de-la-charite.org\\\/pl\\\/rincon-oracion\\\/cudowny-medalik\\\/#primaryimage\"},\"thumbnailUrl\":\"https:\\\/\\\/filles-de-la-charite.org\\\/wp-content\\\/uploads\\\/2023\\\/06\\\/DiapositivaPL.jpg\",\"datePublished\":\"2020-11-24T16:30:17+00:00\",\"dateModified\":\"2020-11-24T16:38:44+00:00\",\"inLanguage\":\"pl-PL\",\"potentialAction\":[{\"@type\":\"ReadAction\",\"target\":[\"https:\\\/\\\/filles-de-la-charite.org\\\/pl\\\/rincon-oracion\\\/cudowny-medalik\\\/\"]}]},{\"@type\":\"ImageObject\",\"inLanguage\":\"pl-PL\",\"@id\":\"https:\\\/\\\/filles-de-la-charite.org\\\/pl\\\/rincon-oracion\\\/cudowny-medalik\\\/#primaryimage\",\"url\":\"https:\\\/\\\/filles-de-la-charite.org\\\/wp-content\\\/uploads\\\/2023\\\/06\\\/DiapositivaPL.jpg\",\"contentUrl\":\"https:\\\/\\\/filles-de-la-charite.org\\\/wp-content\\\/uploads\\\/2023\\\/06\\\/DiapositivaPL.jpg\",\"width\":1280,\"height\":720},{\"@type\":\"WebSite\",\"@id\":\"https:\\\/\\\/filles-de-la-charite.org\\\/pl\\\/#website\",\"url\":\"https:\\\/\\\/filles-de-la-charite.org\\\/pl\\\/\",\"name\":\"Hijas de la Caridad\",\"description\":\"L\u2019amour de J\u00e9sus nous presse \u00e0 prendre soin des personnes les plus d\u00e9munies\",\"publisher\":{\"@id\":\"https:\\\/\\\/filles-de-la-charite.org\\\/pl\\\/#organization\"},\"potentialAction\":[{\"@type\":\"SearchAction\",\"target\":{\"@type\":\"EntryPoint\",\"urlTemplate\":\"https:\\\/\\\/filles-de-la-charite.org\\\/pl\\\/?s={search_term_string}\"},\"query-input\":{\"@type\":\"PropertyValueSpecification\",\"valueRequired\":true,\"valueName\":\"search_term_string\"}}],\"inLanguage\":\"pl-PL\"},{\"@type\":\"Organization\",\"@id\":\"https:\\\/\\\/filles-de-la-charite.org\\\/pl\\\/#organization\",\"name\":\"Hijas de la Caridad\",\"url\":\"https:\\\/\\\/filles-de-la-charite.org\\\/pl\\\/\",\"logo\":{\"@type\":\"ImageObject\",\"inLanguage\":\"pl-PL\",\"@id\":\"https:\\\/\\\/filles-de-la-charite.org\\\/pl\\\/#\\\/schema\\\/logo\\\/image\\\/\",\"url\":\"https:\\\/\\\/filles-de-la-charite.org\\\/wp-content\\\/uploads\\\/2023\\\/03\\\/isotipo-Hijas-de-la-Caridad.png\",\"contentUrl\":\"https:\\\/\\\/filles-de-la-charite.org\\\/wp-content\\\/uploads\\\/2023\\\/03\\\/isotipo-Hijas-de-la-Caridad.png\",\"width\":1417,\"height\":1417,\"caption\":\"Hijas de la Caridad\"},\"image\":{\"@id\":\"https:\\\/\\\/filles-de-la-charite.org\\\/pl\\\/#\\\/schema\\\/logo\\\/image\\\/\"}}]}<\/script>\n<!-- \/ Yoast SEO plugin. -->","yoast_head_json":{"title":"Cudowny Medalik - Filles de la Charit\u00e9","robots":{"index":"index","follow":"follow","max-snippet":"max-snippet:-1","max-image-preview":"max-image-preview:large","max-video-preview":"max-video-preview:-1"},"canonical":"https:\/\/filles-de-la-charite.org\/pl\/rincon-oracion\/cudowny-medalik\/","og_locale":"pl_PL","og_type":"article","og_title":"Cudowny Medalik - Filles de la Charit\u00e9","og_description":"Dnia 27 listopada 1830 r. Naj\u015bwi\u0119tsza Maryja Panna ukaza\u0142a si\u0119 \u015bw. Katarzynie Labour\u00e9, Siostrze Mi\u0142osierdzia \u015bw. Wincentego a Paulo. Siostra Katarzyna by\u0142a Siostr\u0105 Seminarzystk\u0105 (nowicjuszk\u0105), kiedy zosta\u0142a zaszczycona wizyt\u0105 Maryi. Maryja raczy\u0142a si\u0119 objawi\u0107 Siostrze Katarzynie, a przez ni\u0105 ca\u0142emu Zgromadzeniu. Wydaje si\u0119, \u017ce wybra\u0142a Siostr\u0119 Seminarzystk\u0119, aby nikt w Zgromadzeniu nie m\u00f3g\u0142 uwa\u017ca\u0107 si\u0119 [&hellip;]","og_url":"https:\/\/filles-de-la-charite.org\/pl\/rincon-oracion\/cudowny-medalik\/","og_site_name":"Filles de la Charit\u00e9","article_modified_time":"2020-11-24T16:38:44+00:00","og_image":[{"width":1280,"height":720,"url":"https:\/\/filles-de-la-charite.org\/wp-content\/uploads\/2023\/06\/DiapositivaPL.jpg","type":"image\/jpeg"}],"twitter_card":"summary_large_image","schema":{"@context":"https:\/\/schema.org","@graph":[{"@type":"WebPage","@id":"https:\/\/filles-de-la-charite.org\/pl\/rincon-oracion\/cudowny-medalik\/","url":"https:\/\/filles-de-la-charite.org\/pl\/rincon-oracion\/cudowny-medalik\/","name":"Cudowny Medalik - Filles de la Charit\u00e9","isPartOf":{"@id":"https:\/\/filles-de-la-charite.org\/pl\/#website"},"primaryImageOfPage":{"@id":"https:\/\/filles-de-la-charite.org\/pl\/rincon-oracion\/cudowny-medalik\/#primaryimage"},"image":{"@id":"https:\/\/filles-de-la-charite.org\/pl\/rincon-oracion\/cudowny-medalik\/#primaryimage"},"thumbnailUrl":"https:\/\/filles-de-la-charite.org\/wp-content\/uploads\/2023\/06\/DiapositivaPL.jpg","datePublished":"2020-11-24T16:30:17+00:00","dateModified":"2020-11-24T16:38:44+00:00","inLanguage":"pl-PL","potentialAction":[{"@type":"ReadAction","target":["https:\/\/filles-de-la-charite.org\/pl\/rincon-oracion\/cudowny-medalik\/"]}]},{"@type":"ImageObject","inLanguage":"pl-PL","@id":"https:\/\/filles-de-la-charite.org\/pl\/rincon-oracion\/cudowny-medalik\/#primaryimage","url":"https:\/\/filles-de-la-charite.org\/wp-content\/uploads\/2023\/06\/DiapositivaPL.jpg","contentUrl":"https:\/\/filles-de-la-charite.org\/wp-content\/uploads\/2023\/06\/DiapositivaPL.jpg","width":1280,"height":720},{"@type":"WebSite","@id":"https:\/\/filles-de-la-charite.org\/pl\/#website","url":"https:\/\/filles-de-la-charite.org\/pl\/","name":"Hijas de la Caridad","description":"L\u2019amour de J\u00e9sus nous presse \u00e0 prendre soin des personnes les plus d\u00e9munies","publisher":{"@id":"https:\/\/filles-de-la-charite.org\/pl\/#organization"},"potentialAction":[{"@type":"SearchAction","target":{"@type":"EntryPoint","urlTemplate":"https:\/\/filles-de-la-charite.org\/pl\/?s={search_term_string}"},"query-input":{"@type":"PropertyValueSpecification","valueRequired":true,"valueName":"search_term_string"}}],"inLanguage":"pl-PL"},{"@type":"Organization","@id":"https:\/\/filles-de-la-charite.org\/pl\/#organization","name":"Hijas de la Caridad","url":"https:\/\/filles-de-la-charite.org\/pl\/","logo":{"@type":"ImageObject","inLanguage":"pl-PL","@id":"https:\/\/filles-de-la-charite.org\/pl\/#\/schema\/logo\/image\/","url":"https:\/\/filles-de-la-charite.org\/wp-content\/uploads\/2023\/03\/isotipo-Hijas-de-la-Caridad.png","contentUrl":"https:\/\/filles-de-la-charite.org\/wp-content\/uploads\/2023\/03\/isotipo-Hijas-de-la-Caridad.png","width":1417,"height":1417,"caption":"Hijas de la Caridad"},"image":{"@id":"https:\/\/filles-de-la-charite.org\/pl\/#\/schema\/logo\/image\/"}}]}},"_links":{"self":[{"href":"https:\/\/filles-de-la-charite.org\/pl\/wp-json\/wp\/v2\/rincon-oracion\/25906","targetHints":{"allow":["GET"]}}],"collection":[{"href":"https:\/\/filles-de-la-charite.org\/pl\/wp-json\/wp\/v2\/rincon-oracion"}],"about":[{"href":"https:\/\/filles-de-la-charite.org\/pl\/wp-json\/wp\/v2\/types\/rincon-oracion"}],"wp:featuredmedia":[{"embeddable":true,"href":"https:\/\/filles-de-la-charite.org\/pl\/wp-json\/wp\/v2\/media\/25907"}],"wp:attachment":[{"href":"https:\/\/filles-de-la-charite.org\/pl\/wp-json\/wp\/v2\/media?parent=25906"}],"curies":[{"name":"wp","href":"https:\/\/api.w.org\/{rel}","templated":true}]}}

<p>Dnia 27 listopada 1830 r. Najświętsza Maryja Panna ukazała się św. Katarzynie Labouré, Siostrze Miłosierdzia św. Wincentego a Paulo. Siostra Katarzyna była Siostrą Seminarzystką (nowicjuszką), kiedy została zaszczycona wizytą Maryi. Maryja raczyła się objawić Siostrze Katarzynie, a przez nią całemu Zgromadzeniu. Wydaje się, że wybrała Siostrę Seminarzystkę, aby nikt w Zgromadzeniu nie mógł uważać się za wykluczoną z orędzia, które przez nią powierzyła.</p>



<figure class="wp-block-embed-youtube wp-block-embed is-type-video is-provider-youtube wp-embed-aspect-16-9 wp-has-aspect-ratio"><div class="wp-block-embed__wrapper">
<iframe loading="lazy" title="[PL 2020.11] Cudowny Medalik" width="1080" height="608" src="https://www.youtube.com/embed/i6Nh-VDRBc0?feature=oembed"  allow="accelerometer; autoplay; clipboard-write; encrypted-media; gyroscope; picture-in-picture; web-share" referrerpolicy="strict-origin-when-cross-origin" allowfullscreen></iframe>
</div></figure>

<!-- This site is optimized with the Yoast SEO plugin v27.5 - https://yoast.com/product/yoast-seo-wordpress/ -->
<title>Cudowny Medalik - Filles de la Charité</title>
<meta name="robots" content="index, follow, max-snippet:-1, max-image-preview:large, max-video-preview:-1" />
<link rel="canonical" href="https://filles-de-la-charite.org/pl/rincon-oracion/cudowny-medalik/" />
<meta property="og:locale" content="pl_PL" />
<meta property="og:type" content="article" />
<meta property="og:title" content="Cudowny Medalik - Filles de la Charité" />
<meta property="og:description" content="Dnia 27 listopada 1830 r. Najświętsza Maryja Panna ukazała się św. Katarzynie Labouré, Siostrze Miłosierdzia św. Wincentego a Paulo. Siostra Katarzyna była Siostrą Seminarzystką (nowicjuszką), kiedy została zaszczycona wizytą Maryi. Maryja raczyła się objawić Siostrze Katarzynie, a przez nią całemu Zgromadzeniu. Wydaje się, że wybrała Siostrę Seminarzystkę, aby nikt w Zgromadzeniu nie mógł uważać się [&hellip;]" />
<meta property="og:url" content="https://filles-de-la-charite.org/pl/rincon-oracion/cudowny-medalik/" />
<meta property="og:site_name" content="Filles de la Charité" />
<meta property="article:modified_time" content="2020-11-24T16:38:44+00:00" />
<meta property="og:image" content="https://filles-de-la-charite.org/wp-content/uploads/2023/06/DiapositivaPL.jpg" />
	<meta property="og:image:width" content="1280" />
	<meta property="og:image:height" content="720" />
	<meta property="og:image:type" content="image/jpeg" />
<meta name="twitter:card" content="summary_large_image" />
<script type="application/ld+json" class="yoast-schema-graph">{"@context":"https:\/\/schema.org","@graph":[{"@type":"WebPage","@id":"https:\/\/filles-de-la-charite.org\/pl\/rincon-oracion\/cudowny-medalik\/","url":"https:\/\/filles-de-la-charite.org\/pl\/rincon-oracion\/cudowny-medalik\/","name":"Cudowny Medalik - Filles de la Charité","isPartOf":{"@id":"https:\/\/filles-de-la-charite.org\/pl\/#website"},"primaryImageOfPage":{"@id":"https:\/\/filles-de-la-charite.org\/pl\/rincon-oracion\/cudowny-medalik\/#primaryimage"},"image":{"@id":"https:\/\/filles-de-la-charite.org\/pl\/rincon-oracion\/cudowny-medalik\/#primaryimage"},"thumbnailUrl":"https:\/\/filles-de-la-charite.org\/wp-content\/uploads\/2023\/06\/DiapositivaPL.jpg","datePublished":"2020-11-24T16:30:17+00:00","dateModified":"2020-11-24T16:38:44+00:00","inLanguage":"pl-PL","potentialAction":[{"@type":"ReadAction","target":["https:\/\/filles-de-la-charite.org\/pl\/rincon-oracion\/cudowny-medalik\/"]}]},{"@type":"ImageObject","inLanguage":"pl-PL","@id":"https:\/\/filles-de-la-charite.org\/pl\/rincon-oracion\/cudowny-medalik\/#primaryimage","url":"https:\/\/filles-de-la-charite.org\/wp-content\/uploads\/2023\/06\/DiapositivaPL.jpg","contentUrl":"https:\/\/filles-de-la-charite.org\/wp-content\/uploads\/2023\/06\/DiapositivaPL.jpg","width":1280,"height":720},{"@type":"WebSite","@id":"https:\/\/filles-de-la-charite.org\/pl\/#website","url":"https:\/\/filles-de-la-charite.org\/pl\/","name":"Hijas de la Caridad","description":"L’amour de Jésus nous presse à prendre soin des personnes les plus démunies","publisher":{"@id":"https:\/\/filles-de-la-charite.org\/pl\/#organization"},"potentialAction":[{"@type":"SearchAction","target":{"@type":"EntryPoint","urlTemplate":"https:\/\/filles-de-la-charite.org\/pl\/?s={search_term_string}"},"query-input":{"@type":"PropertyValueSpecification","valueRequired":true,"valueName":"search_term_string"}}],"inLanguage":"pl-PL"},{"@type":"Organization","@id":"https:\/\/filles-de-la-charite.org\/pl\/#organization","name":"Hijas de la Caridad","url":"https:\/\/filles-de-la-charite.org\/pl\/","logo":{"@type":"ImageObject","inLanguage":"pl-PL","@id":"https:\/\/filles-de-la-charite.org\/pl\/#\/schema\/logo\/image\/","url":"https:\/\/filles-de-la-charite.org\/wp-content\/uploads\/2023\/03\/isotipo-Hijas-de-la-Caridad.png","contentUrl":"https:\/\/filles-de-la-charite.org\/wp-content\/uploads\/2023\/03\/isotipo-Hijas-de-la-Caridad.png","width":1417,"height":1417,"caption":"Hijas de la Caridad"},"image":{"@id":"https:\/\/filles-de-la-charite.org\/pl\/#\/schema\/logo\/image\/"}}]}</script>
<!-- / Yoast SEO plugin. -->

Cudowny Medalik - Filles de la Charité

Dnia 27 listopada 1830 r. Najświętsza Maryja Panna ukazała się św. Katarzynie Labouré, Siostrze Miłosierdzia św. Wincentego a Paulo. Siostra Katarzyna była Siostrą Seminarzystką (nowicjuszką), kiedy została zaszczycona wizytą Maryi. Maryja raczyła się objawić Siostrze Katarzynie, a przez nią całemu Zgromadzeniu. Wydaje się, że wybrała Siostrę Seminarzystkę, aby nikt w Zgromadzeniu nie mógł uważać się [&hellip;]

Filles de la Charité

L’amour de Jésus nous presse à prendre soin des personnes les plus démunies
