{"id":26056,"date":"2023-01-31T23:00:00","date_gmt":"2023-01-31T22:00:00","guid":{"rendered":"https:\/\/hijascaridad.sjdigitaldemo.ovh\/rincon-oracion\/swieta-ludwika-de-marillac-mistyka-ducha-swietego\/"},"modified":"2023-01-31T23:00:00","modified_gmt":"2023-01-31T22:00:00","slug":"swieta-ludwika-de-marillac-mistyka-ducha-swietego","status":"publish","type":"rincon-oracion","link":"https:\/\/filles-de-la-charite.org\/pl\/rincon-oracion\/swieta-ludwika-de-marillac-mistyka-ducha-swietego\/","title":{"rendered":"\u015awi\u0119ta Ludwika de Marillac: Mistyka Ducha \u015awi\u0119tego"},"content":{"rendered":"\n<p>\"\u017bycie duchowe \u015bw. Ludwiki charakteryzuje si\u0119 w spos\u00f3b szczeg\u00f3lny sta\u0142\u0105 otwarto\u015bci\u0105 na Ducha \u015awi\u0119tego. W jednej z tych intuicji, kt\u00f3re nosz\u0105 znami\u0119 ich autentyczno\u015bci, po\u0142\u0105czy\u0142a nabo\u017ce\u0144stwo do \"Tak \" Zwiastowania z nabo\u017ce\u0144stwem do \u015bwi\u0119ta Pi\u0119\u0107dziesi\u0105tnicy. Podobnie jak Dziewica Maryja, nape\u0142niona \u0142ask\u0105 mocy Ducha \u015awi\u0119tego i obecna u boku Aposto\u0142\u00f3w od pocz\u0105tk\u00f3w Ko\u015bcio\u0142a, odnajdywa\u0142a w dzia\u0142aniu Boga \u017ar\u00f3d\u0142o w\u0142asnej si\u0142y, czu\u0142a, \u017ce wierno\u015b\u0107 Zgromadzenia b\u0119dzie zakorzeniona w \"fiat\" Maryi, jego wzoru i przewodniczki. Wiedzia\u0142a, jak sprawi\u0107, by duch modlitwy wzrasta\u0142 w innych, na wz\u00f3r Maryi\". <em>(\u015aw. Jan Pawe\u0142 II z okazji 400. rocznicy urodzin \u015bw. Ludwiki)<\/em><\/p>\n\n\n\n<figure class=\"wp-block-embed aligncenter is-type-video is-provider-youtube wp-block-embed-youtube wp-embed-aspect-4-3 wp-has-aspect-ratio\"><div class=\"wp-block-embed__wrapper\">\n<iframe loading=\"lazy\" title=\"Luty 2023 \u015awi\u0119ta Ludwika de Marillac: Mistyka Ducha \u015awi\u0119tego PL\" width=\"1080\" height=\"810\" src=\"https:\/\/www.youtube.com\/embed\/OkeqddG7uBs?feature=oembed\"  allow=\"accelerometer; autoplay; clipboard-write; encrypted-media; gyroscope; picture-in-picture; web-share\" referrerpolicy=\"strict-origin-when-cross-origin\" allowfullscreen><\/iframe>\n<\/div><\/figure>\n","protected":false},"featured_media":26057,"template":"","meta":{"_acf_changed":false,"_links_to":"","_links_to_target":""},"class_list":["post-26056","rincon-oracion","type-rincon-oracion","status-publish","has-post-thumbnail","hentry"],"acf":[],"yoast_head":"<!-- This site is optimized with the Yoast SEO plugin v27.5 - https:\/\/yoast.com\/product\/yoast-seo-wordpress\/ -->\n<title>\u015awi\u0119ta Ludwika de Marillac: Mistyka Ducha \u015awi\u0119tego - Filles de la Charit\u00e9<\/title>\n<meta name=\"robots\" content=\"index, follow, max-snippet:-1, max-image-preview:large, max-video-preview:-1\" \/>\n<link rel=\"canonical\" href=\"https:\/\/filles-de-la-charite.org\/pl\/rincon-oracion\/swieta-ludwika-de-marillac-mistyka-ducha-swietego\/\" \/>\n<meta property=\"og:locale\" content=\"pl_PL\" \/>\n<meta property=\"og:type\" content=\"article\" \/>\n<meta property=\"og:title\" content=\"\u015awi\u0119ta Ludwika de Marillac: Mistyka Ducha \u015awi\u0119tego - Filles de la Charit\u00e9\" \/>\n<meta property=\"og:description\" content=\"&#8222;\u017bycie duchowe \u015bw. Ludwiki charakteryzuje si\u0119 w spos\u00f3b szczeg\u00f3lny sta\u0142\u0105 otwarto\u015bci\u0105 na Ducha \u015awi\u0119tego. W jednej z tych intuicji, kt\u00f3re nosz\u0105 znami\u0119 ich autentyczno\u015bci, po\u0142\u0105czy\u0142a nabo\u017ce\u0144stwo do &#8222;Tak &#8221; Zwiastowania z nabo\u017ce\u0144stwem do \u015bwi\u0119ta Pi\u0119\u0107dziesi\u0105tnicy. Podobnie jak Dziewica Maryja, nape\u0142niona \u0142ask\u0105 mocy Ducha \u015awi\u0119tego i obecna u boku Aposto\u0142\u00f3w od pocz\u0105tk\u00f3w Ko\u015bcio\u0142a, odnajdywa\u0142a w dzia\u0142aniu [&hellip;]\" \/>\n<meta property=\"og:url\" content=\"https:\/\/filles-de-la-charite.org\/pl\/rincon-oracion\/swieta-ludwika-de-marillac-mistyka-ducha-swietego\/\" \/>\n<meta property=\"og:site_name\" content=\"Filles de la Charit\u00e9\" \/>\n<meta property=\"og:image\" content=\"https:\/\/filles-de-la-charite.org\/wp-content\/uploads\/2023\/06\/Luty-2023-Sw.-Ludwika-de-Marillac-PL-scaled-1.jpg\" \/>\n\t<meta property=\"og:image:width\" content=\"2560\" \/>\n\t<meta property=\"og:image:height\" content=\"1920\" \/>\n\t<meta property=\"og:image:type\" content=\"image\/jpeg\" \/>\n<meta name=\"twitter:card\" content=\"summary_large_image\" \/>\n<meta name=\"twitter:label1\" content=\"Szacowany czas czytania\" \/>\n\t<meta name=\"twitter:data1\" content=\"1 minuta\" \/>\n<script type=\"application\/ld+json\" class=\"yoast-schema-graph\">{\"@context\":\"https:\\\/\\\/schema.org\",\"@graph\":[{\"@type\":\"WebPage\",\"@id\":\"https:\\\/\\\/filles-de-la-charite.org\\\/pl\\\/rincon-oracion\\\/swieta-ludwika-de-marillac-mistyka-ducha-swietego\\\/\",\"url\":\"https:\\\/\\\/filles-de-la-charite.org\\\/pl\\\/rincon-oracion\\\/swieta-ludwika-de-marillac-mistyka-ducha-swietego\\\/\",\"name\":\"\u015awi\u0119ta Ludwika de Marillac: Mistyka Ducha \u015awi\u0119tego - Filles de la Charit\u00e9\",\"isPartOf\":{\"@id\":\"https:\\\/\\\/filles-de-la-charite.org\\\/pl\\\/#website\"},\"primaryImageOfPage\":{\"@id\":\"https:\\\/\\\/filles-de-la-charite.org\\\/pl\\\/rincon-oracion\\\/swieta-ludwika-de-marillac-mistyka-ducha-swietego\\\/#primaryimage\"},\"image\":{\"@id\":\"https:\\\/\\\/filles-de-la-charite.org\\\/pl\\\/rincon-oracion\\\/swieta-ludwika-de-marillac-mistyka-ducha-swietego\\\/#primaryimage\"},\"thumbnailUrl\":\"https:\\\/\\\/filles-de-la-charite.org\\\/wp-content\\\/uploads\\\/2023\\\/06\\\/Luty-2023-Sw.-Ludwika-de-Marillac-PL-scaled-1.jpg\",\"datePublished\":\"2023-01-31T22:00:00+00:00\",\"inLanguage\":\"pl-PL\",\"potentialAction\":[{\"@type\":\"ReadAction\",\"target\":[\"https:\\\/\\\/filles-de-la-charite.org\\\/pl\\\/rincon-oracion\\\/swieta-ludwika-de-marillac-mistyka-ducha-swietego\\\/\"]}]},{\"@type\":\"ImageObject\",\"inLanguage\":\"pl-PL\",\"@id\":\"https:\\\/\\\/filles-de-la-charite.org\\\/pl\\\/rincon-oracion\\\/swieta-ludwika-de-marillac-mistyka-ducha-swietego\\\/#primaryimage\",\"url\":\"https:\\\/\\\/filles-de-la-charite.org\\\/wp-content\\\/uploads\\\/2023\\\/06\\\/Luty-2023-Sw.-Ludwika-de-Marillac-PL-scaled-1.jpg\",\"contentUrl\":\"https:\\\/\\\/filles-de-la-charite.org\\\/wp-content\\\/uploads\\\/2023\\\/06\\\/Luty-2023-Sw.-Ludwika-de-Marillac-PL-scaled-1.jpg\",\"width\":2560,\"height\":1920},{\"@type\":\"WebSite\",\"@id\":\"https:\\\/\\\/filles-de-la-charite.org\\\/pl\\\/#website\",\"url\":\"https:\\\/\\\/filles-de-la-charite.org\\\/pl\\\/\",\"name\":\"Hijas de la Caridad\",\"description\":\"L\u2019amour de J\u00e9sus nous presse \u00e0 prendre soin des personnes les plus d\u00e9munies\",\"publisher\":{\"@id\":\"https:\\\/\\\/filles-de-la-charite.org\\\/pl\\\/#organization\"},\"potentialAction\":[{\"@type\":\"SearchAction\",\"target\":{\"@type\":\"EntryPoint\",\"urlTemplate\":\"https:\\\/\\\/filles-de-la-charite.org\\\/pl\\\/?s={search_term_string}\"},\"query-input\":{\"@type\":\"PropertyValueSpecification\",\"valueRequired\":true,\"valueName\":\"search_term_string\"}}],\"inLanguage\":\"pl-PL\"},{\"@type\":\"Organization\",\"@id\":\"https:\\\/\\\/filles-de-la-charite.org\\\/pl\\\/#organization\",\"name\":\"Hijas de la Caridad\",\"url\":\"https:\\\/\\\/filles-de-la-charite.org\\\/pl\\\/\",\"logo\":{\"@type\":\"ImageObject\",\"inLanguage\":\"pl-PL\",\"@id\":\"https:\\\/\\\/filles-de-la-charite.org\\\/pl\\\/#\\\/schema\\\/logo\\\/image\\\/\",\"url\":\"https:\\\/\\\/filles-de-la-charite.org\\\/wp-content\\\/uploads\\\/2023\\\/03\\\/isotipo-Hijas-de-la-Caridad.png\",\"contentUrl\":\"https:\\\/\\\/filles-de-la-charite.org\\\/wp-content\\\/uploads\\\/2023\\\/03\\\/isotipo-Hijas-de-la-Caridad.png\",\"width\":1417,\"height\":1417,\"caption\":\"Hijas de la Caridad\"},\"image\":{\"@id\":\"https:\\\/\\\/filles-de-la-charite.org\\\/pl\\\/#\\\/schema\\\/logo\\\/image\\\/\"}}]}<\/script>\n<!-- \/ Yoast SEO plugin. -->","yoast_head_json":{"title":"\u015awi\u0119ta Ludwika de Marillac: Mistyka Ducha \u015awi\u0119tego - Filles de la Charit\u00e9","robots":{"index":"index","follow":"follow","max-snippet":"max-snippet:-1","max-image-preview":"max-image-preview:large","max-video-preview":"max-video-preview:-1"},"canonical":"https:\/\/filles-de-la-charite.org\/pl\/rincon-oracion\/swieta-ludwika-de-marillac-mistyka-ducha-swietego\/","og_locale":"pl_PL","og_type":"article","og_title":"\u015awi\u0119ta Ludwika de Marillac: Mistyka Ducha \u015awi\u0119tego - Filles de la Charit\u00e9","og_description":"&#8222;\u017bycie duchowe \u015bw. Ludwiki charakteryzuje si\u0119 w spos\u00f3b szczeg\u00f3lny sta\u0142\u0105 otwarto\u015bci\u0105 na Ducha \u015awi\u0119tego. W jednej z tych intuicji, kt\u00f3re nosz\u0105 znami\u0119 ich autentyczno\u015bci, po\u0142\u0105czy\u0142a nabo\u017ce\u0144stwo do &#8222;Tak &#8221; Zwiastowania z nabo\u017ce\u0144stwem do \u015bwi\u0119ta Pi\u0119\u0107dziesi\u0105tnicy. Podobnie jak Dziewica Maryja, nape\u0142niona \u0142ask\u0105 mocy Ducha \u015awi\u0119tego i obecna u boku Aposto\u0142\u00f3w od pocz\u0105tk\u00f3w Ko\u015bcio\u0142a, odnajdywa\u0142a w dzia\u0142aniu [&hellip;]","og_url":"https:\/\/filles-de-la-charite.org\/pl\/rincon-oracion\/swieta-ludwika-de-marillac-mistyka-ducha-swietego\/","og_site_name":"Filles de la Charit\u00e9","og_image":[{"width":2560,"height":1920,"url":"https:\/\/filles-de-la-charite.org\/wp-content\/uploads\/2023\/06\/Luty-2023-Sw.-Ludwika-de-Marillac-PL-scaled-1.jpg","type":"image\/jpeg"}],"twitter_card":"summary_large_image","twitter_misc":{"Szacowany czas czytania":"1 minuta"},"schema":{"@context":"https:\/\/schema.org","@graph":[{"@type":"WebPage","@id":"https:\/\/filles-de-la-charite.org\/pl\/rincon-oracion\/swieta-ludwika-de-marillac-mistyka-ducha-swietego\/","url":"https:\/\/filles-de-la-charite.org\/pl\/rincon-oracion\/swieta-ludwika-de-marillac-mistyka-ducha-swietego\/","name":"\u015awi\u0119ta Ludwika de Marillac: Mistyka Ducha \u015awi\u0119tego - Filles de la Charit\u00e9","isPartOf":{"@id":"https:\/\/filles-de-la-charite.org\/pl\/#website"},"primaryImageOfPage":{"@id":"https:\/\/filles-de-la-charite.org\/pl\/rincon-oracion\/swieta-ludwika-de-marillac-mistyka-ducha-swietego\/#primaryimage"},"image":{"@id":"https:\/\/filles-de-la-charite.org\/pl\/rincon-oracion\/swieta-ludwika-de-marillac-mistyka-ducha-swietego\/#primaryimage"},"thumbnailUrl":"https:\/\/filles-de-la-charite.org\/wp-content\/uploads\/2023\/06\/Luty-2023-Sw.-Ludwika-de-Marillac-PL-scaled-1.jpg","datePublished":"2023-01-31T22:00:00+00:00","inLanguage":"pl-PL","potentialAction":[{"@type":"ReadAction","target":["https:\/\/filles-de-la-charite.org\/pl\/rincon-oracion\/swieta-ludwika-de-marillac-mistyka-ducha-swietego\/"]}]},{"@type":"ImageObject","inLanguage":"pl-PL","@id":"https:\/\/filles-de-la-charite.org\/pl\/rincon-oracion\/swieta-ludwika-de-marillac-mistyka-ducha-swietego\/#primaryimage","url":"https:\/\/filles-de-la-charite.org\/wp-content\/uploads\/2023\/06\/Luty-2023-Sw.-Ludwika-de-Marillac-PL-scaled-1.jpg","contentUrl":"https:\/\/filles-de-la-charite.org\/wp-content\/uploads\/2023\/06\/Luty-2023-Sw.-Ludwika-de-Marillac-PL-scaled-1.jpg","width":2560,"height":1920},{"@type":"WebSite","@id":"https:\/\/filles-de-la-charite.org\/pl\/#website","url":"https:\/\/filles-de-la-charite.org\/pl\/","name":"Hijas de la Caridad","description":"L\u2019amour de J\u00e9sus nous presse \u00e0 prendre soin des personnes les plus d\u00e9munies","publisher":{"@id":"https:\/\/filles-de-la-charite.org\/pl\/#organization"},"potentialAction":[{"@type":"SearchAction","target":{"@type":"EntryPoint","urlTemplate":"https:\/\/filles-de-la-charite.org\/pl\/?s={search_term_string}"},"query-input":{"@type":"PropertyValueSpecification","valueRequired":true,"valueName":"search_term_string"}}],"inLanguage":"pl-PL"},{"@type":"Organization","@id":"https:\/\/filles-de-la-charite.org\/pl\/#organization","name":"Hijas de la Caridad","url":"https:\/\/filles-de-la-charite.org\/pl\/","logo":{"@type":"ImageObject","inLanguage":"pl-PL","@id":"https:\/\/filles-de-la-charite.org\/pl\/#\/schema\/logo\/image\/","url":"https:\/\/filles-de-la-charite.org\/wp-content\/uploads\/2023\/03\/isotipo-Hijas-de-la-Caridad.png","contentUrl":"https:\/\/filles-de-la-charite.org\/wp-content\/uploads\/2023\/03\/isotipo-Hijas-de-la-Caridad.png","width":1417,"height":1417,"caption":"Hijas de la Caridad"},"image":{"@id":"https:\/\/filles-de-la-charite.org\/pl\/#\/schema\/logo\/image\/"}}]}},"_links":{"self":[{"href":"https:\/\/filles-de-la-charite.org\/pl\/wp-json\/wp\/v2\/rincon-oracion\/26056","targetHints":{"allow":["GET"]}}],"collection":[{"href":"https:\/\/filles-de-la-charite.org\/pl\/wp-json\/wp\/v2\/rincon-oracion"}],"about":[{"href":"https:\/\/filles-de-la-charite.org\/pl\/wp-json\/wp\/v2\/types\/rincon-oracion"}],"wp:featuredmedia":[{"embeddable":true,"href":"https:\/\/filles-de-la-charite.org\/pl\/wp-json\/wp\/v2\/media\/26057"}],"wp:attachment":[{"href":"https:\/\/filles-de-la-charite.org\/pl\/wp-json\/wp\/v2\/media?parent=26056"}],"curies":[{"name":"wp","href":"https:\/\/api.w.org\/{rel}","templated":true}]}}

Święta Ludwika de Marillac: Mistyka Ducha Świętego

<p>"Życie duchowe św. Ludwiki charakteryzuje się w sposób szczególny stałą otwartością na Ducha Świętego. W jednej z tych intuicji, które noszą znamię ich autentyczności, połączyła nabożeństwo do "Tak " Zwiastowania z nabożeństwem do święta Pięćdziesiątnicy. Podobnie jak Dziewica Maryja, napełniona łaską mocy Ducha Świętego i obecna u boku Apostołów od początków Kościoła, odnajdywała w działaniu Boga źródło własnej siły, czuła, że wierność Zgromadzenia będzie zakorzeniona w "fiat" Maryi, jego wzoru i przewodniczki. Wiedziała, jak sprawić, by duch modlitwy wzrastał w innych, na wzór Maryi". <em>(Św. Jan Paweł II z okazji 400. rocznicy urodzin św. Ludwiki)</em></p>



<figure class="wp-block-embed aligncenter is-type-video is-provider-youtube wp-block-embed-youtube wp-embed-aspect-4-3 wp-has-aspect-ratio"><div class="wp-block-embed__wrapper">
<iframe loading="lazy" title="Luty 2023 Święta Ludwika de Marillac: Mistyka Ducha Świętego PL" width="1080" height="810" src="https://www.youtube.com/embed/OkeqddG7uBs?feature=oembed"  allow="accelerometer; autoplay; clipboard-write; encrypted-media; gyroscope; picture-in-picture; web-share" referrerpolicy="strict-origin-when-cross-origin" allowfullscreen></iframe>
</div></figure>

<!-- This site is optimized with the Yoast SEO plugin v27.5 - https://yoast.com/product/yoast-seo-wordpress/ -->
<title>Święta Ludwika de Marillac: Mistyka Ducha Świętego - Filles de la Charité</title>
<meta name="robots" content="index, follow, max-snippet:-1, max-image-preview:large, max-video-preview:-1" />
<link rel="canonical" href="https://filles-de-la-charite.org/pl/rincon-oracion/swieta-ludwika-de-marillac-mistyka-ducha-swietego/" />
<meta property="og:locale" content="pl_PL" />
<meta property="og:type" content="article" />
<meta property="og:title" content="Święta Ludwika de Marillac: Mistyka Ducha Świętego - Filles de la Charité" />
<meta property="og:description" content="&#8222;Życie duchowe św. Ludwiki charakteryzuje się w sposób szczególny stałą otwartością na Ducha Świętego. W jednej z tych intuicji, które noszą znamię ich autentyczności, połączyła nabożeństwo do &#8222;Tak &#8221; Zwiastowania z nabożeństwem do święta Pięćdziesiątnicy. Podobnie jak Dziewica Maryja, napełniona łaską mocy Ducha Świętego i obecna u boku Apostołów od początków Kościoła, odnajdywała w działaniu [&hellip;]" />
<meta property="og:url" content="https://filles-de-la-charite.org/pl/rincon-oracion/swieta-ludwika-de-marillac-mistyka-ducha-swietego/" />
<meta property="og:site_name" content="Filles de la Charité" />
<meta property="og:image" content="https://filles-de-la-charite.org/wp-content/uploads/2023/06/Luty-2023-Sw.-Ludwika-de-Marillac-PL-scaled-1.jpg" />
	<meta property="og:image:width" content="2560" />
	<meta property="og:image:height" content="1920" />
	<meta property="og:image:type" content="image/jpeg" />
<meta name="twitter:card" content="summary_large_image" />
<meta name="twitter:label1" content="Szacowany czas czytania" />
	<meta name="twitter:data1" content="1 minuta" />
<script type="application/ld+json" class="yoast-schema-graph">{"@context":"https:\/\/schema.org","@graph":[{"@type":"WebPage","@id":"https:\/\/filles-de-la-charite.org\/pl\/rincon-oracion\/swieta-ludwika-de-marillac-mistyka-ducha-swietego\/","url":"https:\/\/filles-de-la-charite.org\/pl\/rincon-oracion\/swieta-ludwika-de-marillac-mistyka-ducha-swietego\/","name":"Święta Ludwika de Marillac: Mistyka Ducha Świętego - Filles de la Charité","isPartOf":{"@id":"https:\/\/filles-de-la-charite.org\/pl\/#website"},"primaryImageOfPage":{"@id":"https:\/\/filles-de-la-charite.org\/pl\/rincon-oracion\/swieta-ludwika-de-marillac-mistyka-ducha-swietego\/#primaryimage"},"image":{"@id":"https:\/\/filles-de-la-charite.org\/pl\/rincon-oracion\/swieta-ludwika-de-marillac-mistyka-ducha-swietego\/#primaryimage"},"thumbnailUrl":"https:\/\/filles-de-la-charite.org\/wp-content\/uploads\/2023\/06\/Luty-2023-Sw.-Ludwika-de-Marillac-PL-scaled-1.jpg","datePublished":"2023-01-31T22:00:00+00:00","inLanguage":"pl-PL","potentialAction":[{"@type":"ReadAction","target":["https:\/\/filles-de-la-charite.org\/pl\/rincon-oracion\/swieta-ludwika-de-marillac-mistyka-ducha-swietego\/"]}]},{"@type":"ImageObject","inLanguage":"pl-PL","@id":"https:\/\/filles-de-la-charite.org\/pl\/rincon-oracion\/swieta-ludwika-de-marillac-mistyka-ducha-swietego\/#primaryimage","url":"https:\/\/filles-de-la-charite.org\/wp-content\/uploads\/2023\/06\/Luty-2023-Sw.-Ludwika-de-Marillac-PL-scaled-1.jpg","contentUrl":"https:\/\/filles-de-la-charite.org\/wp-content\/uploads\/2023\/06\/Luty-2023-Sw.-Ludwika-de-Marillac-PL-scaled-1.jpg","width":2560,"height":1920},{"@type":"WebSite","@id":"https:\/\/filles-de-la-charite.org\/pl\/#website","url":"https:\/\/filles-de-la-charite.org\/pl\/","name":"Hijas de la Caridad","description":"L’amour de Jésus nous presse à prendre soin des personnes les plus démunies","publisher":{"@id":"https:\/\/filles-de-la-charite.org\/pl\/#organization"},"potentialAction":[{"@type":"SearchAction","target":{"@type":"EntryPoint","urlTemplate":"https:\/\/filles-de-la-charite.org\/pl\/?s={search_term_string}"},"query-input":{"@type":"PropertyValueSpecification","valueRequired":true,"valueName":"search_term_string"}}],"inLanguage":"pl-PL"},{"@type":"Organization","@id":"https:\/\/filles-de-la-charite.org\/pl\/#organization","name":"Hijas de la Caridad","url":"https:\/\/filles-de-la-charite.org\/pl\/","logo":{"@type":"ImageObject","inLanguage":"pl-PL","@id":"https:\/\/filles-de-la-charite.org\/pl\/#\/schema\/logo\/image\/","url":"https:\/\/filles-de-la-charite.org\/wp-content\/uploads\/2023\/03\/isotipo-Hijas-de-la-Caridad.png","contentUrl":"https:\/\/filles-de-la-charite.org\/wp-content\/uploads\/2023\/03\/isotipo-Hijas-de-la-Caridad.png","width":1417,"height":1417,"caption":"Hijas de la Caridad"},"image":{"@id":"https:\/\/filles-de-la-charite.org\/pl\/#\/schema\/logo\/image\/"}}]}</script>
<!-- / Yoast SEO plugin. -->

Święta Ludwika de Marillac: Mistyka Ducha Świętego - Filles de la Charité

&#8222;Życie duchowe św. Ludwiki charakteryzuje się w sposób szczególny stałą otwartością na Ducha Świętego. W jednej z tych intuicji, które noszą znamię ich autentyczności, połączyła nabożeństwo do &#8222;Tak &#8221; Zwiastowania z nabożeństwem do święta Pięćdziesiątnicy. Podobnie jak Dziewica Maryja, napełniona łaską mocy Ducha Świętego i obecna u boku Apostołów od początków Kościoła, odnajdywała w działaniu [&hellip;]

Filles de la Charité

L’amour de Jésus nous presse à prendre soin des personnes les plus démunies
