{"id":32522,"date":"2023-05-01T11:43:32","date_gmt":"2023-05-01T09:43:32","guid":{"rendered":"https:\/\/hijascaridad.sjdigitaldemo.ovh\/rincon-oracion\/entregada-a-dios\/"},"modified":"2024-03-04T11:48:52","modified_gmt":"2024-03-04T10:48:52","slug":"entregada-a-dios","status":"publish","type":"rincon-oracion","link":"https:\/\/filles-de-la-charite.org\/pl\/rincon-oracion\/entregada-a-dios\/","title":{"rendered":"Oddana Bogu"},"content":{"rendered":"\n<p>Siostra Marta Wiecka urodzi\u0142a si\u0119 12 stycznia 1874 roku w Nowym Wiecu w Polsce, w licznej i g\u0142\u0119boko chrze\u015bcija\u0144skiej rodzinie. W wieku siedmiu lat Marta zacz\u0119\u0142a ucz\u0119szcza\u0107 do szko\u0142y. Swoimi s\u0142owami, a przede wszystkim przyk\u0142adem \u017cycia, wywiera\u0142a pozytywny wp\u0142yw na swoich r\u00f3wie\u015bnik\u00f3w. Jej kuzynka \u0141ucja pisze: \u201eW czasie nauki w szkole w naszej rodzinnej wsi, dzi\u0119ki swojej pogodzie ducha i weso\u0142o\u015bci, Marta mia\u0142a wielu przyjaci\u00f3\u0142\u201d. W wieku pi\u0119tnastu lat przysz\u0142o\u015b\u0107 Marty sta\u0142a si\u0119 jasna w jej sercu: czuj\u0105c si\u0119 powo\u0142ana przez Boga napisa\u0142a do Ojca D\u0105browskiego, swojego kierownika duchowego, a nast\u0119pnie do Si\u00f3str Mi\u0142osierdzia w Che\u0142mnie, z pro\u015bb\u0105 o przyj\u0119cie do Zgromadzenia.<\/p>\n\n\n\n<figure class=\"wp-block-embed is-type-video is-provider-youtube wp-block-embed-youtube wp-embed-aspect-16-9 wp-has-aspect-ratio\"><div class=\"wp-block-embed__wrapper\">\n<iframe loading=\"lazy\" title=\"[Maj 2023] Oddana Bogu PL\" width=\"1080\" height=\"608\" src=\"https:\/\/www.youtube.com\/embed\/pIxV2wW_K_o?feature=oembed\"  allow=\"accelerometer; autoplay; clipboard-write; encrypted-media; gyroscope; picture-in-picture; web-share\" allowfullscreen><\/iframe>\n<\/div><\/figure>\n","protected":false},"featured_media":32503,"template":"","meta":{"_acf_changed":false,"_et_pb_use_builder":"","_et_pb_old_content":"","_et_gb_content_width":"","_links_to":"","_links_to_target":""},"class_list":["post-32522","rincon-oracion","type-rincon-oracion","status-publish","has-post-thumbnail","hentry"],"acf":[],"yoast_head":"<!-- This site is optimized with the Yoast SEO plugin v27.5 - https:\/\/yoast.com\/product\/yoast-seo-wordpress\/ -->\n<title>Oddana Bogu - Filles de la Charit\u00e9<\/title>\n<meta name=\"robots\" content=\"index, follow, max-snippet:-1, max-image-preview:large, max-video-preview:-1\" \/>\n<link rel=\"canonical\" href=\"https:\/\/filles-de-la-charite.org\/pl\/rincon-oracion\/entregada-a-dios\/\" \/>\n<meta property=\"og:locale\" content=\"pl_PL\" \/>\n<meta property=\"og:type\" content=\"article\" \/>\n<meta property=\"og:title\" content=\"Oddana Bogu - Filles de la Charit\u00e9\" \/>\n<meta property=\"og:description\" content=\"Siostra Marta Wiecka urodzi\u0142a si\u0119 12 stycznia 1874 roku w Nowym Wiecu w Polsce, w licznej i g\u0142\u0119boko chrze\u015bcija\u0144skiej rodzinie. W wieku siedmiu lat Marta zacz\u0119\u0142a ucz\u0119szcza\u0107 do szko\u0142y. Swoimi s\u0142owami, a przede wszystkim przyk\u0142adem \u017cycia, wywiera\u0142a pozytywny wp\u0142yw na swoich r\u00f3wie\u015bnik\u00f3w. Jej kuzynka \u0141ucja pisze: \u201eW czasie nauki w szkole w naszej rodzinnej wsi, [&hellip;]\" \/>\n<meta property=\"og:url\" content=\"https:\/\/filles-de-la-charite.org\/pl\/rincon-oracion\/entregada-a-dios\/\" \/>\n<meta property=\"og:site_name\" content=\"Filles de la Charit\u00e9\" \/>\n<meta property=\"article:modified_time\" content=\"2024-03-04T10:48:52+00:00\" \/>\n<meta property=\"og:image\" content=\"https:\/\/filles-de-la-charite.org\/wp-content\/uploads\/2024\/03\/PC-Maj-2023-Oddana-Bogu-PL-scaled-1.jpg\" \/>\n\t<meta property=\"og:image:width\" content=\"2560\" \/>\n\t<meta property=\"og:image:height\" content=\"1440\" \/>\n\t<meta property=\"og:image:type\" content=\"image\/jpeg\" \/>\n<meta name=\"twitter:card\" content=\"summary_large_image\" \/>\n<meta name=\"twitter:label1\" content=\"Szacowany czas czytania\" \/>\n\t<meta name=\"twitter:data1\" content=\"1 minuta\" \/>\n<script type=\"application\/ld+json\" class=\"yoast-schema-graph\">{\"@context\":\"https:\\\/\\\/schema.org\",\"@graph\":[{\"@type\":\"WebPage\",\"@id\":\"https:\\\/\\\/filles-de-la-charite.org\\\/pl\\\/rincon-oracion\\\/entregada-a-dios\\\/\",\"url\":\"https:\\\/\\\/filles-de-la-charite.org\\\/pl\\\/rincon-oracion\\\/entregada-a-dios\\\/\",\"name\":\"Oddana Bogu - Filles de la Charit\u00e9\",\"isPartOf\":{\"@id\":\"https:\\\/\\\/filles-de-la-charite.org\\\/pl\\\/#website\"},\"primaryImageOfPage\":{\"@id\":\"https:\\\/\\\/filles-de-la-charite.org\\\/pl\\\/rincon-oracion\\\/entregada-a-dios\\\/#primaryimage\"},\"image\":{\"@id\":\"https:\\\/\\\/filles-de-la-charite.org\\\/pl\\\/rincon-oracion\\\/entregada-a-dios\\\/#primaryimage\"},\"thumbnailUrl\":\"https:\\\/\\\/filles-de-la-charite.org\\\/wp-content\\\/uploads\\\/2024\\\/03\\\/PC-Maj-2023-Oddana-Bogu-PL-scaled-1.jpg\",\"datePublished\":\"2023-05-01T09:43:32+00:00\",\"dateModified\":\"2024-03-04T10:48:52+00:00\",\"inLanguage\":\"pl-PL\",\"potentialAction\":[{\"@type\":\"ReadAction\",\"target\":[\"https:\\\/\\\/filles-de-la-charite.org\\\/pl\\\/rincon-oracion\\\/entregada-a-dios\\\/\"]}]},{\"@type\":\"ImageObject\",\"inLanguage\":\"pl-PL\",\"@id\":\"https:\\\/\\\/filles-de-la-charite.org\\\/pl\\\/rincon-oracion\\\/entregada-a-dios\\\/#primaryimage\",\"url\":\"https:\\\/\\\/filles-de-la-charite.org\\\/wp-content\\\/uploads\\\/2024\\\/03\\\/PC-Maj-2023-Oddana-Bogu-PL-scaled-1.jpg\",\"contentUrl\":\"https:\\\/\\\/filles-de-la-charite.org\\\/wp-content\\\/uploads\\\/2024\\\/03\\\/PC-Maj-2023-Oddana-Bogu-PL-scaled-1.jpg\",\"width\":2560,\"height\":1440},{\"@type\":\"WebSite\",\"@id\":\"https:\\\/\\\/filles-de-la-charite.org\\\/pl\\\/#website\",\"url\":\"https:\\\/\\\/filles-de-la-charite.org\\\/pl\\\/\",\"name\":\"Hijas de la Caridad\",\"description\":\"L\u2019amour de J\u00e9sus nous presse \u00e0 prendre soin des personnes les plus d\u00e9munies\",\"publisher\":{\"@id\":\"https:\\\/\\\/filles-de-la-charite.org\\\/pl\\\/#organization\"},\"potentialAction\":[{\"@type\":\"SearchAction\",\"target\":{\"@type\":\"EntryPoint\",\"urlTemplate\":\"https:\\\/\\\/filles-de-la-charite.org\\\/pl\\\/?s={search_term_string}\"},\"query-input\":{\"@type\":\"PropertyValueSpecification\",\"valueRequired\":true,\"valueName\":\"search_term_string\"}}],\"inLanguage\":\"pl-PL\"},{\"@type\":\"Organization\",\"@id\":\"https:\\\/\\\/filles-de-la-charite.org\\\/pl\\\/#organization\",\"name\":\"Hijas de la Caridad\",\"url\":\"https:\\\/\\\/filles-de-la-charite.org\\\/pl\\\/\",\"logo\":{\"@type\":\"ImageObject\",\"inLanguage\":\"pl-PL\",\"@id\":\"https:\\\/\\\/filles-de-la-charite.org\\\/pl\\\/#\\\/schema\\\/logo\\\/image\\\/\",\"url\":\"https:\\\/\\\/filles-de-la-charite.org\\\/wp-content\\\/uploads\\\/2023\\\/03\\\/isotipo-Hijas-de-la-Caridad.png\",\"contentUrl\":\"https:\\\/\\\/filles-de-la-charite.org\\\/wp-content\\\/uploads\\\/2023\\\/03\\\/isotipo-Hijas-de-la-Caridad.png\",\"width\":1417,\"height\":1417,\"caption\":\"Hijas de la Caridad\"},\"image\":{\"@id\":\"https:\\\/\\\/filles-de-la-charite.org\\\/pl\\\/#\\\/schema\\\/logo\\\/image\\\/\"}}]}<\/script>\n<!-- \/ Yoast SEO plugin. -->","yoast_head_json":{"title":"Oddana Bogu - Filles de la Charit\u00e9","robots":{"index":"index","follow":"follow","max-snippet":"max-snippet:-1","max-image-preview":"max-image-preview:large","max-video-preview":"max-video-preview:-1"},"canonical":"https:\/\/filles-de-la-charite.org\/pl\/rincon-oracion\/entregada-a-dios\/","og_locale":"pl_PL","og_type":"article","og_title":"Oddana Bogu - Filles de la Charit\u00e9","og_description":"Siostra Marta Wiecka urodzi\u0142a si\u0119 12 stycznia 1874 roku w Nowym Wiecu w Polsce, w licznej i g\u0142\u0119boko chrze\u015bcija\u0144skiej rodzinie. W wieku siedmiu lat Marta zacz\u0119\u0142a ucz\u0119szcza\u0107 do szko\u0142y. Swoimi s\u0142owami, a przede wszystkim przyk\u0142adem \u017cycia, wywiera\u0142a pozytywny wp\u0142yw na swoich r\u00f3wie\u015bnik\u00f3w. Jej kuzynka \u0141ucja pisze: \u201eW czasie nauki w szkole w naszej rodzinnej wsi, [&hellip;]","og_url":"https:\/\/filles-de-la-charite.org\/pl\/rincon-oracion\/entregada-a-dios\/","og_site_name":"Filles de la Charit\u00e9","article_modified_time":"2024-03-04T10:48:52+00:00","og_image":[{"width":2560,"height":1440,"url":"https:\/\/filles-de-la-charite.org\/wp-content\/uploads\/2024\/03\/PC-Maj-2023-Oddana-Bogu-PL-scaled-1.jpg","type":"image\/jpeg"}],"twitter_card":"summary_large_image","twitter_misc":{"Szacowany czas czytania":"1 minuta"},"schema":{"@context":"https:\/\/schema.org","@graph":[{"@type":"WebPage","@id":"https:\/\/filles-de-la-charite.org\/pl\/rincon-oracion\/entregada-a-dios\/","url":"https:\/\/filles-de-la-charite.org\/pl\/rincon-oracion\/entregada-a-dios\/","name":"Oddana Bogu - Filles de la Charit\u00e9","isPartOf":{"@id":"https:\/\/filles-de-la-charite.org\/pl\/#website"},"primaryImageOfPage":{"@id":"https:\/\/filles-de-la-charite.org\/pl\/rincon-oracion\/entregada-a-dios\/#primaryimage"},"image":{"@id":"https:\/\/filles-de-la-charite.org\/pl\/rincon-oracion\/entregada-a-dios\/#primaryimage"},"thumbnailUrl":"https:\/\/filles-de-la-charite.org\/wp-content\/uploads\/2024\/03\/PC-Maj-2023-Oddana-Bogu-PL-scaled-1.jpg","datePublished":"2023-05-01T09:43:32+00:00","dateModified":"2024-03-04T10:48:52+00:00","inLanguage":"pl-PL","potentialAction":[{"@type":"ReadAction","target":["https:\/\/filles-de-la-charite.org\/pl\/rincon-oracion\/entregada-a-dios\/"]}]},{"@type":"ImageObject","inLanguage":"pl-PL","@id":"https:\/\/filles-de-la-charite.org\/pl\/rincon-oracion\/entregada-a-dios\/#primaryimage","url":"https:\/\/filles-de-la-charite.org\/wp-content\/uploads\/2024\/03\/PC-Maj-2023-Oddana-Bogu-PL-scaled-1.jpg","contentUrl":"https:\/\/filles-de-la-charite.org\/wp-content\/uploads\/2024\/03\/PC-Maj-2023-Oddana-Bogu-PL-scaled-1.jpg","width":2560,"height":1440},{"@type":"WebSite","@id":"https:\/\/filles-de-la-charite.org\/pl\/#website","url":"https:\/\/filles-de-la-charite.org\/pl\/","name":"Hijas de la Caridad","description":"L\u2019amour de J\u00e9sus nous presse \u00e0 prendre soin des personnes les plus d\u00e9munies","publisher":{"@id":"https:\/\/filles-de-la-charite.org\/pl\/#organization"},"potentialAction":[{"@type":"SearchAction","target":{"@type":"EntryPoint","urlTemplate":"https:\/\/filles-de-la-charite.org\/pl\/?s={search_term_string}"},"query-input":{"@type":"PropertyValueSpecification","valueRequired":true,"valueName":"search_term_string"}}],"inLanguage":"pl-PL"},{"@type":"Organization","@id":"https:\/\/filles-de-la-charite.org\/pl\/#organization","name":"Hijas de la Caridad","url":"https:\/\/filles-de-la-charite.org\/pl\/","logo":{"@type":"ImageObject","inLanguage":"pl-PL","@id":"https:\/\/filles-de-la-charite.org\/pl\/#\/schema\/logo\/image\/","url":"https:\/\/filles-de-la-charite.org\/wp-content\/uploads\/2023\/03\/isotipo-Hijas-de-la-Caridad.png","contentUrl":"https:\/\/filles-de-la-charite.org\/wp-content\/uploads\/2023\/03\/isotipo-Hijas-de-la-Caridad.png","width":1417,"height":1417,"caption":"Hijas de la Caridad"},"image":{"@id":"https:\/\/filles-de-la-charite.org\/pl\/#\/schema\/logo\/image\/"}}]}},"_links":{"self":[{"href":"https:\/\/filles-de-la-charite.org\/pl\/wp-json\/wp\/v2\/rincon-oracion\/32522","targetHints":{"allow":["GET"]}}],"collection":[{"href":"https:\/\/filles-de-la-charite.org\/pl\/wp-json\/wp\/v2\/rincon-oracion"}],"about":[{"href":"https:\/\/filles-de-la-charite.org\/pl\/wp-json\/wp\/v2\/types\/rincon-oracion"}],"wp:featuredmedia":[{"embeddable":true,"href":"https:\/\/filles-de-la-charite.org\/pl\/wp-json\/wp\/v2\/media\/32503"}],"wp:attachment":[{"href":"https:\/\/filles-de-la-charite.org\/pl\/wp-json\/wp\/v2\/media?parent=32522"}],"curies":[{"name":"wp","href":"https:\/\/api.w.org\/{rel}","templated":true}]}}

<p>Siostra Marta Wiecka urodziła się 12 stycznia 1874 roku w Nowym Wiecu w Polsce, w licznej i głęboko chrześcijańskiej rodzinie. W wieku siedmiu lat Marta zaczęła uczęszczać do szkoły. Swoimi słowami, a przede wszystkim przykładem życia, wywierała pozytywny wpływ na swoich rówieśników. Jej kuzynka Łucja pisze: „W czasie nauki w szkole w naszej rodzinnej wsi, dzięki swojej pogodzie ducha i wesołości, Marta miała wielu przyjaciół”. W wieku piętnastu lat przyszłość Marty stała się jasna w jej sercu: czując się powołana przez Boga napisała do Ojca Dąbrowskiego, swojego kierownika duchowego, a następnie do Sióstr Miłosierdzia w Chełmnie, z prośbą o przyjęcie do Zgromadzenia.</p>



<figure class="wp-block-embed is-type-video is-provider-youtube wp-block-embed-youtube wp-embed-aspect-16-9 wp-has-aspect-ratio"><div class="wp-block-embed__wrapper">
<iframe loading="lazy" title="[Maj 2023] Oddana Bogu PL" width="1080" height="608" src="https://www.youtube.com/embed/pIxV2wW_K_o?feature=oembed"  allow="accelerometer; autoplay; clipboard-write; encrypted-media; gyroscope; picture-in-picture; web-share" allowfullscreen></iframe>
</div></figure>

<!-- This site is optimized with the Yoast SEO plugin v27.5 - https://yoast.com/product/yoast-seo-wordpress/ -->
<title>Oddana Bogu - Filles de la Charité</title>
<meta name="robots" content="index, follow, max-snippet:-1, max-image-preview:large, max-video-preview:-1" />
<link rel="canonical" href="https://filles-de-la-charite.org/pl/rincon-oracion/entregada-a-dios/" />
<meta property="og:locale" content="pl_PL" />
<meta property="og:type" content="article" />
<meta property="og:title" content="Oddana Bogu - Filles de la Charité" />
<meta property="og:description" content="Siostra Marta Wiecka urodziła się 12 stycznia 1874 roku w Nowym Wiecu w Polsce, w licznej i głęboko chrześcijańskiej rodzinie. W wieku siedmiu lat Marta zaczęła uczęszczać do szkoły. Swoimi słowami, a przede wszystkim przykładem życia, wywierała pozytywny wpływ na swoich rówieśników. Jej kuzynka Łucja pisze: „W czasie nauki w szkole w naszej rodzinnej wsi, [&hellip;]" />
<meta property="og:url" content="https://filles-de-la-charite.org/pl/rincon-oracion/entregada-a-dios/" />
<meta property="og:site_name" content="Filles de la Charité" />
<meta property="article:modified_time" content="2024-03-04T10:48:52+00:00" />
<meta property="og:image" content="https://filles-de-la-charite.org/wp-content/uploads/2024/03/PC-Maj-2023-Oddana-Bogu-PL-scaled-1.jpg" />
	<meta property="og:image:width" content="2560" />
	<meta property="og:image:height" content="1440" />
	<meta property="og:image:type" content="image/jpeg" />
<meta name="twitter:card" content="summary_large_image" />
<meta name="twitter:label1" content="Szacowany czas czytania" />
	<meta name="twitter:data1" content="1 minuta" />
<script type="application/ld+json" class="yoast-schema-graph">{"@context":"https:\/\/schema.org","@graph":[{"@type":"WebPage","@id":"https:\/\/filles-de-la-charite.org\/pl\/rincon-oracion\/entregada-a-dios\/","url":"https:\/\/filles-de-la-charite.org\/pl\/rincon-oracion\/entregada-a-dios\/","name":"Oddana Bogu - Filles de la Charité","isPartOf":{"@id":"https:\/\/filles-de-la-charite.org\/pl\/#website"},"primaryImageOfPage":{"@id":"https:\/\/filles-de-la-charite.org\/pl\/rincon-oracion\/entregada-a-dios\/#primaryimage"},"image":{"@id":"https:\/\/filles-de-la-charite.org\/pl\/rincon-oracion\/entregada-a-dios\/#primaryimage"},"thumbnailUrl":"https:\/\/filles-de-la-charite.org\/wp-content\/uploads\/2024\/03\/PC-Maj-2023-Oddana-Bogu-PL-scaled-1.jpg","datePublished":"2023-05-01T09:43:32+00:00","dateModified":"2024-03-04T10:48:52+00:00","inLanguage":"pl-PL","potentialAction":[{"@type":"ReadAction","target":["https:\/\/filles-de-la-charite.org\/pl\/rincon-oracion\/entregada-a-dios\/"]}]},{"@type":"ImageObject","inLanguage":"pl-PL","@id":"https:\/\/filles-de-la-charite.org\/pl\/rincon-oracion\/entregada-a-dios\/#primaryimage","url":"https:\/\/filles-de-la-charite.org\/wp-content\/uploads\/2024\/03\/PC-Maj-2023-Oddana-Bogu-PL-scaled-1.jpg","contentUrl":"https:\/\/filles-de-la-charite.org\/wp-content\/uploads\/2024\/03\/PC-Maj-2023-Oddana-Bogu-PL-scaled-1.jpg","width":2560,"height":1440},{"@type":"WebSite","@id":"https:\/\/filles-de-la-charite.org\/pl\/#website","url":"https:\/\/filles-de-la-charite.org\/pl\/","name":"Hijas de la Caridad","description":"L’amour de Jésus nous presse à prendre soin des personnes les plus démunies","publisher":{"@id":"https:\/\/filles-de-la-charite.org\/pl\/#organization"},"potentialAction":[{"@type":"SearchAction","target":{"@type":"EntryPoint","urlTemplate":"https:\/\/filles-de-la-charite.org\/pl\/?s={search_term_string}"},"query-input":{"@type":"PropertyValueSpecification","valueRequired":true,"valueName":"search_term_string"}}],"inLanguage":"pl-PL"},{"@type":"Organization","@id":"https:\/\/filles-de-la-charite.org\/pl\/#organization","name":"Hijas de la Caridad","url":"https:\/\/filles-de-la-charite.org\/pl\/","logo":{"@type":"ImageObject","inLanguage":"pl-PL","@id":"https:\/\/filles-de-la-charite.org\/pl\/#\/schema\/logo\/image\/","url":"https:\/\/filles-de-la-charite.org\/wp-content\/uploads\/2023\/03\/isotipo-Hijas-de-la-Caridad.png","contentUrl":"https:\/\/filles-de-la-charite.org\/wp-content\/uploads\/2023\/03\/isotipo-Hijas-de-la-Caridad.png","width":1417,"height":1417,"caption":"Hijas de la Caridad"},"image":{"@id":"https:\/\/filles-de-la-charite.org\/pl\/#\/schema\/logo\/image\/"}}]}</script>
<!-- / Yoast SEO plugin. -->

Oddana Bogu - Filles de la Charité

Siostra Marta Wiecka urodziła się 12 stycznia 1874 roku w Nowym Wiecu w Polsce, w licznej i głęboko chrześcijańskiej rodzinie. W wieku siedmiu lat Marta zaczęła uczęszczać do szkoły. Swoimi słowami, a przede wszystkim przykładem życia, wywierała pozytywny wpływ na swoich rówieśników. Jej kuzynka Łucja pisze: „W czasie nauki w szkole w naszej rodzinnej wsi, [&hellip;]

Filles de la Charité

L’amour de Jésus nous presse à prendre soin des personnes les plus démunies
