{"id":32748,"date":"2024-01-01T12:38:39","date_gmt":"2024-01-01T11:38:39","guid":{"rendered":"https:\/\/hijascaridad.sjdigitaldemo.ovh\/rincon-oracion\/oracion-por-la-paz\/"},"modified":"2024-03-04T12:42:49","modified_gmt":"2024-03-04T11:42:49","slug":"oracion-por-la-paz","status":"publish","type":"rincon-oracion","link":"https:\/\/filles-de-la-charite.org\/pl\/rincon-oracion\/oracion-por-la-paz\/","title":{"rendered":"Modlitwa o pok\u00f3j"},"content":{"rendered":"\n<p>Nie mo\u017cemy ju\u017c my\u015ble\u0107 tylko o zachowaniu jedynie naszych osobistych czy narodowych interes\u00f3w, ale musimy my\u015ble\u0107 o sobie w perspektywie dobra wsp\u00f3lnego, w wymiarze wsp\u00f3lnotowym, czyli jako \u201emy\u201d, otwarci na powszechne braterstwo. Nie mo\u017cemy d\u0105\u017cy\u0107 jedynie do chronienia samych siebie, ale nadszed\u0142 czas, aby\u015bmy wszyscy zaanga\u017cowali si\u0119 w uzdrowienie naszego spo\u0142ecze\u0144stwa i naszej planety, tworz\u0105c podstawy bardziej sprawiedliwego i pokojowego \u015bwiata, powa\u017cnie zaanga\u017cowanego w d\u0105\u017cenie do dobra, kt\u00f3re by\u0142oby naprawd\u0119 wsp\u00f3lne. Musimy powr\u00f3ci\u0107 do kwestii zapewnienia zdrowia publicznego dla wszystkich; promowa\u0107 dzia\u0142ania pokojowe w celu zako\u0144czenia konflikt\u00f3w i wojen, kt\u00f3re nadal generuj\u0105 ofiary i ub\u00f3stwo.<\/p>\n\n\n\n<p>Papie\u017c Franciszek, 1 stycznia 2023. Or\u0119dzie na \u015awiatowy Dzie\u0144 Pokoju.<\/p>\n\n\n\n<figure class=\"wp-block-embed is-type-video is-provider-youtube wp-block-embed-youtube wp-embed-aspect-16-9 wp-has-aspect-ratio\"><div class=\"wp-block-embed__wrapper\">\n<iframe loading=\"lazy\" title=\"2024 01 Modlitwa o pok\u00f3j  PL\" width=\"1080\" height=\"608\" src=\"https:\/\/www.youtube.com\/embed\/8u4XBXkVFkI?feature=oembed\"  allow=\"accelerometer; autoplay; clipboard-write; encrypted-media; gyroscope; picture-in-picture; web-share\" allowfullscreen><\/iframe>\n<\/div><\/figure>\n","protected":false},"featured_media":32736,"template":"","meta":{"_acf_changed":false,"_links_to":"","_links_to_target":""},"class_list":["post-32748","rincon-oracion","type-rincon-oracion","status-publish","has-post-thumbnail","hentry"],"acf":[],"yoast_head":"<!-- This site is optimized with the Yoast SEO plugin v27.5 - https:\/\/yoast.com\/product\/yoast-seo-wordpress\/ -->\n<title>Modlitwa o pok\u00f3j - Filles de la Charit\u00e9<\/title>\n<meta name=\"robots\" content=\"index, follow, max-snippet:-1, max-image-preview:large, max-video-preview:-1\" \/>\n<link rel=\"canonical\" href=\"https:\/\/filles-de-la-charite.org\/pl\/rincon-oracion\/oracion-por-la-paz\/\" \/>\n<meta property=\"og:locale\" content=\"pl_PL\" \/>\n<meta property=\"og:type\" content=\"article\" \/>\n<meta property=\"og:title\" content=\"Modlitwa o pok\u00f3j - Filles de la Charit\u00e9\" \/>\n<meta property=\"og:description\" content=\"Nie mo\u017cemy ju\u017c my\u015ble\u0107 tylko o zachowaniu jedynie naszych osobistych czy narodowych interes\u00f3w, ale musimy my\u015ble\u0107 o sobie w perspektywie dobra wsp\u00f3lnego, w wymiarze wsp\u00f3lnotowym, czyli jako \u201emy\u201d, otwarci na powszechne braterstwo. Nie mo\u017cemy d\u0105\u017cy\u0107 jedynie do chronienia samych siebie, ale nadszed\u0142 czas, aby\u015bmy wszyscy zaanga\u017cowali si\u0119 w uzdrowienie naszego spo\u0142ecze\u0144stwa i naszej planety, tworz\u0105c [&hellip;]\" \/>\n<meta property=\"og:url\" content=\"https:\/\/filles-de-la-charite.org\/pl\/rincon-oracion\/oracion-por-la-paz\/\" \/>\n<meta property=\"og:site_name\" content=\"Filles de la Charit\u00e9\" \/>\n<meta property=\"article:modified_time\" content=\"2024-03-04T11:42:49+00:00\" \/>\n<meta property=\"og:image\" content=\"https:\/\/filles-de-la-charite.org\/wp-content\/uploads\/2024\/03\/PC-PL-scaled-2.jpg\" \/>\n\t<meta property=\"og:image:width\" content=\"2560\" \/>\n\t<meta property=\"og:image:height\" content=\"1440\" \/>\n\t<meta property=\"og:image:type\" content=\"image\/jpeg\" \/>\n<meta name=\"twitter:card\" content=\"summary_large_image\" \/>\n<meta name=\"twitter:label1\" content=\"Szacowany czas czytania\" \/>\n\t<meta name=\"twitter:data1\" content=\"1 minuta\" \/>\n<script type=\"application\/ld+json\" class=\"yoast-schema-graph\">{\"@context\":\"https:\\\/\\\/schema.org\",\"@graph\":[{\"@type\":\"WebPage\",\"@id\":\"https:\\\/\\\/filles-de-la-charite.org\\\/pl\\\/rincon-oracion\\\/oracion-por-la-paz\\\/\",\"url\":\"https:\\\/\\\/filles-de-la-charite.org\\\/pl\\\/rincon-oracion\\\/oracion-por-la-paz\\\/\",\"name\":\"Modlitwa o pok\u00f3j - Filles de la Charit\u00e9\",\"isPartOf\":{\"@id\":\"https:\\\/\\\/filles-de-la-charite.org\\\/pl\\\/#website\"},\"primaryImageOfPage\":{\"@id\":\"https:\\\/\\\/filles-de-la-charite.org\\\/pl\\\/rincon-oracion\\\/oracion-por-la-paz\\\/#primaryimage\"},\"image\":{\"@id\":\"https:\\\/\\\/filles-de-la-charite.org\\\/pl\\\/rincon-oracion\\\/oracion-por-la-paz\\\/#primaryimage\"},\"thumbnailUrl\":\"https:\\\/\\\/filles-de-la-charite.org\\\/wp-content\\\/uploads\\\/2024\\\/03\\\/PC-PL-scaled-2.jpg\",\"datePublished\":\"2024-01-01T11:38:39+00:00\",\"dateModified\":\"2024-03-04T11:42:49+00:00\",\"inLanguage\":\"pl-PL\",\"potentialAction\":[{\"@type\":\"ReadAction\",\"target\":[\"https:\\\/\\\/filles-de-la-charite.org\\\/pl\\\/rincon-oracion\\\/oracion-por-la-paz\\\/\"]}]},{\"@type\":\"ImageObject\",\"inLanguage\":\"pl-PL\",\"@id\":\"https:\\\/\\\/filles-de-la-charite.org\\\/pl\\\/rincon-oracion\\\/oracion-por-la-paz\\\/#primaryimage\",\"url\":\"https:\\\/\\\/filles-de-la-charite.org\\\/wp-content\\\/uploads\\\/2024\\\/03\\\/PC-PL-scaled-2.jpg\",\"contentUrl\":\"https:\\\/\\\/filles-de-la-charite.org\\\/wp-content\\\/uploads\\\/2024\\\/03\\\/PC-PL-scaled-2.jpg\",\"width\":2560,\"height\":1440},{\"@type\":\"WebSite\",\"@id\":\"https:\\\/\\\/filles-de-la-charite.org\\\/pl\\\/#website\",\"url\":\"https:\\\/\\\/filles-de-la-charite.org\\\/pl\\\/\",\"name\":\"Hijas de la Caridad\",\"description\":\"L\u2019amour de J\u00e9sus nous presse \u00e0 prendre soin des personnes les plus d\u00e9munies\",\"publisher\":{\"@id\":\"https:\\\/\\\/filles-de-la-charite.org\\\/pl\\\/#organization\"},\"potentialAction\":[{\"@type\":\"SearchAction\",\"target\":{\"@type\":\"EntryPoint\",\"urlTemplate\":\"https:\\\/\\\/filles-de-la-charite.org\\\/pl\\\/?s={search_term_string}\"},\"query-input\":{\"@type\":\"PropertyValueSpecification\",\"valueRequired\":true,\"valueName\":\"search_term_string\"}}],\"inLanguage\":\"pl-PL\"},{\"@type\":\"Organization\",\"@id\":\"https:\\\/\\\/filles-de-la-charite.org\\\/pl\\\/#organization\",\"name\":\"Hijas de la Caridad\",\"url\":\"https:\\\/\\\/filles-de-la-charite.org\\\/pl\\\/\",\"logo\":{\"@type\":\"ImageObject\",\"inLanguage\":\"pl-PL\",\"@id\":\"https:\\\/\\\/filles-de-la-charite.org\\\/pl\\\/#\\\/schema\\\/logo\\\/image\\\/\",\"url\":\"https:\\\/\\\/filles-de-la-charite.org\\\/wp-content\\\/uploads\\\/2023\\\/03\\\/isotipo-Hijas-de-la-Caridad.png\",\"contentUrl\":\"https:\\\/\\\/filles-de-la-charite.org\\\/wp-content\\\/uploads\\\/2023\\\/03\\\/isotipo-Hijas-de-la-Caridad.png\",\"width\":1417,\"height\":1417,\"caption\":\"Hijas de la Caridad\"},\"image\":{\"@id\":\"https:\\\/\\\/filles-de-la-charite.org\\\/pl\\\/#\\\/schema\\\/logo\\\/image\\\/\"}}]}<\/script>\n<!-- \/ Yoast SEO plugin. -->","yoast_head_json":{"title":"Modlitwa o pok\u00f3j - Filles de la Charit\u00e9","robots":{"index":"index","follow":"follow","max-snippet":"max-snippet:-1","max-image-preview":"max-image-preview:large","max-video-preview":"max-video-preview:-1"},"canonical":"https:\/\/filles-de-la-charite.org\/pl\/rincon-oracion\/oracion-por-la-paz\/","og_locale":"pl_PL","og_type":"article","og_title":"Modlitwa o pok\u00f3j - Filles de la Charit\u00e9","og_description":"Nie mo\u017cemy ju\u017c my\u015ble\u0107 tylko o zachowaniu jedynie naszych osobistych czy narodowych interes\u00f3w, ale musimy my\u015ble\u0107 o sobie w perspektywie dobra wsp\u00f3lnego, w wymiarze wsp\u00f3lnotowym, czyli jako \u201emy\u201d, otwarci na powszechne braterstwo. Nie mo\u017cemy d\u0105\u017cy\u0107 jedynie do chronienia samych siebie, ale nadszed\u0142 czas, aby\u015bmy wszyscy zaanga\u017cowali si\u0119 w uzdrowienie naszego spo\u0142ecze\u0144stwa i naszej planety, tworz\u0105c [&hellip;]","og_url":"https:\/\/filles-de-la-charite.org\/pl\/rincon-oracion\/oracion-por-la-paz\/","og_site_name":"Filles de la Charit\u00e9","article_modified_time":"2024-03-04T11:42:49+00:00","og_image":[{"width":2560,"height":1440,"url":"https:\/\/filles-de-la-charite.org\/wp-content\/uploads\/2024\/03\/PC-PL-scaled-2.jpg","type":"image\/jpeg"}],"twitter_card":"summary_large_image","twitter_misc":{"Szacowany czas czytania":"1 minuta"},"schema":{"@context":"https:\/\/schema.org","@graph":[{"@type":"WebPage","@id":"https:\/\/filles-de-la-charite.org\/pl\/rincon-oracion\/oracion-por-la-paz\/","url":"https:\/\/filles-de-la-charite.org\/pl\/rincon-oracion\/oracion-por-la-paz\/","name":"Modlitwa o pok\u00f3j - Filles de la Charit\u00e9","isPartOf":{"@id":"https:\/\/filles-de-la-charite.org\/pl\/#website"},"primaryImageOfPage":{"@id":"https:\/\/filles-de-la-charite.org\/pl\/rincon-oracion\/oracion-por-la-paz\/#primaryimage"},"image":{"@id":"https:\/\/filles-de-la-charite.org\/pl\/rincon-oracion\/oracion-por-la-paz\/#primaryimage"},"thumbnailUrl":"https:\/\/filles-de-la-charite.org\/wp-content\/uploads\/2024\/03\/PC-PL-scaled-2.jpg","datePublished":"2024-01-01T11:38:39+00:00","dateModified":"2024-03-04T11:42:49+00:00","inLanguage":"pl-PL","potentialAction":[{"@type":"ReadAction","target":["https:\/\/filles-de-la-charite.org\/pl\/rincon-oracion\/oracion-por-la-paz\/"]}]},{"@type":"ImageObject","inLanguage":"pl-PL","@id":"https:\/\/filles-de-la-charite.org\/pl\/rincon-oracion\/oracion-por-la-paz\/#primaryimage","url":"https:\/\/filles-de-la-charite.org\/wp-content\/uploads\/2024\/03\/PC-PL-scaled-2.jpg","contentUrl":"https:\/\/filles-de-la-charite.org\/wp-content\/uploads\/2024\/03\/PC-PL-scaled-2.jpg","width":2560,"height":1440},{"@type":"WebSite","@id":"https:\/\/filles-de-la-charite.org\/pl\/#website","url":"https:\/\/filles-de-la-charite.org\/pl\/","name":"Hijas de la Caridad","description":"L\u2019amour de J\u00e9sus nous presse \u00e0 prendre soin des personnes les plus d\u00e9munies","publisher":{"@id":"https:\/\/filles-de-la-charite.org\/pl\/#organization"},"potentialAction":[{"@type":"SearchAction","target":{"@type":"EntryPoint","urlTemplate":"https:\/\/filles-de-la-charite.org\/pl\/?s={search_term_string}"},"query-input":{"@type":"PropertyValueSpecification","valueRequired":true,"valueName":"search_term_string"}}],"inLanguage":"pl-PL"},{"@type":"Organization","@id":"https:\/\/filles-de-la-charite.org\/pl\/#organization","name":"Hijas de la Caridad","url":"https:\/\/filles-de-la-charite.org\/pl\/","logo":{"@type":"ImageObject","inLanguage":"pl-PL","@id":"https:\/\/filles-de-la-charite.org\/pl\/#\/schema\/logo\/image\/","url":"https:\/\/filles-de-la-charite.org\/wp-content\/uploads\/2023\/03\/isotipo-Hijas-de-la-Caridad.png","contentUrl":"https:\/\/filles-de-la-charite.org\/wp-content\/uploads\/2023\/03\/isotipo-Hijas-de-la-Caridad.png","width":1417,"height":1417,"caption":"Hijas de la Caridad"},"image":{"@id":"https:\/\/filles-de-la-charite.org\/pl\/#\/schema\/logo\/image\/"}}]}},"_links":{"self":[{"href":"https:\/\/filles-de-la-charite.org\/pl\/wp-json\/wp\/v2\/rincon-oracion\/32748","targetHints":{"allow":["GET"]}}],"collection":[{"href":"https:\/\/filles-de-la-charite.org\/pl\/wp-json\/wp\/v2\/rincon-oracion"}],"about":[{"href":"https:\/\/filles-de-la-charite.org\/pl\/wp-json\/wp\/v2\/types\/rincon-oracion"}],"wp:featuredmedia":[{"embeddable":true,"href":"https:\/\/filles-de-la-charite.org\/pl\/wp-json\/wp\/v2\/media\/32736"}],"wp:attachment":[{"href":"https:\/\/filles-de-la-charite.org\/pl\/wp-json\/wp\/v2\/media?parent=32748"}],"curies":[{"name":"wp","href":"https:\/\/api.w.org\/{rel}","templated":true}]}}

Modlitwa o pokój

<p>Nie możemy już myśleć tylko o zachowaniu jedynie naszych osobistych czy narodowych interesów, ale musimy myśleć o sobie w perspektywie dobra wspólnego, w wymiarze wspólnotowym, czyli jako „my”, otwarci na powszechne braterstwo. Nie możemy dążyć jedynie do chronienia samych siebie, ale nadszedł czas, abyśmy wszyscy zaangażowali się w uzdrowienie naszego społeczeństwa i naszej planety, tworząc podstawy bardziej sprawiedliwego i pokojowego świata, poważnie zaangażowanego w dążenie do dobra, które byłoby naprawdę wspólne. Musimy powrócić do kwestii zapewnienia zdrowia publicznego dla wszystkich; promować działania pokojowe w celu zakończenia konfliktów i wojen, które nadal generują ofiary i ubóstwo.</p>



<p>Papież Franciszek, 1 stycznia 2023. Orędzie na Światowy Dzień Pokoju.</p>



<figure class="wp-block-embed is-type-video is-provider-youtube wp-block-embed-youtube wp-embed-aspect-16-9 wp-has-aspect-ratio"><div class="wp-block-embed__wrapper">
<iframe loading="lazy" title="2024 01 Modlitwa o pokój  PL" width="1080" height="608" src="https://www.youtube.com/embed/8u4XBXkVFkI?feature=oembed"  allow="accelerometer; autoplay; clipboard-write; encrypted-media; gyroscope; picture-in-picture; web-share" allowfullscreen></iframe>
</div></figure>

<!-- This site is optimized with the Yoast SEO plugin v27.5 - https://yoast.com/product/yoast-seo-wordpress/ -->
<title>Modlitwa o pokój - Filles de la Charité</title>
<meta name="robots" content="index, follow, max-snippet:-1, max-image-preview:large, max-video-preview:-1" />
<link rel="canonical" href="https://filles-de-la-charite.org/pl/rincon-oracion/oracion-por-la-paz/" />
<meta property="og:locale" content="pl_PL" />
<meta property="og:type" content="article" />
<meta property="og:title" content="Modlitwa o pokój - Filles de la Charité" />
<meta property="og:description" content="Nie możemy już myśleć tylko o zachowaniu jedynie naszych osobistych czy narodowych interesów, ale musimy myśleć o sobie w perspektywie dobra wspólnego, w wymiarze wspólnotowym, czyli jako „my”, otwarci na powszechne braterstwo. Nie możemy dążyć jedynie do chronienia samych siebie, ale nadszedł czas, abyśmy wszyscy zaangażowali się w uzdrowienie naszego społeczeństwa i naszej planety, tworząc [&hellip;]" />
<meta property="og:url" content="https://filles-de-la-charite.org/pl/rincon-oracion/oracion-por-la-paz/" />
<meta property="og:site_name" content="Filles de la Charité" />
<meta property="article:modified_time" content="2024-03-04T11:42:49+00:00" />
<meta property="og:image" content="https://filles-de-la-charite.org/wp-content/uploads/2024/03/PC-PL-scaled-2.jpg" />
	<meta property="og:image:width" content="2560" />
	<meta property="og:image:height" content="1440" />
	<meta property="og:image:type" content="image/jpeg" />
<meta name="twitter:card" content="summary_large_image" />
<meta name="twitter:label1" content="Szacowany czas czytania" />
	<meta name="twitter:data1" content="1 minuta" />
<script type="application/ld+json" class="yoast-schema-graph">{"@context":"https:\/\/schema.org","@graph":[{"@type":"WebPage","@id":"https:\/\/filles-de-la-charite.org\/pl\/rincon-oracion\/oracion-por-la-paz\/","url":"https:\/\/filles-de-la-charite.org\/pl\/rincon-oracion\/oracion-por-la-paz\/","name":"Modlitwa o pokój - Filles de la Charité","isPartOf":{"@id":"https:\/\/filles-de-la-charite.org\/pl\/#website"},"primaryImageOfPage":{"@id":"https:\/\/filles-de-la-charite.org\/pl\/rincon-oracion\/oracion-por-la-paz\/#primaryimage"},"image":{"@id":"https:\/\/filles-de-la-charite.org\/pl\/rincon-oracion\/oracion-por-la-paz\/#primaryimage"},"thumbnailUrl":"https:\/\/filles-de-la-charite.org\/wp-content\/uploads\/2024\/03\/PC-PL-scaled-2.jpg","datePublished":"2024-01-01T11:38:39+00:00","dateModified":"2024-03-04T11:42:49+00:00","inLanguage":"pl-PL","potentialAction":[{"@type":"ReadAction","target":["https:\/\/filles-de-la-charite.org\/pl\/rincon-oracion\/oracion-por-la-paz\/"]}]},{"@type":"ImageObject","inLanguage":"pl-PL","@id":"https:\/\/filles-de-la-charite.org\/pl\/rincon-oracion\/oracion-por-la-paz\/#primaryimage","url":"https:\/\/filles-de-la-charite.org\/wp-content\/uploads\/2024\/03\/PC-PL-scaled-2.jpg","contentUrl":"https:\/\/filles-de-la-charite.org\/wp-content\/uploads\/2024\/03\/PC-PL-scaled-2.jpg","width":2560,"height":1440},{"@type":"WebSite","@id":"https:\/\/filles-de-la-charite.org\/pl\/#website","url":"https:\/\/filles-de-la-charite.org\/pl\/","name":"Hijas de la Caridad","description":"L’amour de Jésus nous presse à prendre soin des personnes les plus démunies","publisher":{"@id":"https:\/\/filles-de-la-charite.org\/pl\/#organization"},"potentialAction":[{"@type":"SearchAction","target":{"@type":"EntryPoint","urlTemplate":"https:\/\/filles-de-la-charite.org\/pl\/?s={search_term_string}"},"query-input":{"@type":"PropertyValueSpecification","valueRequired":true,"valueName":"search_term_string"}}],"inLanguage":"pl-PL"},{"@type":"Organization","@id":"https:\/\/filles-de-la-charite.org\/pl\/#organization","name":"Hijas de la Caridad","url":"https:\/\/filles-de-la-charite.org\/pl\/","logo":{"@type":"ImageObject","inLanguage":"pl-PL","@id":"https:\/\/filles-de-la-charite.org\/pl\/#\/schema\/logo\/image\/","url":"https:\/\/filles-de-la-charite.org\/wp-content\/uploads\/2023\/03\/isotipo-Hijas-de-la-Caridad.png","contentUrl":"https:\/\/filles-de-la-charite.org\/wp-content\/uploads\/2023\/03\/isotipo-Hijas-de-la-Caridad.png","width":1417,"height":1417,"caption":"Hijas de la Caridad"},"image":{"@id":"https:\/\/filles-de-la-charite.org\/pl\/#\/schema\/logo\/image\/"}}]}</script>
<!-- / Yoast SEO plugin. -->

Modlitwa o pokój - Filles de la Charité

Nie możemy już myśleć tylko o zachowaniu jedynie naszych osobistych czy narodowych interesów, ale musimy myśleć o sobie w perspektywie dobra wspólnego, w wymiarze wspólnotowym, czyli jako „my”, otwarci na powszechne braterstwo. Nie możemy dążyć jedynie do chronienia samych siebie, ale nadszedł czas, abyśmy wszyscy zaangażowali się w uzdrowienie naszego społeczeństwa i naszej planety, tworząc [&hellip;]

Filles de la Charité

L’amour de Jésus nous presse à prendre soin des personnes les plus démunies
