{"id":34995,"date":"2024-04-01T15:59:09","date_gmt":"2024-04-01T13:59:09","guid":{"rendered":"https:\/\/hijascaridad.sjdigitaldemo.ovh\/?post_type=rincon-oracion&#038;p=34995"},"modified":"2024-05-10T16:03:12","modified_gmt":"2024-05-10T14:03:12","slug":"zostan-z-nami-zmartwychwstaly-jezu","status":"publish","type":"rincon-oracion","link":"https:\/\/filles-de-la-charite.org\/pl\/rincon-oracion\/zostan-z-nami-zmartwychwstaly-jezu\/","title":{"rendered":"Zosta\u0144 z nami, Zmartwychwsta\u0142y Jezu!"},"content":{"rendered":"\n<p>Zmartwychwstanie jest centralnym faktem Wiary chrze\u015bcija\u0144skiej. Rozpoczyna si\u0119 ono od kl\u0119ski, ukrzy\u017cowania i b\u00f3lu, lecz ko\u0144czy si\u0119 tryumfem. Radosne religie mog\u0105 sprawdzi\u0107 si\u0119 w dniach, w kt\u00f3rych nie ma \u015bmierci, \u017calu lub bole\u015bci, lecz potrzeba by\u0142o Mi\u0142o\u015bci Boga, kt\u00f3ry dotyka naszych \u017cyciowych tragedii, aby nas przekona\u0107, \u017ce w Nim my r\u00f3wnie\u017c mo\u017cemy mie\u0107 swoj\u0105 Wielkanoc po naszym w\u0142asnym Wielkim Pi\u0105tku. (Abp. Fulton Sheen, \u201eConcerning Easter\u201d, Ottawa Citizen, 31.03.1956 r.)<\/p>\n\n\n\n<figure class=\"wp-block-embed is-type-video is-provider-youtube wp-block-embed-youtube wp-embed-aspect-16-9 wp-has-aspect-ratio\"><div class=\"wp-block-embed__wrapper\">\n<iframe loading=\"lazy\" title=\"Zosta\u0144 z nami, Zmartwychwsta\u0142y Jezu! PL\" width=\"1080\" height=\"608\" src=\"https:\/\/www.youtube.com\/embed\/jFRytqJMfu0?feature=oembed\"  allow=\"accelerometer; autoplay; clipboard-write; encrypted-media; gyroscope; picture-in-picture; web-share\" referrerpolicy=\"strict-origin-when-cross-origin\" allowfullscreen><\/iframe>\n<\/div><\/figure>\n","protected":false},"featured_media":34989,"template":"","meta":{"_acf_changed":false,"_links_to":"","_links_to_target":""},"class_list":["post-34995","rincon-oracion","type-rincon-oracion","status-publish","has-post-thumbnail","hentry"],"acf":[],"yoast_head":"<!-- This site is optimized with the Yoast SEO plugin v27.5 - https:\/\/yoast.com\/product\/yoast-seo-wordpress\/ -->\n<title>Zosta\u0144 z nami, Zmartwychwsta\u0142y Jezu! - Filles de la Charit\u00e9<\/title>\n<meta name=\"robots\" content=\"index, follow, max-snippet:-1, max-image-preview:large, max-video-preview:-1\" \/>\n<link rel=\"canonical\" href=\"https:\/\/filles-de-la-charite.org\/pl\/rincon-oracion\/zostan-z-nami-zmartwychwstaly-jezu\/\" \/>\n<meta property=\"og:locale\" content=\"pl_PL\" \/>\n<meta property=\"og:type\" content=\"article\" \/>\n<meta property=\"og:title\" content=\"Zosta\u0144 z nami, Zmartwychwsta\u0142y Jezu! - Filles de la Charit\u00e9\" \/>\n<meta property=\"og:description\" content=\"Zmartwychwstanie jest centralnym faktem Wiary chrze\u015bcija\u0144skiej. Rozpoczyna si\u0119 ono od kl\u0119ski, ukrzy\u017cowania i b\u00f3lu, lecz ko\u0144czy si\u0119 tryumfem. Radosne religie mog\u0105 sprawdzi\u0107 si\u0119 w dniach, w kt\u00f3rych nie ma \u015bmierci, \u017calu lub bole\u015bci, lecz potrzeba by\u0142o Mi\u0142o\u015bci Boga, kt\u00f3ry dotyka naszych \u017cyciowych tragedii, aby nas przekona\u0107, \u017ce w Nim my r\u00f3wnie\u017c mo\u017cemy mie\u0107 swoj\u0105 Wielkanoc [&hellip;]\" \/>\n<meta property=\"og:url\" content=\"https:\/\/filles-de-la-charite.org\/pl\/rincon-oracion\/zostan-z-nami-zmartwychwstaly-jezu\/\" \/>\n<meta property=\"og:site_name\" content=\"Filles de la Charit\u00e9\" \/>\n<meta property=\"article:modified_time\" content=\"2024-05-10T14:03:12+00:00\" \/>\n<meta property=\"og:image\" content=\"https:\/\/filles-de-la-charite.org\/wp-content\/uploads\/2024\/05\/Zostan-z-nami-Zmartwychwstaly-Jezu_PL-scaled.jpg\" \/>\n\t<meta property=\"og:image:width\" content=\"2560\" \/>\n\t<meta property=\"og:image:height\" content=\"1440\" \/>\n\t<meta property=\"og:image:type\" content=\"image\/jpeg\" \/>\n<meta name=\"twitter:card\" content=\"summary_large_image\" \/>\n<meta name=\"twitter:label1\" content=\"Szacowany czas czytania\" \/>\n\t<meta name=\"twitter:data1\" content=\"1 minuta\" \/>\n<script type=\"application\/ld+json\" class=\"yoast-schema-graph\">{\"@context\":\"https:\\\/\\\/schema.org\",\"@graph\":[{\"@type\":\"WebPage\",\"@id\":\"https:\\\/\\\/filles-de-la-charite.org\\\/pl\\\/rincon-oracion\\\/zostan-z-nami-zmartwychwstaly-jezu\\\/\",\"url\":\"https:\\\/\\\/filles-de-la-charite.org\\\/pl\\\/rincon-oracion\\\/zostan-z-nami-zmartwychwstaly-jezu\\\/\",\"name\":\"Zosta\u0144 z nami, Zmartwychwsta\u0142y Jezu! - Filles de la Charit\u00e9\",\"isPartOf\":{\"@id\":\"https:\\\/\\\/filles-de-la-charite.org\\\/pl\\\/#website\"},\"primaryImageOfPage\":{\"@id\":\"https:\\\/\\\/filles-de-la-charite.org\\\/pl\\\/rincon-oracion\\\/zostan-z-nami-zmartwychwstaly-jezu\\\/#primaryimage\"},\"image\":{\"@id\":\"https:\\\/\\\/filles-de-la-charite.org\\\/pl\\\/rincon-oracion\\\/zostan-z-nami-zmartwychwstaly-jezu\\\/#primaryimage\"},\"thumbnailUrl\":\"https:\\\/\\\/filles-de-la-charite.org\\\/wp-content\\\/uploads\\\/2024\\\/05\\\/Zostan-z-nami-Zmartwychwstaly-Jezu_PL-scaled.jpg\",\"datePublished\":\"2024-04-01T13:59:09+00:00\",\"dateModified\":\"2024-05-10T14:03:12+00:00\",\"inLanguage\":\"pl-PL\",\"potentialAction\":[{\"@type\":\"ReadAction\",\"target\":[\"https:\\\/\\\/filles-de-la-charite.org\\\/pl\\\/rincon-oracion\\\/zostan-z-nami-zmartwychwstaly-jezu\\\/\"]}]},{\"@type\":\"ImageObject\",\"inLanguage\":\"pl-PL\",\"@id\":\"https:\\\/\\\/filles-de-la-charite.org\\\/pl\\\/rincon-oracion\\\/zostan-z-nami-zmartwychwstaly-jezu\\\/#primaryimage\",\"url\":\"https:\\\/\\\/filles-de-la-charite.org\\\/wp-content\\\/uploads\\\/2024\\\/05\\\/Zostan-z-nami-Zmartwychwstaly-Jezu_PL-scaled.jpg\",\"contentUrl\":\"https:\\\/\\\/filles-de-la-charite.org\\\/wp-content\\\/uploads\\\/2024\\\/05\\\/Zostan-z-nami-Zmartwychwstaly-Jezu_PL-scaled.jpg\",\"width\":2560,\"height\":1440},{\"@type\":\"WebSite\",\"@id\":\"https:\\\/\\\/filles-de-la-charite.org\\\/pl\\\/#website\",\"url\":\"https:\\\/\\\/filles-de-la-charite.org\\\/pl\\\/\",\"name\":\"Hijas de la Caridad\",\"description\":\"L\u2019amour de J\u00e9sus nous presse \u00e0 prendre soin des personnes les plus d\u00e9munies\",\"publisher\":{\"@id\":\"https:\\\/\\\/filles-de-la-charite.org\\\/pl\\\/#organization\"},\"potentialAction\":[{\"@type\":\"SearchAction\",\"target\":{\"@type\":\"EntryPoint\",\"urlTemplate\":\"https:\\\/\\\/filles-de-la-charite.org\\\/pl\\\/?s={search_term_string}\"},\"query-input\":{\"@type\":\"PropertyValueSpecification\",\"valueRequired\":true,\"valueName\":\"search_term_string\"}}],\"inLanguage\":\"pl-PL\"},{\"@type\":\"Organization\",\"@id\":\"https:\\\/\\\/filles-de-la-charite.org\\\/pl\\\/#organization\",\"name\":\"Hijas de la Caridad\",\"url\":\"https:\\\/\\\/filles-de-la-charite.org\\\/pl\\\/\",\"logo\":{\"@type\":\"ImageObject\",\"inLanguage\":\"pl-PL\",\"@id\":\"https:\\\/\\\/filles-de-la-charite.org\\\/pl\\\/#\\\/schema\\\/logo\\\/image\\\/\",\"url\":\"https:\\\/\\\/filles-de-la-charite.org\\\/wp-content\\\/uploads\\\/2023\\\/03\\\/isotipo-Hijas-de-la-Caridad.png\",\"contentUrl\":\"https:\\\/\\\/filles-de-la-charite.org\\\/wp-content\\\/uploads\\\/2023\\\/03\\\/isotipo-Hijas-de-la-Caridad.png\",\"width\":1417,\"height\":1417,\"caption\":\"Hijas de la Caridad\"},\"image\":{\"@id\":\"https:\\\/\\\/filles-de-la-charite.org\\\/pl\\\/#\\\/schema\\\/logo\\\/image\\\/\"}}]}<\/script>\n<!-- \/ Yoast SEO plugin. -->","yoast_head_json":{"title":"Zosta\u0144 z nami, Zmartwychwsta\u0142y Jezu! - Filles de la Charit\u00e9","robots":{"index":"index","follow":"follow","max-snippet":"max-snippet:-1","max-image-preview":"max-image-preview:large","max-video-preview":"max-video-preview:-1"},"canonical":"https:\/\/filles-de-la-charite.org\/pl\/rincon-oracion\/zostan-z-nami-zmartwychwstaly-jezu\/","og_locale":"pl_PL","og_type":"article","og_title":"Zosta\u0144 z nami, Zmartwychwsta\u0142y Jezu! - Filles de la Charit\u00e9","og_description":"Zmartwychwstanie jest centralnym faktem Wiary chrze\u015bcija\u0144skiej. Rozpoczyna si\u0119 ono od kl\u0119ski, ukrzy\u017cowania i b\u00f3lu, lecz ko\u0144czy si\u0119 tryumfem. Radosne religie mog\u0105 sprawdzi\u0107 si\u0119 w dniach, w kt\u00f3rych nie ma \u015bmierci, \u017calu lub bole\u015bci, lecz potrzeba by\u0142o Mi\u0142o\u015bci Boga, kt\u00f3ry dotyka naszych \u017cyciowych tragedii, aby nas przekona\u0107, \u017ce w Nim my r\u00f3wnie\u017c mo\u017cemy mie\u0107 swoj\u0105 Wielkanoc [&hellip;]","og_url":"https:\/\/filles-de-la-charite.org\/pl\/rincon-oracion\/zostan-z-nami-zmartwychwstaly-jezu\/","og_site_name":"Filles de la Charit\u00e9","article_modified_time":"2024-05-10T14:03:12+00:00","og_image":[{"width":2560,"height":1440,"url":"https:\/\/filles-de-la-charite.org\/wp-content\/uploads\/2024\/05\/Zostan-z-nami-Zmartwychwstaly-Jezu_PL-scaled.jpg","type":"image\/jpeg"}],"twitter_card":"summary_large_image","twitter_misc":{"Szacowany czas czytania":"1 minuta"},"schema":{"@context":"https:\/\/schema.org","@graph":[{"@type":"WebPage","@id":"https:\/\/filles-de-la-charite.org\/pl\/rincon-oracion\/zostan-z-nami-zmartwychwstaly-jezu\/","url":"https:\/\/filles-de-la-charite.org\/pl\/rincon-oracion\/zostan-z-nami-zmartwychwstaly-jezu\/","name":"Zosta\u0144 z nami, Zmartwychwsta\u0142y Jezu! - Filles de la Charit\u00e9","isPartOf":{"@id":"https:\/\/filles-de-la-charite.org\/pl\/#website"},"primaryImageOfPage":{"@id":"https:\/\/filles-de-la-charite.org\/pl\/rincon-oracion\/zostan-z-nami-zmartwychwstaly-jezu\/#primaryimage"},"image":{"@id":"https:\/\/filles-de-la-charite.org\/pl\/rincon-oracion\/zostan-z-nami-zmartwychwstaly-jezu\/#primaryimage"},"thumbnailUrl":"https:\/\/filles-de-la-charite.org\/wp-content\/uploads\/2024\/05\/Zostan-z-nami-Zmartwychwstaly-Jezu_PL-scaled.jpg","datePublished":"2024-04-01T13:59:09+00:00","dateModified":"2024-05-10T14:03:12+00:00","inLanguage":"pl-PL","potentialAction":[{"@type":"ReadAction","target":["https:\/\/filles-de-la-charite.org\/pl\/rincon-oracion\/zostan-z-nami-zmartwychwstaly-jezu\/"]}]},{"@type":"ImageObject","inLanguage":"pl-PL","@id":"https:\/\/filles-de-la-charite.org\/pl\/rincon-oracion\/zostan-z-nami-zmartwychwstaly-jezu\/#primaryimage","url":"https:\/\/filles-de-la-charite.org\/wp-content\/uploads\/2024\/05\/Zostan-z-nami-Zmartwychwstaly-Jezu_PL-scaled.jpg","contentUrl":"https:\/\/filles-de-la-charite.org\/wp-content\/uploads\/2024\/05\/Zostan-z-nami-Zmartwychwstaly-Jezu_PL-scaled.jpg","width":2560,"height":1440},{"@type":"WebSite","@id":"https:\/\/filles-de-la-charite.org\/pl\/#website","url":"https:\/\/filles-de-la-charite.org\/pl\/","name":"Hijas de la Caridad","description":"L\u2019amour de J\u00e9sus nous presse \u00e0 prendre soin des personnes les plus d\u00e9munies","publisher":{"@id":"https:\/\/filles-de-la-charite.org\/pl\/#organization"},"potentialAction":[{"@type":"SearchAction","target":{"@type":"EntryPoint","urlTemplate":"https:\/\/filles-de-la-charite.org\/pl\/?s={search_term_string}"},"query-input":{"@type":"PropertyValueSpecification","valueRequired":true,"valueName":"search_term_string"}}],"inLanguage":"pl-PL"},{"@type":"Organization","@id":"https:\/\/filles-de-la-charite.org\/pl\/#organization","name":"Hijas de la Caridad","url":"https:\/\/filles-de-la-charite.org\/pl\/","logo":{"@type":"ImageObject","inLanguage":"pl-PL","@id":"https:\/\/filles-de-la-charite.org\/pl\/#\/schema\/logo\/image\/","url":"https:\/\/filles-de-la-charite.org\/wp-content\/uploads\/2023\/03\/isotipo-Hijas-de-la-Caridad.png","contentUrl":"https:\/\/filles-de-la-charite.org\/wp-content\/uploads\/2023\/03\/isotipo-Hijas-de-la-Caridad.png","width":1417,"height":1417,"caption":"Hijas de la Caridad"},"image":{"@id":"https:\/\/filles-de-la-charite.org\/pl\/#\/schema\/logo\/image\/"}}]}},"_links":{"self":[{"href":"https:\/\/filles-de-la-charite.org\/pl\/wp-json\/wp\/v2\/rincon-oracion\/34995","targetHints":{"allow":["GET"]}}],"collection":[{"href":"https:\/\/filles-de-la-charite.org\/pl\/wp-json\/wp\/v2\/rincon-oracion"}],"about":[{"href":"https:\/\/filles-de-la-charite.org\/pl\/wp-json\/wp\/v2\/types\/rincon-oracion"}],"wp:featuredmedia":[{"embeddable":true,"href":"https:\/\/filles-de-la-charite.org\/pl\/wp-json\/wp\/v2\/media\/34989"}],"wp:attachment":[{"href":"https:\/\/filles-de-la-charite.org\/pl\/wp-json\/wp\/v2\/media?parent=34995"}],"curies":[{"name":"wp","href":"https:\/\/api.w.org\/{rel}","templated":true}]}}

Zostań z nami, Zmartwychwstały Jezu!

<p>Zmartwychwstanie jest centralnym faktem Wiary chrześcijańskiej. Rozpoczyna się ono od klęski, ukrzyżowania i bólu, lecz kończy się tryumfem. Radosne religie mogą sprawdzić się w dniach, w których nie ma śmierci, żalu lub boleści, lecz potrzeba było Miłości Boga, który dotyka naszych życiowych tragedii, aby nas przekonać, że w Nim my również możemy mieć swoją Wielkanoc po naszym własnym Wielkim Piątku. (Abp. Fulton Sheen, „Concerning Easter”, Ottawa Citizen, 31.03.1956 r.)</p>



<figure class="wp-block-embed is-type-video is-provider-youtube wp-block-embed-youtube wp-embed-aspect-16-9 wp-has-aspect-ratio"><div class="wp-block-embed__wrapper">
<iframe loading="lazy" title="Zostań z nami, Zmartwychwstały Jezu! PL" width="1080" height="608" src="https://www.youtube.com/embed/jFRytqJMfu0?feature=oembed"  allow="accelerometer; autoplay; clipboard-write; encrypted-media; gyroscope; picture-in-picture; web-share" referrerpolicy="strict-origin-when-cross-origin" allowfullscreen></iframe>
</div></figure>

<!-- This site is optimized with the Yoast SEO plugin v27.5 - https://yoast.com/product/yoast-seo-wordpress/ -->
<title>Zostań z nami, Zmartwychwstały Jezu! - Filles de la Charité</title>
<meta name="robots" content="index, follow, max-snippet:-1, max-image-preview:large, max-video-preview:-1" />
<link rel="canonical" href="https://filles-de-la-charite.org/pl/rincon-oracion/zostan-z-nami-zmartwychwstaly-jezu/" />
<meta property="og:locale" content="pl_PL" />
<meta property="og:type" content="article" />
<meta property="og:title" content="Zostań z nami, Zmartwychwstały Jezu! - Filles de la Charité" />
<meta property="og:description" content="Zmartwychwstanie jest centralnym faktem Wiary chrześcijańskiej. Rozpoczyna się ono od klęski, ukrzyżowania i bólu, lecz kończy się tryumfem. Radosne religie mogą sprawdzić się w dniach, w których nie ma śmierci, żalu lub boleści, lecz potrzeba było Miłości Boga, który dotyka naszych życiowych tragedii, aby nas przekonać, że w Nim my również możemy mieć swoją Wielkanoc [&hellip;]" />
<meta property="og:url" content="https://filles-de-la-charite.org/pl/rincon-oracion/zostan-z-nami-zmartwychwstaly-jezu/" />
<meta property="og:site_name" content="Filles de la Charité" />
<meta property="article:modified_time" content="2024-05-10T14:03:12+00:00" />
<meta property="og:image" content="https://filles-de-la-charite.org/wp-content/uploads/2024/05/Zostan-z-nami-Zmartwychwstaly-Jezu_PL-scaled.jpg" />
	<meta property="og:image:width" content="2560" />
	<meta property="og:image:height" content="1440" />
	<meta property="og:image:type" content="image/jpeg" />
<meta name="twitter:card" content="summary_large_image" />
<meta name="twitter:label1" content="Szacowany czas czytania" />
	<meta name="twitter:data1" content="1 minuta" />
<script type="application/ld+json" class="yoast-schema-graph">{"@context":"https:\/\/schema.org","@graph":[{"@type":"WebPage","@id":"https:\/\/filles-de-la-charite.org\/pl\/rincon-oracion\/zostan-z-nami-zmartwychwstaly-jezu\/","url":"https:\/\/filles-de-la-charite.org\/pl\/rincon-oracion\/zostan-z-nami-zmartwychwstaly-jezu\/","name":"Zostań z nami, Zmartwychwstały Jezu! - Filles de la Charité","isPartOf":{"@id":"https:\/\/filles-de-la-charite.org\/pl\/#website"},"primaryImageOfPage":{"@id":"https:\/\/filles-de-la-charite.org\/pl\/rincon-oracion\/zostan-z-nami-zmartwychwstaly-jezu\/#primaryimage"},"image":{"@id":"https:\/\/filles-de-la-charite.org\/pl\/rincon-oracion\/zostan-z-nami-zmartwychwstaly-jezu\/#primaryimage"},"thumbnailUrl":"https:\/\/filles-de-la-charite.org\/wp-content\/uploads\/2024\/05\/Zostan-z-nami-Zmartwychwstaly-Jezu_PL-scaled.jpg","datePublished":"2024-04-01T13:59:09+00:00","dateModified":"2024-05-10T14:03:12+00:00","inLanguage":"pl-PL","potentialAction":[{"@type":"ReadAction","target":["https:\/\/filles-de-la-charite.org\/pl\/rincon-oracion\/zostan-z-nami-zmartwychwstaly-jezu\/"]}]},{"@type":"ImageObject","inLanguage":"pl-PL","@id":"https:\/\/filles-de-la-charite.org\/pl\/rincon-oracion\/zostan-z-nami-zmartwychwstaly-jezu\/#primaryimage","url":"https:\/\/filles-de-la-charite.org\/wp-content\/uploads\/2024\/05\/Zostan-z-nami-Zmartwychwstaly-Jezu_PL-scaled.jpg","contentUrl":"https:\/\/filles-de-la-charite.org\/wp-content\/uploads\/2024\/05\/Zostan-z-nami-Zmartwychwstaly-Jezu_PL-scaled.jpg","width":2560,"height":1440},{"@type":"WebSite","@id":"https:\/\/filles-de-la-charite.org\/pl\/#website","url":"https:\/\/filles-de-la-charite.org\/pl\/","name":"Hijas de la Caridad","description":"L’amour de Jésus nous presse à prendre soin des personnes les plus démunies","publisher":{"@id":"https:\/\/filles-de-la-charite.org\/pl\/#organization"},"potentialAction":[{"@type":"SearchAction","target":{"@type":"EntryPoint","urlTemplate":"https:\/\/filles-de-la-charite.org\/pl\/?s={search_term_string}"},"query-input":{"@type":"PropertyValueSpecification","valueRequired":true,"valueName":"search_term_string"}}],"inLanguage":"pl-PL"},{"@type":"Organization","@id":"https:\/\/filles-de-la-charite.org\/pl\/#organization","name":"Hijas de la Caridad","url":"https:\/\/filles-de-la-charite.org\/pl\/","logo":{"@type":"ImageObject","inLanguage":"pl-PL","@id":"https:\/\/filles-de-la-charite.org\/pl\/#\/schema\/logo\/image\/","url":"https:\/\/filles-de-la-charite.org\/wp-content\/uploads\/2023\/03\/isotipo-Hijas-de-la-Caridad.png","contentUrl":"https:\/\/filles-de-la-charite.org\/wp-content\/uploads\/2023\/03\/isotipo-Hijas-de-la-Caridad.png","width":1417,"height":1417,"caption":"Hijas de la Caridad"},"image":{"@id":"https:\/\/filles-de-la-charite.org\/pl\/#\/schema\/logo\/image\/"}}]}</script>
<!-- / Yoast SEO plugin. -->

Zostań z nami, Zmartwychwstały Jezu! - Filles de la Charité

Zmartwychwstanie jest centralnym faktem Wiary chrześcijańskiej. Rozpoczyna się ono od klęski, ukrzyżowania i bólu, lecz kończy się tryumfem. Radosne religie mogą sprawdzić się w dniach, w których nie ma śmierci, żalu lub boleści, lecz potrzeba było Miłości Boga, który dotyka naszych życiowych tragedii, aby nas przekonać, że w Nim my również możemy mieć swoją Wielkanoc [&hellip;]

Filles de la Charité

L’amour de Jésus nous presse à prendre soin des personnes les plus démunies
