{"id":38899,"date":"2024-08-15T01:00:00","date_gmt":"2024-08-14T23:00:00","guid":{"rendered":"https:\/\/filles-de-la-charite.org\/?post_type=rincon-oracion&#038;p=38899"},"modified":"2024-08-14T16:12:24","modified_gmt":"2024-08-14T14:12:24","slug":"z-maryja-perspektywa-wiecznosci","status":"publish","type":"rincon-oracion","link":"https:\/\/filles-de-la-charite.org\/pl\/rincon-oracion\/z-maryja-perspektywa-wiecznosci\/","title":{"rendered":"Z Maryj\u0105 &#8211; Perspektywa Wieczno\u015bci"},"content":{"rendered":"\n<p>\u201eKa\u017cdy chrze\u015bcijanin powinien ca\u0142ym sercem kocha\u0107 Naj\u015bwi\u0119tsz\u0105 Dziewic\u0119 i odda\u0107 Jej cze\u015b\u0107 z powodu Jej niezwyk\u0142ej godno\u015bci i cn\u00f3t, jakimi B\u00f3g J\u0105 obdarowa\u0142, by by\u0142a Matk\u0105 Boga- Cz\u0142owieka\u201d. (M3, E777-778) Razem ze \u015bw. Ludwik\u0105 de Marillac pochylmy si\u0119 nad tajemnic\u0105 Wniebowzi\u0119cia Naj\u015bwi\u0119tszej Maryi Panny i tak jak ona z\u0142\u00f3\u017cmy ca\u0142\u0105 nasz\u0105 nadziej\u0119 w Bogu, \u017ce i my dost\u0105pimy udzia\u0142u w \u017cyciu wiecznym w Kr\u00f3lestwie Bo\u017cym.<\/p>\n\n\n\n<figure class=\"wp-block-embed is-type-video is-provider-youtube wp-block-embed-youtube wp-embed-aspect-16-9 wp-has-aspect-ratio\"><div class=\"wp-block-embed__wrapper\">\n<iframe loading=\"lazy\" title=\"Z Maryj\u0105 - Perspektywa Wieczno\u015bci - Sierpie\u0144 2024\" width=\"1080\" height=\"608\" src=\"https:\/\/www.youtube.com\/embed\/FSvAdFKZQNM?feature=oembed\"  allow=\"accelerometer; autoplay; clipboard-write; encrypted-media; gyroscope; picture-in-picture; web-share\" referrerpolicy=\"strict-origin-when-cross-origin\" allowfullscreen><\/iframe>\n<\/div><\/figure>\n","protected":false},"featured_media":38895,"template":"","meta":{"_acf_changed":false,"_et_pb_use_builder":"","_et_pb_old_content":"","_et_gb_content_width":"","_links_to":"","_links_to_target":""},"class_list":["post-38899","rincon-oracion","type-rincon-oracion","status-publish","has-post-thumbnail","hentry"],"acf":[],"yoast_head":"<!-- This site is optimized with the Yoast SEO plugin v27.5 - https:\/\/yoast.com\/product\/yoast-seo-wordpress\/ -->\n<title>Z Maryj\u0105 - Perspektywa Wieczno\u015bci - Filles de la Charit\u00e9<\/title>\n<meta name=\"robots\" content=\"index, follow, max-snippet:-1, max-image-preview:large, max-video-preview:-1\" \/>\n<link rel=\"canonical\" href=\"https:\/\/filles-de-la-charite.org\/pl\/rincon-oracion\/z-maryja-perspektywa-wiecznosci\/\" \/>\n<meta property=\"og:locale\" content=\"pl_PL\" \/>\n<meta property=\"og:type\" content=\"article\" \/>\n<meta property=\"og:title\" content=\"Z Maryj\u0105 - Perspektywa Wieczno\u015bci - Filles de la Charit\u00e9\" \/>\n<meta property=\"og:description\" content=\"\u201eKa\u017cdy chrze\u015bcijanin powinien ca\u0142ym sercem kocha\u0107 Naj\u015bwi\u0119tsz\u0105 Dziewic\u0119 i odda\u0107 Jej cze\u015b\u0107 z powodu Jej niezwyk\u0142ej godno\u015bci i cn\u00f3t, jakimi B\u00f3g J\u0105 obdarowa\u0142, by by\u0142a Matk\u0105 Boga- Cz\u0142owieka\u201d. (M3, E777-778) Razem ze \u015bw. Ludwik\u0105 de Marillac pochylmy si\u0119 nad tajemnic\u0105 Wniebowzi\u0119cia Naj\u015bwi\u0119tszej Maryi Panny i tak jak ona z\u0142\u00f3\u017cmy ca\u0142\u0105 nasz\u0105 nadziej\u0119 w Bogu, \u017ce [&hellip;]\" \/>\n<meta property=\"og:url\" content=\"https:\/\/filles-de-la-charite.org\/pl\/rincon-oracion\/z-maryja-perspektywa-wiecznosci\/\" \/>\n<meta property=\"og:site_name\" content=\"Filles de la Charit\u00e9\" \/>\n<meta property=\"og:image\" content=\"https:\/\/filles-de-la-charite.org\/wp-content\/uploads\/2024\/08\/PL-PC-August-2024.jpg\" \/>\n\t<meta property=\"og:image:width\" content=\"1280\" \/>\n\t<meta property=\"og:image:height\" content=\"720\" \/>\n\t<meta property=\"og:image:type\" content=\"image\/jpeg\" \/>\n<meta name=\"twitter:card\" content=\"summary_large_image\" \/>\n<meta name=\"twitter:label1\" content=\"Szacowany czas czytania\" \/>\n\t<meta name=\"twitter:data1\" content=\"1 minuta\" \/>\n<script type=\"application\/ld+json\" class=\"yoast-schema-graph\">{\"@context\":\"https:\\\/\\\/schema.org\",\"@graph\":[{\"@type\":\"WebPage\",\"@id\":\"https:\\\/\\\/filles-de-la-charite.org\\\/pl\\\/rincon-oracion\\\/z-maryja-perspektywa-wiecznosci\\\/\",\"url\":\"https:\\\/\\\/filles-de-la-charite.org\\\/pl\\\/rincon-oracion\\\/z-maryja-perspektywa-wiecznosci\\\/\",\"name\":\"Z Maryj\u0105 - Perspektywa Wieczno\u015bci - Filles de la Charit\u00e9\",\"isPartOf\":{\"@id\":\"https:\\\/\\\/filles-de-la-charite.org\\\/pl\\\/#website\"},\"primaryImageOfPage\":{\"@id\":\"https:\\\/\\\/filles-de-la-charite.org\\\/pl\\\/rincon-oracion\\\/z-maryja-perspektywa-wiecznosci\\\/#primaryimage\"},\"image\":{\"@id\":\"https:\\\/\\\/filles-de-la-charite.org\\\/pl\\\/rincon-oracion\\\/z-maryja-perspektywa-wiecznosci\\\/#primaryimage\"},\"thumbnailUrl\":\"https:\\\/\\\/filles-de-la-charite.org\\\/wp-content\\\/uploads\\\/2024\\\/08\\\/PL-PC-August-2024.jpg\",\"datePublished\":\"2024-08-14T23:00:00+00:00\",\"inLanguage\":\"pl-PL\",\"potentialAction\":[{\"@type\":\"ReadAction\",\"target\":[\"https:\\\/\\\/filles-de-la-charite.org\\\/pl\\\/rincon-oracion\\\/z-maryja-perspektywa-wiecznosci\\\/\"]}]},{\"@type\":\"ImageObject\",\"inLanguage\":\"pl-PL\",\"@id\":\"https:\\\/\\\/filles-de-la-charite.org\\\/pl\\\/rincon-oracion\\\/z-maryja-perspektywa-wiecznosci\\\/#primaryimage\",\"url\":\"https:\\\/\\\/filles-de-la-charite.org\\\/wp-content\\\/uploads\\\/2024\\\/08\\\/PL-PC-August-2024.jpg\",\"contentUrl\":\"https:\\\/\\\/filles-de-la-charite.org\\\/wp-content\\\/uploads\\\/2024\\\/08\\\/PL-PC-August-2024.jpg\",\"width\":1280,\"height\":720},{\"@type\":\"WebSite\",\"@id\":\"https:\\\/\\\/filles-de-la-charite.org\\\/pl\\\/#website\",\"url\":\"https:\\\/\\\/filles-de-la-charite.org\\\/pl\\\/\",\"name\":\"Hijas de la Caridad\",\"description\":\"L\u2019amour de J\u00e9sus nous presse \u00e0 prendre soin des personnes les plus d\u00e9munies\",\"publisher\":{\"@id\":\"https:\\\/\\\/filles-de-la-charite.org\\\/pl\\\/#organization\"},\"potentialAction\":[{\"@type\":\"SearchAction\",\"target\":{\"@type\":\"EntryPoint\",\"urlTemplate\":\"https:\\\/\\\/filles-de-la-charite.org\\\/pl\\\/?s={search_term_string}\"},\"query-input\":{\"@type\":\"PropertyValueSpecification\",\"valueRequired\":true,\"valueName\":\"search_term_string\"}}],\"inLanguage\":\"pl-PL\"},{\"@type\":\"Organization\",\"@id\":\"https:\\\/\\\/filles-de-la-charite.org\\\/pl\\\/#organization\",\"name\":\"Hijas de la Caridad\",\"url\":\"https:\\\/\\\/filles-de-la-charite.org\\\/pl\\\/\",\"logo\":{\"@type\":\"ImageObject\",\"inLanguage\":\"pl-PL\",\"@id\":\"https:\\\/\\\/filles-de-la-charite.org\\\/pl\\\/#\\\/schema\\\/logo\\\/image\\\/\",\"url\":\"https:\\\/\\\/filles-de-la-charite.org\\\/wp-content\\\/uploads\\\/2023\\\/03\\\/isotipo-Hijas-de-la-Caridad.png\",\"contentUrl\":\"https:\\\/\\\/filles-de-la-charite.org\\\/wp-content\\\/uploads\\\/2023\\\/03\\\/isotipo-Hijas-de-la-Caridad.png\",\"width\":1417,\"height\":1417,\"caption\":\"Hijas de la Caridad\"},\"image\":{\"@id\":\"https:\\\/\\\/filles-de-la-charite.org\\\/pl\\\/#\\\/schema\\\/logo\\\/image\\\/\"}}]}<\/script>\n<!-- \/ Yoast SEO plugin. -->","yoast_head_json":{"title":"Z Maryj\u0105 - Perspektywa Wieczno\u015bci - Filles de la Charit\u00e9","robots":{"index":"index","follow":"follow","max-snippet":"max-snippet:-1","max-image-preview":"max-image-preview:large","max-video-preview":"max-video-preview:-1"},"canonical":"https:\/\/filles-de-la-charite.org\/pl\/rincon-oracion\/z-maryja-perspektywa-wiecznosci\/","og_locale":"pl_PL","og_type":"article","og_title":"Z Maryj\u0105 - Perspektywa Wieczno\u015bci - Filles de la Charit\u00e9","og_description":"\u201eKa\u017cdy chrze\u015bcijanin powinien ca\u0142ym sercem kocha\u0107 Naj\u015bwi\u0119tsz\u0105 Dziewic\u0119 i odda\u0107 Jej cze\u015b\u0107 z powodu Jej niezwyk\u0142ej godno\u015bci i cn\u00f3t, jakimi B\u00f3g J\u0105 obdarowa\u0142, by by\u0142a Matk\u0105 Boga- Cz\u0142owieka\u201d. (M3, E777-778) Razem ze \u015bw. Ludwik\u0105 de Marillac pochylmy si\u0119 nad tajemnic\u0105 Wniebowzi\u0119cia Naj\u015bwi\u0119tszej Maryi Panny i tak jak ona z\u0142\u00f3\u017cmy ca\u0142\u0105 nasz\u0105 nadziej\u0119 w Bogu, \u017ce [&hellip;]","og_url":"https:\/\/filles-de-la-charite.org\/pl\/rincon-oracion\/z-maryja-perspektywa-wiecznosci\/","og_site_name":"Filles de la Charit\u00e9","og_image":[{"width":1280,"height":720,"url":"https:\/\/filles-de-la-charite.org\/wp-content\/uploads\/2024\/08\/PL-PC-August-2024.jpg","type":"image\/jpeg"}],"twitter_card":"summary_large_image","twitter_misc":{"Szacowany czas czytania":"1 minuta"},"schema":{"@context":"https:\/\/schema.org","@graph":[{"@type":"WebPage","@id":"https:\/\/filles-de-la-charite.org\/pl\/rincon-oracion\/z-maryja-perspektywa-wiecznosci\/","url":"https:\/\/filles-de-la-charite.org\/pl\/rincon-oracion\/z-maryja-perspektywa-wiecznosci\/","name":"Z Maryj\u0105 - Perspektywa Wieczno\u015bci - Filles de la Charit\u00e9","isPartOf":{"@id":"https:\/\/filles-de-la-charite.org\/pl\/#website"},"primaryImageOfPage":{"@id":"https:\/\/filles-de-la-charite.org\/pl\/rincon-oracion\/z-maryja-perspektywa-wiecznosci\/#primaryimage"},"image":{"@id":"https:\/\/filles-de-la-charite.org\/pl\/rincon-oracion\/z-maryja-perspektywa-wiecznosci\/#primaryimage"},"thumbnailUrl":"https:\/\/filles-de-la-charite.org\/wp-content\/uploads\/2024\/08\/PL-PC-August-2024.jpg","datePublished":"2024-08-14T23:00:00+00:00","inLanguage":"pl-PL","potentialAction":[{"@type":"ReadAction","target":["https:\/\/filles-de-la-charite.org\/pl\/rincon-oracion\/z-maryja-perspektywa-wiecznosci\/"]}]},{"@type":"ImageObject","inLanguage":"pl-PL","@id":"https:\/\/filles-de-la-charite.org\/pl\/rincon-oracion\/z-maryja-perspektywa-wiecznosci\/#primaryimage","url":"https:\/\/filles-de-la-charite.org\/wp-content\/uploads\/2024\/08\/PL-PC-August-2024.jpg","contentUrl":"https:\/\/filles-de-la-charite.org\/wp-content\/uploads\/2024\/08\/PL-PC-August-2024.jpg","width":1280,"height":720},{"@type":"WebSite","@id":"https:\/\/filles-de-la-charite.org\/pl\/#website","url":"https:\/\/filles-de-la-charite.org\/pl\/","name":"Hijas de la Caridad","description":"L\u2019amour de J\u00e9sus nous presse \u00e0 prendre soin des personnes les plus d\u00e9munies","publisher":{"@id":"https:\/\/filles-de-la-charite.org\/pl\/#organization"},"potentialAction":[{"@type":"SearchAction","target":{"@type":"EntryPoint","urlTemplate":"https:\/\/filles-de-la-charite.org\/pl\/?s={search_term_string}"},"query-input":{"@type":"PropertyValueSpecification","valueRequired":true,"valueName":"search_term_string"}}],"inLanguage":"pl-PL"},{"@type":"Organization","@id":"https:\/\/filles-de-la-charite.org\/pl\/#organization","name":"Hijas de la Caridad","url":"https:\/\/filles-de-la-charite.org\/pl\/","logo":{"@type":"ImageObject","inLanguage":"pl-PL","@id":"https:\/\/filles-de-la-charite.org\/pl\/#\/schema\/logo\/image\/","url":"https:\/\/filles-de-la-charite.org\/wp-content\/uploads\/2023\/03\/isotipo-Hijas-de-la-Caridad.png","contentUrl":"https:\/\/filles-de-la-charite.org\/wp-content\/uploads\/2023\/03\/isotipo-Hijas-de-la-Caridad.png","width":1417,"height":1417,"caption":"Hijas de la Caridad"},"image":{"@id":"https:\/\/filles-de-la-charite.org\/pl\/#\/schema\/logo\/image\/"}}]}},"_links":{"self":[{"href":"https:\/\/filles-de-la-charite.org\/pl\/wp-json\/wp\/v2\/rincon-oracion\/38899","targetHints":{"allow":["GET"]}}],"collection":[{"href":"https:\/\/filles-de-la-charite.org\/pl\/wp-json\/wp\/v2\/rincon-oracion"}],"about":[{"href":"https:\/\/filles-de-la-charite.org\/pl\/wp-json\/wp\/v2\/types\/rincon-oracion"}],"wp:featuredmedia":[{"embeddable":true,"href":"https:\/\/filles-de-la-charite.org\/pl\/wp-json\/wp\/v2\/media\/38895"}],"wp:attachment":[{"href":"https:\/\/filles-de-la-charite.org\/pl\/wp-json\/wp\/v2\/media?parent=38899"}],"curies":[{"name":"wp","href":"https:\/\/api.w.org\/{rel}","templated":true}]}}

Z Maryją &#8211; Perspektywa Wieczności

<p>„Każdy chrześcijanin powinien całym sercem kochać Najświętszą Dziewicę i oddać Jej cześć z powodu Jej niezwykłej godności i cnót, jakimi Bóg Ją obdarował, by była Matką Boga- Człowieka”. (M3, E777-778) Razem ze św. Ludwiką de Marillac pochylmy się nad tajemnicą Wniebowzięcia Najświętszej Maryi Panny i tak jak ona złóżmy całą naszą nadzieję w Bogu, że i my dostąpimy udziału w życiu wiecznym w Królestwie Bożym.</p>



<figure class="wp-block-embed is-type-video is-provider-youtube wp-block-embed-youtube wp-embed-aspect-16-9 wp-has-aspect-ratio"><div class="wp-block-embed__wrapper">
<iframe loading="lazy" title="Z Maryją - Perspektywa Wieczności - Sierpień 2024" width="1080" height="608" src="https://www.youtube.com/embed/FSvAdFKZQNM?feature=oembed"  allow="accelerometer; autoplay; clipboard-write; encrypted-media; gyroscope; picture-in-picture; web-share" referrerpolicy="strict-origin-when-cross-origin" allowfullscreen></iframe>
</div></figure>

<!-- This site is optimized with the Yoast SEO plugin v27.5 - https://yoast.com/product/yoast-seo-wordpress/ -->
<title>Z Maryją - Perspektywa Wieczności - Filles de la Charité</title>
<meta name="robots" content="index, follow, max-snippet:-1, max-image-preview:large, max-video-preview:-1" />
<link rel="canonical" href="https://filles-de-la-charite.org/pl/rincon-oracion/z-maryja-perspektywa-wiecznosci/" />
<meta property="og:locale" content="pl_PL" />
<meta property="og:type" content="article" />
<meta property="og:title" content="Z Maryją - Perspektywa Wieczności - Filles de la Charité" />
<meta property="og:description" content="„Każdy chrześcijanin powinien całym sercem kochać Najświętszą Dziewicę i oddać Jej cześć z powodu Jej niezwykłej godności i cnót, jakimi Bóg Ją obdarował, by była Matką Boga- Człowieka”. (M3, E777-778) Razem ze św. Ludwiką de Marillac pochylmy się nad tajemnicą Wniebowzięcia Najświętszej Maryi Panny i tak jak ona złóżmy całą naszą nadzieję w Bogu, że [&hellip;]" />
<meta property="og:url" content="https://filles-de-la-charite.org/pl/rincon-oracion/z-maryja-perspektywa-wiecznosci/" />
<meta property="og:site_name" content="Filles de la Charité" />
<meta property="og:image" content="https://filles-de-la-charite.org/wp-content/uploads/2024/08/PL-PC-August-2024.jpg" />
	<meta property="og:image:width" content="1280" />
	<meta property="og:image:height" content="720" />
	<meta property="og:image:type" content="image/jpeg" />
<meta name="twitter:card" content="summary_large_image" />
<meta name="twitter:label1" content="Szacowany czas czytania" />
	<meta name="twitter:data1" content="1 minuta" />
<script type="application/ld+json" class="yoast-schema-graph">{"@context":"https:\/\/schema.org","@graph":[{"@type":"WebPage","@id":"https:\/\/filles-de-la-charite.org\/pl\/rincon-oracion\/z-maryja-perspektywa-wiecznosci\/","url":"https:\/\/filles-de-la-charite.org\/pl\/rincon-oracion\/z-maryja-perspektywa-wiecznosci\/","name":"Z Maryją - Perspektywa Wieczności - Filles de la Charité","isPartOf":{"@id":"https:\/\/filles-de-la-charite.org\/pl\/#website"},"primaryImageOfPage":{"@id":"https:\/\/filles-de-la-charite.org\/pl\/rincon-oracion\/z-maryja-perspektywa-wiecznosci\/#primaryimage"},"image":{"@id":"https:\/\/filles-de-la-charite.org\/pl\/rincon-oracion\/z-maryja-perspektywa-wiecznosci\/#primaryimage"},"thumbnailUrl":"https:\/\/filles-de-la-charite.org\/wp-content\/uploads\/2024\/08\/PL-PC-August-2024.jpg","datePublished":"2024-08-14T23:00:00+00:00","inLanguage":"pl-PL","potentialAction":[{"@type":"ReadAction","target":["https:\/\/filles-de-la-charite.org\/pl\/rincon-oracion\/z-maryja-perspektywa-wiecznosci\/"]}]},{"@type":"ImageObject","inLanguage":"pl-PL","@id":"https:\/\/filles-de-la-charite.org\/pl\/rincon-oracion\/z-maryja-perspektywa-wiecznosci\/#primaryimage","url":"https:\/\/filles-de-la-charite.org\/wp-content\/uploads\/2024\/08\/PL-PC-August-2024.jpg","contentUrl":"https:\/\/filles-de-la-charite.org\/wp-content\/uploads\/2024\/08\/PL-PC-August-2024.jpg","width":1280,"height":720},{"@type":"WebSite","@id":"https:\/\/filles-de-la-charite.org\/pl\/#website","url":"https:\/\/filles-de-la-charite.org\/pl\/","name":"Hijas de la Caridad","description":"L’amour de Jésus nous presse à prendre soin des personnes les plus démunies","publisher":{"@id":"https:\/\/filles-de-la-charite.org\/pl\/#organization"},"potentialAction":[{"@type":"SearchAction","target":{"@type":"EntryPoint","urlTemplate":"https:\/\/filles-de-la-charite.org\/pl\/?s={search_term_string}"},"query-input":{"@type":"PropertyValueSpecification","valueRequired":true,"valueName":"search_term_string"}}],"inLanguage":"pl-PL"},{"@type":"Organization","@id":"https:\/\/filles-de-la-charite.org\/pl\/#organization","name":"Hijas de la Caridad","url":"https:\/\/filles-de-la-charite.org\/pl\/","logo":{"@type":"ImageObject","inLanguage":"pl-PL","@id":"https:\/\/filles-de-la-charite.org\/pl\/#\/schema\/logo\/image\/","url":"https:\/\/filles-de-la-charite.org\/wp-content\/uploads\/2023\/03\/isotipo-Hijas-de-la-Caridad.png","contentUrl":"https:\/\/filles-de-la-charite.org\/wp-content\/uploads\/2023\/03\/isotipo-Hijas-de-la-Caridad.png","width":1417,"height":1417,"caption":"Hijas de la Caridad"},"image":{"@id":"https:\/\/filles-de-la-charite.org\/pl\/#\/schema\/logo\/image\/"}}]}</script>
<!-- / Yoast SEO plugin. -->

Z Maryją - Perspektywa Wieczności - Filles de la Charité

„Każdy chrześcijanin powinien całym sercem kochać Najświętszą Dziewicę i oddać Jej cześć z powodu Jej niezwykłej godności i cnót, jakimi Bóg Ją obdarował, by była Matką Boga- Człowieka”. (M3, E777-778) Razem ze św. Ludwiką de Marillac pochylmy się nad tajemnicą Wniebowzięcia Najświętszej Maryi Panny i tak jak ona złóżmy całą naszą nadzieję w Bogu, że [&hellip;]

Filles de la Charité

L’amour de Jésus nous presse à prendre soin des personnes les plus démunies
