{"id":30484,"date":"2023-10-30T09:37:46","date_gmt":"2023-10-30T08:37:46","guid":{"rendered":"https:\/\/hijascaridad.sjdigitaldemo.ovh\/service\/dzieci\/"},"modified":"2024-02-18T12:13:50","modified_gmt":"2024-02-18T11:13:50","slug":"dzieci","status":"publish","type":"service","link":"https:\/\/filles-de-la-charite.org\/pl\/service\/dzieci\/","title":{"rendered":"Dzieci"},"content":{"rendered":"\n<h4 class=\"wp-block-heading\">Dla \u015bw. Ludwiki de Marillac, naszej Za\u0142o\u017cycielki, opieka nad dzie\u0107mi by\u0142a jedn\u0105 z najwa\u017cniejszych pos\u0142ug Si\u00f3str Mi\u0142osierdzia.<\/h4>\n\n\n\n<p>Jej osobiste do\u015bwiadczenie nauczy\u0142o j\u0105, jak wa\u017cna jest obecno\u015b\u0107 os\u00f3b kochaj\u0105cych, troskliwych w \u017cyciu dzieci, zw\u0142aszcza tych, kt\u00f3re zosta\u0142y osierocone, porzucone lub s\u0105 ofiarami roz\u0142\u0105ki z rodzicami. Dzieci potrzebuj\u0105 uwagi, opieki i wskaz\u00f3wek, aby odpowiednio wzrasta\u0107 i rozwija\u0107 si\u0119. W rzeczywisto\u015bci bowiem braki emocjonalne z okresu dzieci\u0144stwa maj\u0105 swoje konsekwencje w ca\u0142ym \u017cyciu.\u00a0<\/p>\n\n\n\n<p>W wielu rejonach \u015bwiata dzieci s\u0105 pozbawiane prawa do dzieci\u0144stwa. \u017byj\u0105c bez rodziny i w ub\u00f3stwie, musz\u0105 pracowa\u0107, b\u0119d\u0105c cz\u0119sto wykorzystywane przez tych, kt\u00f3rzy powinni je szanowa\u0107 i im pomaga\u0107. Niekiedy ju\u017c bardzo wcze\u015bnie staj\u0105 si\u0119 agresywne i za\u017cywaj\u0105 narkotyki, gdy\u017c najcz\u0119\u015bciej s\u0105 pozbawione dost\u0119pu do pozytywnych form sp\u0119dzania czasu. Z tego powodu, a tak\u017ce dlatego, \u017ce s\u0105 najs\u0142absze w spo\u0142ecze\u0144stwie, powinni by\u0107 priorytetem w naszej s\u0142u\u017cbie.<\/p>\n\n\n\n<p>I dlatego o dobro dzieci zabiegamy na wiele sposob\u00f3w, mi\u0119dzy innymi przez s\u0142u\u017cb\u0119 i zaanga\u017cowanie:<\/p>\n\n\n\n<ul class=\"wp-block-list\">\n<li>w przedszkolach i szko\u0142ach podstawowych<\/li>\n\n\n\n<li>w plac\u00f3wkach opieki nad ma\u0142ym dzieckiem, pomoc w adopcji i poszukiwaniu rodzin zast\u0119pczych<\/li>\n\n\n\n<li>w walk\u0119 z niedo\u017cywieniem<\/li>\n\n\n\n<li>w programy wsparcia dla rodzic\u00f3w i rodzin<\/li>\n<\/ul>\n","protected":false},"featured_media":1928,"template":"","meta":{"_acf_changed":false,"_et_pb_use_builder":"","_et_pb_old_content":"","_et_gb_content_width":"","_links_to":"","_links_to_target":""},"class_list":["post-30484","service","type-service","status-publish","has-post-thumbnail","hentry"],"acf":[],"yoast_head":"<!-- This site is optimized with the Yoast SEO plugin v27.5 - https:\/\/yoast.com\/product\/yoast-seo-wordpress\/ -->\n<title>Dzieci - Filles de la Charit\u00e9<\/title>\n<meta name=\"robots\" content=\"index, follow, max-snippet:-1, max-image-preview:large, max-video-preview:-1\" \/>\n<link rel=\"canonical\" href=\"https:\/\/filles-de-la-charite.org\/pl\/service\/dzieci\/\" \/>\n<meta property=\"og:locale\" content=\"pl_PL\" \/>\n<meta property=\"og:type\" content=\"article\" \/>\n<meta property=\"og:title\" content=\"Dzieci - Filles de la Charit\u00e9\" \/>\n<meta property=\"og:description\" content=\"Dla \u015bw. Ludwiki de Marillac, naszej Za\u0142o\u017cycielki, opieka nad dzie\u0107mi by\u0142a jedn\u0105 z najwa\u017cniejszych pos\u0142ug Si\u00f3str Mi\u0142osierdzia. Jej osobiste do\u015bwiadczenie nauczy\u0142o j\u0105, jak wa\u017cna jest obecno\u015b\u0107 os\u00f3b kochaj\u0105cych, troskliwych w \u017cyciu dzieci, zw\u0142aszcza tych, kt\u00f3re zosta\u0142y osierocone, porzucone lub s\u0105 ofiarami roz\u0142\u0105ki z rodzicami. Dzieci potrzebuj\u0105 uwagi, opieki i wskaz\u00f3wek, aby odpowiednio wzrasta\u0107 i rozwija\u0107 [&hellip;]\" \/>\n<meta property=\"og:url\" content=\"https:\/\/filles-de-la-charite.org\/pl\/service\/dzieci\/\" \/>\n<meta property=\"og:site_name\" content=\"Filles de la Charit\u00e9\" \/>\n<meta property=\"article:modified_time\" content=\"2024-02-18T11:13:50+00:00\" \/>\n<meta property=\"og:image\" content=\"https:\/\/filles-de-la-charite.org\/wp-content\/uploads\/2023\/04\/Ninos.jpg\" \/>\n\t<meta property=\"og:image:width\" content=\"1920\" \/>\n\t<meta property=\"og:image:height\" content=\"1280\" \/>\n\t<meta property=\"og:image:type\" content=\"image\/jpeg\" \/>\n<meta name=\"twitter:card\" content=\"summary_large_image\" \/>\n<meta name=\"twitter:label1\" content=\"Szacowany czas czytania\" \/>\n\t<meta name=\"twitter:data1\" content=\"1 minuta\" \/>\n<script type=\"application\/ld+json\" class=\"yoast-schema-graph\">{\"@context\":\"https:\\\/\\\/schema.org\",\"@graph\":[{\"@type\":\"WebPage\",\"@id\":\"https:\\\/\\\/filles-de-la-charite.org\\\/pl\\\/service\\\/dzieci\\\/\",\"url\":\"https:\\\/\\\/filles-de-la-charite.org\\\/pl\\\/service\\\/dzieci\\\/\",\"name\":\"Dzieci - Filles de la Charit\u00e9\",\"isPartOf\":{\"@id\":\"https:\\\/\\\/filles-de-la-charite.org\\\/pl\\\/#website\"},\"primaryImageOfPage\":{\"@id\":\"https:\\\/\\\/filles-de-la-charite.org\\\/pl\\\/service\\\/dzieci\\\/#primaryimage\"},\"image\":{\"@id\":\"https:\\\/\\\/filles-de-la-charite.org\\\/pl\\\/service\\\/dzieci\\\/#primaryimage\"},\"thumbnailUrl\":\"https:\\\/\\\/filles-de-la-charite.org\\\/wp-content\\\/uploads\\\/2023\\\/04\\\/Ninos.jpg\",\"datePublished\":\"2023-10-30T08:37:46+00:00\",\"dateModified\":\"2024-02-18T11:13:50+00:00\",\"breadcrumb\":{\"@id\":\"https:\\\/\\\/filles-de-la-charite.org\\\/pl\\\/service\\\/dzieci\\\/#breadcrumb\"},\"inLanguage\":\"pl-PL\",\"potentialAction\":[{\"@type\":\"ReadAction\",\"target\":[\"https:\\\/\\\/filles-de-la-charite.org\\\/pl\\\/service\\\/dzieci\\\/\"]}]},{\"@type\":\"ImageObject\",\"inLanguage\":\"pl-PL\",\"@id\":\"https:\\\/\\\/filles-de-la-charite.org\\\/pl\\\/service\\\/dzieci\\\/#primaryimage\",\"url\":\"https:\\\/\\\/filles-de-la-charite.org\\\/wp-content\\\/uploads\\\/2023\\\/04\\\/Ninos.jpg\",\"contentUrl\":\"https:\\\/\\\/filles-de-la-charite.org\\\/wp-content\\\/uploads\\\/2023\\\/04\\\/Ninos.jpg\",\"width\":1920,\"height\":1280},{\"@type\":\"BreadcrumbList\",\"@id\":\"https:\\\/\\\/filles-de-la-charite.org\\\/pl\\\/service\\\/dzieci\\\/#breadcrumb\",\"itemListElement\":[{\"@type\":\"ListItem\",\"position\":1,\"name\":\"Services\",\"item\":\"https:\\\/\\\/filles-de-la-charite.org\\\/pl\\\/service\\\/\"},{\"@type\":\"ListItem\",\"position\":2,\"name\":\"Dzieci\"}]},{\"@type\":\"WebSite\",\"@id\":\"https:\\\/\\\/filles-de-la-charite.org\\\/pl\\\/#website\",\"url\":\"https:\\\/\\\/filles-de-la-charite.org\\\/pl\\\/\",\"name\":\"Hijas de la Caridad\",\"description\":\"L\u2019amour de J\u00e9sus nous presse \u00e0 prendre soin des personnes les plus d\u00e9munies\",\"publisher\":{\"@id\":\"https:\\\/\\\/filles-de-la-charite.org\\\/pl\\\/#organization\"},\"potentialAction\":[{\"@type\":\"SearchAction\",\"target\":{\"@type\":\"EntryPoint\",\"urlTemplate\":\"https:\\\/\\\/filles-de-la-charite.org\\\/pl\\\/?s={search_term_string}\"},\"query-input\":{\"@type\":\"PropertyValueSpecification\",\"valueRequired\":true,\"valueName\":\"search_term_string\"}}],\"inLanguage\":\"pl-PL\"},{\"@type\":\"Organization\",\"@id\":\"https:\\\/\\\/filles-de-la-charite.org\\\/pl\\\/#organization\",\"name\":\"Hijas de la Caridad\",\"url\":\"https:\\\/\\\/filles-de-la-charite.org\\\/pl\\\/\",\"logo\":{\"@type\":\"ImageObject\",\"inLanguage\":\"pl-PL\",\"@id\":\"https:\\\/\\\/filles-de-la-charite.org\\\/pl\\\/#\\\/schema\\\/logo\\\/image\\\/\",\"url\":\"https:\\\/\\\/filles-de-la-charite.org\\\/wp-content\\\/uploads\\\/2023\\\/03\\\/isotipo-Hijas-de-la-Caridad.png\",\"contentUrl\":\"https:\\\/\\\/filles-de-la-charite.org\\\/wp-content\\\/uploads\\\/2023\\\/03\\\/isotipo-Hijas-de-la-Caridad.png\",\"width\":1417,\"height\":1417,\"caption\":\"Hijas de la Caridad\"},\"image\":{\"@id\":\"https:\\\/\\\/filles-de-la-charite.org\\\/pl\\\/#\\\/schema\\\/logo\\\/image\\\/\"}}]}<\/script>\n<!-- \/ Yoast SEO plugin. -->","yoast_head_json":{"title":"Dzieci - Filles de la Charit\u00e9","robots":{"index":"index","follow":"follow","max-snippet":"max-snippet:-1","max-image-preview":"max-image-preview:large","max-video-preview":"max-video-preview:-1"},"canonical":"https:\/\/filles-de-la-charite.org\/pl\/service\/dzieci\/","og_locale":"pl_PL","og_type":"article","og_title":"Dzieci - Filles de la Charit\u00e9","og_description":"Dla \u015bw. Ludwiki de Marillac, naszej Za\u0142o\u017cycielki, opieka nad dzie\u0107mi by\u0142a jedn\u0105 z najwa\u017cniejszych pos\u0142ug Si\u00f3str Mi\u0142osierdzia. Jej osobiste do\u015bwiadczenie nauczy\u0142o j\u0105, jak wa\u017cna jest obecno\u015b\u0107 os\u00f3b kochaj\u0105cych, troskliwych w \u017cyciu dzieci, zw\u0142aszcza tych, kt\u00f3re zosta\u0142y osierocone, porzucone lub s\u0105 ofiarami roz\u0142\u0105ki z rodzicami. Dzieci potrzebuj\u0105 uwagi, opieki i wskaz\u00f3wek, aby odpowiednio wzrasta\u0107 i rozwija\u0107 [&hellip;]","og_url":"https:\/\/filles-de-la-charite.org\/pl\/service\/dzieci\/","og_site_name":"Filles de la Charit\u00e9","article_modified_time":"2024-02-18T11:13:50+00:00","og_image":[{"width":1920,"height":1280,"url":"https:\/\/filles-de-la-charite.org\/wp-content\/uploads\/2023\/04\/Ninos.jpg","type":"image\/jpeg"}],"twitter_card":"summary_large_image","twitter_misc":{"Szacowany czas czytania":"1 minuta"},"schema":{"@context":"https:\/\/schema.org","@graph":[{"@type":"WebPage","@id":"https:\/\/filles-de-la-charite.org\/pl\/service\/dzieci\/","url":"https:\/\/filles-de-la-charite.org\/pl\/service\/dzieci\/","name":"Dzieci - Filles de la Charit\u00e9","isPartOf":{"@id":"https:\/\/filles-de-la-charite.org\/pl\/#website"},"primaryImageOfPage":{"@id":"https:\/\/filles-de-la-charite.org\/pl\/service\/dzieci\/#primaryimage"},"image":{"@id":"https:\/\/filles-de-la-charite.org\/pl\/service\/dzieci\/#primaryimage"},"thumbnailUrl":"https:\/\/filles-de-la-charite.org\/wp-content\/uploads\/2023\/04\/Ninos.jpg","datePublished":"2023-10-30T08:37:46+00:00","dateModified":"2024-02-18T11:13:50+00:00","breadcrumb":{"@id":"https:\/\/filles-de-la-charite.org\/pl\/service\/dzieci\/#breadcrumb"},"inLanguage":"pl-PL","potentialAction":[{"@type":"ReadAction","target":["https:\/\/filles-de-la-charite.org\/pl\/service\/dzieci\/"]}]},{"@type":"ImageObject","inLanguage":"pl-PL","@id":"https:\/\/filles-de-la-charite.org\/pl\/service\/dzieci\/#primaryimage","url":"https:\/\/filles-de-la-charite.org\/wp-content\/uploads\/2023\/04\/Ninos.jpg","contentUrl":"https:\/\/filles-de-la-charite.org\/wp-content\/uploads\/2023\/04\/Ninos.jpg","width":1920,"height":1280},{"@type":"BreadcrumbList","@id":"https:\/\/filles-de-la-charite.org\/pl\/service\/dzieci\/#breadcrumb","itemListElement":[{"@type":"ListItem","position":1,"name":"Services","item":"https:\/\/filles-de-la-charite.org\/pl\/service\/"},{"@type":"ListItem","position":2,"name":"Dzieci"}]},{"@type":"WebSite","@id":"https:\/\/filles-de-la-charite.org\/pl\/#website","url":"https:\/\/filles-de-la-charite.org\/pl\/","name":"Hijas de la Caridad","description":"L\u2019amour de J\u00e9sus nous presse \u00e0 prendre soin des personnes les plus d\u00e9munies","publisher":{"@id":"https:\/\/filles-de-la-charite.org\/pl\/#organization"},"potentialAction":[{"@type":"SearchAction","target":{"@type":"EntryPoint","urlTemplate":"https:\/\/filles-de-la-charite.org\/pl\/?s={search_term_string}"},"query-input":{"@type":"PropertyValueSpecification","valueRequired":true,"valueName":"search_term_string"}}],"inLanguage":"pl-PL"},{"@type":"Organization","@id":"https:\/\/filles-de-la-charite.org\/pl\/#organization","name":"Hijas de la Caridad","url":"https:\/\/filles-de-la-charite.org\/pl\/","logo":{"@type":"ImageObject","inLanguage":"pl-PL","@id":"https:\/\/filles-de-la-charite.org\/pl\/#\/schema\/logo\/image\/","url":"https:\/\/filles-de-la-charite.org\/wp-content\/uploads\/2023\/03\/isotipo-Hijas-de-la-Caridad.png","contentUrl":"https:\/\/filles-de-la-charite.org\/wp-content\/uploads\/2023\/03\/isotipo-Hijas-de-la-Caridad.png","width":1417,"height":1417,"caption":"Hijas de la Caridad"},"image":{"@id":"https:\/\/filles-de-la-charite.org\/pl\/#\/schema\/logo\/image\/"}}]}},"_links":{"self":[{"href":"https:\/\/filles-de-la-charite.org\/pl\/wp-json\/wp\/v2\/service\/30484","targetHints":{"allow":["GET"]}}],"collection":[{"href":"https:\/\/filles-de-la-charite.org\/pl\/wp-json\/wp\/v2\/service"}],"about":[{"href":"https:\/\/filles-de-la-charite.org\/pl\/wp-json\/wp\/v2\/types\/service"}],"wp:featuredmedia":[{"embeddable":true,"href":"https:\/\/filles-de-la-charite.org\/pl\/wp-json\/wp\/v2\/media\/1928"}],"wp:attachment":[{"href":"https:\/\/filles-de-la-charite.org\/pl\/wp-json\/wp\/v2\/media?parent=30484"}],"curies":[{"name":"wp","href":"https:\/\/api.w.org\/{rel}","templated":true}]}}

<h4 class="wp-block-heading">Dla św. Ludwiki de Marillac, naszej Założycielki, opieka nad dziećmi była jedną z najważniejszych posług Sióstr Miłosierdzia.</h4>



<p>Jej osobiste doświadczenie nauczyło ją, jak ważna jest obecność osób kochających, troskliwych w życiu dzieci, zwłaszcza tych, które zostały osierocone, porzucone lub są ofiarami rozłąki z rodzicami. Dzieci potrzebują uwagi, opieki i wskazówek, aby odpowiednio wzrastać i rozwijać się. W rzeczywistości bowiem braki emocjonalne z okresu dzieciństwa mają swoje konsekwencje w całym życiu. </p>



<p>W wielu rejonach świata dzieci są pozbawiane prawa do dzieciństwa. Żyjąc bez rodziny i w ubóstwie, muszą pracować, będąc często wykorzystywane przez tych, którzy powinni je szanować i im pomagać. Niekiedy już bardzo wcześnie stają się agresywne i zażywają narkotyki, gdyż najczęściej są pozbawione dostępu do pozytywnych form spędzania czasu. Z tego powodu, a także dlatego, że są najsłabsze w społeczeństwie, powinni być priorytetem w naszej służbie.</p>



<p>I dlatego o dobro dzieci zabiegamy na wiele sposobów, między innymi przez służbę i zaangażowanie:</p>



<ul class="wp-block-list">
<li>w przedszkolach i szkołach podstawowych</li>



<li>w placówkach opieki nad małym dzieckiem, pomoc w adopcji i poszukiwaniu rodzin zastępczych</li>



<li>w walkę z niedożywieniem</li>



<li>w programy wsparcia dla rodziców i rodzin</li>
</ul>

<!-- This site is optimized with the Yoast SEO plugin v27.5 - https://yoast.com/product/yoast-seo-wordpress/ -->
<title>Dzieci - Filles de la Charité</title>
<meta name="robots" content="index, follow, max-snippet:-1, max-image-preview:large, max-video-preview:-1" />
<link rel="canonical" href="https://filles-de-la-charite.org/pl/service/dzieci/" />
<meta property="og:locale" content="pl_PL" />
<meta property="og:type" content="article" />
<meta property="og:title" content="Dzieci - Filles de la Charité" />
<meta property="og:description" content="Dla św. Ludwiki de Marillac, naszej Założycielki, opieka nad dziećmi była jedną z najważniejszych posług Sióstr Miłosierdzia. Jej osobiste doświadczenie nauczyło ją, jak ważna jest obecność osób kochających, troskliwych w życiu dzieci, zwłaszcza tych, które zostały osierocone, porzucone lub są ofiarami rozłąki z rodzicami. Dzieci potrzebują uwagi, opieki i wskazówek, aby odpowiednio wzrastać i rozwijać [&hellip;]" />
<meta property="og:url" content="https://filles-de-la-charite.org/pl/service/dzieci/" />
<meta property="og:site_name" content="Filles de la Charité" />
<meta property="article:modified_time" content="2024-02-18T11:13:50+00:00" />
<meta property="og:image" content="https://filles-de-la-charite.org/wp-content/uploads/2023/04/Ninos.jpg" />
	<meta property="og:image:width" content="1920" />
	<meta property="og:image:height" content="1280" />
	<meta property="og:image:type" content="image/jpeg" />
<meta name="twitter:card" content="summary_large_image" />
<meta name="twitter:label1" content="Szacowany czas czytania" />
	<meta name="twitter:data1" content="1 minuta" />
<script type="application/ld+json" class="yoast-schema-graph">{"@context":"https:\/\/schema.org","@graph":[{"@type":"WebPage","@id":"https:\/\/filles-de-la-charite.org\/pl\/service\/dzieci\/","url":"https:\/\/filles-de-la-charite.org\/pl\/service\/dzieci\/","name":"Dzieci - Filles de la Charité","isPartOf":{"@id":"https:\/\/filles-de-la-charite.org\/pl\/#website"},"primaryImageOfPage":{"@id":"https:\/\/filles-de-la-charite.org\/pl\/service\/dzieci\/#primaryimage"},"image":{"@id":"https:\/\/filles-de-la-charite.org\/pl\/service\/dzieci\/#primaryimage"},"thumbnailUrl":"https:\/\/filles-de-la-charite.org\/wp-content\/uploads\/2023\/04\/Ninos.jpg","datePublished":"2023-10-30T08:37:46+00:00","dateModified":"2024-02-18T11:13:50+00:00","breadcrumb":{"@id":"https:\/\/filles-de-la-charite.org\/pl\/service\/dzieci\/#breadcrumb"},"inLanguage":"pl-PL","potentialAction":[{"@type":"ReadAction","target":["https:\/\/filles-de-la-charite.org\/pl\/service\/dzieci\/"]}]},{"@type":"ImageObject","inLanguage":"pl-PL","@id":"https:\/\/filles-de-la-charite.org\/pl\/service\/dzieci\/#primaryimage","url":"https:\/\/filles-de-la-charite.org\/wp-content\/uploads\/2023\/04\/Ninos.jpg","contentUrl":"https:\/\/filles-de-la-charite.org\/wp-content\/uploads\/2023\/04\/Ninos.jpg","width":1920,"height":1280},{"@type":"BreadcrumbList","@id":"https:\/\/filles-de-la-charite.org\/pl\/service\/dzieci\/#breadcrumb","itemListElement":[{"@type":"ListItem","position":1,"name":"Services","item":"https:\/\/filles-de-la-charite.org\/pl\/service\/"},{"@type":"ListItem","position":2,"name":"Dzieci"}]},{"@type":"WebSite","@id":"https:\/\/filles-de-la-charite.org\/pl\/#website","url":"https:\/\/filles-de-la-charite.org\/pl\/","name":"Hijas de la Caridad","description":"L’amour de Jésus nous presse à prendre soin des personnes les plus démunies","publisher":{"@id":"https:\/\/filles-de-la-charite.org\/pl\/#organization"},"potentialAction":[{"@type":"SearchAction","target":{"@type":"EntryPoint","urlTemplate":"https:\/\/filles-de-la-charite.org\/pl\/?s={search_term_string}"},"query-input":{"@type":"PropertyValueSpecification","valueRequired":true,"valueName":"search_term_string"}}],"inLanguage":"pl-PL"},{"@type":"Organization","@id":"https:\/\/filles-de-la-charite.org\/pl\/#organization","name":"Hijas de la Caridad","url":"https:\/\/filles-de-la-charite.org\/pl\/","logo":{"@type":"ImageObject","inLanguage":"pl-PL","@id":"https:\/\/filles-de-la-charite.org\/pl\/#\/schema\/logo\/image\/","url":"https:\/\/filles-de-la-charite.org\/wp-content\/uploads\/2023\/03\/isotipo-Hijas-de-la-Caridad.png","contentUrl":"https:\/\/filles-de-la-charite.org\/wp-content\/uploads\/2023\/03\/isotipo-Hijas-de-la-Caridad.png","width":1417,"height":1417,"caption":"Hijas de la Caridad"},"image":{"@id":"https:\/\/filles-de-la-charite.org\/pl\/#\/schema\/logo\/image\/"}}]}</script>
<!-- / Yoast SEO plugin. -->

Dzieci - Filles de la Charité

Dla św. Ludwiki de Marillac, naszej Założycielki, opieka nad dziećmi była jedną z najważniejszych posług Sióstr Miłosierdzia. Jej osobiste doświadczenie nauczyło ją, jak ważna jest obecność osób kochających, troskliwych w życiu dzieci, zwłaszcza tych, które zostały osierocone, porzucone lub są ofiarami rozłąki z rodzicami. Dzieci potrzebują uwagi, opieki i wskazówek, aby odpowiednio wzrastać i rozwijać [&hellip;]

Filles de la Charité

L’amour de Jésus nous presse à prendre soin des personnes les plus démunies
