{"id":30530,"date":"2023-10-30T10:45:42","date_gmt":"2023-10-30T09:45:42","guid":{"rendered":"https:\/\/hijascaridad.sjdigitaldemo.ovh\/service\/bezdomnosc\/"},"modified":"2024-02-18T12:14:33","modified_gmt":"2024-02-18T11:14:33","slug":"bezdomnosc","status":"publish","type":"service","link":"https:\/\/filles-de-la-charite.org\/pl\/service\/bezdomnosc\/","title":{"rendered":"Bezdomni"},"content":{"rendered":"\n<h4 class=\"wp-block-heading\">Ka\u017cdego dnia, z r\u00f3\u017cnych powod\u00f3w, coraz wi\u0119cej os\u00f3b - m\u0119\u017cczyzn, kobiet i dzieci - \u017cyje na ulicy. Ta niew\u0105tpliwie zawsze bolesna sytuacja, prowadzi do egzystencji naznaczonej samotno\u015bci\u0105, niepewno\u015bci\u0105, przemoc\u0105 i rozpacz\u0105. <\/h4>\n\n\n\n<p>Og\u00f3lnie rzecz bior\u0105c, spo\u0142ecze\u0144stwo wyklucza ich i rzadko daje im mo\u017cliwo\u015b\u0107 reintegracji i godnego \u017cycia.<\/p>\n\n\n\n<p>Z naszej strony ofiarujemy im szacunek, przyja\u017a\u0144 i \u017cyczliwe zrozumienie.<\/p>\n\n\n\n<p>Pomagamy im uzyska\u0107 dost\u0119p do us\u0142ug, kt\u00f3rych potrzebuj\u0105, aby zintegrowa\u0107 si\u0119 ze spo\u0142ecze\u0144stwem:<\/p>\n\n\n\n<ul class=\"wp-block-list\">\n<li>o\u015brodki przyj\u0119\u0107<\/li>\n\n\n\n<li>schroniska nocne<\/li>\n\n\n\n<li>sto\u0142\u00f3wki<\/li>\n\n\n\n<li>o\u015brodki zdrowia<\/li>\n\n\n\n<li>programy detoksykacji<\/li>\n\n\n\n<li>dost\u0119p do us\u0142ug zar\u00f3wno publicznych, jak i prywatnych<\/li>\n\n\n\n<li>tymczasowe zakwaterowanie<\/li>\n\n\n\n<li>przechowalnie baga\u017cu<\/li>\n\n\n\n<li>centra nauki czytania i pisania<\/li>\n\n\n\n<li>formacj\u0119 dla rozwoju poczucia w\u0142asnej warto\u015bci<\/li>\n\n\n\n<li>porady prawne<\/li>\n\n\n\n<li>adresy w celu znalezienia pracy<\/li>\n<\/ul>\n","protected":false},"featured_media":1958,"template":"","meta":{"_acf_changed":false,"_links_to":"","_links_to_target":""},"class_list":["post-30530","service","type-service","status-publish","has-post-thumbnail","hentry"],"acf":[],"yoast_head":"<!-- This site is optimized with the Yoast SEO plugin v27.5 - https:\/\/yoast.com\/product\/yoast-seo-wordpress\/ -->\n<title>Bezdomni - Filles de la Charit\u00e9<\/title>\n<meta name=\"robots\" content=\"index, follow, max-snippet:-1, max-image-preview:large, max-video-preview:-1\" \/>\n<link rel=\"canonical\" href=\"https:\/\/filles-de-la-charite.org\/pl\/service\/bezdomnosc\/\" \/>\n<meta property=\"og:locale\" content=\"pl_PL\" \/>\n<meta property=\"og:type\" content=\"article\" \/>\n<meta property=\"og:title\" content=\"Bezdomni - Filles de la Charit\u00e9\" \/>\n<meta property=\"og:description\" content=\"Ka\u017cdego dnia, z r\u00f3\u017cnych powod\u00f3w, coraz wi\u0119cej os\u00f3b &#8211; m\u0119\u017cczyzn, kobiet i dzieci &#8211; \u017cyje na ulicy. Ta niew\u0105tpliwie zawsze bolesna sytuacja, prowadzi do egzystencji naznaczonej samotno\u015bci\u0105, niepewno\u015bci\u0105, przemoc\u0105 i rozpacz\u0105. Og\u00f3lnie rzecz bior\u0105c, spo\u0142ecze\u0144stwo wyklucza ich i rzadko daje im mo\u017cliwo\u015b\u0107 reintegracji i godnego \u017cycia. Z naszej strony ofiarujemy im szacunek, przyja\u017a\u0144 i \u017cyczliwe [&hellip;]\" \/>\n<meta property=\"og:url\" content=\"https:\/\/filles-de-la-charite.org\/pl\/service\/bezdomnosc\/\" \/>\n<meta property=\"og:site_name\" content=\"Filles de la Charit\u00e9\" \/>\n<meta property=\"article:modified_time\" content=\"2024-02-18T11:14:33+00:00\" \/>\n<meta property=\"og:image\" content=\"https:\/\/filles-de-la-charite.org\/wp-content\/uploads\/2023\/04\/Projeto-Maria-Solidaria-Pessoas-em-situacao-de-rua-1.jpeg\" \/>\n\t<meta property=\"og:image:width\" content=\"1920\" \/>\n\t<meta property=\"og:image:height\" content=\"1500\" \/>\n\t<meta property=\"og:image:type\" content=\"image\/jpeg\" \/>\n<meta name=\"twitter:card\" content=\"summary_large_image\" \/>\n<meta name=\"twitter:label1\" content=\"Szacowany czas czytania\" \/>\n\t<meta name=\"twitter:data1\" content=\"1 minuta\" \/>\n<script type=\"application\/ld+json\" class=\"yoast-schema-graph\">{\"@context\":\"https:\\\/\\\/schema.org\",\"@graph\":[{\"@type\":\"WebPage\",\"@id\":\"https:\\\/\\\/filles-de-la-charite.org\\\/pl\\\/service\\\/bezdomnosc\\\/\",\"url\":\"https:\\\/\\\/filles-de-la-charite.org\\\/pl\\\/service\\\/bezdomnosc\\\/\",\"name\":\"Bezdomni - Filles de la Charit\u00e9\",\"isPartOf\":{\"@id\":\"https:\\\/\\\/filles-de-la-charite.org\\\/pl\\\/#website\"},\"primaryImageOfPage\":{\"@id\":\"https:\\\/\\\/filles-de-la-charite.org\\\/pl\\\/service\\\/bezdomnosc\\\/#primaryimage\"},\"image\":{\"@id\":\"https:\\\/\\\/filles-de-la-charite.org\\\/pl\\\/service\\\/bezdomnosc\\\/#primaryimage\"},\"thumbnailUrl\":\"https:\\\/\\\/filles-de-la-charite.org\\\/wp-content\\\/uploads\\\/2023\\\/04\\\/Projeto-Maria-Solidaria-Pessoas-em-situacao-de-rua-1.jpeg\",\"datePublished\":\"2023-10-30T09:45:42+00:00\",\"dateModified\":\"2024-02-18T11:14:33+00:00\",\"breadcrumb\":{\"@id\":\"https:\\\/\\\/filles-de-la-charite.org\\\/pl\\\/service\\\/bezdomnosc\\\/#breadcrumb\"},\"inLanguage\":\"pl-PL\",\"potentialAction\":[{\"@type\":\"ReadAction\",\"target\":[\"https:\\\/\\\/filles-de-la-charite.org\\\/pl\\\/service\\\/bezdomnosc\\\/\"]}]},{\"@type\":\"ImageObject\",\"inLanguage\":\"pl-PL\",\"@id\":\"https:\\\/\\\/filles-de-la-charite.org\\\/pl\\\/service\\\/bezdomnosc\\\/#primaryimage\",\"url\":\"https:\\\/\\\/filles-de-la-charite.org\\\/wp-content\\\/uploads\\\/2023\\\/04\\\/Projeto-Maria-Solidaria-Pessoas-em-situacao-de-rua-1.jpeg\",\"contentUrl\":\"https:\\\/\\\/filles-de-la-charite.org\\\/wp-content\\\/uploads\\\/2023\\\/04\\\/Projeto-Maria-Solidaria-Pessoas-em-situacao-de-rua-1.jpeg\",\"width\":1920,\"height\":1500},{\"@type\":\"BreadcrumbList\",\"@id\":\"https:\\\/\\\/filles-de-la-charite.org\\\/pl\\\/service\\\/bezdomnosc\\\/#breadcrumb\",\"itemListElement\":[{\"@type\":\"ListItem\",\"position\":1,\"name\":\"Services\",\"item\":\"https:\\\/\\\/filles-de-la-charite.org\\\/pl\\\/service\\\/\"},{\"@type\":\"ListItem\",\"position\":2,\"name\":\"Bezdomni\"}]},{\"@type\":\"WebSite\",\"@id\":\"https:\\\/\\\/filles-de-la-charite.org\\\/pl\\\/#website\",\"url\":\"https:\\\/\\\/filles-de-la-charite.org\\\/pl\\\/\",\"name\":\"Hijas de la Caridad\",\"description\":\"L\u2019amour de J\u00e9sus nous presse \u00e0 prendre soin des personnes les plus d\u00e9munies\",\"publisher\":{\"@id\":\"https:\\\/\\\/filles-de-la-charite.org\\\/pl\\\/#organization\"},\"potentialAction\":[{\"@type\":\"SearchAction\",\"target\":{\"@type\":\"EntryPoint\",\"urlTemplate\":\"https:\\\/\\\/filles-de-la-charite.org\\\/pl\\\/?s={search_term_string}\"},\"query-input\":{\"@type\":\"PropertyValueSpecification\",\"valueRequired\":true,\"valueName\":\"search_term_string\"}}],\"inLanguage\":\"pl-PL\"},{\"@type\":\"Organization\",\"@id\":\"https:\\\/\\\/filles-de-la-charite.org\\\/pl\\\/#organization\",\"name\":\"Hijas de la Caridad\",\"url\":\"https:\\\/\\\/filles-de-la-charite.org\\\/pl\\\/\",\"logo\":{\"@type\":\"ImageObject\",\"inLanguage\":\"pl-PL\",\"@id\":\"https:\\\/\\\/filles-de-la-charite.org\\\/pl\\\/#\\\/schema\\\/logo\\\/image\\\/\",\"url\":\"https:\\\/\\\/filles-de-la-charite.org\\\/wp-content\\\/uploads\\\/2023\\\/03\\\/isotipo-Hijas-de-la-Caridad.png\",\"contentUrl\":\"https:\\\/\\\/filles-de-la-charite.org\\\/wp-content\\\/uploads\\\/2023\\\/03\\\/isotipo-Hijas-de-la-Caridad.png\",\"width\":1417,\"height\":1417,\"caption\":\"Hijas de la Caridad\"},\"image\":{\"@id\":\"https:\\\/\\\/filles-de-la-charite.org\\\/pl\\\/#\\\/schema\\\/logo\\\/image\\\/\"}}]}<\/script>\n<!-- \/ Yoast SEO plugin. -->","yoast_head_json":{"title":"Bezdomni - Filles de la Charit\u00e9","robots":{"index":"index","follow":"follow","max-snippet":"max-snippet:-1","max-image-preview":"max-image-preview:large","max-video-preview":"max-video-preview:-1"},"canonical":"https:\/\/filles-de-la-charite.org\/pl\/service\/bezdomnosc\/","og_locale":"pl_PL","og_type":"article","og_title":"Bezdomni - Filles de la Charit\u00e9","og_description":"Ka\u017cdego dnia, z r\u00f3\u017cnych powod\u00f3w, coraz wi\u0119cej os\u00f3b &#8211; m\u0119\u017cczyzn, kobiet i dzieci &#8211; \u017cyje na ulicy. Ta niew\u0105tpliwie zawsze bolesna sytuacja, prowadzi do egzystencji naznaczonej samotno\u015bci\u0105, niepewno\u015bci\u0105, przemoc\u0105 i rozpacz\u0105. Og\u00f3lnie rzecz bior\u0105c, spo\u0142ecze\u0144stwo wyklucza ich i rzadko daje im mo\u017cliwo\u015b\u0107 reintegracji i godnego \u017cycia. Z naszej strony ofiarujemy im szacunek, przyja\u017a\u0144 i \u017cyczliwe [&hellip;]","og_url":"https:\/\/filles-de-la-charite.org\/pl\/service\/bezdomnosc\/","og_site_name":"Filles de la Charit\u00e9","article_modified_time":"2024-02-18T11:14:33+00:00","og_image":[{"width":1920,"height":1500,"url":"https:\/\/filles-de-la-charite.org\/wp-content\/uploads\/2023\/04\/Projeto-Maria-Solidaria-Pessoas-em-situacao-de-rua-1.jpeg","type":"image\/jpeg"}],"twitter_card":"summary_large_image","twitter_misc":{"Szacowany czas czytania":"1 minuta"},"schema":{"@context":"https:\/\/schema.org","@graph":[{"@type":"WebPage","@id":"https:\/\/filles-de-la-charite.org\/pl\/service\/bezdomnosc\/","url":"https:\/\/filles-de-la-charite.org\/pl\/service\/bezdomnosc\/","name":"Bezdomni - Filles de la Charit\u00e9","isPartOf":{"@id":"https:\/\/filles-de-la-charite.org\/pl\/#website"},"primaryImageOfPage":{"@id":"https:\/\/filles-de-la-charite.org\/pl\/service\/bezdomnosc\/#primaryimage"},"image":{"@id":"https:\/\/filles-de-la-charite.org\/pl\/service\/bezdomnosc\/#primaryimage"},"thumbnailUrl":"https:\/\/filles-de-la-charite.org\/wp-content\/uploads\/2023\/04\/Projeto-Maria-Solidaria-Pessoas-em-situacao-de-rua-1.jpeg","datePublished":"2023-10-30T09:45:42+00:00","dateModified":"2024-02-18T11:14:33+00:00","breadcrumb":{"@id":"https:\/\/filles-de-la-charite.org\/pl\/service\/bezdomnosc\/#breadcrumb"},"inLanguage":"pl-PL","potentialAction":[{"@type":"ReadAction","target":["https:\/\/filles-de-la-charite.org\/pl\/service\/bezdomnosc\/"]}]},{"@type":"ImageObject","inLanguage":"pl-PL","@id":"https:\/\/filles-de-la-charite.org\/pl\/service\/bezdomnosc\/#primaryimage","url":"https:\/\/filles-de-la-charite.org\/wp-content\/uploads\/2023\/04\/Projeto-Maria-Solidaria-Pessoas-em-situacao-de-rua-1.jpeg","contentUrl":"https:\/\/filles-de-la-charite.org\/wp-content\/uploads\/2023\/04\/Projeto-Maria-Solidaria-Pessoas-em-situacao-de-rua-1.jpeg","width":1920,"height":1500},{"@type":"BreadcrumbList","@id":"https:\/\/filles-de-la-charite.org\/pl\/service\/bezdomnosc\/#breadcrumb","itemListElement":[{"@type":"ListItem","position":1,"name":"Services","item":"https:\/\/filles-de-la-charite.org\/pl\/service\/"},{"@type":"ListItem","position":2,"name":"Bezdomni"}]},{"@type":"WebSite","@id":"https:\/\/filles-de-la-charite.org\/pl\/#website","url":"https:\/\/filles-de-la-charite.org\/pl\/","name":"Hijas de la Caridad","description":"L\u2019amour de J\u00e9sus nous presse \u00e0 prendre soin des personnes les plus d\u00e9munies","publisher":{"@id":"https:\/\/filles-de-la-charite.org\/pl\/#organization"},"potentialAction":[{"@type":"SearchAction","target":{"@type":"EntryPoint","urlTemplate":"https:\/\/filles-de-la-charite.org\/pl\/?s={search_term_string}"},"query-input":{"@type":"PropertyValueSpecification","valueRequired":true,"valueName":"search_term_string"}}],"inLanguage":"pl-PL"},{"@type":"Organization","@id":"https:\/\/filles-de-la-charite.org\/pl\/#organization","name":"Hijas de la Caridad","url":"https:\/\/filles-de-la-charite.org\/pl\/","logo":{"@type":"ImageObject","inLanguage":"pl-PL","@id":"https:\/\/filles-de-la-charite.org\/pl\/#\/schema\/logo\/image\/","url":"https:\/\/filles-de-la-charite.org\/wp-content\/uploads\/2023\/03\/isotipo-Hijas-de-la-Caridad.png","contentUrl":"https:\/\/filles-de-la-charite.org\/wp-content\/uploads\/2023\/03\/isotipo-Hijas-de-la-Caridad.png","width":1417,"height":1417,"caption":"Hijas de la Caridad"},"image":{"@id":"https:\/\/filles-de-la-charite.org\/pl\/#\/schema\/logo\/image\/"}}]}},"_links":{"self":[{"href":"https:\/\/filles-de-la-charite.org\/pl\/wp-json\/wp\/v2\/service\/30530","targetHints":{"allow":["GET"]}}],"collection":[{"href":"https:\/\/filles-de-la-charite.org\/pl\/wp-json\/wp\/v2\/service"}],"about":[{"href":"https:\/\/filles-de-la-charite.org\/pl\/wp-json\/wp\/v2\/types\/service"}],"wp:featuredmedia":[{"embeddable":true,"href":"https:\/\/filles-de-la-charite.org\/pl\/wp-json\/wp\/v2\/media\/1958"}],"wp:attachment":[{"href":"https:\/\/filles-de-la-charite.org\/pl\/wp-json\/wp\/v2\/media?parent=30530"}],"curies":[{"name":"wp","href":"https:\/\/api.w.org\/{rel}","templated":true}]}}

<h4 class="wp-block-heading">Każdego dnia, z różnych powodów, coraz więcej osób - mężczyzn, kobiet i dzieci - żyje na ulicy. Ta niewątpliwie zawsze bolesna sytuacja, prowadzi do egzystencji naznaczonej samotnością, niepewnością, przemocą i rozpaczą. </h4>



<p>Ogólnie rzecz biorąc, społeczeństwo wyklucza ich i rzadko daje im możliwość reintegracji i godnego życia.</p>



<p>Z naszej strony ofiarujemy im szacunek, przyjaźń i życzliwe zrozumienie.</p>



<p>Pomagamy im uzyskać dostęp do usług, których potrzebują, aby zintegrować się ze społeczeństwem:</p>



<ul class="wp-block-list">
<li>ośrodki przyjęć</li>



<li>schroniska nocne</li>



<li>stołówki</li>



<li>ośrodki zdrowia</li>



<li>programy detoksykacji</li>



<li>dostęp do usług zarówno publicznych, jak i prywatnych</li>



<li>tymczasowe zakwaterowanie</li>



<li>przechowalnie bagażu</li>



<li>centra nauki czytania i pisania</li>



<li>formację dla rozwoju poczucia własnej wartości</li>



<li>porady prawne</li>



<li>adresy w celu znalezienia pracy</li>
</ul>

<!-- This site is optimized with the Yoast SEO plugin v27.5 - https://yoast.com/product/yoast-seo-wordpress/ -->
<title>Bezdomni - Filles de la Charité</title>
<meta name="robots" content="index, follow, max-snippet:-1, max-image-preview:large, max-video-preview:-1" />
<link rel="canonical" href="https://filles-de-la-charite.org/pl/service/bezdomnosc/" />
<meta property="og:locale" content="pl_PL" />
<meta property="og:type" content="article" />
<meta property="og:title" content="Bezdomni - Filles de la Charité" />
<meta property="og:description" content="Każdego dnia, z różnych powodów, coraz więcej osób &#8211; mężczyzn, kobiet i dzieci &#8211; żyje na ulicy. Ta niewątpliwie zawsze bolesna sytuacja, prowadzi do egzystencji naznaczonej samotnością, niepewnością, przemocą i rozpaczą. Ogólnie rzecz biorąc, społeczeństwo wyklucza ich i rzadko daje im możliwość reintegracji i godnego życia. Z naszej strony ofiarujemy im szacunek, przyjaźń i życzliwe [&hellip;]" />
<meta property="og:url" content="https://filles-de-la-charite.org/pl/service/bezdomnosc/" />
<meta property="og:site_name" content="Filles de la Charité" />
<meta property="article:modified_time" content="2024-02-18T11:14:33+00:00" />
<meta property="og:image" content="https://filles-de-la-charite.org/wp-content/uploads/2023/04/Projeto-Maria-Solidaria-Pessoas-em-situacao-de-rua-1.jpeg" />
	<meta property="og:image:width" content="1920" />
	<meta property="og:image:height" content="1500" />
	<meta property="og:image:type" content="image/jpeg" />
<meta name="twitter:card" content="summary_large_image" />
<meta name="twitter:label1" content="Szacowany czas czytania" />
	<meta name="twitter:data1" content="1 minuta" />
<script type="application/ld+json" class="yoast-schema-graph">{"@context":"https:\/\/schema.org","@graph":[{"@type":"WebPage","@id":"https:\/\/filles-de-la-charite.org\/pl\/service\/bezdomnosc\/","url":"https:\/\/filles-de-la-charite.org\/pl\/service\/bezdomnosc\/","name":"Bezdomni - Filles de la Charité","isPartOf":{"@id":"https:\/\/filles-de-la-charite.org\/pl\/#website"},"primaryImageOfPage":{"@id":"https:\/\/filles-de-la-charite.org\/pl\/service\/bezdomnosc\/#primaryimage"},"image":{"@id":"https:\/\/filles-de-la-charite.org\/pl\/service\/bezdomnosc\/#primaryimage"},"thumbnailUrl":"https:\/\/filles-de-la-charite.org\/wp-content\/uploads\/2023\/04\/Projeto-Maria-Solidaria-Pessoas-em-situacao-de-rua-1.jpeg","datePublished":"2023-10-30T09:45:42+00:00","dateModified":"2024-02-18T11:14:33+00:00","breadcrumb":{"@id":"https:\/\/filles-de-la-charite.org\/pl\/service\/bezdomnosc\/#breadcrumb"},"inLanguage":"pl-PL","potentialAction":[{"@type":"ReadAction","target":["https:\/\/filles-de-la-charite.org\/pl\/service\/bezdomnosc\/"]}]},{"@type":"ImageObject","inLanguage":"pl-PL","@id":"https:\/\/filles-de-la-charite.org\/pl\/service\/bezdomnosc\/#primaryimage","url":"https:\/\/filles-de-la-charite.org\/wp-content\/uploads\/2023\/04\/Projeto-Maria-Solidaria-Pessoas-em-situacao-de-rua-1.jpeg","contentUrl":"https:\/\/filles-de-la-charite.org\/wp-content\/uploads\/2023\/04\/Projeto-Maria-Solidaria-Pessoas-em-situacao-de-rua-1.jpeg","width":1920,"height":1500},{"@type":"BreadcrumbList","@id":"https:\/\/filles-de-la-charite.org\/pl\/service\/bezdomnosc\/#breadcrumb","itemListElement":[{"@type":"ListItem","position":1,"name":"Services","item":"https:\/\/filles-de-la-charite.org\/pl\/service\/"},{"@type":"ListItem","position":2,"name":"Bezdomni"}]},{"@type":"WebSite","@id":"https:\/\/filles-de-la-charite.org\/pl\/#website","url":"https:\/\/filles-de-la-charite.org\/pl\/","name":"Hijas de la Caridad","description":"L’amour de Jésus nous presse à prendre soin des personnes les plus démunies","publisher":{"@id":"https:\/\/filles-de-la-charite.org\/pl\/#organization"},"potentialAction":[{"@type":"SearchAction","target":{"@type":"EntryPoint","urlTemplate":"https:\/\/filles-de-la-charite.org\/pl\/?s={search_term_string}"},"query-input":{"@type":"PropertyValueSpecification","valueRequired":true,"valueName":"search_term_string"}}],"inLanguage":"pl-PL"},{"@type":"Organization","@id":"https:\/\/filles-de-la-charite.org\/pl\/#organization","name":"Hijas de la Caridad","url":"https:\/\/filles-de-la-charite.org\/pl\/","logo":{"@type":"ImageObject","inLanguage":"pl-PL","@id":"https:\/\/filles-de-la-charite.org\/pl\/#\/schema\/logo\/image\/","url":"https:\/\/filles-de-la-charite.org\/wp-content\/uploads\/2023\/03\/isotipo-Hijas-de-la-Caridad.png","contentUrl":"https:\/\/filles-de-la-charite.org\/wp-content\/uploads\/2023\/03\/isotipo-Hijas-de-la-Caridad.png","width":1417,"height":1417,"caption":"Hijas de la Caridad"},"image":{"@id":"https:\/\/filles-de-la-charite.org\/pl\/#\/schema\/logo\/image\/"}}]}</script>
<!-- / Yoast SEO plugin. -->

Bezdomni - Filles de la Charité

Każdego dnia, z różnych powodów, coraz więcej osób &#8211; mężczyzn, kobiet i dzieci &#8211; żyje na ulicy. Ta niewątpliwie zawsze bolesna sytuacja, prowadzi do egzystencji naznaczonej samotnością, niepewnością, przemocą i rozpaczą. Ogólnie rzecz biorąc, społeczeństwo wyklucza ich i rzadko daje im możliwość reintegracji i godnego życia. Z naszej strony ofiarujemy im szacunek, przyjaźń i życzliwe [&hellip;]

Filles de la Charité

L’amour de Jésus nous presse à prendre soin des personnes les plus démunies
