{"id":30586,"date":"2023-10-31T10:44:12","date_gmt":"2023-10-31T09:44:12","guid":{"rendered":"https:\/\/hijascaridad.sjdigitaldemo.ovh\/service\/migranci-i-uchodzcy\/"},"modified":"2024-02-18T12:19:05","modified_gmt":"2024-02-18T11:19:05","slug":"migranci-i-uchodzcy","status":"publish","type":"service","link":"https:\/\/filles-de-la-charite.org\/pl\/service\/migranci-i-uchodzcy\/","title":{"rendered":"Uchod\u017acy i migranci"},"content":{"rendered":"\n<h4 class=\"wp-block-heading\">W czasach naszych Za\u0142o\u017cycieli tysi\u0105ce ludzi w ka\u017cdym wieku i wszystkich klas spo\u0142ecznych przybywa\u0142o do Pary\u017ca, zmuszeni do ucieczki przez wojny. Ksi\u0105dz Wincenty robi\u0142 wszystko, co w jego mocy, aby im ul\u017cy\u0107 w cierpieniu i okaza\u0107 ca\u0142\u0105 sw\u0105 czu\u0142o\u015b\u0107.<\/h4>\n\n\n\n<p>W naszych czasach g\u0142\u00f3d, kl\u0119ski \u017cywio\u0142owe, totalitarne i skorumpowane re\u017cimy oraz globalne konflikty przyczyni\u0142y si\u0119 do wzrostu liczby przesiedle\u0144c\u00f3w, w tym rodzin poszukuj\u0105cych innego \u017cycia, pracy i mieszkania. Ich marzenie o lepszej egzystencji, respektuj\u0105cej ich godno\u015b\u0107, cz\u0119sto zamienia si\u0119 w koszmar. W rzeczywisto\u015bci, przybywaj\u0105 bez pieni\u0119dzy, kontakt\u00f3w, zakwaterowania i znajomo\u015bci j\u0119zyka. Niejednokrotnie zad\u0142u\u017cyli si\u0119, by zap\u0142aci\u0107 pozbawionym skrupu\u0142\u00f3w przemytnikom. Z powodu swojej izolacji, staj\u0105 si\u0119 \u0142atwym celem dla spekulant\u00f3w, kt\u00f3rzy naruszaj\u0105 ich prawa. Mog\u0105 te\u017c w rezultacie pope\u0142nia\u0107 przest\u0119pstwa.<\/p>\n\n\n\n<p>Inspirowane S\u0142owem Bo\u017cym, rozpoznajemy w migrantach i uchod\u017acach obecno\u015b\u0107 \u015awi\u0119tej Rodziny na wygnaniu w Egipcie i uczestniczymy w obronie i poszanowaniu ich praw, w ich ochronie i promocji.<\/p>\n\n\n\n<p>Proponujemy im:<\/p>\n\n\n\n<ul class=\"wp-block-list\">\n<li>przyjazne wsparcie u\u0142atwiaj\u0105ce adaptacj\u0119<\/li>\n\n\n\n<li>podstawowe \u015brodki na utrzymanie<\/li>\n\n\n\n<li>pomoc w procedurach prawnych<\/li>\n\n\n\n<li>zakwaterowanie<\/li>\n\n\n\n<li>kursy j\u0119zykowe<\/li>\n\n\n\n<li>pomoc w znalezieniu mieszkania<\/li>\n<\/ul>\n","protected":false},"featured_media":2043,"template":"","meta":{"_acf_changed":false,"_et_pb_use_builder":"","_et_pb_old_content":"","_et_gb_content_width":"","_links_to":"","_links_to_target":""},"class_list":["post-30586","service","type-service","status-publish","has-post-thumbnail","hentry"],"acf":[],"yoast_head":"<!-- This site is optimized with the Yoast SEO plugin v27.5 - https:\/\/yoast.com\/product\/yoast-seo-wordpress\/ -->\n<title>Uchod\u017acy i migranci - Filles de la Charit\u00e9<\/title>\n<meta name=\"robots\" content=\"index, follow, max-snippet:-1, max-image-preview:large, max-video-preview:-1\" \/>\n<link rel=\"canonical\" href=\"https:\/\/filles-de-la-charite.org\/pl\/service\/migranci-i-uchodzcy\/\" \/>\n<meta property=\"og:locale\" content=\"pl_PL\" \/>\n<meta property=\"og:type\" content=\"article\" \/>\n<meta property=\"og:title\" content=\"Uchod\u017acy i migranci - Filles de la Charit\u00e9\" \/>\n<meta property=\"og:description\" content=\"W czasach naszych Za\u0142o\u017cycieli tysi\u0105ce ludzi w ka\u017cdym wieku i wszystkich klas spo\u0142ecznych przybywa\u0142o do Pary\u017ca, zmuszeni do ucieczki przez wojny. Ksi\u0105dz Wincenty robi\u0142 wszystko, co w jego mocy, aby im ul\u017cy\u0107 w cierpieniu i okaza\u0107 ca\u0142\u0105 sw\u0105 czu\u0142o\u015b\u0107. W naszych czasach g\u0142\u00f3d, kl\u0119ski \u017cywio\u0142owe, totalitarne i skorumpowane re\u017cimy oraz globalne konflikty przyczyni\u0142y si\u0119 do [&hellip;]\" \/>\n<meta property=\"og:url\" content=\"https:\/\/filles-de-la-charite.org\/pl\/service\/migranci-i-uchodzcy\/\" \/>\n<meta property=\"og:site_name\" content=\"Filles de la Charit\u00e9\" \/>\n<meta property=\"article:modified_time\" content=\"2024-02-18T11:19:05+00:00\" \/>\n<meta property=\"og:image\" content=\"https:\/\/filles-de-la-charite.org\/wp-content\/uploads\/2023\/04\/migrantes.jpg\" \/>\n\t<meta property=\"og:image:width\" content=\"1920\" \/>\n\t<meta property=\"og:image:height\" content=\"1440\" \/>\n\t<meta property=\"og:image:type\" content=\"image\/jpeg\" \/>\n<meta name=\"twitter:card\" content=\"summary_large_image\" \/>\n<meta name=\"twitter:label1\" content=\"Szacowany czas czytania\" \/>\n\t<meta name=\"twitter:data1\" content=\"1 minuta\" \/>\n<script type=\"application\/ld+json\" class=\"yoast-schema-graph\">{\"@context\":\"https:\\\/\\\/schema.org\",\"@graph\":[{\"@type\":\"WebPage\",\"@id\":\"https:\\\/\\\/filles-de-la-charite.org\\\/pl\\\/service\\\/migranci-i-uchodzcy\\\/\",\"url\":\"https:\\\/\\\/filles-de-la-charite.org\\\/pl\\\/service\\\/migranci-i-uchodzcy\\\/\",\"name\":\"Uchod\u017acy i migranci - Filles de la Charit\u00e9\",\"isPartOf\":{\"@id\":\"https:\\\/\\\/filles-de-la-charite.org\\\/pl\\\/#website\"},\"primaryImageOfPage\":{\"@id\":\"https:\\\/\\\/filles-de-la-charite.org\\\/pl\\\/service\\\/migranci-i-uchodzcy\\\/#primaryimage\"},\"image\":{\"@id\":\"https:\\\/\\\/filles-de-la-charite.org\\\/pl\\\/service\\\/migranci-i-uchodzcy\\\/#primaryimage\"},\"thumbnailUrl\":\"https:\\\/\\\/filles-de-la-charite.org\\\/wp-content\\\/uploads\\\/2023\\\/04\\\/migrantes.jpg\",\"datePublished\":\"2023-10-31T09:44:12+00:00\",\"dateModified\":\"2024-02-18T11:19:05+00:00\",\"breadcrumb\":{\"@id\":\"https:\\\/\\\/filles-de-la-charite.org\\\/pl\\\/service\\\/migranci-i-uchodzcy\\\/#breadcrumb\"},\"inLanguage\":\"pl-PL\",\"potentialAction\":[{\"@type\":\"ReadAction\",\"target\":[\"https:\\\/\\\/filles-de-la-charite.org\\\/pl\\\/service\\\/migranci-i-uchodzcy\\\/\"]}]},{\"@type\":\"ImageObject\",\"inLanguage\":\"pl-PL\",\"@id\":\"https:\\\/\\\/filles-de-la-charite.org\\\/pl\\\/service\\\/migranci-i-uchodzcy\\\/#primaryimage\",\"url\":\"https:\\\/\\\/filles-de-la-charite.org\\\/wp-content\\\/uploads\\\/2023\\\/04\\\/migrantes.jpg\",\"contentUrl\":\"https:\\\/\\\/filles-de-la-charite.org\\\/wp-content\\\/uploads\\\/2023\\\/04\\\/migrantes.jpg\",\"width\":1920,\"height\":1440},{\"@type\":\"BreadcrumbList\",\"@id\":\"https:\\\/\\\/filles-de-la-charite.org\\\/pl\\\/service\\\/migranci-i-uchodzcy\\\/#breadcrumb\",\"itemListElement\":[{\"@type\":\"ListItem\",\"position\":1,\"name\":\"Services\",\"item\":\"https:\\\/\\\/filles-de-la-charite.org\\\/pl\\\/service\\\/\"},{\"@type\":\"ListItem\",\"position\":2,\"name\":\"Uchod\u017acy i migranci\"}]},{\"@type\":\"WebSite\",\"@id\":\"https:\\\/\\\/filles-de-la-charite.org\\\/pl\\\/#website\",\"url\":\"https:\\\/\\\/filles-de-la-charite.org\\\/pl\\\/\",\"name\":\"Hijas de la Caridad\",\"description\":\"L\u2019amour de J\u00e9sus nous presse \u00e0 prendre soin des personnes les plus d\u00e9munies\",\"publisher\":{\"@id\":\"https:\\\/\\\/filles-de-la-charite.org\\\/pl\\\/#organization\"},\"potentialAction\":[{\"@type\":\"SearchAction\",\"target\":{\"@type\":\"EntryPoint\",\"urlTemplate\":\"https:\\\/\\\/filles-de-la-charite.org\\\/pl\\\/?s={search_term_string}\"},\"query-input\":{\"@type\":\"PropertyValueSpecification\",\"valueRequired\":true,\"valueName\":\"search_term_string\"}}],\"inLanguage\":\"pl-PL\"},{\"@type\":\"Organization\",\"@id\":\"https:\\\/\\\/filles-de-la-charite.org\\\/pl\\\/#organization\",\"name\":\"Hijas de la Caridad\",\"url\":\"https:\\\/\\\/filles-de-la-charite.org\\\/pl\\\/\",\"logo\":{\"@type\":\"ImageObject\",\"inLanguage\":\"pl-PL\",\"@id\":\"https:\\\/\\\/filles-de-la-charite.org\\\/pl\\\/#\\\/schema\\\/logo\\\/image\\\/\",\"url\":\"https:\\\/\\\/filles-de-la-charite.org\\\/wp-content\\\/uploads\\\/2023\\\/03\\\/isotipo-Hijas-de-la-Caridad.png\",\"contentUrl\":\"https:\\\/\\\/filles-de-la-charite.org\\\/wp-content\\\/uploads\\\/2023\\\/03\\\/isotipo-Hijas-de-la-Caridad.png\",\"width\":1417,\"height\":1417,\"caption\":\"Hijas de la Caridad\"},\"image\":{\"@id\":\"https:\\\/\\\/filles-de-la-charite.org\\\/pl\\\/#\\\/schema\\\/logo\\\/image\\\/\"}}]}<\/script>\n<!-- \/ Yoast SEO plugin. -->","yoast_head_json":{"title":"Uchod\u017acy i migranci - Filles de la Charit\u00e9","robots":{"index":"index","follow":"follow","max-snippet":"max-snippet:-1","max-image-preview":"max-image-preview:large","max-video-preview":"max-video-preview:-1"},"canonical":"https:\/\/filles-de-la-charite.org\/pl\/service\/migranci-i-uchodzcy\/","og_locale":"pl_PL","og_type":"article","og_title":"Uchod\u017acy i migranci - Filles de la Charit\u00e9","og_description":"W czasach naszych Za\u0142o\u017cycieli tysi\u0105ce ludzi w ka\u017cdym wieku i wszystkich klas spo\u0142ecznych przybywa\u0142o do Pary\u017ca, zmuszeni do ucieczki przez wojny. Ksi\u0105dz Wincenty robi\u0142 wszystko, co w jego mocy, aby im ul\u017cy\u0107 w cierpieniu i okaza\u0107 ca\u0142\u0105 sw\u0105 czu\u0142o\u015b\u0107. W naszych czasach g\u0142\u00f3d, kl\u0119ski \u017cywio\u0142owe, totalitarne i skorumpowane re\u017cimy oraz globalne konflikty przyczyni\u0142y si\u0119 do [&hellip;]","og_url":"https:\/\/filles-de-la-charite.org\/pl\/service\/migranci-i-uchodzcy\/","og_site_name":"Filles de la Charit\u00e9","article_modified_time":"2024-02-18T11:19:05+00:00","og_image":[{"width":1920,"height":1440,"url":"https:\/\/filles-de-la-charite.org\/wp-content\/uploads\/2023\/04\/migrantes.jpg","type":"image\/jpeg"}],"twitter_card":"summary_large_image","twitter_misc":{"Szacowany czas czytania":"1 minuta"},"schema":{"@context":"https:\/\/schema.org","@graph":[{"@type":"WebPage","@id":"https:\/\/filles-de-la-charite.org\/pl\/service\/migranci-i-uchodzcy\/","url":"https:\/\/filles-de-la-charite.org\/pl\/service\/migranci-i-uchodzcy\/","name":"Uchod\u017acy i migranci - Filles de la Charit\u00e9","isPartOf":{"@id":"https:\/\/filles-de-la-charite.org\/pl\/#website"},"primaryImageOfPage":{"@id":"https:\/\/filles-de-la-charite.org\/pl\/service\/migranci-i-uchodzcy\/#primaryimage"},"image":{"@id":"https:\/\/filles-de-la-charite.org\/pl\/service\/migranci-i-uchodzcy\/#primaryimage"},"thumbnailUrl":"https:\/\/filles-de-la-charite.org\/wp-content\/uploads\/2023\/04\/migrantes.jpg","datePublished":"2023-10-31T09:44:12+00:00","dateModified":"2024-02-18T11:19:05+00:00","breadcrumb":{"@id":"https:\/\/filles-de-la-charite.org\/pl\/service\/migranci-i-uchodzcy\/#breadcrumb"},"inLanguage":"pl-PL","potentialAction":[{"@type":"ReadAction","target":["https:\/\/filles-de-la-charite.org\/pl\/service\/migranci-i-uchodzcy\/"]}]},{"@type":"ImageObject","inLanguage":"pl-PL","@id":"https:\/\/filles-de-la-charite.org\/pl\/service\/migranci-i-uchodzcy\/#primaryimage","url":"https:\/\/filles-de-la-charite.org\/wp-content\/uploads\/2023\/04\/migrantes.jpg","contentUrl":"https:\/\/filles-de-la-charite.org\/wp-content\/uploads\/2023\/04\/migrantes.jpg","width":1920,"height":1440},{"@type":"BreadcrumbList","@id":"https:\/\/filles-de-la-charite.org\/pl\/service\/migranci-i-uchodzcy\/#breadcrumb","itemListElement":[{"@type":"ListItem","position":1,"name":"Services","item":"https:\/\/filles-de-la-charite.org\/pl\/service\/"},{"@type":"ListItem","position":2,"name":"Uchod\u017acy i migranci"}]},{"@type":"WebSite","@id":"https:\/\/filles-de-la-charite.org\/pl\/#website","url":"https:\/\/filles-de-la-charite.org\/pl\/","name":"Hijas de la Caridad","description":"L\u2019amour de J\u00e9sus nous presse \u00e0 prendre soin des personnes les plus d\u00e9munies","publisher":{"@id":"https:\/\/filles-de-la-charite.org\/pl\/#organization"},"potentialAction":[{"@type":"SearchAction","target":{"@type":"EntryPoint","urlTemplate":"https:\/\/filles-de-la-charite.org\/pl\/?s={search_term_string}"},"query-input":{"@type":"PropertyValueSpecification","valueRequired":true,"valueName":"search_term_string"}}],"inLanguage":"pl-PL"},{"@type":"Organization","@id":"https:\/\/filles-de-la-charite.org\/pl\/#organization","name":"Hijas de la Caridad","url":"https:\/\/filles-de-la-charite.org\/pl\/","logo":{"@type":"ImageObject","inLanguage":"pl-PL","@id":"https:\/\/filles-de-la-charite.org\/pl\/#\/schema\/logo\/image\/","url":"https:\/\/filles-de-la-charite.org\/wp-content\/uploads\/2023\/03\/isotipo-Hijas-de-la-Caridad.png","contentUrl":"https:\/\/filles-de-la-charite.org\/wp-content\/uploads\/2023\/03\/isotipo-Hijas-de-la-Caridad.png","width":1417,"height":1417,"caption":"Hijas de la Caridad"},"image":{"@id":"https:\/\/filles-de-la-charite.org\/pl\/#\/schema\/logo\/image\/"}}]}},"_links":{"self":[{"href":"https:\/\/filles-de-la-charite.org\/pl\/wp-json\/wp\/v2\/service\/30586","targetHints":{"allow":["GET"]}}],"collection":[{"href":"https:\/\/filles-de-la-charite.org\/pl\/wp-json\/wp\/v2\/service"}],"about":[{"href":"https:\/\/filles-de-la-charite.org\/pl\/wp-json\/wp\/v2\/types\/service"}],"wp:featuredmedia":[{"embeddable":true,"href":"https:\/\/filles-de-la-charite.org\/pl\/wp-json\/wp\/v2\/media\/2043"}],"wp:attachment":[{"href":"https:\/\/filles-de-la-charite.org\/pl\/wp-json\/wp\/v2\/media?parent=30586"}],"curies":[{"name":"wp","href":"https:\/\/api.w.org\/{rel}","templated":true}]}}

Uchodźcy i migranci

<h4 class="wp-block-heading">W czasach naszych Założycieli tysiące ludzi w każdym wieku i wszystkich klas społecznych przybywało do Paryża, zmuszeni do ucieczki przez wojny. Ksiądz Wincenty robił wszystko, co w jego mocy, aby im ulżyć w cierpieniu i okazać całą swą czułość.</h4>



<p>W naszych czasach głód, klęski żywiołowe, totalitarne i skorumpowane reżimy oraz globalne konflikty przyczyniły się do wzrostu liczby przesiedleńców, w tym rodzin poszukujących innego życia, pracy i mieszkania. Ich marzenie o lepszej egzystencji, respektującej ich godność, często zamienia się w koszmar. W rzeczywistości, przybywają bez pieniędzy, kontaktów, zakwaterowania i znajomości języka. Niejednokrotnie zadłużyli się, by zapłacić pozbawionym skrupułów przemytnikom. Z powodu swojej izolacji, stają się łatwym celem dla spekulantów, którzy naruszają ich prawa. Mogą też w rezultacie popełniać przestępstwa.</p>



<p>Inspirowane Słowem Bożym, rozpoznajemy w migrantach i uchodźcach obecność Świętej Rodziny na wygnaniu w Egipcie i uczestniczymy w obronie i poszanowaniu ich praw, w ich ochronie i promocji.</p>



<p>Proponujemy im:</p>



<ul class="wp-block-list">
<li>przyjazne wsparcie ułatwiające adaptację</li>



<li>podstawowe środki na utrzymanie</li>



<li>pomoc w procedurach prawnych</li>



<li>zakwaterowanie</li>



<li>kursy językowe</li>



<li>pomoc w znalezieniu mieszkania</li>
</ul>

<!-- This site is optimized with the Yoast SEO plugin v27.5 - https://yoast.com/product/yoast-seo-wordpress/ -->
<title>Uchodźcy i migranci - Filles de la Charité</title>
<meta name="robots" content="index, follow, max-snippet:-1, max-image-preview:large, max-video-preview:-1" />
<link rel="canonical" href="https://filles-de-la-charite.org/pl/service/migranci-i-uchodzcy/" />
<meta property="og:locale" content="pl_PL" />
<meta property="og:type" content="article" />
<meta property="og:title" content="Uchodźcy i migranci - Filles de la Charité" />
<meta property="og:description" content="W czasach naszych Założycieli tysiące ludzi w każdym wieku i wszystkich klas społecznych przybywało do Paryża, zmuszeni do ucieczki przez wojny. Ksiądz Wincenty robił wszystko, co w jego mocy, aby im ulżyć w cierpieniu i okazać całą swą czułość. W naszych czasach głód, klęski żywiołowe, totalitarne i skorumpowane reżimy oraz globalne konflikty przyczyniły się do [&hellip;]" />
<meta property="og:url" content="https://filles-de-la-charite.org/pl/service/migranci-i-uchodzcy/" />
<meta property="og:site_name" content="Filles de la Charité" />
<meta property="article:modified_time" content="2024-02-18T11:19:05+00:00" />
<meta property="og:image" content="https://filles-de-la-charite.org/wp-content/uploads/2023/04/migrantes.jpg" />
	<meta property="og:image:width" content="1920" />
	<meta property="og:image:height" content="1440" />
	<meta property="og:image:type" content="image/jpeg" />
<meta name="twitter:card" content="summary_large_image" />
<meta name="twitter:label1" content="Szacowany czas czytania" />
	<meta name="twitter:data1" content="1 minuta" />
<script type="application/ld+json" class="yoast-schema-graph">{"@context":"https:\/\/schema.org","@graph":[{"@type":"WebPage","@id":"https:\/\/filles-de-la-charite.org\/pl\/service\/migranci-i-uchodzcy\/","url":"https:\/\/filles-de-la-charite.org\/pl\/service\/migranci-i-uchodzcy\/","name":"Uchodźcy i migranci - Filles de la Charité","isPartOf":{"@id":"https:\/\/filles-de-la-charite.org\/pl\/#website"},"primaryImageOfPage":{"@id":"https:\/\/filles-de-la-charite.org\/pl\/service\/migranci-i-uchodzcy\/#primaryimage"},"image":{"@id":"https:\/\/filles-de-la-charite.org\/pl\/service\/migranci-i-uchodzcy\/#primaryimage"},"thumbnailUrl":"https:\/\/filles-de-la-charite.org\/wp-content\/uploads\/2023\/04\/migrantes.jpg","datePublished":"2023-10-31T09:44:12+00:00","dateModified":"2024-02-18T11:19:05+00:00","breadcrumb":{"@id":"https:\/\/filles-de-la-charite.org\/pl\/service\/migranci-i-uchodzcy\/#breadcrumb"},"inLanguage":"pl-PL","potentialAction":[{"@type":"ReadAction","target":["https:\/\/filles-de-la-charite.org\/pl\/service\/migranci-i-uchodzcy\/"]}]},{"@type":"ImageObject","inLanguage":"pl-PL","@id":"https:\/\/filles-de-la-charite.org\/pl\/service\/migranci-i-uchodzcy\/#primaryimage","url":"https:\/\/filles-de-la-charite.org\/wp-content\/uploads\/2023\/04\/migrantes.jpg","contentUrl":"https:\/\/filles-de-la-charite.org\/wp-content\/uploads\/2023\/04\/migrantes.jpg","width":1920,"height":1440},{"@type":"BreadcrumbList","@id":"https:\/\/filles-de-la-charite.org\/pl\/service\/migranci-i-uchodzcy\/#breadcrumb","itemListElement":[{"@type":"ListItem","position":1,"name":"Services","item":"https:\/\/filles-de-la-charite.org\/pl\/service\/"},{"@type":"ListItem","position":2,"name":"Uchodźcy i migranci"}]},{"@type":"WebSite","@id":"https:\/\/filles-de-la-charite.org\/pl\/#website","url":"https:\/\/filles-de-la-charite.org\/pl\/","name":"Hijas de la Caridad","description":"L’amour de Jésus nous presse à prendre soin des personnes les plus démunies","publisher":{"@id":"https:\/\/filles-de-la-charite.org\/pl\/#organization"},"potentialAction":[{"@type":"SearchAction","target":{"@type":"EntryPoint","urlTemplate":"https:\/\/filles-de-la-charite.org\/pl\/?s={search_term_string}"},"query-input":{"@type":"PropertyValueSpecification","valueRequired":true,"valueName":"search_term_string"}}],"inLanguage":"pl-PL"},{"@type":"Organization","@id":"https:\/\/filles-de-la-charite.org\/pl\/#organization","name":"Hijas de la Caridad","url":"https:\/\/filles-de-la-charite.org\/pl\/","logo":{"@type":"ImageObject","inLanguage":"pl-PL","@id":"https:\/\/filles-de-la-charite.org\/pl\/#\/schema\/logo\/image\/","url":"https:\/\/filles-de-la-charite.org\/wp-content\/uploads\/2023\/03\/isotipo-Hijas-de-la-Caridad.png","contentUrl":"https:\/\/filles-de-la-charite.org\/wp-content\/uploads\/2023\/03\/isotipo-Hijas-de-la-Caridad.png","width":1417,"height":1417,"caption":"Hijas de la Caridad"},"image":{"@id":"https:\/\/filles-de-la-charite.org\/pl\/#\/schema\/logo\/image\/"}}]}</script>
<!-- / Yoast SEO plugin. -->

Uchodźcy i migranci - Filles de la Charité

W czasach naszych Założycieli tysiące ludzi w każdym wieku i wszystkich klas społecznych przybywało do Paryża, zmuszeni do ucieczki przez wojny. Ksiądz Wincenty robił wszystko, co w jego mocy, aby im ulżyć w cierpieniu i okazać całą swą czułość. W naszych czasach głód, klęski żywiołowe, totalitarne i skorumpowane reżimy oraz globalne konflikty przyczyniły się do [&hellip;]

Filles de la Charité

L’amour de Jésus nous presse à prendre soin des personnes les plus démunies
