{"id":30593,"date":"2023-10-31T10:46:32","date_gmt":"2023-10-31T09:46:32","guid":{"rendered":"https:\/\/hijascaridad.sjdigitaldemo.ovh\/service\/wiezniowie-wolnosci\/"},"modified":"2024-02-18T12:19:49","modified_gmt":"2024-02-18T11:19:49","slug":"wiezniowie-wolnosci","status":"publish","type":"service","link":"https:\/\/filles-de-la-charite.org\/pl\/service\/wiezniowie-wolnosci\/","title":{"rendered":"Wi\u0119\u017aniowie"},"content":{"rendered":"\n<h4 class=\"wp-block-heading\">\u015aw. Wincenty a Paulo by\u0142 generalnym kapelanem galer w Pary\u017cu. \u201eCi ludzie byli traktowani jak zwierz\u0119ta\u201d \u2013m\u00f3wi\u0142. Nie mieli \u017cadnego wsparcia i byli pozbawieni wszelkich kontakt\u00f3w. \u015aw. Wincenty walczy\u0142 z nadu\u017cyciami, kt\u00f3rych byli ofiarami, uzyskuj\u0105c dla nich bardziej humanitarne traktowanie.<\/h4>\n\n\n\n<p>Pos\u0142a\u0142 do nich Siostry Mi\u0142osierdzia, aby zapewnia\u0142y im \u017cywno\u015b\u0107, opiek\u0119 i duchow\u0105 pociech\u0119. Ten projekt, odwa\u017cny, a nawet niebezpieczny, jak na tamte czasy, okaza\u0142 si\u0119 tryumfem mi\u0142osierdzia.<\/p>\n\n\n\n<p>Wierne naszym pocz\u0105tkom, kontynuujemy t\u0119 misj\u0119 i odwiedzamy wi\u0119\u017ani\u00f3w. Pod\u0105\u017caj\u0105c za Jezusem, wierzymy, \u017ce B\u00f3g ich kocha, \u017ce ich warto\u015b\u0107 jako ludzi wykracza poza pope\u0142nione czyny. Jeste\u015bmy r\u00f3wnie\u017c \u015bwiadkami ich dobrych czyn\u00f3w i post\u0119p\u00f3w na drodze wiary. Towarzyszymy im i w konkretny spos\u00f3b zach\u0119camy do reintegracji ze spo\u0142ecze\u0144stwem.<\/p>\n\n\n\n<p>Nasz\u0105 pos\u0142ug\u0119 realizujemy:<\/p>\n\n\n\n<p>w zak\u0142adach karnych bezpo\u015brednio z uwi\u0119zionymi:<\/p>\n\n\n\n<ul class=\"wp-block-list\">\n<li>przez spotkania, uwa\u017cne s\u0142uchanie i obecno\u015b\u0107<\/li>\n\n\n\n<li>w szpitalach wi\u0119ziennych i przez og\u00f3ln\u0105 pos\u0142ug\u0119<\/li>\n\n\n\n<li>przez dostarczanie \u017cywno\u015bci<\/li>\n\n\n\n<li>przez prowadzenie kurs\u00f3w<\/li>\n\n\n\n<li>przez dzia\u0142alno\u015b\u0107 duszpastersk\u0105<\/li>\n<\/ul>\n\n\n\n<p>poza wi\u0119zieniem:<\/p>\n\n\n\n<ul class=\"wp-block-list\">\n<li>w o\u015brodkach wsparcia dla rodzin<\/li>\n\n\n\n<li>podtrzymuj\u0105c kontakty z rodzinami<\/li>\n\n\n\n<li>koresponduj\u0105c z osobami pozbawionymi wolno\u015bci<\/li>\n<\/ul>\n","protected":false},"featured_media":2055,"template":"","meta":{"_acf_changed":false,"_et_pb_use_builder":"","_et_pb_old_content":"","_et_gb_content_width":"","_links_to":"","_links_to_target":""},"class_list":["post-30593","service","type-service","status-publish","has-post-thumbnail","hentry"],"acf":[],"yoast_head":"<!-- This site is optimized with the Yoast SEO plugin v27.5 - https:\/\/yoast.com\/product\/yoast-seo-wordpress\/ -->\n<title>Wi\u0119\u017aniowie - Filles de la Charit\u00e9<\/title>\n<meta name=\"robots\" content=\"index, follow, max-snippet:-1, max-image-preview:large, max-video-preview:-1\" \/>\n<link rel=\"canonical\" href=\"https:\/\/filles-de-la-charite.org\/pl\/service\/wiezniowie-wolnosci\/\" \/>\n<meta property=\"og:locale\" content=\"pl_PL\" \/>\n<meta property=\"og:type\" content=\"article\" \/>\n<meta property=\"og:title\" content=\"Wi\u0119\u017aniowie - Filles de la Charit\u00e9\" \/>\n<meta property=\"og:description\" content=\"\u015aw. Wincenty a Paulo by\u0142 generalnym kapelanem galer w Pary\u017cu. \u201eCi ludzie byli traktowani jak zwierz\u0119ta\u201d \u2013m\u00f3wi\u0142. Nie mieli \u017cadnego wsparcia i byli pozbawieni wszelkich kontakt\u00f3w. \u015aw. Wincenty walczy\u0142 z nadu\u017cyciami, kt\u00f3rych byli ofiarami, uzyskuj\u0105c dla nich bardziej humanitarne traktowanie. Pos\u0142a\u0142 do nich Siostry Mi\u0142osierdzia, aby zapewnia\u0142y im \u017cywno\u015b\u0107, opiek\u0119 i duchow\u0105 pociech\u0119. Ten projekt, [&hellip;]\" \/>\n<meta property=\"og:url\" content=\"https:\/\/filles-de-la-charite.org\/pl\/service\/wiezniowie-wolnosci\/\" \/>\n<meta property=\"og:site_name\" content=\"Filles de la Charit\u00e9\" \/>\n<meta property=\"article:modified_time\" content=\"2024-02-18T11:19:49+00:00\" \/>\n<meta property=\"og:image\" content=\"https:\/\/filles-de-la-charite.org\/wp-content\/uploads\/2023\/04\/carcel.jpeg\" \/>\n\t<meta property=\"og:image:width\" content=\"1920\" \/>\n\t<meta property=\"og:image:height\" content=\"1440\" \/>\n\t<meta property=\"og:image:type\" content=\"image\/jpeg\" \/>\n<meta name=\"twitter:card\" content=\"summary_large_image\" \/>\n<meta name=\"twitter:label1\" content=\"Szacowany czas czytania\" \/>\n\t<meta name=\"twitter:data1\" content=\"1 minuta\" \/>\n<script type=\"application\/ld+json\" class=\"yoast-schema-graph\">{\"@context\":\"https:\\\/\\\/schema.org\",\"@graph\":[{\"@type\":\"WebPage\",\"@id\":\"https:\\\/\\\/filles-de-la-charite.org\\\/pl\\\/service\\\/wiezniowie-wolnosci\\\/\",\"url\":\"https:\\\/\\\/filles-de-la-charite.org\\\/pl\\\/service\\\/wiezniowie-wolnosci\\\/\",\"name\":\"Wi\u0119\u017aniowie - Filles de la Charit\u00e9\",\"isPartOf\":{\"@id\":\"https:\\\/\\\/filles-de-la-charite.org\\\/pl\\\/#website\"},\"primaryImageOfPage\":{\"@id\":\"https:\\\/\\\/filles-de-la-charite.org\\\/pl\\\/service\\\/wiezniowie-wolnosci\\\/#primaryimage\"},\"image\":{\"@id\":\"https:\\\/\\\/filles-de-la-charite.org\\\/pl\\\/service\\\/wiezniowie-wolnosci\\\/#primaryimage\"},\"thumbnailUrl\":\"https:\\\/\\\/filles-de-la-charite.org\\\/wp-content\\\/uploads\\\/2023\\\/04\\\/carcel.jpeg\",\"datePublished\":\"2023-10-31T09:46:32+00:00\",\"dateModified\":\"2024-02-18T11:19:49+00:00\",\"breadcrumb\":{\"@id\":\"https:\\\/\\\/filles-de-la-charite.org\\\/pl\\\/service\\\/wiezniowie-wolnosci\\\/#breadcrumb\"},\"inLanguage\":\"pl-PL\",\"potentialAction\":[{\"@type\":\"ReadAction\",\"target\":[\"https:\\\/\\\/filles-de-la-charite.org\\\/pl\\\/service\\\/wiezniowie-wolnosci\\\/\"]}]},{\"@type\":\"ImageObject\",\"inLanguage\":\"pl-PL\",\"@id\":\"https:\\\/\\\/filles-de-la-charite.org\\\/pl\\\/service\\\/wiezniowie-wolnosci\\\/#primaryimage\",\"url\":\"https:\\\/\\\/filles-de-la-charite.org\\\/wp-content\\\/uploads\\\/2023\\\/04\\\/carcel.jpeg\",\"contentUrl\":\"https:\\\/\\\/filles-de-la-charite.org\\\/wp-content\\\/uploads\\\/2023\\\/04\\\/carcel.jpeg\",\"width\":1920,\"height\":1440},{\"@type\":\"BreadcrumbList\",\"@id\":\"https:\\\/\\\/filles-de-la-charite.org\\\/pl\\\/service\\\/wiezniowie-wolnosci\\\/#breadcrumb\",\"itemListElement\":[{\"@type\":\"ListItem\",\"position\":1,\"name\":\"Services\",\"item\":\"https:\\\/\\\/filles-de-la-charite.org\\\/pl\\\/service\\\/\"},{\"@type\":\"ListItem\",\"position\":2,\"name\":\"Wi\u0119\u017aniowie\"}]},{\"@type\":\"WebSite\",\"@id\":\"https:\\\/\\\/filles-de-la-charite.org\\\/pl\\\/#website\",\"url\":\"https:\\\/\\\/filles-de-la-charite.org\\\/pl\\\/\",\"name\":\"Hijas de la Caridad\",\"description\":\"L\u2019amour de J\u00e9sus nous presse \u00e0 prendre soin des personnes les plus d\u00e9munies\",\"publisher\":{\"@id\":\"https:\\\/\\\/filles-de-la-charite.org\\\/pl\\\/#organization\"},\"potentialAction\":[{\"@type\":\"SearchAction\",\"target\":{\"@type\":\"EntryPoint\",\"urlTemplate\":\"https:\\\/\\\/filles-de-la-charite.org\\\/pl\\\/?s={search_term_string}\"},\"query-input\":{\"@type\":\"PropertyValueSpecification\",\"valueRequired\":true,\"valueName\":\"search_term_string\"}}],\"inLanguage\":\"pl-PL\"},{\"@type\":\"Organization\",\"@id\":\"https:\\\/\\\/filles-de-la-charite.org\\\/pl\\\/#organization\",\"name\":\"Hijas de la Caridad\",\"url\":\"https:\\\/\\\/filles-de-la-charite.org\\\/pl\\\/\",\"logo\":{\"@type\":\"ImageObject\",\"inLanguage\":\"pl-PL\",\"@id\":\"https:\\\/\\\/filles-de-la-charite.org\\\/pl\\\/#\\\/schema\\\/logo\\\/image\\\/\",\"url\":\"https:\\\/\\\/filles-de-la-charite.org\\\/wp-content\\\/uploads\\\/2023\\\/03\\\/isotipo-Hijas-de-la-Caridad.png\",\"contentUrl\":\"https:\\\/\\\/filles-de-la-charite.org\\\/wp-content\\\/uploads\\\/2023\\\/03\\\/isotipo-Hijas-de-la-Caridad.png\",\"width\":1417,\"height\":1417,\"caption\":\"Hijas de la Caridad\"},\"image\":{\"@id\":\"https:\\\/\\\/filles-de-la-charite.org\\\/pl\\\/#\\\/schema\\\/logo\\\/image\\\/\"}}]}<\/script>\n<!-- \/ Yoast SEO plugin. -->","yoast_head_json":{"title":"Wi\u0119\u017aniowie - Filles de la Charit\u00e9","robots":{"index":"index","follow":"follow","max-snippet":"max-snippet:-1","max-image-preview":"max-image-preview:large","max-video-preview":"max-video-preview:-1"},"canonical":"https:\/\/filles-de-la-charite.org\/pl\/service\/wiezniowie-wolnosci\/","og_locale":"pl_PL","og_type":"article","og_title":"Wi\u0119\u017aniowie - Filles de la Charit\u00e9","og_description":"\u015aw. Wincenty a Paulo by\u0142 generalnym kapelanem galer w Pary\u017cu. \u201eCi ludzie byli traktowani jak zwierz\u0119ta\u201d \u2013m\u00f3wi\u0142. Nie mieli \u017cadnego wsparcia i byli pozbawieni wszelkich kontakt\u00f3w. \u015aw. Wincenty walczy\u0142 z nadu\u017cyciami, kt\u00f3rych byli ofiarami, uzyskuj\u0105c dla nich bardziej humanitarne traktowanie. Pos\u0142a\u0142 do nich Siostry Mi\u0142osierdzia, aby zapewnia\u0142y im \u017cywno\u015b\u0107, opiek\u0119 i duchow\u0105 pociech\u0119. Ten projekt, [&hellip;]","og_url":"https:\/\/filles-de-la-charite.org\/pl\/service\/wiezniowie-wolnosci\/","og_site_name":"Filles de la Charit\u00e9","article_modified_time":"2024-02-18T11:19:49+00:00","og_image":[{"width":1920,"height":1440,"url":"https:\/\/filles-de-la-charite.org\/wp-content\/uploads\/2023\/04\/carcel.jpeg","type":"image\/jpeg"}],"twitter_card":"summary_large_image","twitter_misc":{"Szacowany czas czytania":"1 minuta"},"schema":{"@context":"https:\/\/schema.org","@graph":[{"@type":"WebPage","@id":"https:\/\/filles-de-la-charite.org\/pl\/service\/wiezniowie-wolnosci\/","url":"https:\/\/filles-de-la-charite.org\/pl\/service\/wiezniowie-wolnosci\/","name":"Wi\u0119\u017aniowie - Filles de la Charit\u00e9","isPartOf":{"@id":"https:\/\/filles-de-la-charite.org\/pl\/#website"},"primaryImageOfPage":{"@id":"https:\/\/filles-de-la-charite.org\/pl\/service\/wiezniowie-wolnosci\/#primaryimage"},"image":{"@id":"https:\/\/filles-de-la-charite.org\/pl\/service\/wiezniowie-wolnosci\/#primaryimage"},"thumbnailUrl":"https:\/\/filles-de-la-charite.org\/wp-content\/uploads\/2023\/04\/carcel.jpeg","datePublished":"2023-10-31T09:46:32+00:00","dateModified":"2024-02-18T11:19:49+00:00","breadcrumb":{"@id":"https:\/\/filles-de-la-charite.org\/pl\/service\/wiezniowie-wolnosci\/#breadcrumb"},"inLanguage":"pl-PL","potentialAction":[{"@type":"ReadAction","target":["https:\/\/filles-de-la-charite.org\/pl\/service\/wiezniowie-wolnosci\/"]}]},{"@type":"ImageObject","inLanguage":"pl-PL","@id":"https:\/\/filles-de-la-charite.org\/pl\/service\/wiezniowie-wolnosci\/#primaryimage","url":"https:\/\/filles-de-la-charite.org\/wp-content\/uploads\/2023\/04\/carcel.jpeg","contentUrl":"https:\/\/filles-de-la-charite.org\/wp-content\/uploads\/2023\/04\/carcel.jpeg","width":1920,"height":1440},{"@type":"BreadcrumbList","@id":"https:\/\/filles-de-la-charite.org\/pl\/service\/wiezniowie-wolnosci\/#breadcrumb","itemListElement":[{"@type":"ListItem","position":1,"name":"Services","item":"https:\/\/filles-de-la-charite.org\/pl\/service\/"},{"@type":"ListItem","position":2,"name":"Wi\u0119\u017aniowie"}]},{"@type":"WebSite","@id":"https:\/\/filles-de-la-charite.org\/pl\/#website","url":"https:\/\/filles-de-la-charite.org\/pl\/","name":"Hijas de la Caridad","description":"L\u2019amour de J\u00e9sus nous presse \u00e0 prendre soin des personnes les plus d\u00e9munies","publisher":{"@id":"https:\/\/filles-de-la-charite.org\/pl\/#organization"},"potentialAction":[{"@type":"SearchAction","target":{"@type":"EntryPoint","urlTemplate":"https:\/\/filles-de-la-charite.org\/pl\/?s={search_term_string}"},"query-input":{"@type":"PropertyValueSpecification","valueRequired":true,"valueName":"search_term_string"}}],"inLanguage":"pl-PL"},{"@type":"Organization","@id":"https:\/\/filles-de-la-charite.org\/pl\/#organization","name":"Hijas de la Caridad","url":"https:\/\/filles-de-la-charite.org\/pl\/","logo":{"@type":"ImageObject","inLanguage":"pl-PL","@id":"https:\/\/filles-de-la-charite.org\/pl\/#\/schema\/logo\/image\/","url":"https:\/\/filles-de-la-charite.org\/wp-content\/uploads\/2023\/03\/isotipo-Hijas-de-la-Caridad.png","contentUrl":"https:\/\/filles-de-la-charite.org\/wp-content\/uploads\/2023\/03\/isotipo-Hijas-de-la-Caridad.png","width":1417,"height":1417,"caption":"Hijas de la Caridad"},"image":{"@id":"https:\/\/filles-de-la-charite.org\/pl\/#\/schema\/logo\/image\/"}}]}},"_links":{"self":[{"href":"https:\/\/filles-de-la-charite.org\/pl\/wp-json\/wp\/v2\/service\/30593","targetHints":{"allow":["GET"]}}],"collection":[{"href":"https:\/\/filles-de-la-charite.org\/pl\/wp-json\/wp\/v2\/service"}],"about":[{"href":"https:\/\/filles-de-la-charite.org\/pl\/wp-json\/wp\/v2\/types\/service"}],"wp:featuredmedia":[{"embeddable":true,"href":"https:\/\/filles-de-la-charite.org\/pl\/wp-json\/wp\/v2\/media\/2055"}],"wp:attachment":[{"href":"https:\/\/filles-de-la-charite.org\/pl\/wp-json\/wp\/v2\/media?parent=30593"}],"curies":[{"name":"wp","href":"https:\/\/api.w.org\/{rel}","templated":true}]}}

Więźniowie

<h4 class="wp-block-heading">Św. Wincenty a Paulo był generalnym kapelanem galer w Paryżu. „Ci ludzie byli traktowani jak zwierzęta” –mówił. Nie mieli żadnego wsparcia i byli pozbawieni wszelkich kontaktów. Św. Wincenty walczył z nadużyciami, których byli ofiarami, uzyskując dla nich bardziej humanitarne traktowanie.</h4>



<p>Posłał do nich Siostry Miłosierdzia, aby zapewniały im żywność, opiekę i duchową pociechę. Ten projekt, odważny, a nawet niebezpieczny, jak na tamte czasy, okazał się tryumfem miłosierdzia.</p>



<p>Wierne naszym początkom, kontynuujemy tę misję i odwiedzamy więźniów. Podążając za Jezusem, wierzymy, że Bóg ich kocha, że ich wartość jako ludzi wykracza poza popełnione czyny. Jesteśmy również świadkami ich dobrych czynów i postępów na drodze wiary. Towarzyszymy im i w konkretny sposób zachęcamy do reintegracji ze społeczeństwem.</p>



<p>Naszą posługę realizujemy:</p>



<p>w zakładach karnych bezpośrednio z uwięzionymi:</p>



<ul class="wp-block-list">
<li>przez spotkania, uważne słuchanie i obecność</li>



<li>w szpitalach więziennych i przez ogólną posługę</li>



<li>przez dostarczanie żywności</li>



<li>przez prowadzenie kursów</li>



<li>przez działalność duszpasterską</li>
</ul>



<p>poza więzieniem:</p>



<ul class="wp-block-list">
<li>w ośrodkach wsparcia dla rodzin</li>



<li>podtrzymując kontakty z rodzinami</li>



<li>korespondując z osobami pozbawionymi wolności</li>
</ul>

<!-- This site is optimized with the Yoast SEO plugin v27.5 - https://yoast.com/product/yoast-seo-wordpress/ -->
<title>Więźniowie - Filles de la Charité</title>
<meta name="robots" content="index, follow, max-snippet:-1, max-image-preview:large, max-video-preview:-1" />
<link rel="canonical" href="https://filles-de-la-charite.org/pl/service/wiezniowie-wolnosci/" />
<meta property="og:locale" content="pl_PL" />
<meta property="og:type" content="article" />
<meta property="og:title" content="Więźniowie - Filles de la Charité" />
<meta property="og:description" content="Św. Wincenty a Paulo był generalnym kapelanem galer w Paryżu. „Ci ludzie byli traktowani jak zwierzęta” –mówił. Nie mieli żadnego wsparcia i byli pozbawieni wszelkich kontaktów. Św. Wincenty walczył z nadużyciami, których byli ofiarami, uzyskując dla nich bardziej humanitarne traktowanie. Posłał do nich Siostry Miłosierdzia, aby zapewniały im żywność, opiekę i duchową pociechę. Ten projekt, [&hellip;]" />
<meta property="og:url" content="https://filles-de-la-charite.org/pl/service/wiezniowie-wolnosci/" />
<meta property="og:site_name" content="Filles de la Charité" />
<meta property="article:modified_time" content="2024-02-18T11:19:49+00:00" />
<meta property="og:image" content="https://filles-de-la-charite.org/wp-content/uploads/2023/04/carcel.jpeg" />
	<meta property="og:image:width" content="1920" />
	<meta property="og:image:height" content="1440" />
	<meta property="og:image:type" content="image/jpeg" />
<meta name="twitter:card" content="summary_large_image" />
<meta name="twitter:label1" content="Szacowany czas czytania" />
	<meta name="twitter:data1" content="1 minuta" />
<script type="application/ld+json" class="yoast-schema-graph">{"@context":"https:\/\/schema.org","@graph":[{"@type":"WebPage","@id":"https:\/\/filles-de-la-charite.org\/pl\/service\/wiezniowie-wolnosci\/","url":"https:\/\/filles-de-la-charite.org\/pl\/service\/wiezniowie-wolnosci\/","name":"Więźniowie - Filles de la Charité","isPartOf":{"@id":"https:\/\/filles-de-la-charite.org\/pl\/#website"},"primaryImageOfPage":{"@id":"https:\/\/filles-de-la-charite.org\/pl\/service\/wiezniowie-wolnosci\/#primaryimage"},"image":{"@id":"https:\/\/filles-de-la-charite.org\/pl\/service\/wiezniowie-wolnosci\/#primaryimage"},"thumbnailUrl":"https:\/\/filles-de-la-charite.org\/wp-content\/uploads\/2023\/04\/carcel.jpeg","datePublished":"2023-10-31T09:46:32+00:00","dateModified":"2024-02-18T11:19:49+00:00","breadcrumb":{"@id":"https:\/\/filles-de-la-charite.org\/pl\/service\/wiezniowie-wolnosci\/#breadcrumb"},"inLanguage":"pl-PL","potentialAction":[{"@type":"ReadAction","target":["https:\/\/filles-de-la-charite.org\/pl\/service\/wiezniowie-wolnosci\/"]}]},{"@type":"ImageObject","inLanguage":"pl-PL","@id":"https:\/\/filles-de-la-charite.org\/pl\/service\/wiezniowie-wolnosci\/#primaryimage","url":"https:\/\/filles-de-la-charite.org\/wp-content\/uploads\/2023\/04\/carcel.jpeg","contentUrl":"https:\/\/filles-de-la-charite.org\/wp-content\/uploads\/2023\/04\/carcel.jpeg","width":1920,"height":1440},{"@type":"BreadcrumbList","@id":"https:\/\/filles-de-la-charite.org\/pl\/service\/wiezniowie-wolnosci\/#breadcrumb","itemListElement":[{"@type":"ListItem","position":1,"name":"Services","item":"https:\/\/filles-de-la-charite.org\/pl\/service\/"},{"@type":"ListItem","position":2,"name":"Więźniowie"}]},{"@type":"WebSite","@id":"https:\/\/filles-de-la-charite.org\/pl\/#website","url":"https:\/\/filles-de-la-charite.org\/pl\/","name":"Hijas de la Caridad","description":"L’amour de Jésus nous presse à prendre soin des personnes les plus démunies","publisher":{"@id":"https:\/\/filles-de-la-charite.org\/pl\/#organization"},"potentialAction":[{"@type":"SearchAction","target":{"@type":"EntryPoint","urlTemplate":"https:\/\/filles-de-la-charite.org\/pl\/?s={search_term_string}"},"query-input":{"@type":"PropertyValueSpecification","valueRequired":true,"valueName":"search_term_string"}}],"inLanguage":"pl-PL"},{"@type":"Organization","@id":"https:\/\/filles-de-la-charite.org\/pl\/#organization","name":"Hijas de la Caridad","url":"https:\/\/filles-de-la-charite.org\/pl\/","logo":{"@type":"ImageObject","inLanguage":"pl-PL","@id":"https:\/\/filles-de-la-charite.org\/pl\/#\/schema\/logo\/image\/","url":"https:\/\/filles-de-la-charite.org\/wp-content\/uploads\/2023\/03\/isotipo-Hijas-de-la-Caridad.png","contentUrl":"https:\/\/filles-de-la-charite.org\/wp-content\/uploads\/2023\/03\/isotipo-Hijas-de-la-Caridad.png","width":1417,"height":1417,"caption":"Hijas de la Caridad"},"image":{"@id":"https:\/\/filles-de-la-charite.org\/pl\/#\/schema\/logo\/image\/"}}]}</script>
<!-- / Yoast SEO plugin. -->

Więźniowie - Filles de la Charité

Św. Wincenty a Paulo był generalnym kapelanem galer w Paryżu. „Ci ludzie byli traktowani jak zwierzęta” –mówił. Nie mieli żadnego wsparcia i byli pozbawieni wszelkich kontaktów. Św. Wincenty walczył z nadużyciami, których byli ofiarami, uzyskując dla nich bardziej humanitarne traktowanie. Posłał do nich Siostry Miłosierdzia, aby zapewniały im żywność, opiekę i duchową pociechę. Ten projekt, [&hellip;]

Filles de la Charité

L’amour de Jésus nous presse à prendre soin des personnes les plus démunies
