{"id":30605,"date":"2023-10-31T10:49:57","date_gmt":"2023-10-31T09:49:57","guid":{"rendered":"https:\/\/hijascaridad.sjdigitaldemo.ovh\/service\/osoby-uzaleznione\/"},"modified":"2024-02-18T12:21:05","modified_gmt":"2024-02-18T11:21:05","slug":"osoby-uzaleznione","status":"publish","type":"service","link":"https:\/\/filles-de-la-charite.org\/pl\/service\/osoby-uzaleznione\/","title":{"rendered":"Osoby uzale\u017cnione"},"content":{"rendered":"\n<h4 class=\"wp-block-heading\">W dzisiejszych czasach coraz wi\u0119cej os\u00f3b jest dotkni\u0119tych konformizmem spo\u0142ecznym. Staraj\u0105 si\u0119 by\u0107 znani i akceptowani. To ich usilne d\u0105\u017cenie cz\u0119sto poci\u0105ga za sob\u0105 strach przed odrzuceniem przez grup\u0119, niepok\u00f3j i frustracj\u0119. Aby przezwyci\u0119\u017cy\u0107 to cierpienie, niekt\u00f3rzy si\u0119gaj\u0105 po narkotyki i alkohol, niszcz\u0105c w ten spos\u00f3b w\u0142asne \u017cycie i swoich rodzin.<\/h4>\n\n\n\n<p>Wierne Ewangelii i naszemu charyzmatowi, s\u0142u\u017cymy ludziom dotkni\u0119tym uzale\u017cnieniami, aby mogli odzyska\u0107 wiar\u0119 w siebie i powr\u00f3ci\u0107 do zdrowego \u017cycia. Misja ta wymaga odpowiedniej formacji, stale aktualizowanych umiej\u0119tno\u015bci i zdolno\u015bci do wsp\u00f3\u0142pracy.<\/p>\n\n\n\n<p>Jeste\u015bmy obecne zw\u0142aszcza w:<\/p>\n\n\n\n<ul class=\"wp-block-list\">\n<li>o\u015brodkach rehabilitacyjnych dla os\u00f3b uzale\u017cnionych, w szczeg\u00f3lno\u015bci od narkotyk\u00f3w<\/li>\n\n\n\n<li>w o\u015brodkach dla os\u00f3b dotkni\u0119tych alkoholizmem<\/li>\n<\/ul>\n","protected":false},"featured_media":2029,"template":"","meta":{"_acf_changed":false,"_links_to":"","_links_to_target":""},"class_list":["post-30605","service","type-service","status-publish","has-post-thumbnail","hentry"],"acf":[],"yoast_head":"<!-- This site is optimized with the Yoast SEO plugin v27.5 - https:\/\/yoast.com\/product\/yoast-seo-wordpress\/ -->\n<title>Osoby uzale\u017cnione - Filles de la Charit\u00e9<\/title>\n<meta name=\"robots\" content=\"index, follow, max-snippet:-1, max-image-preview:large, max-video-preview:-1\" \/>\n<link rel=\"canonical\" href=\"https:\/\/filles-de-la-charite.org\/pl\/service\/osoby-uzaleznione\/\" \/>\n<meta property=\"og:locale\" content=\"pl_PL\" \/>\n<meta property=\"og:type\" content=\"article\" \/>\n<meta property=\"og:title\" content=\"Osoby uzale\u017cnione - Filles de la Charit\u00e9\" \/>\n<meta property=\"og:description\" content=\"W dzisiejszych czasach coraz wi\u0119cej os\u00f3b jest dotkni\u0119tych konformizmem spo\u0142ecznym. Staraj\u0105 si\u0119 by\u0107 znani i akceptowani. To ich usilne d\u0105\u017cenie cz\u0119sto poci\u0105ga za sob\u0105 strach przed odrzuceniem przez grup\u0119, niepok\u00f3j i frustracj\u0119. Aby przezwyci\u0119\u017cy\u0107 to cierpienie, niekt\u00f3rzy si\u0119gaj\u0105 po narkotyki i alkohol, niszcz\u0105c w ten spos\u00f3b w\u0142asne \u017cycie i swoich rodzin. Wierne Ewangelii i naszemu [&hellip;]\" \/>\n<meta property=\"og:url\" content=\"https:\/\/filles-de-la-charite.org\/pl\/service\/osoby-uzaleznione\/\" \/>\n<meta property=\"og:site_name\" content=\"Filles de la Charit\u00e9\" \/>\n<meta property=\"article:modified_time\" content=\"2024-02-18T11:21:05+00:00\" \/>\n<meta property=\"og:image\" content=\"https:\/\/filles-de-la-charite.org\/wp-content\/uploads\/2023\/04\/dependencia.jpeg\" \/>\n\t<meta property=\"og:image:width\" content=\"1920\" \/>\n\t<meta property=\"og:image:height\" content=\"1440\" \/>\n\t<meta property=\"og:image:type\" content=\"image\/jpeg\" \/>\n<meta name=\"twitter:card\" content=\"summary_large_image\" \/>\n<meta name=\"twitter:label1\" content=\"Szacowany czas czytania\" \/>\n\t<meta name=\"twitter:data1\" content=\"1 minuta\" \/>\n<script type=\"application\/ld+json\" class=\"yoast-schema-graph\">{\"@context\":\"https:\\\/\\\/schema.org\",\"@graph\":[{\"@type\":\"WebPage\",\"@id\":\"https:\\\/\\\/filles-de-la-charite.org\\\/pl\\\/service\\\/osoby-uzaleznione\\\/\",\"url\":\"https:\\\/\\\/filles-de-la-charite.org\\\/pl\\\/service\\\/osoby-uzaleznione\\\/\",\"name\":\"Osoby uzale\u017cnione - Filles de la Charit\u00e9\",\"isPartOf\":{\"@id\":\"https:\\\/\\\/filles-de-la-charite.org\\\/pl\\\/#website\"},\"primaryImageOfPage\":{\"@id\":\"https:\\\/\\\/filles-de-la-charite.org\\\/pl\\\/service\\\/osoby-uzaleznione\\\/#primaryimage\"},\"image\":{\"@id\":\"https:\\\/\\\/filles-de-la-charite.org\\\/pl\\\/service\\\/osoby-uzaleznione\\\/#primaryimage\"},\"thumbnailUrl\":\"https:\\\/\\\/filles-de-la-charite.org\\\/wp-content\\\/uploads\\\/2023\\\/04\\\/dependencia.jpeg\",\"datePublished\":\"2023-10-31T09:49:57+00:00\",\"dateModified\":\"2024-02-18T11:21:05+00:00\",\"breadcrumb\":{\"@id\":\"https:\\\/\\\/filles-de-la-charite.org\\\/pl\\\/service\\\/osoby-uzaleznione\\\/#breadcrumb\"},\"inLanguage\":\"pl-PL\",\"potentialAction\":[{\"@type\":\"ReadAction\",\"target\":[\"https:\\\/\\\/filles-de-la-charite.org\\\/pl\\\/service\\\/osoby-uzaleznione\\\/\"]}]},{\"@type\":\"ImageObject\",\"inLanguage\":\"pl-PL\",\"@id\":\"https:\\\/\\\/filles-de-la-charite.org\\\/pl\\\/service\\\/osoby-uzaleznione\\\/#primaryimage\",\"url\":\"https:\\\/\\\/filles-de-la-charite.org\\\/wp-content\\\/uploads\\\/2023\\\/04\\\/dependencia.jpeg\",\"contentUrl\":\"https:\\\/\\\/filles-de-la-charite.org\\\/wp-content\\\/uploads\\\/2023\\\/04\\\/dependencia.jpeg\",\"width\":1920,\"height\":1440},{\"@type\":\"BreadcrumbList\",\"@id\":\"https:\\\/\\\/filles-de-la-charite.org\\\/pl\\\/service\\\/osoby-uzaleznione\\\/#breadcrumb\",\"itemListElement\":[{\"@type\":\"ListItem\",\"position\":1,\"name\":\"Services\",\"item\":\"https:\\\/\\\/filles-de-la-charite.org\\\/pl\\\/service\\\/\"},{\"@type\":\"ListItem\",\"position\":2,\"name\":\"Osoby uzale\u017cnione\"}]},{\"@type\":\"WebSite\",\"@id\":\"https:\\\/\\\/filles-de-la-charite.org\\\/pl\\\/#website\",\"url\":\"https:\\\/\\\/filles-de-la-charite.org\\\/pl\\\/\",\"name\":\"Hijas de la Caridad\",\"description\":\"L\u2019amour de J\u00e9sus nous presse \u00e0 prendre soin des personnes les plus d\u00e9munies\",\"publisher\":{\"@id\":\"https:\\\/\\\/filles-de-la-charite.org\\\/pl\\\/#organization\"},\"potentialAction\":[{\"@type\":\"SearchAction\",\"target\":{\"@type\":\"EntryPoint\",\"urlTemplate\":\"https:\\\/\\\/filles-de-la-charite.org\\\/pl\\\/?s={search_term_string}\"},\"query-input\":{\"@type\":\"PropertyValueSpecification\",\"valueRequired\":true,\"valueName\":\"search_term_string\"}}],\"inLanguage\":\"pl-PL\"},{\"@type\":\"Organization\",\"@id\":\"https:\\\/\\\/filles-de-la-charite.org\\\/pl\\\/#organization\",\"name\":\"Hijas de la Caridad\",\"url\":\"https:\\\/\\\/filles-de-la-charite.org\\\/pl\\\/\",\"logo\":{\"@type\":\"ImageObject\",\"inLanguage\":\"pl-PL\",\"@id\":\"https:\\\/\\\/filles-de-la-charite.org\\\/pl\\\/#\\\/schema\\\/logo\\\/image\\\/\",\"url\":\"https:\\\/\\\/filles-de-la-charite.org\\\/wp-content\\\/uploads\\\/2023\\\/03\\\/isotipo-Hijas-de-la-Caridad.png\",\"contentUrl\":\"https:\\\/\\\/filles-de-la-charite.org\\\/wp-content\\\/uploads\\\/2023\\\/03\\\/isotipo-Hijas-de-la-Caridad.png\",\"width\":1417,\"height\":1417,\"caption\":\"Hijas de la Caridad\"},\"image\":{\"@id\":\"https:\\\/\\\/filles-de-la-charite.org\\\/pl\\\/#\\\/schema\\\/logo\\\/image\\\/\"}}]}<\/script>\n<!-- \/ Yoast SEO plugin. -->","yoast_head_json":{"title":"Osoby uzale\u017cnione - Filles de la Charit\u00e9","robots":{"index":"index","follow":"follow","max-snippet":"max-snippet:-1","max-image-preview":"max-image-preview:large","max-video-preview":"max-video-preview:-1"},"canonical":"https:\/\/filles-de-la-charite.org\/pl\/service\/osoby-uzaleznione\/","og_locale":"pl_PL","og_type":"article","og_title":"Osoby uzale\u017cnione - Filles de la Charit\u00e9","og_description":"W dzisiejszych czasach coraz wi\u0119cej os\u00f3b jest dotkni\u0119tych konformizmem spo\u0142ecznym. Staraj\u0105 si\u0119 by\u0107 znani i akceptowani. To ich usilne d\u0105\u017cenie cz\u0119sto poci\u0105ga za sob\u0105 strach przed odrzuceniem przez grup\u0119, niepok\u00f3j i frustracj\u0119. Aby przezwyci\u0119\u017cy\u0107 to cierpienie, niekt\u00f3rzy si\u0119gaj\u0105 po narkotyki i alkohol, niszcz\u0105c w ten spos\u00f3b w\u0142asne \u017cycie i swoich rodzin. Wierne Ewangelii i naszemu [&hellip;]","og_url":"https:\/\/filles-de-la-charite.org\/pl\/service\/osoby-uzaleznione\/","og_site_name":"Filles de la Charit\u00e9","article_modified_time":"2024-02-18T11:21:05+00:00","og_image":[{"width":1920,"height":1440,"url":"https:\/\/filles-de-la-charite.org\/wp-content\/uploads\/2023\/04\/dependencia.jpeg","type":"image\/jpeg"}],"twitter_card":"summary_large_image","twitter_misc":{"Szacowany czas czytania":"1 minuta"},"schema":{"@context":"https:\/\/schema.org","@graph":[{"@type":"WebPage","@id":"https:\/\/filles-de-la-charite.org\/pl\/service\/osoby-uzaleznione\/","url":"https:\/\/filles-de-la-charite.org\/pl\/service\/osoby-uzaleznione\/","name":"Osoby uzale\u017cnione - Filles de la Charit\u00e9","isPartOf":{"@id":"https:\/\/filles-de-la-charite.org\/pl\/#website"},"primaryImageOfPage":{"@id":"https:\/\/filles-de-la-charite.org\/pl\/service\/osoby-uzaleznione\/#primaryimage"},"image":{"@id":"https:\/\/filles-de-la-charite.org\/pl\/service\/osoby-uzaleznione\/#primaryimage"},"thumbnailUrl":"https:\/\/filles-de-la-charite.org\/wp-content\/uploads\/2023\/04\/dependencia.jpeg","datePublished":"2023-10-31T09:49:57+00:00","dateModified":"2024-02-18T11:21:05+00:00","breadcrumb":{"@id":"https:\/\/filles-de-la-charite.org\/pl\/service\/osoby-uzaleznione\/#breadcrumb"},"inLanguage":"pl-PL","potentialAction":[{"@type":"ReadAction","target":["https:\/\/filles-de-la-charite.org\/pl\/service\/osoby-uzaleznione\/"]}]},{"@type":"ImageObject","inLanguage":"pl-PL","@id":"https:\/\/filles-de-la-charite.org\/pl\/service\/osoby-uzaleznione\/#primaryimage","url":"https:\/\/filles-de-la-charite.org\/wp-content\/uploads\/2023\/04\/dependencia.jpeg","contentUrl":"https:\/\/filles-de-la-charite.org\/wp-content\/uploads\/2023\/04\/dependencia.jpeg","width":1920,"height":1440},{"@type":"BreadcrumbList","@id":"https:\/\/filles-de-la-charite.org\/pl\/service\/osoby-uzaleznione\/#breadcrumb","itemListElement":[{"@type":"ListItem","position":1,"name":"Services","item":"https:\/\/filles-de-la-charite.org\/pl\/service\/"},{"@type":"ListItem","position":2,"name":"Osoby uzale\u017cnione"}]},{"@type":"WebSite","@id":"https:\/\/filles-de-la-charite.org\/pl\/#website","url":"https:\/\/filles-de-la-charite.org\/pl\/","name":"Hijas de la Caridad","description":"L\u2019amour de J\u00e9sus nous presse \u00e0 prendre soin des personnes les plus d\u00e9munies","publisher":{"@id":"https:\/\/filles-de-la-charite.org\/pl\/#organization"},"potentialAction":[{"@type":"SearchAction","target":{"@type":"EntryPoint","urlTemplate":"https:\/\/filles-de-la-charite.org\/pl\/?s={search_term_string}"},"query-input":{"@type":"PropertyValueSpecification","valueRequired":true,"valueName":"search_term_string"}}],"inLanguage":"pl-PL"},{"@type":"Organization","@id":"https:\/\/filles-de-la-charite.org\/pl\/#organization","name":"Hijas de la Caridad","url":"https:\/\/filles-de-la-charite.org\/pl\/","logo":{"@type":"ImageObject","inLanguage":"pl-PL","@id":"https:\/\/filles-de-la-charite.org\/pl\/#\/schema\/logo\/image\/","url":"https:\/\/filles-de-la-charite.org\/wp-content\/uploads\/2023\/03\/isotipo-Hijas-de-la-Caridad.png","contentUrl":"https:\/\/filles-de-la-charite.org\/wp-content\/uploads\/2023\/03\/isotipo-Hijas-de-la-Caridad.png","width":1417,"height":1417,"caption":"Hijas de la Caridad"},"image":{"@id":"https:\/\/filles-de-la-charite.org\/pl\/#\/schema\/logo\/image\/"}}]}},"_links":{"self":[{"href":"https:\/\/filles-de-la-charite.org\/pl\/wp-json\/wp\/v2\/service\/30605","targetHints":{"allow":["GET"]}}],"collection":[{"href":"https:\/\/filles-de-la-charite.org\/pl\/wp-json\/wp\/v2\/service"}],"about":[{"href":"https:\/\/filles-de-la-charite.org\/pl\/wp-json\/wp\/v2\/types\/service"}],"wp:featuredmedia":[{"embeddable":true,"href":"https:\/\/filles-de-la-charite.org\/pl\/wp-json\/wp\/v2\/media\/2029"}],"wp:attachment":[{"href":"https:\/\/filles-de-la-charite.org\/pl\/wp-json\/wp\/v2\/media?parent=30605"}],"curies":[{"name":"wp","href":"https:\/\/api.w.org\/{rel}","templated":true}]}}

Osoby uzależnione

<h4 class="wp-block-heading">W dzisiejszych czasach coraz więcej osób jest dotkniętych konformizmem społecznym. Starają się być znani i akceptowani. To ich usilne dążenie często pociąga za sobą strach przed odrzuceniem przez grupę, niepokój i frustrację. Aby przezwyciężyć to cierpienie, niektórzy sięgają po narkotyki i alkohol, niszcząc w ten sposób własne życie i swoich rodzin.</h4>



<p>Wierne Ewangelii i naszemu charyzmatowi, służymy ludziom dotkniętym uzależnieniami, aby mogli odzyskać wiarę w siebie i powrócić do zdrowego życia. Misja ta wymaga odpowiedniej formacji, stale aktualizowanych umiejętności i zdolności do współpracy.</p>



<p>Jesteśmy obecne zwłaszcza w:</p>



<ul class="wp-block-list">
<li>ośrodkach rehabilitacyjnych dla osób uzależnionych, w szczególności od narkotyków</li>



<li>w ośrodkach dla osób dotkniętych alkoholizmem</li>
</ul>

<!-- This site is optimized with the Yoast SEO plugin v27.5 - https://yoast.com/product/yoast-seo-wordpress/ -->
<title>Osoby uzależnione - Filles de la Charité</title>
<meta name="robots" content="index, follow, max-snippet:-1, max-image-preview:large, max-video-preview:-1" />
<link rel="canonical" href="https://filles-de-la-charite.org/pl/service/osoby-uzaleznione/" />
<meta property="og:locale" content="pl_PL" />
<meta property="og:type" content="article" />
<meta property="og:title" content="Osoby uzależnione - Filles de la Charité" />
<meta property="og:description" content="W dzisiejszych czasach coraz więcej osób jest dotkniętych konformizmem społecznym. Starają się być znani i akceptowani. To ich usilne dążenie często pociąga za sobą strach przed odrzuceniem przez grupę, niepokój i frustrację. Aby przezwyciężyć to cierpienie, niektórzy sięgają po narkotyki i alkohol, niszcząc w ten sposób własne życie i swoich rodzin. Wierne Ewangelii i naszemu [&hellip;]" />
<meta property="og:url" content="https://filles-de-la-charite.org/pl/service/osoby-uzaleznione/" />
<meta property="og:site_name" content="Filles de la Charité" />
<meta property="article:modified_time" content="2024-02-18T11:21:05+00:00" />
<meta property="og:image" content="https://filles-de-la-charite.org/wp-content/uploads/2023/04/dependencia.jpeg" />
	<meta property="og:image:width" content="1920" />
	<meta property="og:image:height" content="1440" />
	<meta property="og:image:type" content="image/jpeg" />
<meta name="twitter:card" content="summary_large_image" />
<meta name="twitter:label1" content="Szacowany czas czytania" />
	<meta name="twitter:data1" content="1 minuta" />
<script type="application/ld+json" class="yoast-schema-graph">{"@context":"https:\/\/schema.org","@graph":[{"@type":"WebPage","@id":"https:\/\/filles-de-la-charite.org\/pl\/service\/osoby-uzaleznione\/","url":"https:\/\/filles-de-la-charite.org\/pl\/service\/osoby-uzaleznione\/","name":"Osoby uzależnione - Filles de la Charité","isPartOf":{"@id":"https:\/\/filles-de-la-charite.org\/pl\/#website"},"primaryImageOfPage":{"@id":"https:\/\/filles-de-la-charite.org\/pl\/service\/osoby-uzaleznione\/#primaryimage"},"image":{"@id":"https:\/\/filles-de-la-charite.org\/pl\/service\/osoby-uzaleznione\/#primaryimage"},"thumbnailUrl":"https:\/\/filles-de-la-charite.org\/wp-content\/uploads\/2023\/04\/dependencia.jpeg","datePublished":"2023-10-31T09:49:57+00:00","dateModified":"2024-02-18T11:21:05+00:00","breadcrumb":{"@id":"https:\/\/filles-de-la-charite.org\/pl\/service\/osoby-uzaleznione\/#breadcrumb"},"inLanguage":"pl-PL","potentialAction":[{"@type":"ReadAction","target":["https:\/\/filles-de-la-charite.org\/pl\/service\/osoby-uzaleznione\/"]}]},{"@type":"ImageObject","inLanguage":"pl-PL","@id":"https:\/\/filles-de-la-charite.org\/pl\/service\/osoby-uzaleznione\/#primaryimage","url":"https:\/\/filles-de-la-charite.org\/wp-content\/uploads\/2023\/04\/dependencia.jpeg","contentUrl":"https:\/\/filles-de-la-charite.org\/wp-content\/uploads\/2023\/04\/dependencia.jpeg","width":1920,"height":1440},{"@type":"BreadcrumbList","@id":"https:\/\/filles-de-la-charite.org\/pl\/service\/osoby-uzaleznione\/#breadcrumb","itemListElement":[{"@type":"ListItem","position":1,"name":"Services","item":"https:\/\/filles-de-la-charite.org\/pl\/service\/"},{"@type":"ListItem","position":2,"name":"Osoby uzależnione"}]},{"@type":"WebSite","@id":"https:\/\/filles-de-la-charite.org\/pl\/#website","url":"https:\/\/filles-de-la-charite.org\/pl\/","name":"Hijas de la Caridad","description":"L’amour de Jésus nous presse à prendre soin des personnes les plus démunies","publisher":{"@id":"https:\/\/filles-de-la-charite.org\/pl\/#organization"},"potentialAction":[{"@type":"SearchAction","target":{"@type":"EntryPoint","urlTemplate":"https:\/\/filles-de-la-charite.org\/pl\/?s={search_term_string}"},"query-input":{"@type":"PropertyValueSpecification","valueRequired":true,"valueName":"search_term_string"}}],"inLanguage":"pl-PL"},{"@type":"Organization","@id":"https:\/\/filles-de-la-charite.org\/pl\/#organization","name":"Hijas de la Caridad","url":"https:\/\/filles-de-la-charite.org\/pl\/","logo":{"@type":"ImageObject","inLanguage":"pl-PL","@id":"https:\/\/filles-de-la-charite.org\/pl\/#\/schema\/logo\/image\/","url":"https:\/\/filles-de-la-charite.org\/wp-content\/uploads\/2023\/03\/isotipo-Hijas-de-la-Caridad.png","contentUrl":"https:\/\/filles-de-la-charite.org\/wp-content\/uploads\/2023\/03\/isotipo-Hijas-de-la-Caridad.png","width":1417,"height":1417,"caption":"Hijas de la Caridad"},"image":{"@id":"https:\/\/filles-de-la-charite.org\/pl\/#\/schema\/logo\/image\/"}}]}</script>
<!-- / Yoast SEO plugin. -->

Osoby uzależnione - Filles de la Charité

W dzisiejszych czasach coraz więcej osób jest dotkniętych konformizmem społecznym. Starają się być znani i akceptowani. To ich usilne dążenie często pociąga za sobą strach przed odrzuceniem przez grupę, niepokój i frustrację. Aby przezwyciężyć to cierpienie, niektórzy sięgają po narkotyki i alkohol, niszcząc w ten sposób własne życie i swoich rodzin. Wierne Ewangelii i naszemu [&hellip;]

Filles de la Charité

L’amour de Jésus nous presse à prendre soin des personnes les plus démunies
