{"id":32336,"date":"2023-06-01T21:38:40","date_gmt":"2023-06-01T19:38:40","guid":{"rendered":"https:\/\/hijascaridad.sjdigitaldemo.ovh\/vida-entregada\/santa-luisa-mistica-del-espiritu-santo\/"},"modified":"2024-03-03T22:04:42","modified_gmt":"2024-03-03T21:04:42","slug":"santa-luisa-mistica-del-espiritu-santo","status":"publish","type":"vida-entregada","link":"https:\/\/filles-de-la-charite.org\/pl\/vida-entregada\/santa-luisa-mistica-del-espiritu-santo\/","title":{"rendered":"\u015awi\u0119ta Ludwika, Mistyczka Ducha \u015awi\u0119tego"},"content":{"rendered":"\n<figure class=\"wp-block-embed is-type-video is-provider-youtube wp-block-embed-youtube wp-embed-aspect-16-9 wp-has-aspect-ratio\"><div class=\"wp-block-embed__wrapper\">\n<iframe loading=\"lazy\" title=\"PL [czerwiec 2023] \u015awi\u0119ta Ludwika, Mistyczka Ducha \u015awi\u0119tego\" width=\"1080\" height=\"608\" src=\"https:\/\/www.youtube.com\/embed\/iotuirqswuw?feature=oembed\"  allow=\"accelerometer; autoplay; clipboard-write; encrypted-media; gyroscope; picture-in-picture; web-share\" allowfullscreen><\/iframe>\n<\/div><\/figure>\n\n\n\n<div data-wp-interactive=\"core\/file\" class=\"wp-block-file aligncenter\"><object data-wp-bind--hidden=\"!state.hasPdfPreview\" hidden class=\"wp-block-file__embed\" data=\"https:\/\/filles-de-la-charite.org\/wp-content\/uploads\/2024\/03\/Swieta-Ludwika-Mistyczka-Ducha-Swietego_PL.pdf\" type=\"application\/pdf\" style=\"width:100%;height:600px\" aria-label=\"Osadzone z &lt;a href=.\"\/\/www.filles-de-la-charite.org\/wp-content\/uploads\/Lumi%C3%A8re\/Sr%20Charpy\/pdf\/Swieta-Ludwika-Mistyczka-Ducha-Swietego_PL.pdf&quot;\" target=\"&quot;_blank&quot;\" rel=\"&quot;noreferrer noopener\" Ludwika Mistyczka Ducha><\/object><a id=\"wp-block-file--media-719c7f10-1860-4c68-b18a-c3db1bb9bc90\" href=\"https:\/\/filles-de-la-charite.org\/wp-content\/uploads\/2024\/03\/Swieta-Ludwika-Mistyczka-Ducha-Swietego_PL.pdf\" target=\"_blank\" rel=\"noreferrer noopener\"><a href=\"https:\/\/www.filles-de-la-charite.org\/wp-content\/uploads\/Lumi%C3%A8re\/Sr%20Charpy\/pdf\/Swieta-Ludwika-Mistyczka-Ducha-Swietego_PL.pdf\" target=\"_blank\" rel=\"noreferrer noopener\">\u015awi\u0119ta Ludwika Mistyczka Ducha \u015awi\u0119tego_PL (PDF)<\/a><\/a><\/div>\n","protected":false},"featured_media":32294,"template":"","meta":{"_acf_changed":false,"_links_to":"","_links_to_target":""},"class_list":["post-32336","vida-entregada","type-vida-entregada","status-publish","has-post-thumbnail","hentry"],"acf":[],"yoast_head":"<!-- This site is optimized with the Yoast SEO plugin v27.5 - https:\/\/yoast.com\/product\/yoast-seo-wordpress\/ -->\n<title>\u015awi\u0119ta Ludwika, Mistyczka Ducha \u015awi\u0119tego - Filles de la Charit\u00e9<\/title>\n<meta name=\"robots\" content=\"index, follow, max-snippet:-1, max-image-preview:large, max-video-preview:-1\" \/>\n<link rel=\"canonical\" href=\"https:\/\/filles-de-la-charite.org\/pl\/vida-entregada\/santa-luisa-mistica-del-espiritu-santo\/\" \/>\n<meta property=\"og:locale\" content=\"pl_PL\" \/>\n<meta property=\"og:type\" content=\"article\" \/>\n<meta property=\"og:title\" content=\"\u015awi\u0119ta Ludwika, Mistyczka Ducha \u015awi\u0119tego - Filles de la Charit\u00e9\" \/>\n<meta property=\"og:url\" content=\"https:\/\/filles-de-la-charite.org\/pl\/vida-entregada\/santa-luisa-mistica-del-espiritu-santo\/\" \/>\n<meta property=\"og:site_name\" content=\"Filles de la Charit\u00e9\" \/>\n<meta property=\"article:modified_time\" content=\"2024-03-03T21:04:42+00:00\" \/>\n<meta property=\"og:image\" content=\"https:\/\/filles-de-la-charite.org\/wp-content\/uploads\/2024\/03\/Sr.-Charpy-PL-scaled-1.jpg\" \/>\n\t<meta property=\"og:image:width\" content=\"2560\" \/>\n\t<meta property=\"og:image:height\" content=\"1440\" \/>\n\t<meta property=\"og:image:type\" content=\"image\/jpeg\" \/>\n<meta name=\"twitter:card\" content=\"summary_large_image\" \/>\n<script type=\"application\/ld+json\" class=\"yoast-schema-graph\">{\"@context\":\"https:\\\/\\\/schema.org\",\"@graph\":[{\"@type\":\"WebPage\",\"@id\":\"https:\\\/\\\/filles-de-la-charite.org\\\/pl\\\/vida-entregada\\\/santa-luisa-mistica-del-espiritu-santo\\\/\",\"url\":\"https:\\\/\\\/filles-de-la-charite.org\\\/pl\\\/vida-entregada\\\/santa-luisa-mistica-del-espiritu-santo\\\/\",\"name\":\"\u015awi\u0119ta Ludwika, Mistyczka Ducha \u015awi\u0119tego - Filles de la Charit\u00e9\",\"isPartOf\":{\"@id\":\"https:\\\/\\\/filles-de-la-charite.org\\\/pl\\\/#website\"},\"primaryImageOfPage\":{\"@id\":\"https:\\\/\\\/filles-de-la-charite.org\\\/pl\\\/vida-entregada\\\/santa-luisa-mistica-del-espiritu-santo\\\/#primaryimage\"},\"image\":{\"@id\":\"https:\\\/\\\/filles-de-la-charite.org\\\/pl\\\/vida-entregada\\\/santa-luisa-mistica-del-espiritu-santo\\\/#primaryimage\"},\"thumbnailUrl\":\"https:\\\/\\\/filles-de-la-charite.org\\\/wp-content\\\/uploads\\\/2024\\\/03\\\/Sr.-Charpy-PL-scaled-1.jpg\",\"datePublished\":\"2023-06-01T19:38:40+00:00\",\"dateModified\":\"2024-03-03T21:04:42+00:00\",\"breadcrumb\":{\"@id\":\"https:\\\/\\\/filles-de-la-charite.org\\\/pl\\\/vida-entregada\\\/santa-luisa-mistica-del-espiritu-santo\\\/#breadcrumb\"},\"inLanguage\":\"pl-PL\",\"potentialAction\":[{\"@type\":\"ReadAction\",\"target\":[\"https:\\\/\\\/filles-de-la-charite.org\\\/pl\\\/vida-entregada\\\/santa-luisa-mistica-del-espiritu-santo\\\/\"]}]},{\"@type\":\"ImageObject\",\"inLanguage\":\"pl-PL\",\"@id\":\"https:\\\/\\\/filles-de-la-charite.org\\\/pl\\\/vida-entregada\\\/santa-luisa-mistica-del-espiritu-santo\\\/#primaryimage\",\"url\":\"https:\\\/\\\/filles-de-la-charite.org\\\/wp-content\\\/uploads\\\/2024\\\/03\\\/Sr.-Charpy-PL-scaled-1.jpg\",\"contentUrl\":\"https:\\\/\\\/filles-de-la-charite.org\\\/wp-content\\\/uploads\\\/2024\\\/03\\\/Sr.-Charpy-PL-scaled-1.jpg\",\"width\":2560,\"height\":1440},{\"@type\":\"BreadcrumbList\",\"@id\":\"https:\\\/\\\/filles-de-la-charite.org\\\/pl\\\/vida-entregada\\\/santa-luisa-mistica-del-espiritu-santo\\\/#breadcrumb\",\"itemListElement\":[{\"@type\":\"ListItem\",\"position\":1,\"name\":\"Given lifes\",\"item\":\"https:\\\/\\\/filles-de-la-charite.org\\\/pl\\\/vida-entregada\\\/\"},{\"@type\":\"ListItem\",\"position\":2,\"name\":\"\u015awi\u0119ta Ludwika, Mistyczka Ducha \u015awi\u0119tego\"}]},{\"@type\":\"WebSite\",\"@id\":\"https:\\\/\\\/filles-de-la-charite.org\\\/pl\\\/#website\",\"url\":\"https:\\\/\\\/filles-de-la-charite.org\\\/pl\\\/\",\"name\":\"Hijas de la Caridad\",\"description\":\"L\u2019amour de J\u00e9sus nous presse \u00e0 prendre soin des personnes les plus d\u00e9munies\",\"publisher\":{\"@id\":\"https:\\\/\\\/filles-de-la-charite.org\\\/pl\\\/#organization\"},\"potentialAction\":[{\"@type\":\"SearchAction\",\"target\":{\"@type\":\"EntryPoint\",\"urlTemplate\":\"https:\\\/\\\/filles-de-la-charite.org\\\/pl\\\/?s={search_term_string}\"},\"query-input\":{\"@type\":\"PropertyValueSpecification\",\"valueRequired\":true,\"valueName\":\"search_term_string\"}}],\"inLanguage\":\"pl-PL\"},{\"@type\":\"Organization\",\"@id\":\"https:\\\/\\\/filles-de-la-charite.org\\\/pl\\\/#organization\",\"name\":\"Hijas de la Caridad\",\"url\":\"https:\\\/\\\/filles-de-la-charite.org\\\/pl\\\/\",\"logo\":{\"@type\":\"ImageObject\",\"inLanguage\":\"pl-PL\",\"@id\":\"https:\\\/\\\/filles-de-la-charite.org\\\/pl\\\/#\\\/schema\\\/logo\\\/image\\\/\",\"url\":\"https:\\\/\\\/filles-de-la-charite.org\\\/wp-content\\\/uploads\\\/2023\\\/03\\\/isotipo-Hijas-de-la-Caridad.png\",\"contentUrl\":\"https:\\\/\\\/filles-de-la-charite.org\\\/wp-content\\\/uploads\\\/2023\\\/03\\\/isotipo-Hijas-de-la-Caridad.png\",\"width\":1417,\"height\":1417,\"caption\":\"Hijas de la Caridad\"},\"image\":{\"@id\":\"https:\\\/\\\/filles-de-la-charite.org\\\/pl\\\/#\\\/schema\\\/logo\\\/image\\\/\"}}]}<\/script>\n<!-- \/ Yoast SEO plugin. -->","yoast_head_json":{"title":"\u015awi\u0119ta Ludwika, Mistyczka Ducha \u015awi\u0119tego - Filles de la Charit\u00e9","robots":{"index":"index","follow":"follow","max-snippet":"max-snippet:-1","max-image-preview":"max-image-preview:large","max-video-preview":"max-video-preview:-1"},"canonical":"https:\/\/filles-de-la-charite.org\/pl\/vida-entregada\/santa-luisa-mistica-del-espiritu-santo\/","og_locale":"pl_PL","og_type":"article","og_title":"\u015awi\u0119ta Ludwika, Mistyczka Ducha \u015awi\u0119tego - Filles de la Charit\u00e9","og_url":"https:\/\/filles-de-la-charite.org\/pl\/vida-entregada\/santa-luisa-mistica-del-espiritu-santo\/","og_site_name":"Filles de la Charit\u00e9","article_modified_time":"2024-03-03T21:04:42+00:00","og_image":[{"width":2560,"height":1440,"url":"https:\/\/filles-de-la-charite.org\/wp-content\/uploads\/2024\/03\/Sr.-Charpy-PL-scaled-1.jpg","type":"image\/jpeg"}],"twitter_card":"summary_large_image","schema":{"@context":"https:\/\/schema.org","@graph":[{"@type":"WebPage","@id":"https:\/\/filles-de-la-charite.org\/pl\/vida-entregada\/santa-luisa-mistica-del-espiritu-santo\/","url":"https:\/\/filles-de-la-charite.org\/pl\/vida-entregada\/santa-luisa-mistica-del-espiritu-santo\/","name":"\u015awi\u0119ta Ludwika, Mistyczka Ducha \u015awi\u0119tego - Filles de la Charit\u00e9","isPartOf":{"@id":"https:\/\/filles-de-la-charite.org\/pl\/#website"},"primaryImageOfPage":{"@id":"https:\/\/filles-de-la-charite.org\/pl\/vida-entregada\/santa-luisa-mistica-del-espiritu-santo\/#primaryimage"},"image":{"@id":"https:\/\/filles-de-la-charite.org\/pl\/vida-entregada\/santa-luisa-mistica-del-espiritu-santo\/#primaryimage"},"thumbnailUrl":"https:\/\/filles-de-la-charite.org\/wp-content\/uploads\/2024\/03\/Sr.-Charpy-PL-scaled-1.jpg","datePublished":"2023-06-01T19:38:40+00:00","dateModified":"2024-03-03T21:04:42+00:00","breadcrumb":{"@id":"https:\/\/filles-de-la-charite.org\/pl\/vida-entregada\/santa-luisa-mistica-del-espiritu-santo\/#breadcrumb"},"inLanguage":"pl-PL","potentialAction":[{"@type":"ReadAction","target":["https:\/\/filles-de-la-charite.org\/pl\/vida-entregada\/santa-luisa-mistica-del-espiritu-santo\/"]}]},{"@type":"ImageObject","inLanguage":"pl-PL","@id":"https:\/\/filles-de-la-charite.org\/pl\/vida-entregada\/santa-luisa-mistica-del-espiritu-santo\/#primaryimage","url":"https:\/\/filles-de-la-charite.org\/wp-content\/uploads\/2024\/03\/Sr.-Charpy-PL-scaled-1.jpg","contentUrl":"https:\/\/filles-de-la-charite.org\/wp-content\/uploads\/2024\/03\/Sr.-Charpy-PL-scaled-1.jpg","width":2560,"height":1440},{"@type":"BreadcrumbList","@id":"https:\/\/filles-de-la-charite.org\/pl\/vida-entregada\/santa-luisa-mistica-del-espiritu-santo\/#breadcrumb","itemListElement":[{"@type":"ListItem","position":1,"name":"Given lifes","item":"https:\/\/filles-de-la-charite.org\/pl\/vida-entregada\/"},{"@type":"ListItem","position":2,"name":"\u015awi\u0119ta Ludwika, Mistyczka Ducha \u015awi\u0119tego"}]},{"@type":"WebSite","@id":"https:\/\/filles-de-la-charite.org\/pl\/#website","url":"https:\/\/filles-de-la-charite.org\/pl\/","name":"Hijas de la Caridad","description":"L\u2019amour de J\u00e9sus nous presse \u00e0 prendre soin des personnes les plus d\u00e9munies","publisher":{"@id":"https:\/\/filles-de-la-charite.org\/pl\/#organization"},"potentialAction":[{"@type":"SearchAction","target":{"@type":"EntryPoint","urlTemplate":"https:\/\/filles-de-la-charite.org\/pl\/?s={search_term_string}"},"query-input":{"@type":"PropertyValueSpecification","valueRequired":true,"valueName":"search_term_string"}}],"inLanguage":"pl-PL"},{"@type":"Organization","@id":"https:\/\/filles-de-la-charite.org\/pl\/#organization","name":"Hijas de la Caridad","url":"https:\/\/filles-de-la-charite.org\/pl\/","logo":{"@type":"ImageObject","inLanguage":"pl-PL","@id":"https:\/\/filles-de-la-charite.org\/pl\/#\/schema\/logo\/image\/","url":"https:\/\/filles-de-la-charite.org\/wp-content\/uploads\/2023\/03\/isotipo-Hijas-de-la-Caridad.png","contentUrl":"https:\/\/filles-de-la-charite.org\/wp-content\/uploads\/2023\/03\/isotipo-Hijas-de-la-Caridad.png","width":1417,"height":1417,"caption":"Hijas de la Caridad"},"image":{"@id":"https:\/\/filles-de-la-charite.org\/pl\/#\/schema\/logo\/image\/"}}]}},"_links":{"self":[{"href":"https:\/\/filles-de-la-charite.org\/pl\/wp-json\/wp\/v2\/vida-entregada\/32336","targetHints":{"allow":["GET"]}}],"collection":[{"href":"https:\/\/filles-de-la-charite.org\/pl\/wp-json\/wp\/v2\/vida-entregada"}],"about":[{"href":"https:\/\/filles-de-la-charite.org\/pl\/wp-json\/wp\/v2\/types\/vida-entregada"}],"wp:featuredmedia":[{"embeddable":true,"href":"https:\/\/filles-de-la-charite.org\/pl\/wp-json\/wp\/v2\/media\/32294"}],"wp:attachment":[{"href":"https:\/\/filles-de-la-charite.org\/pl\/wp-json\/wp\/v2\/media?parent=32336"}],"curies":[{"name":"wp","href":"https:\/\/api.w.org\/{rel}","templated":true}]}}

Święta Ludwika, Mistyczka Ducha Świętego

<figure class="wp-block-embed is-type-video is-provider-youtube wp-block-embed-youtube wp-embed-aspect-16-9 wp-has-aspect-ratio"><div class="wp-block-embed__wrapper">
<iframe loading="lazy" title="PL [czerwiec 2023] Święta Ludwika, Mistyczka Ducha Świętego" width="1080" height="608" src="https://www.youtube.com/embed/iotuirqswuw?feature=oembed"  allow="accelerometer; autoplay; clipboard-write; encrypted-media; gyroscope; picture-in-picture; web-share" allowfullscreen></iframe>
</div></figure>



<div data-wp-interactive="core/file" class="wp-block-file aligncenter"><object data-wp-bind--hidden="!state.hasPdfPreview" hidden class="wp-block-file__embed" data="https://filles-de-la-charite.org/wp-content/uploads/2024/03/Swieta-Ludwika-Mistyczka-Ducha-Swietego_PL.pdf" type="application/pdf" style="width:100%;height:600px" aria-label="Osadzone z &lt;a href=."//www.filles-de-la-charite.org/wp-content/uploads/Lumi%C3%A8re/Sr%20Charpy/pdf/Swieta-Ludwika-Mistyczka-Ducha-Swietego_PL.pdf&quot;" target="&quot;_blank&quot;" rel="&quot;noreferrer noopener" Ludwika Mistyczka Ducha></object><a id="wp-block-file--media-719c7f10-1860-4c68-b18a-c3db1bb9bc90" href="https://filles-de-la-charite.org/wp-content/uploads/2024/03/Swieta-Ludwika-Mistyczka-Ducha-Swietego_PL.pdf" target="_blank" rel="noreferrer noopener"><a href="https://www.filles-de-la-charite.org/wp-content/uploads/Lumi%C3%A8re/Sr%20Charpy/pdf/Swieta-Ludwika-Mistyczka-Ducha-Swietego_PL.pdf" target="_blank" rel="noreferrer noopener">Święta Ludwika Mistyczka Ducha Świętego_PL (PDF)</a></a></div>

<!-- This site is optimized with the Yoast SEO plugin v27.5 - https://yoast.com/product/yoast-seo-wordpress/ -->
<title>Święta Ludwika, Mistyczka Ducha Świętego - Filles de la Charité</title>
<meta name="robots" content="index, follow, max-snippet:-1, max-image-preview:large, max-video-preview:-1" />
<link rel="canonical" href="https://filles-de-la-charite.org/pl/vida-entregada/santa-luisa-mistica-del-espiritu-santo/" />
<meta property="og:locale" content="pl_PL" />
<meta property="og:type" content="article" />
<meta property="og:title" content="Święta Ludwika, Mistyczka Ducha Świętego - Filles de la Charité" />
<meta property="og:url" content="https://filles-de-la-charite.org/pl/vida-entregada/santa-luisa-mistica-del-espiritu-santo/" />
<meta property="og:site_name" content="Filles de la Charité" />
<meta property="article:modified_time" content="2024-03-03T21:04:42+00:00" />
<meta property="og:image" content="https://filles-de-la-charite.org/wp-content/uploads/2024/03/Sr.-Charpy-PL-scaled-1.jpg" />
	<meta property="og:image:width" content="2560" />
	<meta property="og:image:height" content="1440" />
	<meta property="og:image:type" content="image/jpeg" />
<meta name="twitter:card" content="summary_large_image" />
<script type="application/ld+json" class="yoast-schema-graph">{"@context":"https:\/\/schema.org","@graph":[{"@type":"WebPage","@id":"https:\/\/filles-de-la-charite.org\/pl\/vida-entregada\/santa-luisa-mistica-del-espiritu-santo\/","url":"https:\/\/filles-de-la-charite.org\/pl\/vida-entregada\/santa-luisa-mistica-del-espiritu-santo\/","name":"Święta Ludwika, Mistyczka Ducha Świętego - Filles de la Charité","isPartOf":{"@id":"https:\/\/filles-de-la-charite.org\/pl\/#website"},"primaryImageOfPage":{"@id":"https:\/\/filles-de-la-charite.org\/pl\/vida-entregada\/santa-luisa-mistica-del-espiritu-santo\/#primaryimage"},"image":{"@id":"https:\/\/filles-de-la-charite.org\/pl\/vida-entregada\/santa-luisa-mistica-del-espiritu-santo\/#primaryimage"},"thumbnailUrl":"https:\/\/filles-de-la-charite.org\/wp-content\/uploads\/2024\/03\/Sr.-Charpy-PL-scaled-1.jpg","datePublished":"2023-06-01T19:38:40+00:00","dateModified":"2024-03-03T21:04:42+00:00","breadcrumb":{"@id":"https:\/\/filles-de-la-charite.org\/pl\/vida-entregada\/santa-luisa-mistica-del-espiritu-santo\/#breadcrumb"},"inLanguage":"pl-PL","potentialAction":[{"@type":"ReadAction","target":["https:\/\/filles-de-la-charite.org\/pl\/vida-entregada\/santa-luisa-mistica-del-espiritu-santo\/"]}]},{"@type":"ImageObject","inLanguage":"pl-PL","@id":"https:\/\/filles-de-la-charite.org\/pl\/vida-entregada\/santa-luisa-mistica-del-espiritu-santo\/#primaryimage","url":"https:\/\/filles-de-la-charite.org\/wp-content\/uploads\/2024\/03\/Sr.-Charpy-PL-scaled-1.jpg","contentUrl":"https:\/\/filles-de-la-charite.org\/wp-content\/uploads\/2024\/03\/Sr.-Charpy-PL-scaled-1.jpg","width":2560,"height":1440},{"@type":"BreadcrumbList","@id":"https:\/\/filles-de-la-charite.org\/pl\/vida-entregada\/santa-luisa-mistica-del-espiritu-santo\/#breadcrumb","itemListElement":[{"@type":"ListItem","position":1,"name":"Given lifes","item":"https:\/\/filles-de-la-charite.org\/pl\/vida-entregada\/"},{"@type":"ListItem","position":2,"name":"Święta Ludwika, Mistyczka Ducha Świętego"}]},{"@type":"WebSite","@id":"https:\/\/filles-de-la-charite.org\/pl\/#website","url":"https:\/\/filles-de-la-charite.org\/pl\/","name":"Hijas de la Caridad","description":"L’amour de Jésus nous presse à prendre soin des personnes les plus démunies","publisher":{"@id":"https:\/\/filles-de-la-charite.org\/pl\/#organization"},"potentialAction":[{"@type":"SearchAction","target":{"@type":"EntryPoint","urlTemplate":"https:\/\/filles-de-la-charite.org\/pl\/?s={search_term_string}"},"query-input":{"@type":"PropertyValueSpecification","valueRequired":true,"valueName":"search_term_string"}}],"inLanguage":"pl-PL"},{"@type":"Organization","@id":"https:\/\/filles-de-la-charite.org\/pl\/#organization","name":"Hijas de la Caridad","url":"https:\/\/filles-de-la-charite.org\/pl\/","logo":{"@type":"ImageObject","inLanguage":"pl-PL","@id":"https:\/\/filles-de-la-charite.org\/pl\/#\/schema\/logo\/image\/","url":"https:\/\/filles-de-la-charite.org\/wp-content\/uploads\/2023\/03\/isotipo-Hijas-de-la-Caridad.png","contentUrl":"https:\/\/filles-de-la-charite.org\/wp-content\/uploads\/2023\/03\/isotipo-Hijas-de-la-Caridad.png","width":1417,"height":1417,"caption":"Hijas de la Caridad"},"image":{"@id":"https:\/\/filles-de-la-charite.org\/pl\/#\/schema\/logo\/image\/"}}]}</script>
<!-- / Yoast SEO plugin. -->

Święta Ludwika, Mistyczka Ducha Świętego - Filles de la Charité

Filles de la Charité

L’amour de Jésus nous presse à prendre soin des personnes les plus démunies
