{"version":"1.0","provider_name":"Filles de la Charit\u00e9","provider_url":"https:\/\/filles-de-la-charite.org\/pt-pt\/","title":"A QUEM PERTENCEMOS? - Filles de la Charit\u00e9","type":"rich","width":600,"height":338,"html":"<blockquote class=\"wp-embedded-content\" data-secret=\"FkNIerpRQi\"><a href=\"https:\/\/filles-de-la-charite.org\/pt-pt\/a-quien-pertenecemos\/\">A QUEM PERTENCEMOS?<\/a><\/blockquote><iframe sandbox=\"allow-scripts\" security=\"restricted\" src=\"https:\/\/filles-de-la-charite.org\/pt-pt\/a-quien-pertenecemos\/embed\/#?secret=FkNIerpRQi\" width=\"600\" height=\"338\" title=\"&#8220;A QUEM PERTENCEMOS?&#8221; &#8212; Filles de la Charit\u00e9\" data-secret=\"FkNIerpRQi\" frameborder=\"0\" marginwidth=\"0\" marginheight=\"0\" scrolling=\"no\" class=\"wp-embedded-content\"><\/iframe><script type=\"text\/javascript\">\n\/* <![CDATA[ *\/\n\/*! This file is auto-generated *\/\n!function(d,l){\"use strict\";l.querySelector&&d.addEventListener&&\"undefined\"!=typeof URL&&(d.wp=d.wp||{},d.wp.receiveEmbedMessage||(d.wp.receiveEmbedMessage=function(e){var t=e.data;if((t||t.secret||t.message||t.value)&&!\/[^a-zA-Z0-9]\/.test(t.secret)){for(var s,r,n,a=l.querySelectorAll('iframe[data-secret=\"'+t.secret+'\"]'),o=l.querySelectorAll('blockquote[data-secret=\"'+t.secret+'\"]'),c=new RegExp(\"^https?:$\",\"i\"),i=0;i<o.length;i++)o[i].style.display=\"none\";for(i=0;i<a.length;i++)s=a[i],e.source===s.contentWindow&&(s.removeAttribute(\"style\"),\"height\"===t.message?(1e3<(r=parseInt(t.value,10))?r=1e3:~~r<200&&(r=200),s.height=r):\"link\"===t.message&&(r=new URL(s.getAttribute(\"src\")),n=new URL(t.value),c.test(n.protocol))&&n.host===r.host&&l.activeElement===s&&(d.top.location.href=t.value))}},d.addEventListener(\"message\",d.wp.receiveEmbedMessage,!1),l.addEventListener(\"DOMContentLoaded\",function(){for(var e,t,s=l.querySelectorAll(\"iframe.wp-embedded-content\"),r=0;r<s.length;r++)(t=(e=s[r]).getAttribute(\"data-secret\"))||(t=Math.random().toString(36).substring(2,12),e.src+=\"#?secret=\"+t,e.setAttribute(\"data-secret\",t)),e.contentWindow.postMessage({message:\"ready\",secret:t},\"*\")},!1)))}(window,document);\n\/\/# sourceURL=https:\/\/filles-de-la-charite.org\/wp-includes\/js\/wp-embed.min.js\n\/* ]]> *\/\n<\/script>\n","thumbnail_url":"https:\/\/filles-de-la-charite.org\/wp-content\/uploads\/2025\/12\/Zdjecie-WhatsApp-2025-11-23-o-20.21.03_c65b16f2.jpg","thumbnail_width":1600,"thumbnail_height":1200,"description":"Entre 16 e 23 de novembro de 2025, realizou-se na Casa Provincial das Filhas da Caridade, em Crac\u00f3via (Pol\u00f4nia), o Retiro Interprovincial conduzido pelo Padre Jos\u00e9 Antonio Gonz\u00e1lez P. CM, Diretor Geral. Participaram 41 Irm\u00e3s de tr\u00eas Prov\u00edncias polonesas, al\u00e9m da Irm\u00e3 Anna Wojciechowska, Visitadora da Prov\u00edncia de Che\u0142mno-Pozna\u0144, e da Irm\u00e3 Agnieszka Szerewicz, Visitadora [&hellip;]"}

Filles de la Charité

A QUEM PERTENCEMOS? - Filles de la Charité

<blockquote class="wp-embedded-content" data-secret="FkNIerpRQi"><a href="https://filles-de-la-charite.org/pt-pt/a-quien-pertenecemos/">A QUEM PERTENCEMOS?</a></blockquote><iframe sandbox="allow-scripts" security="restricted" src="https://filles-de-la-charite.org/pt-pt/a-quien-pertenecemos/embed/#?secret=FkNIerpRQi" width="600" height="338" title="&#8220;A QUEM PERTENCEMOS?&#8221; &#8212; Filles de la Charité" data-secret="FkNIerpRQi" frameborder="0" marginwidth="0" marginheight="0" scrolling="no" class="wp-embedded-content"></iframe><script type="text/javascript">
/* <![CDATA[ */
/*! This file is auto-generated */
!function(d,l){"use strict";l.querySelector&&d.addEventListener&&"undefined"!=typeof URL&&(d.wp=d.wp||{},d.wp.receiveEmbedMessage||(d.wp.receiveEmbedMessage=function(e){var t=e.data;if((t||t.secret||t.message||t.value)&&!/[^a-zA-Z0-9]/.test(t.secret)){for(var s,r,n,a=l.querySelectorAll('iframe[data-secret="'+t.secret+'"]'),o=l.querySelectorAll('blockquote[data-secret="'+t.secret+'"]'),c=new RegExp("^https?:$","i"),i=0;i<o.length;i++)o[i].style.display="none";for(i=0;i<a.length;i++)s=a[i],e.source===s.contentWindow&&(s.removeAttribute("style"),"height"===t.message?(1e3<(r=parseInt(t.value,10))?r=1e3:~~r<200&&(r=200),s.height=r):"link"===t.message&&(r=new URL(s.getAttribute("src")),n=new URL(t.value),c.test(n.protocol))&&n.host===r.host&&l.activeElement===s&&(d.top.location.href=t.value))}},d.addEventListener("message",d.wp.receiveEmbedMessage,!1),l.addEventListener("DOMContentLoaded",function(){for(var e,t,s=l.querySelectorAll("iframe.wp-embedded-content"),r=0;r<s.length;r++)(t=(e=s[r]).getAttribute("data-secret"))||(t=Math.random().toString(36).substring(2,12),e.src+="#?secret="+t,e.setAttribute("data-secret",t)),e.contentWindow.postMessage({message:"ready",secret:t},"*")},!1)))}(window,document);
//# sourceURL=https://filles-de-la-charite.org/wp-includes/js/wp-embed.min.js
/* ]]> */
</script>

Entre 16 e 23 de novembro de 2025, realizou-se na Casa Provincial das Filhas da Caridade, em Cracóvia (Polônia), o Retiro Interprovincial conduzido pelo Padre José Antonio González P. CM, Diretor Geral. Participaram 41 Irmãs de três Províncias polonesas, além da Irmã Anna Wojciechowska, Visitadora da Província de Chełmno-Poznań, e da Irmã Agnieszka Szerewicz, Visitadora [&hellip;]
