{"version":"1.0","provider_name":"Filles de la Charit\u00e9","provider_url":"https:\/\/filles-de-la-charite.org\/pt-pt\/","title":"Maria visita nos! - Filles de la Charit\u00e9","type":"rich","width":600,"height":338,"html":"<blockquote class=\"wp-embedded-content\" data-secret=\"Pa1mu0LCGo\"><a href=\"https:\/\/filles-de-la-charite.org\/pt-pt\/rincon-oracion\/visitanos-maria\/\">Maria visita nos!<\/a><\/blockquote><iframe sandbox=\"allow-scripts\" security=\"restricted\" src=\"https:\/\/filles-de-la-charite.org\/pt-pt\/rincon-oracion\/visitanos-maria\/embed\/#?secret=Pa1mu0LCGo\" width=\"600\" height=\"338\" title=\"&#8220;Maria visita nos!&#8221; &#8212; Filles de la Charit\u00e9\" data-secret=\"Pa1mu0LCGo\" frameborder=\"0\" marginwidth=\"0\" marginheight=\"0\" scrolling=\"no\" class=\"wp-embedded-content\"><\/iframe><script type=\"text\/javascript\">\n\/* <![CDATA[ *\/\n\/*! This file is auto-generated *\/\n!function(d,l){\"use strict\";l.querySelector&&d.addEventListener&&\"undefined\"!=typeof URL&&(d.wp=d.wp||{},d.wp.receiveEmbedMessage||(d.wp.receiveEmbedMessage=function(e){var t=e.data;if((t||t.secret||t.message||t.value)&&!\/[^a-zA-Z0-9]\/.test(t.secret)){for(var s,r,n,a=l.querySelectorAll('iframe[data-secret=\"'+t.secret+'\"]'),o=l.querySelectorAll('blockquote[data-secret=\"'+t.secret+'\"]'),c=new RegExp(\"^https?:$\",\"i\"),i=0;i<o.length;i++)o[i].style.display=\"none\";for(i=0;i<a.length;i++)s=a[i],e.source===s.contentWindow&&(s.removeAttribute(\"style\"),\"height\"===t.message?(1e3<(r=parseInt(t.value,10))?r=1e3:~~r<200&&(r=200),s.height=r):\"link\"===t.message&&(r=new URL(s.getAttribute(\"src\")),n=new URL(t.value),c.test(n.protocol))&&n.host===r.host&&l.activeElement===s&&(d.top.location.href=t.value))}},d.addEventListener(\"message\",d.wp.receiveEmbedMessage,!1),l.addEventListener(\"DOMContentLoaded\",function(){for(var e,t,s=l.querySelectorAll(\"iframe.wp-embedded-content\"),r=0;r<s.length;r++)(t=(e=s[r]).getAttribute(\"data-secret\"))||(t=Math.random().toString(36).substring(2,12),e.src+=\"#?secret=\"+t,e.setAttribute(\"data-secret\",t)),e.contentWindow.postMessage({message:\"ready\",secret:t},\"*\")},!1)))}(window,document);\n\/\/# sourceURL=https:\/\/filles-de-la-charite.org\/wp-includes\/js\/wp-embed.min.js\n\/* ]]> *\/\n<\/script>\n","thumbnail_url":"https:\/\/filles-de-la-charite.org\/wp-content\/uploads\/2024\/03\/PC-PT-scaled-1.jpg","thumbnail_width":2560,"thumbnail_height":1440,"description":"Neste ano em que celebramos a luz de Pentecostes, a celebra\u00e7\u00e3o das apari\u00e7\u00f5es da Virgem Maria a Santa Catarina e o anivers\u00e1rio da funda\u00e7\u00e3o da Companhia das Filhas da Caridade \u00e9 um momento de gra\u00e7a para que todos se deixem tomar pelo Esp\u00edrito Santo, passem da noite da guerra do ego\u00edsmo ou da indiferen\u00e7a para [&hellip;]"}

Filles de la Charité

Maria visita nos! - Filles de la Charité

<blockquote class="wp-embedded-content" data-secret="Pa1mu0LCGo"><a href="https://filles-de-la-charite.org/pt-pt/rincon-oracion/visitanos-maria/">Maria visita nos!</a></blockquote><iframe sandbox="allow-scripts" security="restricted" src="https://filles-de-la-charite.org/pt-pt/rincon-oracion/visitanos-maria/embed/#?secret=Pa1mu0LCGo" width="600" height="338" title="&#8220;Maria visita nos!&#8221; &#8212; Filles de la Charité" data-secret="Pa1mu0LCGo" frameborder="0" marginwidth="0" marginheight="0" scrolling="no" class="wp-embedded-content"></iframe><script type="text/javascript">
/* <![CDATA[ */
/*! This file is auto-generated */
!function(d,l){"use strict";l.querySelector&&d.addEventListener&&"undefined"!=typeof URL&&(d.wp=d.wp||{},d.wp.receiveEmbedMessage||(d.wp.receiveEmbedMessage=function(e){var t=e.data;if((t||t.secret||t.message||t.value)&&!/[^a-zA-Z0-9]/.test(t.secret)){for(var s,r,n,a=l.querySelectorAll('iframe[data-secret="'+t.secret+'"]'),o=l.querySelectorAll('blockquote[data-secret="'+t.secret+'"]'),c=new RegExp("^https?:$","i"),i=0;i<o.length;i++)o[i].style.display="none";for(i=0;i<a.length;i++)s=a[i],e.source===s.contentWindow&&(s.removeAttribute("style"),"height"===t.message?(1e3<(r=parseInt(t.value,10))?r=1e3:~~r<200&&(r=200),s.height=r):"link"===t.message&&(r=new URL(s.getAttribute("src")),n=new URL(t.value),c.test(n.protocol))&&n.host===r.host&&l.activeElement===s&&(d.top.location.href=t.value))}},d.addEventListener("message",d.wp.receiveEmbedMessage,!1),l.addEventListener("DOMContentLoaded",function(){for(var e,t,s=l.querySelectorAll("iframe.wp-embedded-content"),r=0;r<s.length;r++)(t=(e=s[r]).getAttribute("data-secret"))||(t=Math.random().toString(36).substring(2,12),e.src+="#?secret="+t,e.setAttribute("data-secret",t)),e.contentWindow.postMessage({message:"ready",secret:t},"*")},!1)))}(window,document);
//# sourceURL=https://filles-de-la-charite.org/wp-includes/js/wp-embed.min.js
/* ]]> */
</script>

Neste ano em que celebramos a luz de Pentecostes, a celebração das aparições da Virgem Maria a Santa Catarina e o aniversário da fundação da Companhia das Filhas da Caridade é um momento de graça para que todos se deixem tomar pelo Espírito Santo, passem da noite da guerra do egoísmo ou da indiferença para [&hellip;]
