{"id":26118,"date":"2021-01-31T23:00:00","date_gmt":"2021-01-31T22:00:00","guid":{"rendered":"https:\/\/hijascaridad.sjdigitaldemo.ovh\/rincon-oracion\/sonhemos-a-luz-de-fratelli-tutti\/"},"modified":"2021-01-31T23:00:00","modified_gmt":"2021-01-31T22:00:00","slug":"sonhemos-a-luz-de-fratelli-tutti","status":"publish","type":"rincon-oracion","link":"https:\/\/filles-de-la-charite.org\/pt-pt\/rincon-oracion\/sonhemos-a-luz-de-fratelli-tutti\/","title":{"rendered":"Sonhemos! (\u00c1 Luz de  Fratelli Tutti)"},"content":{"rendered":"\n<p>Em 8 de Dezembro de 2020, o Papa Francisco proclamou 2021 como um Ano dedicado a S\u00e3o Jos\u00e9, \"um homem de sonhos....\". Pe\u00e7amos a S\u00e3o Jos\u00e9 que obtenha para n\u00f3s \"a gra\u00e7a de saber sonhar procurando sempre a vontade de Deus nos sonhos e tamb\u00e9m a gra\u00e7a de acompanhar os outros em sil\u00eancio sem tagarelar\". Supliquemos a S\u00e3o Jos\u00e9 que nos acompanhe pelo caminho percorrido por S\u00e3o Francisco de Assis que com poucas e simples palavras, explicou o essencial duma fraternidade aberta, que permite reconhecer, valorizar e amar todas as pessoas independentemente da sua proximidade f\u00edsica, do ponto da terra onde cada uma nasceu ou habita (FT, 1)<\/p>\n\n\n\n<figure class=\"wp-block-embed-youtube wp-block-embed is-type-video is-provider-youtube wp-embed-aspect-16-9 wp-has-aspect-ratio\"><div class=\"wp-block-embed__wrapper\">\n<iframe loading=\"lazy\" title=\"Fevereiro de 2021 Sonhemos (\u00c1 Luz de  Fratelli Tutti) PT\" width=\"1080\" height=\"608\" src=\"https:\/\/www.youtube.com\/embed\/cuScTxpujxo?feature=oembed\"  allow=\"accelerometer; autoplay; clipboard-write; encrypted-media; gyroscope; picture-in-picture; web-share\" referrerpolicy=\"strict-origin-when-cross-origin\" allowfullscreen><\/iframe>\n<\/div><\/figure>\n","protected":false},"featured_media":26119,"template":"","meta":{"_acf_changed":false,"_links_to":"","_links_to_target":""},"class_list":["post-26118","rincon-oracion","type-rincon-oracion","status-publish","has-post-thumbnail","hentry"],"acf":[],"yoast_head":"<!-- This site is optimized with the Yoast SEO plugin v27.5 - https:\/\/yoast.com\/product\/yoast-seo-wordpress\/ -->\n<title>Sonhemos! (\u00c1 Luz de Fratelli Tutti) - Filles de la Charit\u00e9<\/title>\n<meta name=\"robots\" content=\"index, follow, max-snippet:-1, max-image-preview:large, max-video-preview:-1\" \/>\n<link rel=\"canonical\" href=\"https:\/\/filles-de-la-charite.org\/pt-pt\/rincon-oracion\/sonhemos-a-luz-de-fratelli-tutti\/\" \/>\n<meta property=\"og:locale\" content=\"pt_PT\" \/>\n<meta property=\"og:type\" content=\"article\" \/>\n<meta property=\"og:title\" content=\"Sonhemos! (\u00c1 Luz de Fratelli Tutti) - Filles de la Charit\u00e9\" \/>\n<meta property=\"og:description\" content=\"Em 8 de Dezembro de 2020, o Papa Francisco proclamou 2021 como um Ano dedicado a S\u00e3o Jos\u00e9, &#8220;um homem de sonhos&#8230;.&#8221;. Pe\u00e7amos a S\u00e3o Jos\u00e9 que obtenha para n\u00f3s &#8220;a gra\u00e7a de saber sonhar procurando sempre a vontade de Deus nos sonhos e tamb\u00e9m a gra\u00e7a de acompanhar os outros em sil\u00eancio sem tagarelar&#8221;. [&hellip;]\" \/>\n<meta property=\"og:url\" content=\"https:\/\/filles-de-la-charite.org\/pt-pt\/rincon-oracion\/sonhemos-a-luz-de-fratelli-tutti\/\" \/>\n<meta property=\"og:site_name\" content=\"Filles de la Charit\u00e9\" \/>\n<meta property=\"og:image\" content=\"https:\/\/filles-de-la-charite.org\/wp-content\/uploads\/2023\/06\/PT-2021.02-Sonhemos-A-Luz-de-Fratelli-Tutti-1024x576.jpg\" \/>\n\t<meta property=\"og:image:width\" content=\"1024\" \/>\n\t<meta property=\"og:image:height\" content=\"576\" \/>\n\t<meta property=\"og:image:type\" content=\"image\/jpeg\" \/>\n<meta name=\"twitter:card\" content=\"summary_large_image\" \/>\n<meta name=\"twitter:label1\" content=\"Tempo estimado de leitura\" \/>\n\t<meta name=\"twitter:data1\" content=\"1 minuto\" \/>\n<script type=\"application\/ld+json\" class=\"yoast-schema-graph\">{\"@context\":\"https:\\\/\\\/schema.org\",\"@graph\":[{\"@type\":\"WebPage\",\"@id\":\"https:\\\/\\\/filles-de-la-charite.org\\\/pt-pt\\\/rincon-oracion\\\/sonhemos-a-luz-de-fratelli-tutti\\\/\",\"url\":\"https:\\\/\\\/filles-de-la-charite.org\\\/pt-pt\\\/rincon-oracion\\\/sonhemos-a-luz-de-fratelli-tutti\\\/\",\"name\":\"Sonhemos! (\u00c1 Luz de Fratelli Tutti) - Filles de la Charit\u00e9\",\"isPartOf\":{\"@id\":\"https:\\\/\\\/filles-de-la-charite.org\\\/pt-pt\\\/#website\"},\"primaryImageOfPage\":{\"@id\":\"https:\\\/\\\/filles-de-la-charite.org\\\/pt-pt\\\/rincon-oracion\\\/sonhemos-a-luz-de-fratelli-tutti\\\/#primaryimage\"},\"image\":{\"@id\":\"https:\\\/\\\/filles-de-la-charite.org\\\/pt-pt\\\/rincon-oracion\\\/sonhemos-a-luz-de-fratelli-tutti\\\/#primaryimage\"},\"thumbnailUrl\":\"https:\\\/\\\/filles-de-la-charite.org\\\/wp-content\\\/uploads\\\/2023\\\/06\\\/PT-2021.02-Sonhemos-A-Luz-de-Fratelli-Tutti.jpg\",\"datePublished\":\"2021-01-31T22:00:00+00:00\",\"inLanguage\":\"pt-PT\",\"potentialAction\":[{\"@type\":\"ReadAction\",\"target\":[\"https:\\\/\\\/filles-de-la-charite.org\\\/pt-pt\\\/rincon-oracion\\\/sonhemos-a-luz-de-fratelli-tutti\\\/\"]}]},{\"@type\":\"ImageObject\",\"inLanguage\":\"pt-PT\",\"@id\":\"https:\\\/\\\/filles-de-la-charite.org\\\/pt-pt\\\/rincon-oracion\\\/sonhemos-a-luz-de-fratelli-tutti\\\/#primaryimage\",\"url\":\"https:\\\/\\\/filles-de-la-charite.org\\\/wp-content\\\/uploads\\\/2023\\\/06\\\/PT-2021.02-Sonhemos-A-Luz-de-Fratelli-Tutti.jpg\",\"contentUrl\":\"https:\\\/\\\/filles-de-la-charite.org\\\/wp-content\\\/uploads\\\/2023\\\/06\\\/PT-2021.02-Sonhemos-A-Luz-de-Fratelli-Tutti.jpg\",\"width\":10240,\"height\":5760},{\"@type\":\"WebSite\",\"@id\":\"https:\\\/\\\/filles-de-la-charite.org\\\/pt-pt\\\/#website\",\"url\":\"https:\\\/\\\/filles-de-la-charite.org\\\/pt-pt\\\/\",\"name\":\"Hijas de la Caridad\",\"description\":\"L\u2019amour de J\u00e9sus nous presse \u00e0 prendre soin des personnes les plus d\u00e9munies\",\"publisher\":{\"@id\":\"https:\\\/\\\/filles-de-la-charite.org\\\/pt-pt\\\/#organization\"},\"potentialAction\":[{\"@type\":\"SearchAction\",\"target\":{\"@type\":\"EntryPoint\",\"urlTemplate\":\"https:\\\/\\\/filles-de-la-charite.org\\\/pt-pt\\\/?s={search_term_string}\"},\"query-input\":{\"@type\":\"PropertyValueSpecification\",\"valueRequired\":true,\"valueName\":\"search_term_string\"}}],\"inLanguage\":\"pt-PT\"},{\"@type\":\"Organization\",\"@id\":\"https:\\\/\\\/filles-de-la-charite.org\\\/pt-pt\\\/#organization\",\"name\":\"Hijas de la Caridad\",\"url\":\"https:\\\/\\\/filles-de-la-charite.org\\\/pt-pt\\\/\",\"logo\":{\"@type\":\"ImageObject\",\"inLanguage\":\"pt-PT\",\"@id\":\"https:\\\/\\\/filles-de-la-charite.org\\\/pt-pt\\\/#\\\/schema\\\/logo\\\/image\\\/\",\"url\":\"https:\\\/\\\/filles-de-la-charite.org\\\/wp-content\\\/uploads\\\/2023\\\/03\\\/isotipo-Hijas-de-la-Caridad.png\",\"contentUrl\":\"https:\\\/\\\/filles-de-la-charite.org\\\/wp-content\\\/uploads\\\/2023\\\/03\\\/isotipo-Hijas-de-la-Caridad.png\",\"width\":1417,\"height\":1417,\"caption\":\"Hijas de la Caridad\"},\"image\":{\"@id\":\"https:\\\/\\\/filles-de-la-charite.org\\\/pt-pt\\\/#\\\/schema\\\/logo\\\/image\\\/\"}}]}<\/script>\n<!-- \/ Yoast SEO plugin. -->","yoast_head_json":{"title":"Sonhemos! (\u00c1 Luz de Fratelli Tutti) - Filles de la Charit\u00e9","robots":{"index":"index","follow":"follow","max-snippet":"max-snippet:-1","max-image-preview":"max-image-preview:large","max-video-preview":"max-video-preview:-1"},"canonical":"https:\/\/filles-de-la-charite.org\/pt-pt\/rincon-oracion\/sonhemos-a-luz-de-fratelli-tutti\/","og_locale":"pt_PT","og_type":"article","og_title":"Sonhemos! (\u00c1 Luz de Fratelli Tutti) - Filles de la Charit\u00e9","og_description":"Em 8 de Dezembro de 2020, o Papa Francisco proclamou 2021 como um Ano dedicado a S\u00e3o Jos\u00e9, &#8220;um homem de sonhos&#8230;.&#8221;. Pe\u00e7amos a S\u00e3o Jos\u00e9 que obtenha para n\u00f3s &#8220;a gra\u00e7a de saber sonhar procurando sempre a vontade de Deus nos sonhos e tamb\u00e9m a gra\u00e7a de acompanhar os outros em sil\u00eancio sem tagarelar&#8221;. [&hellip;]","og_url":"https:\/\/filles-de-la-charite.org\/pt-pt\/rincon-oracion\/sonhemos-a-luz-de-fratelli-tutti\/","og_site_name":"Filles de la Charit\u00e9","og_image":[{"width":1024,"height":576,"url":"https:\/\/filles-de-la-charite.org\/wp-content\/uploads\/2023\/06\/PT-2021.02-Sonhemos-A-Luz-de-Fratelli-Tutti-1024x576.jpg","type":"image\/jpeg"}],"twitter_card":"summary_large_image","twitter_misc":{"Tempo estimado de leitura":"1 minuto"},"schema":{"@context":"https:\/\/schema.org","@graph":[{"@type":"WebPage","@id":"https:\/\/filles-de-la-charite.org\/pt-pt\/rincon-oracion\/sonhemos-a-luz-de-fratelli-tutti\/","url":"https:\/\/filles-de-la-charite.org\/pt-pt\/rincon-oracion\/sonhemos-a-luz-de-fratelli-tutti\/","name":"Sonhemos! (\u00c1 Luz de Fratelli Tutti) - Filles de la Charit\u00e9","isPartOf":{"@id":"https:\/\/filles-de-la-charite.org\/pt-pt\/#website"},"primaryImageOfPage":{"@id":"https:\/\/filles-de-la-charite.org\/pt-pt\/rincon-oracion\/sonhemos-a-luz-de-fratelli-tutti\/#primaryimage"},"image":{"@id":"https:\/\/filles-de-la-charite.org\/pt-pt\/rincon-oracion\/sonhemos-a-luz-de-fratelli-tutti\/#primaryimage"},"thumbnailUrl":"https:\/\/filles-de-la-charite.org\/wp-content\/uploads\/2023\/06\/PT-2021.02-Sonhemos-A-Luz-de-Fratelli-Tutti.jpg","datePublished":"2021-01-31T22:00:00+00:00","inLanguage":"pt-PT","potentialAction":[{"@type":"ReadAction","target":["https:\/\/filles-de-la-charite.org\/pt-pt\/rincon-oracion\/sonhemos-a-luz-de-fratelli-tutti\/"]}]},{"@type":"ImageObject","inLanguage":"pt-PT","@id":"https:\/\/filles-de-la-charite.org\/pt-pt\/rincon-oracion\/sonhemos-a-luz-de-fratelli-tutti\/#primaryimage","url":"https:\/\/filles-de-la-charite.org\/wp-content\/uploads\/2023\/06\/PT-2021.02-Sonhemos-A-Luz-de-Fratelli-Tutti.jpg","contentUrl":"https:\/\/filles-de-la-charite.org\/wp-content\/uploads\/2023\/06\/PT-2021.02-Sonhemos-A-Luz-de-Fratelli-Tutti.jpg","width":10240,"height":5760},{"@type":"WebSite","@id":"https:\/\/filles-de-la-charite.org\/pt-pt\/#website","url":"https:\/\/filles-de-la-charite.org\/pt-pt\/","name":"Hijas de la Caridad","description":"L\u2019amour de J\u00e9sus nous presse \u00e0 prendre soin des personnes les plus d\u00e9munies","publisher":{"@id":"https:\/\/filles-de-la-charite.org\/pt-pt\/#organization"},"potentialAction":[{"@type":"SearchAction","target":{"@type":"EntryPoint","urlTemplate":"https:\/\/filles-de-la-charite.org\/pt-pt\/?s={search_term_string}"},"query-input":{"@type":"PropertyValueSpecification","valueRequired":true,"valueName":"search_term_string"}}],"inLanguage":"pt-PT"},{"@type":"Organization","@id":"https:\/\/filles-de-la-charite.org\/pt-pt\/#organization","name":"Hijas de la Caridad","url":"https:\/\/filles-de-la-charite.org\/pt-pt\/","logo":{"@type":"ImageObject","inLanguage":"pt-PT","@id":"https:\/\/filles-de-la-charite.org\/pt-pt\/#\/schema\/logo\/image\/","url":"https:\/\/filles-de-la-charite.org\/wp-content\/uploads\/2023\/03\/isotipo-Hijas-de-la-Caridad.png","contentUrl":"https:\/\/filles-de-la-charite.org\/wp-content\/uploads\/2023\/03\/isotipo-Hijas-de-la-Caridad.png","width":1417,"height":1417,"caption":"Hijas de la Caridad"},"image":{"@id":"https:\/\/filles-de-la-charite.org\/pt-pt\/#\/schema\/logo\/image\/"}}]}},"_links":{"self":[{"href":"https:\/\/filles-de-la-charite.org\/pt-pt\/wp-json\/wp\/v2\/rincon-oracion\/26118","targetHints":{"allow":["GET"]}}],"collection":[{"href":"https:\/\/filles-de-la-charite.org\/pt-pt\/wp-json\/wp\/v2\/rincon-oracion"}],"about":[{"href":"https:\/\/filles-de-la-charite.org\/pt-pt\/wp-json\/wp\/v2\/types\/rincon-oracion"}],"wp:featuredmedia":[{"embeddable":true,"href":"https:\/\/filles-de-la-charite.org\/pt-pt\/wp-json\/wp\/v2\/media\/26119"}],"wp:attachment":[{"href":"https:\/\/filles-de-la-charite.org\/pt-pt\/wp-json\/wp\/v2\/media?parent=26118"}],"curies":[{"name":"wp","href":"https:\/\/api.w.org\/{rel}","templated":true}]}}

Sonhemos! (Á Luz de  Fratelli Tutti)

<p>Em 8 de Dezembro de 2020, o Papa Francisco proclamou 2021 como um Ano dedicado a São José, "um homem de sonhos....". Peçamos a São José que obtenha para nós "a graça de saber sonhar procurando sempre a vontade de Deus nos sonhos e também a graça de acompanhar os outros em silêncio sem tagarelar". Supliquemos a São José que nos acompanhe pelo caminho percorrido por São Francisco de Assis que com poucas e simples palavras, explicou o essencial duma fraternidade aberta, que permite reconhecer, valorizar e amar todas as pessoas independentemente da sua proximidade física, do ponto da terra onde cada uma nasceu ou habita (FT, 1)</p>



<figure class="wp-block-embed-youtube wp-block-embed is-type-video is-provider-youtube wp-embed-aspect-16-9 wp-has-aspect-ratio"><div class="wp-block-embed__wrapper">
<iframe loading="lazy" title="Fevereiro de 2021 Sonhemos (Á Luz de  Fratelli Tutti) PT" width="1080" height="608" src="https://www.youtube.com/embed/cuScTxpujxo?feature=oembed"  allow="accelerometer; autoplay; clipboard-write; encrypted-media; gyroscope; picture-in-picture; web-share" referrerpolicy="strict-origin-when-cross-origin" allowfullscreen></iframe>
</div></figure>

<!-- This site is optimized with the Yoast SEO plugin v27.5 - https://yoast.com/product/yoast-seo-wordpress/ -->
<title>Sonhemos! (Á Luz de Fratelli Tutti) - Filles de la Charité</title>
<meta name="robots" content="index, follow, max-snippet:-1, max-image-preview:large, max-video-preview:-1" />
<link rel="canonical" href="https://filles-de-la-charite.org/pt-pt/rincon-oracion/sonhemos-a-luz-de-fratelli-tutti/" />
<meta property="og:locale" content="pt_PT" />
<meta property="og:type" content="article" />
<meta property="og:title" content="Sonhemos! (Á Luz de Fratelli Tutti) - Filles de la Charité" />
<meta property="og:description" content="Em 8 de Dezembro de 2020, o Papa Francisco proclamou 2021 como um Ano dedicado a São José, &#8220;um homem de sonhos&#8230;.&#8221;. Peçamos a São José que obtenha para nós &#8220;a graça de saber sonhar procurando sempre a vontade de Deus nos sonhos e também a graça de acompanhar os outros em silêncio sem tagarelar&#8221;. [&hellip;]" />
<meta property="og:url" content="https://filles-de-la-charite.org/pt-pt/rincon-oracion/sonhemos-a-luz-de-fratelli-tutti/" />
<meta property="og:site_name" content="Filles de la Charité" />
<meta property="og:image" content="https://filles-de-la-charite.org/wp-content/uploads/2023/06/PT-2021.02-Sonhemos-A-Luz-de-Fratelli-Tutti-1024x576.jpg" />
	<meta property="og:image:width" content="1024" />
	<meta property="og:image:height" content="576" />
	<meta property="og:image:type" content="image/jpeg" />
<meta name="twitter:card" content="summary_large_image" />
<meta name="twitter:label1" content="Tempo estimado de leitura" />
	<meta name="twitter:data1" content="1 minuto" />
<script type="application/ld+json" class="yoast-schema-graph">{"@context":"https:\/\/schema.org","@graph":[{"@type":"WebPage","@id":"https:\/\/filles-de-la-charite.org\/pt-pt\/rincon-oracion\/sonhemos-a-luz-de-fratelli-tutti\/","url":"https:\/\/filles-de-la-charite.org\/pt-pt\/rincon-oracion\/sonhemos-a-luz-de-fratelli-tutti\/","name":"Sonhemos! (Á Luz de Fratelli Tutti) - Filles de la Charité","isPartOf":{"@id":"https:\/\/filles-de-la-charite.org\/pt-pt\/#website"},"primaryImageOfPage":{"@id":"https:\/\/filles-de-la-charite.org\/pt-pt\/rincon-oracion\/sonhemos-a-luz-de-fratelli-tutti\/#primaryimage"},"image":{"@id":"https:\/\/filles-de-la-charite.org\/pt-pt\/rincon-oracion\/sonhemos-a-luz-de-fratelli-tutti\/#primaryimage"},"thumbnailUrl":"https:\/\/filles-de-la-charite.org\/wp-content\/uploads\/2023\/06\/PT-2021.02-Sonhemos-A-Luz-de-Fratelli-Tutti.jpg","datePublished":"2021-01-31T22:00:00+00:00","inLanguage":"pt-PT","potentialAction":[{"@type":"ReadAction","target":["https:\/\/filles-de-la-charite.org\/pt-pt\/rincon-oracion\/sonhemos-a-luz-de-fratelli-tutti\/"]}]},{"@type":"ImageObject","inLanguage":"pt-PT","@id":"https:\/\/filles-de-la-charite.org\/pt-pt\/rincon-oracion\/sonhemos-a-luz-de-fratelli-tutti\/#primaryimage","url":"https:\/\/filles-de-la-charite.org\/wp-content\/uploads\/2023\/06\/PT-2021.02-Sonhemos-A-Luz-de-Fratelli-Tutti.jpg","contentUrl":"https:\/\/filles-de-la-charite.org\/wp-content\/uploads\/2023\/06\/PT-2021.02-Sonhemos-A-Luz-de-Fratelli-Tutti.jpg","width":10240,"height":5760},{"@type":"WebSite","@id":"https:\/\/filles-de-la-charite.org\/pt-pt\/#website","url":"https:\/\/filles-de-la-charite.org\/pt-pt\/","name":"Hijas de la Caridad","description":"L’amour de Jésus nous presse à prendre soin des personnes les plus démunies","publisher":{"@id":"https:\/\/filles-de-la-charite.org\/pt-pt\/#organization"},"potentialAction":[{"@type":"SearchAction","target":{"@type":"EntryPoint","urlTemplate":"https:\/\/filles-de-la-charite.org\/pt-pt\/?s={search_term_string}"},"query-input":{"@type":"PropertyValueSpecification","valueRequired":true,"valueName":"search_term_string"}}],"inLanguage":"pt-PT"},{"@type":"Organization","@id":"https:\/\/filles-de-la-charite.org\/pt-pt\/#organization","name":"Hijas de la Caridad","url":"https:\/\/filles-de-la-charite.org\/pt-pt\/","logo":{"@type":"ImageObject","inLanguage":"pt-PT","@id":"https:\/\/filles-de-la-charite.org\/pt-pt\/#\/schema\/logo\/image\/","url":"https:\/\/filles-de-la-charite.org\/wp-content\/uploads\/2023\/03\/isotipo-Hijas-de-la-Caridad.png","contentUrl":"https:\/\/filles-de-la-charite.org\/wp-content\/uploads\/2023\/03\/isotipo-Hijas-de-la-Caridad.png","width":1417,"height":1417,"caption":"Hijas de la Caridad"},"image":{"@id":"https:\/\/filles-de-la-charite.org\/pt-pt\/#\/schema\/logo\/image\/"}}]}</script>
<!-- / Yoast SEO plugin. -->

Sonhemos! (Á Luz de Fratelli Tutti) - Filles de la Charité

Em 8 de Dezembro de 2020, o Papa Francisco proclamou 2021 como um Ano dedicado a São José, &#8220;um homem de sonhos&#8230;.&#8221;. Peçamos a São José que obtenha para nós &#8220;a graça de saber sonhar procurando sempre a vontade de Deus nos sonhos e também a graça de acompanhar os outros em silêncio sem tagarelar&#8221;. [&hellip;]

Filles de la Charité

L’amour de Jésus nous presse à prendre soin des personnes les plus démunies
