{"id":26211,"date":"2022-06-30T22:00:00","date_gmt":"2022-06-30T20:00:00","guid":{"rendered":"https:\/\/hijascaridad.sjdigitaldemo.ovh\/rincon-oracion\/vocacao-e-realizar-o-sonho-de-deus\/"},"modified":"2022-06-30T22:00:00","modified_gmt":"2022-06-30T20:00:00","slug":"vocacao-e-realizar-o-sonho-de-deus","status":"publish","type":"rincon-oracion","link":"https:\/\/filles-de-la-charite.org\/pt-pt\/rincon-oracion\/vocacao-e-realizar-o-sonho-de-deus\/","title":{"rendered":"Voca\u00e7\u00e3o \u00e8 realizar o sonho de Deus"},"content":{"rendered":"\n<p>Nos dias que correm, enquanto continuam a soprar os ventos g\u00e9lidos da guerra e da opress\u00e3o e frequentemente testemunhamos fen\u00f3menos de polariza\u00e7\u00e3o, prosseguimos como Igreja o processo sinodal iniciado: sentimos urgente necessidade de caminhar juntos cultivando as dimens\u00f5es da escuta, participa\u00e7\u00e3o e partilha. Juntamente com todos os homens e mulheres de boa vontade, desejo refletir convosco sobre o amplo significado da \u00abvoca\u00e7\u00e3o\u00bb, no contexto duma Igreja sinodal que se coloca \u00e0 escuta de Deus e do mundo para ajudar a construir a fam\u00edlia humana, curar as suas feridas e projet\u00e1-la para um futuro melhor.<\/p>\n\n\n\n<figure class=\"wp-block-embed is-type-video is-provider-youtube wp-block-embed-youtube wp-embed-aspect-16-9 wp-has-aspect-ratio\"><div class=\"wp-block-embed__wrapper\">\n<iframe loading=\"lazy\" title=\"Julho  2022  Voca\u00e7\u00e3o \u00e8 realizar o sonho de Deus PT\" width=\"1080\" height=\"608\" src=\"https:\/\/www.youtube.com\/embed\/2gJjeDrbh08?feature=oembed\"  allow=\"accelerometer; autoplay; clipboard-write; encrypted-media; gyroscope; picture-in-picture; web-share\" referrerpolicy=\"strict-origin-when-cross-origin\" allowfullscreen><\/iframe>\n<\/div><\/figure>\n","protected":false},"featured_media":25793,"template":"","meta":{"_acf_changed":false,"_links_to":"","_links_to_target":""},"class_list":["post-26211","rincon-oracion","type-rincon-oracion","status-publish","has-post-thumbnail","hentry"],"acf":[],"yoast_head":"<!-- This site is optimized with the Yoast SEO plugin v27.5 - https:\/\/yoast.com\/product\/yoast-seo-wordpress\/ -->\n<title>Voca\u00e7\u00e3o \u00e8 realizar o sonho de Deus - Filles de la Charit\u00e9<\/title>\n<meta name=\"robots\" content=\"index, follow, max-snippet:-1, max-image-preview:large, max-video-preview:-1\" \/>\n<link rel=\"canonical\" href=\"https:\/\/filles-de-la-charite.org\/pt-pt\/rincon-oracion\/vocacao-e-realizar-o-sonho-de-deus\/\" \/>\n<meta property=\"og:locale\" content=\"pt_PT\" \/>\n<meta property=\"og:type\" content=\"article\" \/>\n<meta property=\"og:title\" content=\"Voca\u00e7\u00e3o \u00e8 realizar o sonho de Deus - Filles de la Charit\u00e9\" \/>\n<meta property=\"og:description\" content=\"Nos dias que correm, enquanto continuam a soprar os ventos g\u00e9lidos da guerra e da opress\u00e3o e frequentemente testemunhamos fen\u00f3menos de polariza\u00e7\u00e3o, prosseguimos como Igreja o processo sinodal iniciado: sentimos urgente necessidade de caminhar juntos cultivando as dimens\u00f5es da escuta, participa\u00e7\u00e3o e partilha. Juntamente com todos os homens e mulheres de boa vontade, desejo refletir [&hellip;]\" \/>\n<meta property=\"og:url\" content=\"https:\/\/filles-de-la-charite.org\/pt-pt\/rincon-oracion\/vocacao-e-realizar-o-sonho-de-deus\/\" \/>\n<meta property=\"og:site_name\" content=\"Filles de la Charit\u00e9\" \/>\n<meta property=\"og:image\" content=\"https:\/\/filles-de-la-charite.org\/wp-content\/uploads\/2023\/06\/July-2022-Vocacao-e-realizar-o-sonho-de-Deus-PT-scaled-1.jpg\" \/>\n\t<meta property=\"og:image:width\" content=\"2560\" \/>\n\t<meta property=\"og:image:height\" content=\"1440\" \/>\n\t<meta property=\"og:image:type\" content=\"image\/jpeg\" \/>\n<meta name=\"twitter:card\" content=\"summary_large_image\" \/>\n<meta name=\"twitter:label1\" content=\"Tempo estimado de leitura\" \/>\n\t<meta name=\"twitter:data1\" content=\"1 minuto\" \/>\n<script type=\"application\/ld+json\" class=\"yoast-schema-graph\">{\"@context\":\"https:\\\/\\\/schema.org\",\"@graph\":[{\"@type\":\"WebPage\",\"@id\":\"https:\\\/\\\/filles-de-la-charite.org\\\/pt-pt\\\/rincon-oracion\\\/vocacao-e-realizar-o-sonho-de-deus\\\/\",\"url\":\"https:\\\/\\\/filles-de-la-charite.org\\\/pt-pt\\\/rincon-oracion\\\/vocacao-e-realizar-o-sonho-de-deus\\\/\",\"name\":\"Voca\u00e7\u00e3o \u00e8 realizar o sonho de Deus - Filles de la Charit\u00e9\",\"isPartOf\":{\"@id\":\"https:\\\/\\\/filles-de-la-charite.org\\\/pt-pt\\\/#website\"},\"primaryImageOfPage\":{\"@id\":\"https:\\\/\\\/filles-de-la-charite.org\\\/pt-pt\\\/rincon-oracion\\\/vocacao-e-realizar-o-sonho-de-deus\\\/#primaryimage\"},\"image\":{\"@id\":\"https:\\\/\\\/filles-de-la-charite.org\\\/pt-pt\\\/rincon-oracion\\\/vocacao-e-realizar-o-sonho-de-deus\\\/#primaryimage\"},\"thumbnailUrl\":\"https:\\\/\\\/filles-de-la-charite.org\\\/wp-content\\\/uploads\\\/2023\\\/06\\\/July-2022-Vocacao-e-realizar-o-sonho-de-Deus-PT-scaled-1.jpg\",\"datePublished\":\"2022-06-30T20:00:00+00:00\",\"inLanguage\":\"pt-PT\",\"potentialAction\":[{\"@type\":\"ReadAction\",\"target\":[\"https:\\\/\\\/filles-de-la-charite.org\\\/pt-pt\\\/rincon-oracion\\\/vocacao-e-realizar-o-sonho-de-deus\\\/\"]}]},{\"@type\":\"ImageObject\",\"inLanguage\":\"pt-PT\",\"@id\":\"https:\\\/\\\/filles-de-la-charite.org\\\/pt-pt\\\/rincon-oracion\\\/vocacao-e-realizar-o-sonho-de-deus\\\/#primaryimage\",\"url\":\"https:\\\/\\\/filles-de-la-charite.org\\\/wp-content\\\/uploads\\\/2023\\\/06\\\/July-2022-Vocacao-e-realizar-o-sonho-de-Deus-PT-scaled-1.jpg\",\"contentUrl\":\"https:\\\/\\\/filles-de-la-charite.org\\\/wp-content\\\/uploads\\\/2023\\\/06\\\/July-2022-Vocacao-e-realizar-o-sonho-de-Deus-PT-scaled-1.jpg\",\"width\":2560,\"height\":1440},{\"@type\":\"WebSite\",\"@id\":\"https:\\\/\\\/filles-de-la-charite.org\\\/pt-pt\\\/#website\",\"url\":\"https:\\\/\\\/filles-de-la-charite.org\\\/pt-pt\\\/\",\"name\":\"Hijas de la Caridad\",\"description\":\"L\u2019amour de J\u00e9sus nous presse \u00e0 prendre soin des personnes les plus d\u00e9munies\",\"publisher\":{\"@id\":\"https:\\\/\\\/filles-de-la-charite.org\\\/pt-pt\\\/#organization\"},\"potentialAction\":[{\"@type\":\"SearchAction\",\"target\":{\"@type\":\"EntryPoint\",\"urlTemplate\":\"https:\\\/\\\/filles-de-la-charite.org\\\/pt-pt\\\/?s={search_term_string}\"},\"query-input\":{\"@type\":\"PropertyValueSpecification\",\"valueRequired\":true,\"valueName\":\"search_term_string\"}}],\"inLanguage\":\"pt-PT\"},{\"@type\":\"Organization\",\"@id\":\"https:\\\/\\\/filles-de-la-charite.org\\\/pt-pt\\\/#organization\",\"name\":\"Hijas de la Caridad\",\"url\":\"https:\\\/\\\/filles-de-la-charite.org\\\/pt-pt\\\/\",\"logo\":{\"@type\":\"ImageObject\",\"inLanguage\":\"pt-PT\",\"@id\":\"https:\\\/\\\/filles-de-la-charite.org\\\/pt-pt\\\/#\\\/schema\\\/logo\\\/image\\\/\",\"url\":\"https:\\\/\\\/filles-de-la-charite.org\\\/wp-content\\\/uploads\\\/2023\\\/03\\\/isotipo-Hijas-de-la-Caridad.png\",\"contentUrl\":\"https:\\\/\\\/filles-de-la-charite.org\\\/wp-content\\\/uploads\\\/2023\\\/03\\\/isotipo-Hijas-de-la-Caridad.png\",\"width\":1417,\"height\":1417,\"caption\":\"Hijas de la Caridad\"},\"image\":{\"@id\":\"https:\\\/\\\/filles-de-la-charite.org\\\/pt-pt\\\/#\\\/schema\\\/logo\\\/image\\\/\"}}]}<\/script>\n<!-- \/ Yoast SEO plugin. -->","yoast_head_json":{"title":"Voca\u00e7\u00e3o \u00e8 realizar o sonho de Deus - Filles de la Charit\u00e9","robots":{"index":"index","follow":"follow","max-snippet":"max-snippet:-1","max-image-preview":"max-image-preview:large","max-video-preview":"max-video-preview:-1"},"canonical":"https:\/\/filles-de-la-charite.org\/pt-pt\/rincon-oracion\/vocacao-e-realizar-o-sonho-de-deus\/","og_locale":"pt_PT","og_type":"article","og_title":"Voca\u00e7\u00e3o \u00e8 realizar o sonho de Deus - Filles de la Charit\u00e9","og_description":"Nos dias que correm, enquanto continuam a soprar os ventos g\u00e9lidos da guerra e da opress\u00e3o e frequentemente testemunhamos fen\u00f3menos de polariza\u00e7\u00e3o, prosseguimos como Igreja o processo sinodal iniciado: sentimos urgente necessidade de caminhar juntos cultivando as dimens\u00f5es da escuta, participa\u00e7\u00e3o e partilha. Juntamente com todos os homens e mulheres de boa vontade, desejo refletir [&hellip;]","og_url":"https:\/\/filles-de-la-charite.org\/pt-pt\/rincon-oracion\/vocacao-e-realizar-o-sonho-de-deus\/","og_site_name":"Filles de la Charit\u00e9","og_image":[{"width":2560,"height":1440,"url":"https:\/\/filles-de-la-charite.org\/wp-content\/uploads\/2023\/06\/July-2022-Vocacao-e-realizar-o-sonho-de-Deus-PT-scaled-1.jpg","type":"image\/jpeg"}],"twitter_card":"summary_large_image","twitter_misc":{"Tempo estimado de leitura":"1 minuto"},"schema":{"@context":"https:\/\/schema.org","@graph":[{"@type":"WebPage","@id":"https:\/\/filles-de-la-charite.org\/pt-pt\/rincon-oracion\/vocacao-e-realizar-o-sonho-de-deus\/","url":"https:\/\/filles-de-la-charite.org\/pt-pt\/rincon-oracion\/vocacao-e-realizar-o-sonho-de-deus\/","name":"Voca\u00e7\u00e3o \u00e8 realizar o sonho de Deus - Filles de la Charit\u00e9","isPartOf":{"@id":"https:\/\/filles-de-la-charite.org\/pt-pt\/#website"},"primaryImageOfPage":{"@id":"https:\/\/filles-de-la-charite.org\/pt-pt\/rincon-oracion\/vocacao-e-realizar-o-sonho-de-deus\/#primaryimage"},"image":{"@id":"https:\/\/filles-de-la-charite.org\/pt-pt\/rincon-oracion\/vocacao-e-realizar-o-sonho-de-deus\/#primaryimage"},"thumbnailUrl":"https:\/\/filles-de-la-charite.org\/wp-content\/uploads\/2023\/06\/July-2022-Vocacao-e-realizar-o-sonho-de-Deus-PT-scaled-1.jpg","datePublished":"2022-06-30T20:00:00+00:00","inLanguage":"pt-PT","potentialAction":[{"@type":"ReadAction","target":["https:\/\/filles-de-la-charite.org\/pt-pt\/rincon-oracion\/vocacao-e-realizar-o-sonho-de-deus\/"]}]},{"@type":"ImageObject","inLanguage":"pt-PT","@id":"https:\/\/filles-de-la-charite.org\/pt-pt\/rincon-oracion\/vocacao-e-realizar-o-sonho-de-deus\/#primaryimage","url":"https:\/\/filles-de-la-charite.org\/wp-content\/uploads\/2023\/06\/July-2022-Vocacao-e-realizar-o-sonho-de-Deus-PT-scaled-1.jpg","contentUrl":"https:\/\/filles-de-la-charite.org\/wp-content\/uploads\/2023\/06\/July-2022-Vocacao-e-realizar-o-sonho-de-Deus-PT-scaled-1.jpg","width":2560,"height":1440},{"@type":"WebSite","@id":"https:\/\/filles-de-la-charite.org\/pt-pt\/#website","url":"https:\/\/filles-de-la-charite.org\/pt-pt\/","name":"Hijas de la Caridad","description":"L\u2019amour de J\u00e9sus nous presse \u00e0 prendre soin des personnes les plus d\u00e9munies","publisher":{"@id":"https:\/\/filles-de-la-charite.org\/pt-pt\/#organization"},"potentialAction":[{"@type":"SearchAction","target":{"@type":"EntryPoint","urlTemplate":"https:\/\/filles-de-la-charite.org\/pt-pt\/?s={search_term_string}"},"query-input":{"@type":"PropertyValueSpecification","valueRequired":true,"valueName":"search_term_string"}}],"inLanguage":"pt-PT"},{"@type":"Organization","@id":"https:\/\/filles-de-la-charite.org\/pt-pt\/#organization","name":"Hijas de la Caridad","url":"https:\/\/filles-de-la-charite.org\/pt-pt\/","logo":{"@type":"ImageObject","inLanguage":"pt-PT","@id":"https:\/\/filles-de-la-charite.org\/pt-pt\/#\/schema\/logo\/image\/","url":"https:\/\/filles-de-la-charite.org\/wp-content\/uploads\/2023\/03\/isotipo-Hijas-de-la-Caridad.png","contentUrl":"https:\/\/filles-de-la-charite.org\/wp-content\/uploads\/2023\/03\/isotipo-Hijas-de-la-Caridad.png","width":1417,"height":1417,"caption":"Hijas de la Caridad"},"image":{"@id":"https:\/\/filles-de-la-charite.org\/pt-pt\/#\/schema\/logo\/image\/"}}]}},"_links":{"self":[{"href":"https:\/\/filles-de-la-charite.org\/pt-pt\/wp-json\/wp\/v2\/rincon-oracion\/26211","targetHints":{"allow":["GET"]}}],"collection":[{"href":"https:\/\/filles-de-la-charite.org\/pt-pt\/wp-json\/wp\/v2\/rincon-oracion"}],"about":[{"href":"https:\/\/filles-de-la-charite.org\/pt-pt\/wp-json\/wp\/v2\/types\/rincon-oracion"}],"wp:featuredmedia":[{"embeddable":true,"href":"https:\/\/filles-de-la-charite.org\/pt-pt\/wp-json\/wp\/v2\/media\/25793"}],"wp:attachment":[{"href":"https:\/\/filles-de-la-charite.org\/pt-pt\/wp-json\/wp\/v2\/media?parent=26211"}],"curies":[{"name":"wp","href":"https:\/\/api.w.org\/{rel}","templated":true}]}}

Vocação è realizar o sonho de Deus

<p>Nos dias que correm, enquanto continuam a soprar os ventos gélidos da guerra e da opressão e frequentemente testemunhamos fenómenos de polarização, prosseguimos como Igreja o processo sinodal iniciado: sentimos urgente necessidade de caminhar juntos cultivando as dimensões da escuta, participação e partilha. Juntamente com todos os homens e mulheres de boa vontade, desejo refletir convosco sobre o amplo significado da «vocação», no contexto duma Igreja sinodal que se coloca à escuta de Deus e do mundo para ajudar a construir a família humana, curar as suas feridas e projetá-la para um futuro melhor.</p>



<figure class="wp-block-embed is-type-video is-provider-youtube wp-block-embed-youtube wp-embed-aspect-16-9 wp-has-aspect-ratio"><div class="wp-block-embed__wrapper">
<iframe loading="lazy" title="Julho  2022  Vocação è realizar o sonho de Deus PT" width="1080" height="608" src="https://www.youtube.com/embed/2gJjeDrbh08?feature=oembed"  allow="accelerometer; autoplay; clipboard-write; encrypted-media; gyroscope; picture-in-picture; web-share" referrerpolicy="strict-origin-when-cross-origin" allowfullscreen></iframe>
</div></figure>

<!-- This site is optimized with the Yoast SEO plugin v27.5 - https://yoast.com/product/yoast-seo-wordpress/ -->
<title>Vocação è realizar o sonho de Deus - Filles de la Charité</title>
<meta name="robots" content="index, follow, max-snippet:-1, max-image-preview:large, max-video-preview:-1" />
<link rel="canonical" href="https://filles-de-la-charite.org/pt-pt/rincon-oracion/vocacao-e-realizar-o-sonho-de-deus/" />
<meta property="og:locale" content="pt_PT" />
<meta property="og:type" content="article" />
<meta property="og:title" content="Vocação è realizar o sonho de Deus - Filles de la Charité" />
<meta property="og:description" content="Nos dias que correm, enquanto continuam a soprar os ventos gélidos da guerra e da opressão e frequentemente testemunhamos fenómenos de polarização, prosseguimos como Igreja o processo sinodal iniciado: sentimos urgente necessidade de caminhar juntos cultivando as dimensões da escuta, participação e partilha. Juntamente com todos os homens e mulheres de boa vontade, desejo refletir [&hellip;]" />
<meta property="og:url" content="https://filles-de-la-charite.org/pt-pt/rincon-oracion/vocacao-e-realizar-o-sonho-de-deus/" />
<meta property="og:site_name" content="Filles de la Charité" />
<meta property="og:image" content="https://filles-de-la-charite.org/wp-content/uploads/2023/06/July-2022-Vocacao-e-realizar-o-sonho-de-Deus-PT-scaled-1.jpg" />
	<meta property="og:image:width" content="2560" />
	<meta property="og:image:height" content="1440" />
	<meta property="og:image:type" content="image/jpeg" />
<meta name="twitter:card" content="summary_large_image" />
<meta name="twitter:label1" content="Tempo estimado de leitura" />
	<meta name="twitter:data1" content="1 minuto" />
<script type="application/ld+json" class="yoast-schema-graph">{"@context":"https:\/\/schema.org","@graph":[{"@type":"WebPage","@id":"https:\/\/filles-de-la-charite.org\/pt-pt\/rincon-oracion\/vocacao-e-realizar-o-sonho-de-deus\/","url":"https:\/\/filles-de-la-charite.org\/pt-pt\/rincon-oracion\/vocacao-e-realizar-o-sonho-de-deus\/","name":"Vocação è realizar o sonho de Deus - Filles de la Charité","isPartOf":{"@id":"https:\/\/filles-de-la-charite.org\/pt-pt\/#website"},"primaryImageOfPage":{"@id":"https:\/\/filles-de-la-charite.org\/pt-pt\/rincon-oracion\/vocacao-e-realizar-o-sonho-de-deus\/#primaryimage"},"image":{"@id":"https:\/\/filles-de-la-charite.org\/pt-pt\/rincon-oracion\/vocacao-e-realizar-o-sonho-de-deus\/#primaryimage"},"thumbnailUrl":"https:\/\/filles-de-la-charite.org\/wp-content\/uploads\/2023\/06\/July-2022-Vocacao-e-realizar-o-sonho-de-Deus-PT-scaled-1.jpg","datePublished":"2022-06-30T20:00:00+00:00","inLanguage":"pt-PT","potentialAction":[{"@type":"ReadAction","target":["https:\/\/filles-de-la-charite.org\/pt-pt\/rincon-oracion\/vocacao-e-realizar-o-sonho-de-deus\/"]}]},{"@type":"ImageObject","inLanguage":"pt-PT","@id":"https:\/\/filles-de-la-charite.org\/pt-pt\/rincon-oracion\/vocacao-e-realizar-o-sonho-de-deus\/#primaryimage","url":"https:\/\/filles-de-la-charite.org\/wp-content\/uploads\/2023\/06\/July-2022-Vocacao-e-realizar-o-sonho-de-Deus-PT-scaled-1.jpg","contentUrl":"https:\/\/filles-de-la-charite.org\/wp-content\/uploads\/2023\/06\/July-2022-Vocacao-e-realizar-o-sonho-de-Deus-PT-scaled-1.jpg","width":2560,"height":1440},{"@type":"WebSite","@id":"https:\/\/filles-de-la-charite.org\/pt-pt\/#website","url":"https:\/\/filles-de-la-charite.org\/pt-pt\/","name":"Hijas de la Caridad","description":"L’amour de Jésus nous presse à prendre soin des personnes les plus démunies","publisher":{"@id":"https:\/\/filles-de-la-charite.org\/pt-pt\/#organization"},"potentialAction":[{"@type":"SearchAction","target":{"@type":"EntryPoint","urlTemplate":"https:\/\/filles-de-la-charite.org\/pt-pt\/?s={search_term_string}"},"query-input":{"@type":"PropertyValueSpecification","valueRequired":true,"valueName":"search_term_string"}}],"inLanguage":"pt-PT"},{"@type":"Organization","@id":"https:\/\/filles-de-la-charite.org\/pt-pt\/#organization","name":"Hijas de la Caridad","url":"https:\/\/filles-de-la-charite.org\/pt-pt\/","logo":{"@type":"ImageObject","inLanguage":"pt-PT","@id":"https:\/\/filles-de-la-charite.org\/pt-pt\/#\/schema\/logo\/image\/","url":"https:\/\/filles-de-la-charite.org\/wp-content\/uploads\/2023\/03\/isotipo-Hijas-de-la-Caridad.png","contentUrl":"https:\/\/filles-de-la-charite.org\/wp-content\/uploads\/2023\/03\/isotipo-Hijas-de-la-Caridad.png","width":1417,"height":1417,"caption":"Hijas de la Caridad"},"image":{"@id":"https:\/\/filles-de-la-charite.org\/pt-pt\/#\/schema\/logo\/image\/"}}]}</script>
<!-- / Yoast SEO plugin. -->

Vocação è realizar o sonho de Deus - Filles de la Charité

Nos dias que correm, enquanto continuam a soprar os ventos gélidos da guerra e da opressão e frequentemente testemunhamos fenómenos de polarização, prosseguimos como Igreja o processo sinodal iniciado: sentimos urgente necessidade de caminhar juntos cultivando as dimensões da escuta, participação e partilha. Juntamente com todos os homens e mulheres de boa vontade, desejo refletir [&hellip;]

Filles de la Charité

L’amour de Jésus nous presse à prendre soin des personnes les plus démunies
