{"id":26219,"date":"2022-08-31T22:00:00","date_gmt":"2022-08-31T20:00:00","guid":{"rendered":"https:\/\/hijascaridad.sjdigitaldemo.ovh\/rincon-oracion\/sao-vicente-de-paulo-esta-hoje-mais-vivo-em-toda-a-parte\/"},"modified":"2022-08-31T22:00:00","modified_gmt":"2022-08-31T20:00:00","slug":"sao-vicente-de-paulo-esta-hoje-mais-vivo-em-toda-a-parte","status":"publish","type":"rincon-oracion","link":"https:\/\/filles-de-la-charite.org\/pt-pt\/rincon-oracion\/sao-vicente-de-paulo-esta-hoje-mais-vivo-em-toda-a-parte\/","title":{"rendered":"S\u00e3o Vicente de Paulo est\u00e1 hoje mais vivo, em toda a parte!"},"content":{"rendered":"\n<p>S\u00e3o Vicente tamb\u00e9m foi um homem de car\u00e1ter forte, convicto, que ousava provocar as primeiras Senhoras da Caridade, assim como as Filhas da Caridade e os Mission\u00e1rios,(\u2026) Temos em S\u00e3o Vicente o modelo de uma pessoa que, at\u00e9 o fim, manteve o seu entusiasmo, a sua juventude de cora\u00e7\u00e3o, as suas fortes convic\u00e7\u00f5es, o seu esp\u00edrito de revolta diante das injusti\u00e7as. (\u2026)Realmente, S\u00e3o Vicente com toda a sua bondade e ardor nos indica o caminho. Ele n\u00e3o se apresenta a si mesmo, mas, antes nos conduz a Cristo e nos impele a permanecer coerentes, comprometidas com o Evangelho.(\u2026) A loucura a qual S\u00e3o Vicente nos convida, \u00e9 na realidade, a de um excesso de amor na nossa doa\u00e7\u00e3o a Deus. Um excesso que nos impulsiona a ir cada vez mais ao encontro dos mais sofredores(\u2026) S\u00e3o Vicente est\u00e1 hoje mais vivo, em toda a parte e atrav\u00e9s de membros da Fam\u00edlia Vicentina. Obrigado, S\u00e3o Vicente!<\/p>\n\n\n\n<p><strong>Carta da Circular da Superiora Geral das Filhas da Caridade, 27 de Setembro de 2021<\/strong><\/p>\n\n\n\n<figure class=\"wp-block-embed is-type-video is-provider-youtube wp-block-embed-youtube wp-embed-aspect-16-9 wp-has-aspect-ratio\"><div class=\"wp-block-embed__wrapper\">\n<iframe loading=\"lazy\" title=\"09 2022 S\u00e3o Vicente de Paulo PT\" width=\"1080\" height=\"608\" src=\"https:\/\/www.youtube.com\/embed\/t8f-P9erOX0?feature=oembed\"  allow=\"accelerometer; autoplay; clipboard-write; encrypted-media; gyroscope; picture-in-picture; web-share\" referrerpolicy=\"strict-origin-when-cross-origin\" allowfullscreen><\/iframe>\n<\/div><\/figure>\n","protected":false},"featured_media":26220,"template":"","meta":{"_acf_changed":false,"_links_to":"","_links_to_target":""},"class_list":["post-26219","rincon-oracion","type-rincon-oracion","status-publish","has-post-thumbnail","hentry"],"acf":[],"yoast_head":"<!-- This site is optimized with the Yoast SEO plugin v27.5 - https:\/\/yoast.com\/product\/yoast-seo-wordpress\/ -->\n<title>S\u00e3o Vicente de Paulo est\u00e1 hoje mais vivo, em toda a parte! - Filles de la Charit\u00e9<\/title>\n<meta name=\"robots\" content=\"index, follow, max-snippet:-1, max-image-preview:large, max-video-preview:-1\" \/>\n<link rel=\"canonical\" href=\"https:\/\/filles-de-la-charite.org\/pt-pt\/rincon-oracion\/sao-vicente-de-paulo-esta-hoje-mais-vivo-em-toda-a-parte\/\" \/>\n<meta property=\"og:locale\" content=\"pt_PT\" \/>\n<meta property=\"og:type\" content=\"article\" \/>\n<meta property=\"og:title\" content=\"S\u00e3o Vicente de Paulo est\u00e1 hoje mais vivo, em toda a parte! - Filles de la Charit\u00e9\" \/>\n<meta property=\"og:description\" content=\"S\u00e3o Vicente tamb\u00e9m foi um homem de car\u00e1ter forte, convicto, que ousava provocar as primeiras Senhoras da Caridade, assim como as Filhas da Caridade e os Mission\u00e1rios,(\u2026) Temos em S\u00e3o Vicente o modelo de uma pessoa que, at\u00e9 o fim, manteve o seu entusiasmo, a sua juventude de cora\u00e7\u00e3o, as suas fortes convic\u00e7\u00f5es, o seu [&hellip;]\" \/>\n<meta property=\"og:url\" content=\"https:\/\/filles-de-la-charite.org\/pt-pt\/rincon-oracion\/sao-vicente-de-paulo-esta-hoje-mais-vivo-em-toda-a-parte\/\" \/>\n<meta property=\"og:site_name\" content=\"Filles de la Charit\u00e9\" \/>\n<meta property=\"og:image\" content=\"https:\/\/filles-de-la-charite.org\/wp-content\/uploads\/2023\/06\/09.2022-Sao-Vicente-de-Paulo-PT-scaled-1.jpg\" \/>\n\t<meta property=\"og:image:width\" content=\"2560\" \/>\n\t<meta property=\"og:image:height\" content=\"1440\" \/>\n\t<meta property=\"og:image:type\" content=\"image\/jpeg\" \/>\n<meta name=\"twitter:card\" content=\"summary_large_image\" \/>\n<meta name=\"twitter:label1\" content=\"Tempo estimado de leitura\" \/>\n\t<meta name=\"twitter:data1\" content=\"1 minuto\" \/>\n<script type=\"application\/ld+json\" class=\"yoast-schema-graph\">{\"@context\":\"https:\\\/\\\/schema.org\",\"@graph\":[{\"@type\":\"WebPage\",\"@id\":\"https:\\\/\\\/filles-de-la-charite.org\\\/pt-pt\\\/rincon-oracion\\\/sao-vicente-de-paulo-esta-hoje-mais-vivo-em-toda-a-parte\\\/\",\"url\":\"https:\\\/\\\/filles-de-la-charite.org\\\/pt-pt\\\/rincon-oracion\\\/sao-vicente-de-paulo-esta-hoje-mais-vivo-em-toda-a-parte\\\/\",\"name\":\"S\u00e3o Vicente de Paulo est\u00e1 hoje mais vivo, em toda a parte! - Filles de la Charit\u00e9\",\"isPartOf\":{\"@id\":\"https:\\\/\\\/filles-de-la-charite.org\\\/pt-pt\\\/#website\"},\"primaryImageOfPage\":{\"@id\":\"https:\\\/\\\/filles-de-la-charite.org\\\/pt-pt\\\/rincon-oracion\\\/sao-vicente-de-paulo-esta-hoje-mais-vivo-em-toda-a-parte\\\/#primaryimage\"},\"image\":{\"@id\":\"https:\\\/\\\/filles-de-la-charite.org\\\/pt-pt\\\/rincon-oracion\\\/sao-vicente-de-paulo-esta-hoje-mais-vivo-em-toda-a-parte\\\/#primaryimage\"},\"thumbnailUrl\":\"https:\\\/\\\/filles-de-la-charite.org\\\/wp-content\\\/uploads\\\/2023\\\/06\\\/09.2022-Sao-Vicente-de-Paulo-PT-scaled-1.jpg\",\"datePublished\":\"2022-08-31T20:00:00+00:00\",\"inLanguage\":\"pt-PT\",\"potentialAction\":[{\"@type\":\"ReadAction\",\"target\":[\"https:\\\/\\\/filles-de-la-charite.org\\\/pt-pt\\\/rincon-oracion\\\/sao-vicente-de-paulo-esta-hoje-mais-vivo-em-toda-a-parte\\\/\"]}]},{\"@type\":\"ImageObject\",\"inLanguage\":\"pt-PT\",\"@id\":\"https:\\\/\\\/filles-de-la-charite.org\\\/pt-pt\\\/rincon-oracion\\\/sao-vicente-de-paulo-esta-hoje-mais-vivo-em-toda-a-parte\\\/#primaryimage\",\"url\":\"https:\\\/\\\/filles-de-la-charite.org\\\/wp-content\\\/uploads\\\/2023\\\/06\\\/09.2022-Sao-Vicente-de-Paulo-PT-scaled-1.jpg\",\"contentUrl\":\"https:\\\/\\\/filles-de-la-charite.org\\\/wp-content\\\/uploads\\\/2023\\\/06\\\/09.2022-Sao-Vicente-de-Paulo-PT-scaled-1.jpg\",\"width\":2560,\"height\":1440},{\"@type\":\"WebSite\",\"@id\":\"https:\\\/\\\/filles-de-la-charite.org\\\/pt-pt\\\/#website\",\"url\":\"https:\\\/\\\/filles-de-la-charite.org\\\/pt-pt\\\/\",\"name\":\"Hijas de la Caridad\",\"description\":\"L\u2019amour de J\u00e9sus nous presse \u00e0 prendre soin des personnes les plus d\u00e9munies\",\"publisher\":{\"@id\":\"https:\\\/\\\/filles-de-la-charite.org\\\/pt-pt\\\/#organization\"},\"potentialAction\":[{\"@type\":\"SearchAction\",\"target\":{\"@type\":\"EntryPoint\",\"urlTemplate\":\"https:\\\/\\\/filles-de-la-charite.org\\\/pt-pt\\\/?s={search_term_string}\"},\"query-input\":{\"@type\":\"PropertyValueSpecification\",\"valueRequired\":true,\"valueName\":\"search_term_string\"}}],\"inLanguage\":\"pt-PT\"},{\"@type\":\"Organization\",\"@id\":\"https:\\\/\\\/filles-de-la-charite.org\\\/pt-pt\\\/#organization\",\"name\":\"Hijas de la Caridad\",\"url\":\"https:\\\/\\\/filles-de-la-charite.org\\\/pt-pt\\\/\",\"logo\":{\"@type\":\"ImageObject\",\"inLanguage\":\"pt-PT\",\"@id\":\"https:\\\/\\\/filles-de-la-charite.org\\\/pt-pt\\\/#\\\/schema\\\/logo\\\/image\\\/\",\"url\":\"https:\\\/\\\/filles-de-la-charite.org\\\/wp-content\\\/uploads\\\/2023\\\/03\\\/isotipo-Hijas-de-la-Caridad.png\",\"contentUrl\":\"https:\\\/\\\/filles-de-la-charite.org\\\/wp-content\\\/uploads\\\/2023\\\/03\\\/isotipo-Hijas-de-la-Caridad.png\",\"width\":1417,\"height\":1417,\"caption\":\"Hijas de la Caridad\"},\"image\":{\"@id\":\"https:\\\/\\\/filles-de-la-charite.org\\\/pt-pt\\\/#\\\/schema\\\/logo\\\/image\\\/\"}}]}<\/script>\n<!-- \/ Yoast SEO plugin. -->","yoast_head_json":{"title":"S\u00e3o Vicente de Paulo est\u00e1 hoje mais vivo, em toda a parte! - Filles de la Charit\u00e9","robots":{"index":"index","follow":"follow","max-snippet":"max-snippet:-1","max-image-preview":"max-image-preview:large","max-video-preview":"max-video-preview:-1"},"canonical":"https:\/\/filles-de-la-charite.org\/pt-pt\/rincon-oracion\/sao-vicente-de-paulo-esta-hoje-mais-vivo-em-toda-a-parte\/","og_locale":"pt_PT","og_type":"article","og_title":"S\u00e3o Vicente de Paulo est\u00e1 hoje mais vivo, em toda a parte! - Filles de la Charit\u00e9","og_description":"S\u00e3o Vicente tamb\u00e9m foi um homem de car\u00e1ter forte, convicto, que ousava provocar as primeiras Senhoras da Caridade, assim como as Filhas da Caridade e os Mission\u00e1rios,(\u2026) Temos em S\u00e3o Vicente o modelo de uma pessoa que, at\u00e9 o fim, manteve o seu entusiasmo, a sua juventude de cora\u00e7\u00e3o, as suas fortes convic\u00e7\u00f5es, o seu [&hellip;]","og_url":"https:\/\/filles-de-la-charite.org\/pt-pt\/rincon-oracion\/sao-vicente-de-paulo-esta-hoje-mais-vivo-em-toda-a-parte\/","og_site_name":"Filles de la Charit\u00e9","og_image":[{"width":2560,"height":1440,"url":"https:\/\/filles-de-la-charite.org\/wp-content\/uploads\/2023\/06\/09.2022-Sao-Vicente-de-Paulo-PT-scaled-1.jpg","type":"image\/jpeg"}],"twitter_card":"summary_large_image","twitter_misc":{"Tempo estimado de leitura":"1 minuto"},"schema":{"@context":"https:\/\/schema.org","@graph":[{"@type":"WebPage","@id":"https:\/\/filles-de-la-charite.org\/pt-pt\/rincon-oracion\/sao-vicente-de-paulo-esta-hoje-mais-vivo-em-toda-a-parte\/","url":"https:\/\/filles-de-la-charite.org\/pt-pt\/rincon-oracion\/sao-vicente-de-paulo-esta-hoje-mais-vivo-em-toda-a-parte\/","name":"S\u00e3o Vicente de Paulo est\u00e1 hoje mais vivo, em toda a parte! - Filles de la Charit\u00e9","isPartOf":{"@id":"https:\/\/filles-de-la-charite.org\/pt-pt\/#website"},"primaryImageOfPage":{"@id":"https:\/\/filles-de-la-charite.org\/pt-pt\/rincon-oracion\/sao-vicente-de-paulo-esta-hoje-mais-vivo-em-toda-a-parte\/#primaryimage"},"image":{"@id":"https:\/\/filles-de-la-charite.org\/pt-pt\/rincon-oracion\/sao-vicente-de-paulo-esta-hoje-mais-vivo-em-toda-a-parte\/#primaryimage"},"thumbnailUrl":"https:\/\/filles-de-la-charite.org\/wp-content\/uploads\/2023\/06\/09.2022-Sao-Vicente-de-Paulo-PT-scaled-1.jpg","datePublished":"2022-08-31T20:00:00+00:00","inLanguage":"pt-PT","potentialAction":[{"@type":"ReadAction","target":["https:\/\/filles-de-la-charite.org\/pt-pt\/rincon-oracion\/sao-vicente-de-paulo-esta-hoje-mais-vivo-em-toda-a-parte\/"]}]},{"@type":"ImageObject","inLanguage":"pt-PT","@id":"https:\/\/filles-de-la-charite.org\/pt-pt\/rincon-oracion\/sao-vicente-de-paulo-esta-hoje-mais-vivo-em-toda-a-parte\/#primaryimage","url":"https:\/\/filles-de-la-charite.org\/wp-content\/uploads\/2023\/06\/09.2022-Sao-Vicente-de-Paulo-PT-scaled-1.jpg","contentUrl":"https:\/\/filles-de-la-charite.org\/wp-content\/uploads\/2023\/06\/09.2022-Sao-Vicente-de-Paulo-PT-scaled-1.jpg","width":2560,"height":1440},{"@type":"WebSite","@id":"https:\/\/filles-de-la-charite.org\/pt-pt\/#website","url":"https:\/\/filles-de-la-charite.org\/pt-pt\/","name":"Hijas de la Caridad","description":"L\u2019amour de J\u00e9sus nous presse \u00e0 prendre soin des personnes les plus d\u00e9munies","publisher":{"@id":"https:\/\/filles-de-la-charite.org\/pt-pt\/#organization"},"potentialAction":[{"@type":"SearchAction","target":{"@type":"EntryPoint","urlTemplate":"https:\/\/filles-de-la-charite.org\/pt-pt\/?s={search_term_string}"},"query-input":{"@type":"PropertyValueSpecification","valueRequired":true,"valueName":"search_term_string"}}],"inLanguage":"pt-PT"},{"@type":"Organization","@id":"https:\/\/filles-de-la-charite.org\/pt-pt\/#organization","name":"Hijas de la Caridad","url":"https:\/\/filles-de-la-charite.org\/pt-pt\/","logo":{"@type":"ImageObject","inLanguage":"pt-PT","@id":"https:\/\/filles-de-la-charite.org\/pt-pt\/#\/schema\/logo\/image\/","url":"https:\/\/filles-de-la-charite.org\/wp-content\/uploads\/2023\/03\/isotipo-Hijas-de-la-Caridad.png","contentUrl":"https:\/\/filles-de-la-charite.org\/wp-content\/uploads\/2023\/03\/isotipo-Hijas-de-la-Caridad.png","width":1417,"height":1417,"caption":"Hijas de la Caridad"},"image":{"@id":"https:\/\/filles-de-la-charite.org\/pt-pt\/#\/schema\/logo\/image\/"}}]}},"_links":{"self":[{"href":"https:\/\/filles-de-la-charite.org\/pt-pt\/wp-json\/wp\/v2\/rincon-oracion\/26219","targetHints":{"allow":["GET"]}}],"collection":[{"href":"https:\/\/filles-de-la-charite.org\/pt-pt\/wp-json\/wp\/v2\/rincon-oracion"}],"about":[{"href":"https:\/\/filles-de-la-charite.org\/pt-pt\/wp-json\/wp\/v2\/types\/rincon-oracion"}],"wp:featuredmedia":[{"embeddable":true,"href":"https:\/\/filles-de-la-charite.org\/pt-pt\/wp-json\/wp\/v2\/media\/26220"}],"wp:attachment":[{"href":"https:\/\/filles-de-la-charite.org\/pt-pt\/wp-json\/wp\/v2\/media?parent=26219"}],"curies":[{"name":"wp","href":"https:\/\/api.w.org\/{rel}","templated":true}]}}

São Vicente de Paulo está hoje mais vivo, em toda a parte!

<p>São Vicente também foi um homem de caráter forte, convicto, que ousava provocar as primeiras Senhoras da Caridade, assim como as Filhas da Caridade e os Missionários,(…) Temos em São Vicente o modelo de uma pessoa que, até o fim, manteve o seu entusiasmo, a sua juventude de coração, as suas fortes convicções, o seu espírito de revolta diante das injustiças. (…)Realmente, São Vicente com toda a sua bondade e ardor nos indica o caminho. Ele não se apresenta a si mesmo, mas, antes nos conduz a Cristo e nos impele a permanecer coerentes, comprometidas com o Evangelho.(…) A loucura a qual São Vicente nos convida, é na realidade, a de um excesso de amor na nossa doação a Deus. Um excesso que nos impulsiona a ir cada vez mais ao encontro dos mais sofredores(…) São Vicente está hoje mais vivo, em toda a parte e através de membros da Família Vicentina. Obrigado, São Vicente!</p>



<p><strong>Carta da Circular da Superiora Geral das Filhas da Caridade, 27 de Setembro de 2021</strong></p>



<figure class="wp-block-embed is-type-video is-provider-youtube wp-block-embed-youtube wp-embed-aspect-16-9 wp-has-aspect-ratio"><div class="wp-block-embed__wrapper">
<iframe loading="lazy" title="09 2022 São Vicente de Paulo PT" width="1080" height="608" src="https://www.youtube.com/embed/t8f-P9erOX0?feature=oembed"  allow="accelerometer; autoplay; clipboard-write; encrypted-media; gyroscope; picture-in-picture; web-share" referrerpolicy="strict-origin-when-cross-origin" allowfullscreen></iframe>
</div></figure>

<!-- This site is optimized with the Yoast SEO plugin v27.5 - https://yoast.com/product/yoast-seo-wordpress/ -->
<title>São Vicente de Paulo está hoje mais vivo, em toda a parte! - Filles de la Charité</title>
<meta name="robots" content="index, follow, max-snippet:-1, max-image-preview:large, max-video-preview:-1" />
<link rel="canonical" href="https://filles-de-la-charite.org/pt-pt/rincon-oracion/sao-vicente-de-paulo-esta-hoje-mais-vivo-em-toda-a-parte/" />
<meta property="og:locale" content="pt_PT" />
<meta property="og:type" content="article" />
<meta property="og:title" content="São Vicente de Paulo está hoje mais vivo, em toda a parte! - Filles de la Charité" />
<meta property="og:description" content="São Vicente também foi um homem de caráter forte, convicto, que ousava provocar as primeiras Senhoras da Caridade, assim como as Filhas da Caridade e os Missionários,(…) Temos em São Vicente o modelo de uma pessoa que, até o fim, manteve o seu entusiasmo, a sua juventude de coração, as suas fortes convicções, o seu [&hellip;]" />
<meta property="og:url" content="https://filles-de-la-charite.org/pt-pt/rincon-oracion/sao-vicente-de-paulo-esta-hoje-mais-vivo-em-toda-a-parte/" />
<meta property="og:site_name" content="Filles de la Charité" />
<meta property="og:image" content="https://filles-de-la-charite.org/wp-content/uploads/2023/06/09.2022-Sao-Vicente-de-Paulo-PT-scaled-1.jpg" />
	<meta property="og:image:width" content="2560" />
	<meta property="og:image:height" content="1440" />
	<meta property="og:image:type" content="image/jpeg" />
<meta name="twitter:card" content="summary_large_image" />
<meta name="twitter:label1" content="Tempo estimado de leitura" />
	<meta name="twitter:data1" content="1 minuto" />
<script type="application/ld+json" class="yoast-schema-graph">{"@context":"https:\/\/schema.org","@graph":[{"@type":"WebPage","@id":"https:\/\/filles-de-la-charite.org\/pt-pt\/rincon-oracion\/sao-vicente-de-paulo-esta-hoje-mais-vivo-em-toda-a-parte\/","url":"https:\/\/filles-de-la-charite.org\/pt-pt\/rincon-oracion\/sao-vicente-de-paulo-esta-hoje-mais-vivo-em-toda-a-parte\/","name":"São Vicente de Paulo está hoje mais vivo, em toda a parte! - Filles de la Charité","isPartOf":{"@id":"https:\/\/filles-de-la-charite.org\/pt-pt\/#website"},"primaryImageOfPage":{"@id":"https:\/\/filles-de-la-charite.org\/pt-pt\/rincon-oracion\/sao-vicente-de-paulo-esta-hoje-mais-vivo-em-toda-a-parte\/#primaryimage"},"image":{"@id":"https:\/\/filles-de-la-charite.org\/pt-pt\/rincon-oracion\/sao-vicente-de-paulo-esta-hoje-mais-vivo-em-toda-a-parte\/#primaryimage"},"thumbnailUrl":"https:\/\/filles-de-la-charite.org\/wp-content\/uploads\/2023\/06\/09.2022-Sao-Vicente-de-Paulo-PT-scaled-1.jpg","datePublished":"2022-08-31T20:00:00+00:00","inLanguage":"pt-PT","potentialAction":[{"@type":"ReadAction","target":["https:\/\/filles-de-la-charite.org\/pt-pt\/rincon-oracion\/sao-vicente-de-paulo-esta-hoje-mais-vivo-em-toda-a-parte\/"]}]},{"@type":"ImageObject","inLanguage":"pt-PT","@id":"https:\/\/filles-de-la-charite.org\/pt-pt\/rincon-oracion\/sao-vicente-de-paulo-esta-hoje-mais-vivo-em-toda-a-parte\/#primaryimage","url":"https:\/\/filles-de-la-charite.org\/wp-content\/uploads\/2023\/06\/09.2022-Sao-Vicente-de-Paulo-PT-scaled-1.jpg","contentUrl":"https:\/\/filles-de-la-charite.org\/wp-content\/uploads\/2023\/06\/09.2022-Sao-Vicente-de-Paulo-PT-scaled-1.jpg","width":2560,"height":1440},{"@type":"WebSite","@id":"https:\/\/filles-de-la-charite.org\/pt-pt\/#website","url":"https:\/\/filles-de-la-charite.org\/pt-pt\/","name":"Hijas de la Caridad","description":"L’amour de Jésus nous presse à prendre soin des personnes les plus démunies","publisher":{"@id":"https:\/\/filles-de-la-charite.org\/pt-pt\/#organization"},"potentialAction":[{"@type":"SearchAction","target":{"@type":"EntryPoint","urlTemplate":"https:\/\/filles-de-la-charite.org\/pt-pt\/?s={search_term_string}"},"query-input":{"@type":"PropertyValueSpecification","valueRequired":true,"valueName":"search_term_string"}}],"inLanguage":"pt-PT"},{"@type":"Organization","@id":"https:\/\/filles-de-la-charite.org\/pt-pt\/#organization","name":"Hijas de la Caridad","url":"https:\/\/filles-de-la-charite.org\/pt-pt\/","logo":{"@type":"ImageObject","inLanguage":"pt-PT","@id":"https:\/\/filles-de-la-charite.org\/pt-pt\/#\/schema\/logo\/image\/","url":"https:\/\/filles-de-la-charite.org\/wp-content\/uploads\/2023\/03\/isotipo-Hijas-de-la-Caridad.png","contentUrl":"https:\/\/filles-de-la-charite.org\/wp-content\/uploads\/2023\/03\/isotipo-Hijas-de-la-Caridad.png","width":1417,"height":1417,"caption":"Hijas de la Caridad"},"image":{"@id":"https:\/\/filles-de-la-charite.org\/pt-pt\/#\/schema\/logo\/image\/"}}]}</script>
<!-- / Yoast SEO plugin. -->

São Vicente de Paulo está hoje mais vivo, em toda a parte! - Filles de la Charité

São Vicente também foi um homem de caráter forte, convicto, que ousava provocar as primeiras Senhoras da Caridade, assim como as Filhas da Caridade e os Missionários,(…) Temos em São Vicente o modelo de uma pessoa que, até o fim, manteve o seu entusiasmo, a sua juventude de coração, as suas fortes convicções, o seu [&hellip;]

Filles de la Charité

L’amour de Jésus nous presse à prendre soin des personnes les plus démunies
