{"id":26247,"date":"2022-12-31T23:00:00","date_gmt":"2022-12-31T22:00:00","guid":{"rendered":"https:\/\/hijascaridad.sjdigitaldemo.ovh\/rincon-oracion\/ele-sera-a-nossa-paz\/"},"modified":"2022-12-31T23:00:00","modified_gmt":"2022-12-31T22:00:00","slug":"ele-sera-a-nossa-paz","status":"publish","type":"rincon-oracion","link":"https:\/\/filles-de-la-charite.org\/pt-pt\/rincon-oracion\/ele-sera-a-nossa-paz\/","title":{"rendered":"Ele ser\u00e1 a nossa Paz"},"content":{"rendered":"\n<p>Na carta do Papa Innocente X S\u00e3o Vicente de Paulo descreveu os efeitos da guerra: \u2026os povos repartidos em frac\u00e7\u00f5es; as cidades e as Prov\u00edncias afligidas pelas guerras civis; as vilas, os povoados, as cidades destru\u00eddas, arruinadas, incendiadas; os lavradores impossibilitados de colher o que semearam e n\u00e3o mais semeando para os anos seguintes. Os soldados se entregam impunemente a todos os excessos. Os povos, por seu lado, est\u00e3o expostos n\u00e3o somente \u00e1s rapinas e \u00e0s pilhagens, mas ainda aos assassinatos e a todo o tipo de torturas. Dentre os habitantes das zonas rurais, que n\u00e3o est\u00e3o feridos pela espada, quase todos morrem de fome; os sacerdotes, como os outros homens, que a soldadesca n\u00e3o poupa, s\u00e3o tratados desumanamente e cruelmente, torturados e executados, as virgens s\u00e3o desonradas, as pr\u00f3prias religiosas est\u00e3o expostas \u00e0 sua libertinagem e ao seu furor, os templos profanados, pilhados ou destru\u00eddos; aqueles que continuam de p\u00e9 s\u00e3o , o mais das vezes, abandonados por seus pastores, de modo que as pessoas est\u00e3o quase completamente privadas de sacramentos, de Missas e de qualquer outro socorro espiritual&#8230;\u00c9 pouco ouvir falar dessas coisas. \u00c9 preciso v\u00ea-las e constat\u00e1-las com seus pr\u00f3prios olhos. <em>(Carta 1539, Coste IV)<\/em><\/p>\n\n\n\n<p> Hoje, a guerra e a viol\u00eancia ainda s\u00e3o realidades dolorosas em nosso mundo. Este recanto da Ora\u00e7\u00e3o tenta, usando as palavras de S\u00e3o Vicente e a Ora\u00e7\u00e3o do Papa Francisco pela Paz, nos levar mais profundamente em nossos cora\u00e7\u00f5es enquanto rezamos pela PAZ que desejamos&#8230; a PAZ que Jesus trouxe naquele &#8220;primeiro dia de Natal&#8221;, a PAZ que come\u00e7a com e em n\u00f3s&#8230; a PAZ que \u00e9 o pr\u00f3prio Jesus.<\/p>\n\n\n\n<figure class=\"wp-block-embed is-type-video is-provider-youtube wp-block-embed-youtube wp-embed-aspect-16-9 wp-has-aspect-ratio\"><div class=\"wp-block-embed__wrapper\">\n<iframe loading=\"lazy\" title=\"\u200cJaneiro de 2022 Ele ser\u00e1 a nossa Paz PT\" width=\"1080\" height=\"608\" src=\"https:\/\/www.youtube.com\/embed\/_eIvcnBYrA4?feature=oembed\"  allow=\"accelerometer; autoplay; clipboard-write; encrypted-media; gyroscope; picture-in-picture; web-share\" referrerpolicy=\"strict-origin-when-cross-origin\" allowfullscreen><\/iframe>\n<\/div><\/figure>\n","protected":false},"featured_media":26248,"template":"","meta":{"_acf_changed":false,"_et_pb_use_builder":"","_et_pb_old_content":"","_et_gb_content_width":"","_links_to":"","_links_to_target":""},"class_list":["post-26247","rincon-oracion","type-rincon-oracion","status-publish","has-post-thumbnail","hentry"],"acf":[],"yoast_head":"<!-- This site is optimized with the Yoast SEO plugin v27.5 - https:\/\/yoast.com\/product\/yoast-seo-wordpress\/ -->\n<title>Ele ser\u00e1 a nossa Paz - Filles de la Charit\u00e9<\/title>\n<meta name=\"robots\" content=\"index, follow, max-snippet:-1, max-image-preview:large, max-video-preview:-1\" \/>\n<link rel=\"canonical\" href=\"https:\/\/filles-de-la-charite.org\/pt-pt\/rincon-oracion\/ele-sera-a-nossa-paz\/\" \/>\n<meta property=\"og:locale\" content=\"pt_PT\" \/>\n<meta property=\"og:type\" content=\"article\" \/>\n<meta property=\"og:title\" content=\"Ele ser\u00e1 a nossa Paz - Filles de la Charit\u00e9\" \/>\n<meta property=\"og:description\" content=\"Na carta do Papa Innocente X S\u00e3o Vicente de Paulo descreveu os efeitos da guerra: \u2026os povos repartidos em frac\u00e7\u00f5es; as cidades e as Prov\u00edncias afligidas pelas guerras civis; as vilas, os povoados, as cidades destru\u00eddas, arruinadas, incendiadas; os lavradores impossibilitados de colher o que semearam e n\u00e3o mais semeando para os anos seguintes. Os [&hellip;]\" \/>\n<meta property=\"og:url\" content=\"https:\/\/filles-de-la-charite.org\/pt-pt\/rincon-oracion\/ele-sera-a-nossa-paz\/\" \/>\n<meta property=\"og:site_name\" content=\"Filles de la Charit\u00e9\" \/>\n<meta property=\"og:image\" content=\"https:\/\/filles-de-la-charite.org\/wp-content\/uploads\/2023\/06\/Janeiro-de-2022-Ele-sera-a-nossa-Paz-PT-scaled-1.jpg\" \/>\n\t<meta property=\"og:image:width\" content=\"2560\" \/>\n\t<meta property=\"og:image:height\" content=\"1440\" \/>\n\t<meta property=\"og:image:type\" content=\"image\/jpeg\" \/>\n<meta name=\"twitter:card\" content=\"summary_large_image\" \/>\n<meta name=\"twitter:label1\" content=\"Tempo estimado de leitura\" \/>\n\t<meta name=\"twitter:data1\" content=\"1 minuto\" \/>\n<script type=\"application\/ld+json\" class=\"yoast-schema-graph\">{\"@context\":\"https:\\\/\\\/schema.org\",\"@graph\":[{\"@type\":\"WebPage\",\"@id\":\"https:\\\/\\\/filles-de-la-charite.org\\\/pt-pt\\\/rincon-oracion\\\/ele-sera-a-nossa-paz\\\/\",\"url\":\"https:\\\/\\\/filles-de-la-charite.org\\\/pt-pt\\\/rincon-oracion\\\/ele-sera-a-nossa-paz\\\/\",\"name\":\"Ele ser\u00e1 a nossa Paz - Filles de la Charit\u00e9\",\"isPartOf\":{\"@id\":\"https:\\\/\\\/filles-de-la-charite.org\\\/pt-pt\\\/#website\"},\"primaryImageOfPage\":{\"@id\":\"https:\\\/\\\/filles-de-la-charite.org\\\/pt-pt\\\/rincon-oracion\\\/ele-sera-a-nossa-paz\\\/#primaryimage\"},\"image\":{\"@id\":\"https:\\\/\\\/filles-de-la-charite.org\\\/pt-pt\\\/rincon-oracion\\\/ele-sera-a-nossa-paz\\\/#primaryimage\"},\"thumbnailUrl\":\"https:\\\/\\\/filles-de-la-charite.org\\\/wp-content\\\/uploads\\\/2023\\\/06\\\/Janeiro-de-2022-Ele-sera-a-nossa-Paz-PT-scaled-1.jpg\",\"datePublished\":\"2022-12-31T22:00:00+00:00\",\"inLanguage\":\"pt-PT\",\"potentialAction\":[{\"@type\":\"ReadAction\",\"target\":[\"https:\\\/\\\/filles-de-la-charite.org\\\/pt-pt\\\/rincon-oracion\\\/ele-sera-a-nossa-paz\\\/\"]}]},{\"@type\":\"ImageObject\",\"inLanguage\":\"pt-PT\",\"@id\":\"https:\\\/\\\/filles-de-la-charite.org\\\/pt-pt\\\/rincon-oracion\\\/ele-sera-a-nossa-paz\\\/#primaryimage\",\"url\":\"https:\\\/\\\/filles-de-la-charite.org\\\/wp-content\\\/uploads\\\/2023\\\/06\\\/Janeiro-de-2022-Ele-sera-a-nossa-Paz-PT-scaled-1.jpg\",\"contentUrl\":\"https:\\\/\\\/filles-de-la-charite.org\\\/wp-content\\\/uploads\\\/2023\\\/06\\\/Janeiro-de-2022-Ele-sera-a-nossa-Paz-PT-scaled-1.jpg\",\"width\":2560,\"height\":1440},{\"@type\":\"WebSite\",\"@id\":\"https:\\\/\\\/filles-de-la-charite.org\\\/pt-pt\\\/#website\",\"url\":\"https:\\\/\\\/filles-de-la-charite.org\\\/pt-pt\\\/\",\"name\":\"Hijas de la Caridad\",\"description\":\"L\u2019amour de J\u00e9sus nous presse \u00e0 prendre soin des personnes les plus d\u00e9munies\",\"publisher\":{\"@id\":\"https:\\\/\\\/filles-de-la-charite.org\\\/pt-pt\\\/#organization\"},\"potentialAction\":[{\"@type\":\"SearchAction\",\"target\":{\"@type\":\"EntryPoint\",\"urlTemplate\":\"https:\\\/\\\/filles-de-la-charite.org\\\/pt-pt\\\/?s={search_term_string}\"},\"query-input\":{\"@type\":\"PropertyValueSpecification\",\"valueRequired\":true,\"valueName\":\"search_term_string\"}}],\"inLanguage\":\"pt-PT\"},{\"@type\":\"Organization\",\"@id\":\"https:\\\/\\\/filles-de-la-charite.org\\\/pt-pt\\\/#organization\",\"name\":\"Hijas de la Caridad\",\"url\":\"https:\\\/\\\/filles-de-la-charite.org\\\/pt-pt\\\/\",\"logo\":{\"@type\":\"ImageObject\",\"inLanguage\":\"pt-PT\",\"@id\":\"https:\\\/\\\/filles-de-la-charite.org\\\/pt-pt\\\/#\\\/schema\\\/logo\\\/image\\\/\",\"url\":\"https:\\\/\\\/filles-de-la-charite.org\\\/wp-content\\\/uploads\\\/2023\\\/03\\\/isotipo-Hijas-de-la-Caridad.png\",\"contentUrl\":\"https:\\\/\\\/filles-de-la-charite.org\\\/wp-content\\\/uploads\\\/2023\\\/03\\\/isotipo-Hijas-de-la-Caridad.png\",\"width\":1417,\"height\":1417,\"caption\":\"Hijas de la Caridad\"},\"image\":{\"@id\":\"https:\\\/\\\/filles-de-la-charite.org\\\/pt-pt\\\/#\\\/schema\\\/logo\\\/image\\\/\"}}]}<\/script>\n<!-- \/ Yoast SEO plugin. -->","yoast_head_json":{"title":"Ele ser\u00e1 a nossa Paz - Filles de la Charit\u00e9","robots":{"index":"index","follow":"follow","max-snippet":"max-snippet:-1","max-image-preview":"max-image-preview:large","max-video-preview":"max-video-preview:-1"},"canonical":"https:\/\/filles-de-la-charite.org\/pt-pt\/rincon-oracion\/ele-sera-a-nossa-paz\/","og_locale":"pt_PT","og_type":"article","og_title":"Ele ser\u00e1 a nossa Paz - Filles de la Charit\u00e9","og_description":"Na carta do Papa Innocente X S\u00e3o Vicente de Paulo descreveu os efeitos da guerra: \u2026os povos repartidos em frac\u00e7\u00f5es; as cidades e as Prov\u00edncias afligidas pelas guerras civis; as vilas, os povoados, as cidades destru\u00eddas, arruinadas, incendiadas; os lavradores impossibilitados de colher o que semearam e n\u00e3o mais semeando para os anos seguintes. Os [&hellip;]","og_url":"https:\/\/filles-de-la-charite.org\/pt-pt\/rincon-oracion\/ele-sera-a-nossa-paz\/","og_site_name":"Filles de la Charit\u00e9","og_image":[{"width":2560,"height":1440,"url":"https:\/\/filles-de-la-charite.org\/wp-content\/uploads\/2023\/06\/Janeiro-de-2022-Ele-sera-a-nossa-Paz-PT-scaled-1.jpg","type":"image\/jpeg"}],"twitter_card":"summary_large_image","twitter_misc":{"Tempo estimado de leitura":"1 minuto"},"schema":{"@context":"https:\/\/schema.org","@graph":[{"@type":"WebPage","@id":"https:\/\/filles-de-la-charite.org\/pt-pt\/rincon-oracion\/ele-sera-a-nossa-paz\/","url":"https:\/\/filles-de-la-charite.org\/pt-pt\/rincon-oracion\/ele-sera-a-nossa-paz\/","name":"Ele ser\u00e1 a nossa Paz - Filles de la Charit\u00e9","isPartOf":{"@id":"https:\/\/filles-de-la-charite.org\/pt-pt\/#website"},"primaryImageOfPage":{"@id":"https:\/\/filles-de-la-charite.org\/pt-pt\/rincon-oracion\/ele-sera-a-nossa-paz\/#primaryimage"},"image":{"@id":"https:\/\/filles-de-la-charite.org\/pt-pt\/rincon-oracion\/ele-sera-a-nossa-paz\/#primaryimage"},"thumbnailUrl":"https:\/\/filles-de-la-charite.org\/wp-content\/uploads\/2023\/06\/Janeiro-de-2022-Ele-sera-a-nossa-Paz-PT-scaled-1.jpg","datePublished":"2022-12-31T22:00:00+00:00","inLanguage":"pt-PT","potentialAction":[{"@type":"ReadAction","target":["https:\/\/filles-de-la-charite.org\/pt-pt\/rincon-oracion\/ele-sera-a-nossa-paz\/"]}]},{"@type":"ImageObject","inLanguage":"pt-PT","@id":"https:\/\/filles-de-la-charite.org\/pt-pt\/rincon-oracion\/ele-sera-a-nossa-paz\/#primaryimage","url":"https:\/\/filles-de-la-charite.org\/wp-content\/uploads\/2023\/06\/Janeiro-de-2022-Ele-sera-a-nossa-Paz-PT-scaled-1.jpg","contentUrl":"https:\/\/filles-de-la-charite.org\/wp-content\/uploads\/2023\/06\/Janeiro-de-2022-Ele-sera-a-nossa-Paz-PT-scaled-1.jpg","width":2560,"height":1440},{"@type":"WebSite","@id":"https:\/\/filles-de-la-charite.org\/pt-pt\/#website","url":"https:\/\/filles-de-la-charite.org\/pt-pt\/","name":"Hijas de la Caridad","description":"L\u2019amour de J\u00e9sus nous presse \u00e0 prendre soin des personnes les plus d\u00e9munies","publisher":{"@id":"https:\/\/filles-de-la-charite.org\/pt-pt\/#organization"},"potentialAction":[{"@type":"SearchAction","target":{"@type":"EntryPoint","urlTemplate":"https:\/\/filles-de-la-charite.org\/pt-pt\/?s={search_term_string}"},"query-input":{"@type":"PropertyValueSpecification","valueRequired":true,"valueName":"search_term_string"}}],"inLanguage":"pt-PT"},{"@type":"Organization","@id":"https:\/\/filles-de-la-charite.org\/pt-pt\/#organization","name":"Hijas de la Caridad","url":"https:\/\/filles-de-la-charite.org\/pt-pt\/","logo":{"@type":"ImageObject","inLanguage":"pt-PT","@id":"https:\/\/filles-de-la-charite.org\/pt-pt\/#\/schema\/logo\/image\/","url":"https:\/\/filles-de-la-charite.org\/wp-content\/uploads\/2023\/03\/isotipo-Hijas-de-la-Caridad.png","contentUrl":"https:\/\/filles-de-la-charite.org\/wp-content\/uploads\/2023\/03\/isotipo-Hijas-de-la-Caridad.png","width":1417,"height":1417,"caption":"Hijas de la Caridad"},"image":{"@id":"https:\/\/filles-de-la-charite.org\/pt-pt\/#\/schema\/logo\/image\/"}}]}},"_links":{"self":[{"href":"https:\/\/filles-de-la-charite.org\/pt-pt\/wp-json\/wp\/v2\/rincon-oracion\/26247","targetHints":{"allow":["GET"]}}],"collection":[{"href":"https:\/\/filles-de-la-charite.org\/pt-pt\/wp-json\/wp\/v2\/rincon-oracion"}],"about":[{"href":"https:\/\/filles-de-la-charite.org\/pt-pt\/wp-json\/wp\/v2\/types\/rincon-oracion"}],"wp:featuredmedia":[{"embeddable":true,"href":"https:\/\/filles-de-la-charite.org\/pt-pt\/wp-json\/wp\/v2\/media\/26248"}],"wp:attachment":[{"href":"https:\/\/filles-de-la-charite.org\/pt-pt\/wp-json\/wp\/v2\/media?parent=26247"}],"curies":[{"name":"wp","href":"https:\/\/api.w.org\/{rel}","templated":true}]}}

Ele será a nossa Paz

<p>Na carta do Papa Innocente X São Vicente de Paulo descreveu os efeitos da guerra: …os povos repartidos em fracções; as cidades e as Províncias afligidas pelas guerras civis; as vilas, os povoados, as cidades destruídas, arruinadas, incendiadas; os lavradores impossibilitados de colher o que semearam e não mais semeando para os anos seguintes. Os soldados se entregam impunemente a todos os excessos. Os povos, por seu lado, estão expostos não somente ás rapinas e às pilhagens, mas ainda aos assassinatos e a todo o tipo de torturas. Dentre os habitantes das zonas rurais, que não estão feridos pela espada, quase todos morrem de fome; os sacerdotes, como os outros homens, que a soldadesca não poupa, são tratados desumanamente e cruelmente, torturados e executados, as virgens são desonradas, as próprias religiosas estão expostas à sua libertinagem e ao seu furor, os templos profanados, pilhados ou destruídos; aqueles que continuam de pé são , o mais das vezes, abandonados por seus pastores, de modo que as pessoas estão quase completamente privadas de sacramentos, de Missas e de qualquer outro socorro espiritual&#8230;É pouco ouvir falar dessas coisas. É preciso vê-las e constatá-las com seus próprios olhos. <em>(Carta 1539, Coste IV)</em></p>



<p> Hoje, a guerra e a violência ainda são realidades dolorosas em nosso mundo. Este recanto da Oração tenta, usando as palavras de São Vicente e a Oração do Papa Francisco pela Paz, nos levar mais profundamente em nossos corações enquanto rezamos pela PAZ que desejamos&#8230; a PAZ que Jesus trouxe naquele &#8220;primeiro dia de Natal&#8221;, a PAZ que começa com e em nós&#8230; a PAZ que é o próprio Jesus.</p>



<figure class="wp-block-embed is-type-video is-provider-youtube wp-block-embed-youtube wp-embed-aspect-16-9 wp-has-aspect-ratio"><div class="wp-block-embed__wrapper">
<iframe loading="lazy" title="‌Janeiro de 2022 Ele será a nossa Paz PT" width="1080" height="608" src="https://www.youtube.com/embed/_eIvcnBYrA4?feature=oembed"  allow="accelerometer; autoplay; clipboard-write; encrypted-media; gyroscope; picture-in-picture; web-share" referrerpolicy="strict-origin-when-cross-origin" allowfullscreen></iframe>
</div></figure>

<!-- This site is optimized with the Yoast SEO plugin v27.5 - https://yoast.com/product/yoast-seo-wordpress/ -->
<title>Ele será a nossa Paz - Filles de la Charité</title>
<meta name="robots" content="index, follow, max-snippet:-1, max-image-preview:large, max-video-preview:-1" />
<link rel="canonical" href="https://filles-de-la-charite.org/pt-pt/rincon-oracion/ele-sera-a-nossa-paz/" />
<meta property="og:locale" content="pt_PT" />
<meta property="og:type" content="article" />
<meta property="og:title" content="Ele será a nossa Paz - Filles de la Charité" />
<meta property="og:description" content="Na carta do Papa Innocente X São Vicente de Paulo descreveu os efeitos da guerra: …os povos repartidos em fracções; as cidades e as Províncias afligidas pelas guerras civis; as vilas, os povoados, as cidades destruídas, arruinadas, incendiadas; os lavradores impossibilitados de colher o que semearam e não mais semeando para os anos seguintes. Os [&hellip;]" />
<meta property="og:url" content="https://filles-de-la-charite.org/pt-pt/rincon-oracion/ele-sera-a-nossa-paz/" />
<meta property="og:site_name" content="Filles de la Charité" />
<meta property="og:image" content="https://filles-de-la-charite.org/wp-content/uploads/2023/06/Janeiro-de-2022-Ele-sera-a-nossa-Paz-PT-scaled-1.jpg" />
	<meta property="og:image:width" content="2560" />
	<meta property="og:image:height" content="1440" />
	<meta property="og:image:type" content="image/jpeg" />
<meta name="twitter:card" content="summary_large_image" />
<meta name="twitter:label1" content="Tempo estimado de leitura" />
	<meta name="twitter:data1" content="1 minuto" />
<script type="application/ld+json" class="yoast-schema-graph">{"@context":"https:\/\/schema.org","@graph":[{"@type":"WebPage","@id":"https:\/\/filles-de-la-charite.org\/pt-pt\/rincon-oracion\/ele-sera-a-nossa-paz\/","url":"https:\/\/filles-de-la-charite.org\/pt-pt\/rincon-oracion\/ele-sera-a-nossa-paz\/","name":"Ele será a nossa Paz - Filles de la Charité","isPartOf":{"@id":"https:\/\/filles-de-la-charite.org\/pt-pt\/#website"},"primaryImageOfPage":{"@id":"https:\/\/filles-de-la-charite.org\/pt-pt\/rincon-oracion\/ele-sera-a-nossa-paz\/#primaryimage"},"image":{"@id":"https:\/\/filles-de-la-charite.org\/pt-pt\/rincon-oracion\/ele-sera-a-nossa-paz\/#primaryimage"},"thumbnailUrl":"https:\/\/filles-de-la-charite.org\/wp-content\/uploads\/2023\/06\/Janeiro-de-2022-Ele-sera-a-nossa-Paz-PT-scaled-1.jpg","datePublished":"2022-12-31T22:00:00+00:00","inLanguage":"pt-PT","potentialAction":[{"@type":"ReadAction","target":["https:\/\/filles-de-la-charite.org\/pt-pt\/rincon-oracion\/ele-sera-a-nossa-paz\/"]}]},{"@type":"ImageObject","inLanguage":"pt-PT","@id":"https:\/\/filles-de-la-charite.org\/pt-pt\/rincon-oracion\/ele-sera-a-nossa-paz\/#primaryimage","url":"https:\/\/filles-de-la-charite.org\/wp-content\/uploads\/2023\/06\/Janeiro-de-2022-Ele-sera-a-nossa-Paz-PT-scaled-1.jpg","contentUrl":"https:\/\/filles-de-la-charite.org\/wp-content\/uploads\/2023\/06\/Janeiro-de-2022-Ele-sera-a-nossa-Paz-PT-scaled-1.jpg","width":2560,"height":1440},{"@type":"WebSite","@id":"https:\/\/filles-de-la-charite.org\/pt-pt\/#website","url":"https:\/\/filles-de-la-charite.org\/pt-pt\/","name":"Hijas de la Caridad","description":"L’amour de Jésus nous presse à prendre soin des personnes les plus démunies","publisher":{"@id":"https:\/\/filles-de-la-charite.org\/pt-pt\/#organization"},"potentialAction":[{"@type":"SearchAction","target":{"@type":"EntryPoint","urlTemplate":"https:\/\/filles-de-la-charite.org\/pt-pt\/?s={search_term_string}"},"query-input":{"@type":"PropertyValueSpecification","valueRequired":true,"valueName":"search_term_string"}}],"inLanguage":"pt-PT"},{"@type":"Organization","@id":"https:\/\/filles-de-la-charite.org\/pt-pt\/#organization","name":"Hijas de la Caridad","url":"https:\/\/filles-de-la-charite.org\/pt-pt\/","logo":{"@type":"ImageObject","inLanguage":"pt-PT","@id":"https:\/\/filles-de-la-charite.org\/pt-pt\/#\/schema\/logo\/image\/","url":"https:\/\/filles-de-la-charite.org\/wp-content\/uploads\/2023\/03\/isotipo-Hijas-de-la-Caridad.png","contentUrl":"https:\/\/filles-de-la-charite.org\/wp-content\/uploads\/2023\/03\/isotipo-Hijas-de-la-Caridad.png","width":1417,"height":1417,"caption":"Hijas de la Caridad"},"image":{"@id":"https:\/\/filles-de-la-charite.org\/pt-pt\/#\/schema\/logo\/image\/"}}]}</script>
<!-- / Yoast SEO plugin. -->

Ele será a nossa Paz - Filles de la Charité

Na carta do Papa Innocente X São Vicente de Paulo descreveu os efeitos da guerra: …os povos repartidos em fracções; as cidades e as Províncias afligidas pelas guerras civis; as vilas, os povoados, as cidades destruídas, arruinadas, incendiadas; os lavradores impossibilitados de colher o que semearam e não mais semeando para os anos seguintes. Os [&hellip;]

Filles de la Charité

L’amour de Jésus nous presse à prendre soin des personnes les plus démunies
